Build Information
Failed to build WWSkeletonView, reference main (f588eb), with Swift 6.4 for watchOS using Xcode 27.0 on 21 Sep 2026 15:07:43 UTC.
Build Command
env DEVELOPER_DIR=/Applications/Xcode-27.0.0-Release.Candidate.app xcrun xcodebuild -IDEClonedSourcePackagesDirPathOverride=$PWD/.dependencies -skipMacroValidation -skipPackagePluginValidation -derivedDataPath $PWD/.derivedData build -scheme WWSkeletonView -destination generic/platform=watchOSBuild Log
WriteAuxiliaryFile /Users/admin/builder/spi-builder-workspace/.derivedData/Build/Intermediates.noindex/WWSkeletonView.build/Debug-watchos/WWSkeletonView-t.build/Objects-normal/arm64/WWSkeletonView-OutputFileMap.json (in target 'WWSkeletonView' from project 'WWSkeletonView')
cd /Users/admin/builder/spi-builder-workspace
write-file /Users/admin/builder/spi-builder-workspace/.derivedData/Build/Intermediates.noindex/WWSkeletonView.build/Debug-watchos/WWSkeletonView-t.build/Objects-normal/arm64/WWSkeletonView-OutputFileMap.json
WriteAuxiliaryFile /Users/admin/builder/spi-builder-workspace/.derivedData/Build/Intermediates.noindex/WWSkeletonView.build/Debug-watchos/WWSkeletonView-t.build/Objects-normal/arm64/WWSkeletonView.SwiftFileList (in target 'WWSkeletonView' from project 'WWSkeletonView')
cd /Users/admin/builder/spi-builder-workspace
write-file /Users/admin/builder/spi-builder-workspace/.derivedData/Build/Intermediates.noindex/WWSkeletonView.build/Debug-watchos/WWSkeletonView-t.build/Objects-normal/arm64/WWSkeletonView.SwiftFileList
WriteAuxiliaryFile /Users/admin/builder/spi-builder-workspace/.derivedData/Build/Intermediates.noindex/WWSkeletonView.build/Debug-watchos/WWSkeletonView-t.build/DerivedSources/resource_bundle_accessor.swift (in target 'WWSkeletonView' from project 'WWSkeletonView')
cd /Users/admin/builder/spi-builder-workspace
write-file /Users/admin/builder/spi-builder-workspace/.derivedData/Build/Intermediates.noindex/WWSkeletonView.build/Debug-watchos/WWSkeletonView-t.build/DerivedSources/resource_bundle_accessor.swift
Copy /Users/admin/builder/spi-builder-workspace/.derivedData/Build/Intermediates.noindex/GeneratedModuleMaps-watchos/WWSkeletonView.modulemap /Users/admin/builder/spi-builder-workspace/.derivedData/Build/Intermediates.noindex/WWSkeletonView.build/Debug-watchos/WWSkeletonView-t.build/WWSkeletonView.modulemap (in target 'WWSkeletonView' from project 'WWSkeletonView')
cd /Users/admin/builder/spi-builder-workspace
builtin-copy -exclude .DS_Store -exclude CVS -exclude .svn -exclude .git -exclude .hg -resolve-src-symlinks /Users/admin/builder/spi-builder-workspace/.derivedData/Build/Intermediates.noindex/WWSkeletonView.build/Debug-watchos/WWSkeletonView-t.build/WWSkeletonView.modulemap /Users/admin/builder/spi-builder-workspace/.derivedData/Build/Intermediates.noindex/GeneratedModuleMaps-watchos
WriteAuxiliaryFile /Users/admin/builder/spi-builder-workspace/.derivedData/Build/Intermediates.noindex/WWBarberPoleView.build/Debug-watchos/WWBarberPoleView-t.build/WWBarberPoleView.modulemap (in target 'WWBarberPoleView' from project 'WWBarberPoleView')
cd /Users/admin/builder/spi-builder-workspace/.dependencies/checkouts/WWBarberPoleView
write-file /Users/admin/builder/spi-builder-workspace/.derivedData/Build/Intermediates.noindex/WWBarberPoleView.build/Debug-watchos/WWBarberPoleView-t.build/WWBarberPoleView.modulemap
WriteAuxiliaryFile /Users/admin/builder/spi-builder-workspace/.derivedData/Build/Intermediates.noindex/WWBarberPoleView.build/Debug-watchos/WWBarberPoleView_WWBarberPoleView-b.build/WWBarberPoleView_WWBarberPoleView.DependencyStaticMetadataFileList (in target 'WWBarberPoleView_WWBarberPoleView' from project 'WWBarberPoleView')
cd /Users/admin/builder/spi-builder-workspace/.dependencies/checkouts/WWBarberPoleView
write-file /Users/admin/builder/spi-builder-workspace/.derivedData/Build/Intermediates.noindex/WWBarberPoleView.build/Debug-watchos/WWBarberPoleView_WWBarberPoleView-b.build/WWBarberPoleView_WWBarberPoleView.DependencyStaticMetadataFileList
WriteAuxiliaryFile /Users/admin/builder/spi-builder-workspace/.derivedData/Build/Intermediates.noindex/WWBarberPoleView.build/Debug-watchos/WWBarberPoleView_WWBarberPoleView-b.build/empty-WWBarberPoleView_WWBarberPoleView.plist (in target 'WWBarberPoleView_WWBarberPoleView' from project 'WWBarberPoleView')
cd /Users/admin/builder/spi-builder-workspace/.dependencies/checkouts/WWBarberPoleView
write-file /Users/admin/builder/spi-builder-workspace/.derivedData/Build/Intermediates.noindex/WWBarberPoleView.build/Debug-watchos/WWBarberPoleView_WWBarberPoleView-b.build/empty-WWBarberPoleView_WWBarberPoleView.plist
WriteAuxiliaryFile /Users/admin/builder/spi-builder-workspace/.derivedData/Build/Intermediates.noindex/WWBarberPoleView.build/Debug-watchos/WWBarberPoleView_WWBarberPoleView-b.build/WWBarberPoleView_WWBarberPoleView.DependencyMetadataFileList (in target 'WWBarberPoleView_WWBarberPoleView' from project 'WWBarberPoleView')
cd /Users/admin/builder/spi-builder-workspace/.dependencies/checkouts/WWBarberPoleView
write-file /Users/admin/builder/spi-builder-workspace/.derivedData/Build/Intermediates.noindex/WWBarberPoleView.build/Debug-watchos/WWBarberPoleView_WWBarberPoleView-b.build/WWBarberPoleView_WWBarberPoleView.DependencyMetadataFileList
WriteAuxiliaryFile /Users/admin/builder/spi-builder-workspace/.derivedData/Build/Intermediates.noindex/WWBarberPoleView.build/Debug-watchos/WWBarberPoleView-t.build/WWBarberPoleView.DependencyStaticMetadataFileList (in target 'WWBarberPoleView' from project 'WWBarberPoleView')
cd /Users/admin/builder/spi-builder-workspace/.dependencies/checkouts/WWBarberPoleView
write-file /Users/admin/builder/spi-builder-workspace/.derivedData/Build/Intermediates.noindex/WWBarberPoleView.build/Debug-watchos/WWBarberPoleView-t.build/WWBarberPoleView.DependencyStaticMetadataFileList
WriteAuxiliaryFile /Users/admin/builder/spi-builder-workspace/.derivedData/Build/Intermediates.noindex/WWBarberPoleView.build/Debug-watchos/WWBarberPoleView-t.build/WWBarberPoleView.DependencyMetadataFileList (in target 'WWBarberPoleView' from project 'WWBarberPoleView')
cd /Users/admin/builder/spi-builder-workspace/.dependencies/checkouts/WWBarberPoleView
write-file /Users/admin/builder/spi-builder-workspace/.derivedData/Build/Intermediates.noindex/WWBarberPoleView.build/Debug-watchos/WWBarberPoleView-t.build/WWBarberPoleView.DependencyMetadataFileList
WriteAuxiliaryFile /Users/admin/builder/spi-builder-workspace/.derivedData/Build/Intermediates.noindex/WWBarberPoleView.build/Debug-watchos/WWBarberPoleView-t.build/Objects-normal/arm64_32/WWBarberPoleView_const_extract_protocols.json (in target 'WWBarberPoleView' from project 'WWBarberPoleView')
cd /Users/admin/builder/spi-builder-workspace/.dependencies/checkouts/WWBarberPoleView
write-file /Users/admin/builder/spi-builder-workspace/.derivedData/Build/Intermediates.noindex/WWBarberPoleView.build/Debug-watchos/WWBarberPoleView-t.build/Objects-normal/arm64_32/WWBarberPoleView_const_extract_protocols.json
WriteAuxiliaryFile /Users/admin/builder/spi-builder-workspace/.derivedData/Build/Intermediates.noindex/WWBarberPoleView.build/Debug-watchos/WWBarberPoleView-t.build/Objects-normal/arm64_32/WWBarberPoleView.SwiftFileList (in target 'WWBarberPoleView' from project 'WWBarberPoleView')
cd /Users/admin/builder/spi-builder-workspace/.dependencies/checkouts/WWBarberPoleView
write-file /Users/admin/builder/spi-builder-workspace/.derivedData/Build/Intermediates.noindex/WWBarberPoleView.build/Debug-watchos/WWBarberPoleView-t.build/Objects-normal/arm64_32/WWBarberPoleView.SwiftFileList
WriteAuxiliaryFile /Users/admin/builder/spi-builder-workspace/.derivedData/Build/Intermediates.noindex/WWBarberPoleView.build/Debug-watchos/WWBarberPoleView-t.build/Objects-normal/arm64_32/WWBarberPoleView.SwiftConstValuesFileList (in target 'WWBarberPoleView' from project 'WWBarberPoleView')
cd /Users/admin/builder/spi-builder-workspace/.dependencies/checkouts/WWBarberPoleView
write-file /Users/admin/builder/spi-builder-workspace/.derivedData/Build/Intermediates.noindex/WWBarberPoleView.build/Debug-watchos/WWBarberPoleView-t.build/Objects-normal/arm64_32/WWBarberPoleView.SwiftConstValuesFileList
WriteAuxiliaryFile /Users/admin/builder/spi-builder-workspace/.derivedData/Build/Intermediates.noindex/WWBarberPoleView.build/Debug-watchos/WWBarberPoleView-t.build/Objects-normal/arm64_32/WWBarberPoleView.LinkFileList (in target 'WWBarberPoleView' from project 'WWBarberPoleView')
cd /Users/admin/builder/spi-builder-workspace/.dependencies/checkouts/WWBarberPoleView
write-file /Users/admin/builder/spi-builder-workspace/.derivedData/Build/Intermediates.noindex/WWBarberPoleView.build/Debug-watchos/WWBarberPoleView-t.build/Objects-normal/arm64_32/WWBarberPoleView.LinkFileList
WriteAuxiliaryFile /Users/admin/builder/spi-builder-workspace/.derivedData/Build/Intermediates.noindex/WWBarberPoleView.build/Debug-watchos/WWBarberPoleView-t.build/Objects-normal/arm64_32/WWBarberPoleView-OutputFileMap.json (in target 'WWBarberPoleView' from project 'WWBarberPoleView')
cd /Users/admin/builder/spi-builder-workspace/.dependencies/checkouts/WWBarberPoleView
write-file /Users/admin/builder/spi-builder-workspace/.derivedData/Build/Intermediates.noindex/WWBarberPoleView.build/Debug-watchos/WWBarberPoleView-t.build/Objects-normal/arm64_32/WWBarberPoleView-OutputFileMap.json
WriteAuxiliaryFile /Users/admin/builder/spi-builder-workspace/.derivedData/Build/Intermediates.noindex/WWBarberPoleView.build/Debug-watchos/WWBarberPoleView-t.build/Objects-normal/arm64/WWBarberPoleView_const_extract_protocols.json (in target 'WWBarberPoleView' from project 'WWBarberPoleView')
cd /Users/admin/builder/spi-builder-workspace/.dependencies/checkouts/WWBarberPoleView
write-file /Users/admin/builder/spi-builder-workspace/.derivedData/Build/Intermediates.noindex/WWBarberPoleView.build/Debug-watchos/WWBarberPoleView-t.build/Objects-normal/arm64/WWBarberPoleView_const_extract_protocols.json
WriteAuxiliaryFile /Users/admin/builder/spi-builder-workspace/.derivedData/Build/Intermediates.noindex/WWBarberPoleView.build/Debug-watchos/WWBarberPoleView-t.build/Objects-normal/arm64/WWBarberPoleView.SwiftFileList (in target 'WWBarberPoleView' from project 'WWBarberPoleView')
cd /Users/admin/builder/spi-builder-workspace/.dependencies/checkouts/WWBarberPoleView
write-file /Users/admin/builder/spi-builder-workspace/.derivedData/Build/Intermediates.noindex/WWBarberPoleView.build/Debug-watchos/WWBarberPoleView-t.build/Objects-normal/arm64/WWBarberPoleView.SwiftFileList
WriteAuxiliaryFile /Users/admin/builder/spi-builder-workspace/.derivedData/Build/Intermediates.noindex/WWBarberPoleView.build/Debug-watchos/WWBarberPoleView-t.build/Objects-normal/arm64/WWBarberPoleView.SwiftConstValuesFileList (in target 'WWBarberPoleView' from project 'WWBarberPoleView')
cd /Users/admin/builder/spi-builder-workspace/.dependencies/checkouts/WWBarberPoleView
write-file /Users/admin/builder/spi-builder-workspace/.derivedData/Build/Intermediates.noindex/WWBarberPoleView.build/Debug-watchos/WWBarberPoleView-t.build/Objects-normal/arm64/WWBarberPoleView.SwiftConstValuesFileList
WriteAuxiliaryFile /Users/admin/builder/spi-builder-workspace/.derivedData/Build/Intermediates.noindex/WWBarberPoleView.build/Debug-watchos/WWBarberPoleView-t.build/Objects-normal/arm64/WWBarberPoleView.LinkFileList (in target 'WWBarberPoleView' from project 'WWBarberPoleView')
cd /Users/admin/builder/spi-builder-workspace/.dependencies/checkouts/WWBarberPoleView
write-file /Users/admin/builder/spi-builder-workspace/.derivedData/Build/Intermediates.noindex/WWBarberPoleView.build/Debug-watchos/WWBarberPoleView-t.build/Objects-normal/arm64/WWBarberPoleView.LinkFileList
WriteAuxiliaryFile /Users/admin/builder/spi-builder-workspace/.derivedData/Build/Intermediates.noindex/WWBarberPoleView.build/Debug-watchos/WWBarberPoleView-t.build/Objects-normal/arm64/WWBarberPoleView-OutputFileMap.json (in target 'WWBarberPoleView' from project 'WWBarberPoleView')
cd /Users/admin/builder/spi-builder-workspace/.dependencies/checkouts/WWBarberPoleView
write-file /Users/admin/builder/spi-builder-workspace/.derivedData/Build/Intermediates.noindex/WWBarberPoleView.build/Debug-watchos/WWBarberPoleView-t.build/Objects-normal/arm64/WWBarberPoleView-OutputFileMap.json
Copy /Users/admin/builder/spi-builder-workspace/.derivedData/Build/Intermediates.noindex/GeneratedModuleMaps-watchos/WWBarberPoleView.modulemap /Users/admin/builder/spi-builder-workspace/.derivedData/Build/Intermediates.noindex/WWBarberPoleView.build/Debug-watchos/WWBarberPoleView-t.build/WWBarberPoleView.modulemap (in target 'WWBarberPoleView' from project 'WWBarberPoleView')
cd /Users/admin/builder/spi-builder-workspace/.dependencies/checkouts/WWBarberPoleView
builtin-copy -exclude .DS_Store -exclude CVS -exclude .svn -exclude .git -exclude .hg -resolve-src-symlinks /Users/admin/builder/spi-builder-workspace/.derivedData/Build/Intermediates.noindex/WWBarberPoleView.build/Debug-watchos/WWBarberPoleView-t.build/WWBarberPoleView.modulemap /Users/admin/builder/spi-builder-workspace/.derivedData/Build/Intermediates.noindex/GeneratedModuleMaps-watchos
WriteAuxiliaryFile /Users/admin/builder/spi-builder-workspace/.derivedData/Build/Intermediates.noindex/WWBarberPoleView.build/Debug-watchos/WWBarberPoleView-t.build/DerivedSources/resource_bundle_accessor.swift (in target 'WWBarberPoleView' from project 'WWBarberPoleView')
cd /Users/admin/builder/spi-builder-workspace/.dependencies/checkouts/WWBarberPoleView
write-file /Users/admin/builder/spi-builder-workspace/.derivedData/Build/Intermediates.noindex/WWBarberPoleView.build/Debug-watchos/WWBarberPoleView-t.build/DerivedSources/resource_bundle_accessor.swift
MkDir /Users/admin/builder/spi-builder-workspace/.derivedData/Build/Products/Debug-watchos/WWSkeletonView_WWSkeletonView.bundle (in target 'WWSkeletonView_WWSkeletonView' from project 'WWSkeletonView')
cd /Users/admin/builder/spi-builder-workspace
/bin/mkdir -p /Users/admin/builder/spi-builder-workspace/.derivedData/Build/Products/Debug-watchos/WWSkeletonView_WWSkeletonView.bundle
MkDir /Users/admin/builder/spi-builder-workspace/.derivedData/Build/Products/Debug-watchos/WWBarberPoleView_WWBarberPoleView.bundle (in target 'WWBarberPoleView_WWBarberPoleView' from project 'WWBarberPoleView')
cd /Users/admin/builder/spi-builder-workspace/.dependencies/checkouts/WWBarberPoleView
/bin/mkdir -p /Users/admin/builder/spi-builder-workspace/.derivedData/Build/Products/Debug-watchos/WWBarberPoleView_WWBarberPoleView.bundle
CpResource /Users/admin/builder/spi-builder-workspace/.derivedData/Build/Products/Debug-watchos/WWSkeletonView_WWSkeletonView.bundle/Privacy /Users/admin/builder/spi-builder-workspace/Sources/WWSkeletonView/Privacy (in target 'WWSkeletonView_WWSkeletonView' from project 'WWSkeletonView')
cd /Users/admin/builder/spi-builder-workspace
builtin-copy -exclude .DS_Store -exclude CVS -exclude .svn -exclude .git -exclude .hg -resolve-src-symlinks /Users/admin/builder/spi-builder-workspace/Sources/WWSkeletonView/Privacy /Users/admin/builder/spi-builder-workspace/.derivedData/Build/Products/Debug-watchos/WWSkeletonView_WWSkeletonView.bundle
ProcessInfoPlistFile /Users/admin/builder/spi-builder-workspace/.derivedData/Build/Products/Debug-watchos/WWSkeletonView_WWSkeletonView.bundle/Info.plist /Users/admin/builder/spi-builder-workspace/.derivedData/Build/Intermediates.noindex/WWSkeletonView.build/Debug-watchos/WWSkeletonView_WWSkeletonView-b.build/empty-WWSkeletonView_WWSkeletonView.plist (in target 'WWSkeletonView_WWSkeletonView' from project 'WWSkeletonView')
cd /Users/admin/builder/spi-builder-workspace
builtin-infoPlistUtility /Users/admin/builder/spi-builder-workspace/.derivedData/Build/Intermediates.noindex/WWSkeletonView.build/Debug-watchos/WWSkeletonView_WWSkeletonView-b.build/empty-WWSkeletonView_WWSkeletonView.plist -producttype com.apple.product-type.bundle -expandbuildsettings -format binary -platform watchos -o /Users/admin/builder/spi-builder-workspace/.derivedData/Build/Products/Debug-watchos/WWSkeletonView_WWSkeletonView.bundle/Info.plist
ProcessInfoPlistFile /Users/admin/builder/spi-builder-workspace/.derivedData/Build/Products/Debug-watchos/WWBarberPoleView_WWBarberPoleView.bundle/Info.plist /Users/admin/builder/spi-builder-workspace/.derivedData/Build/Intermediates.noindex/WWBarberPoleView.build/Debug-watchos/WWBarberPoleView_WWBarberPoleView-b.build/empty-WWBarberPoleView_WWBarberPoleView.plist (in target 'WWBarberPoleView_WWBarberPoleView' from project 'WWBarberPoleView')
cd /Users/admin/builder/spi-builder-workspace/.dependencies/checkouts/WWBarberPoleView
builtin-infoPlistUtility /Users/admin/builder/spi-builder-workspace/.derivedData/Build/Intermediates.noindex/WWBarberPoleView.build/Debug-watchos/WWBarberPoleView_WWBarberPoleView-b.build/empty-WWBarberPoleView_WWBarberPoleView.plist -producttype com.apple.product-type.bundle -expandbuildsettings -format binary -platform watchos -o /Users/admin/builder/spi-builder-workspace/.derivedData/Build/Products/Debug-watchos/WWBarberPoleView_WWBarberPoleView.bundle/Info.plist
CpResource /Users/admin/builder/spi-builder-workspace/.derivedData/Build/Products/Debug-watchos/WWBarberPoleView_WWBarberPoleView.bundle/Privacy /Users/admin/builder/spi-builder-workspace/.dependencies/checkouts/WWBarberPoleView/Sources/WWBarberPoleView/Privacy (in target 'WWBarberPoleView_WWBarberPoleView' from project 'WWBarberPoleView')
cd /Users/admin/builder/spi-builder-workspace/.dependencies/checkouts/WWBarberPoleView
builtin-copy -exclude .DS_Store -exclude CVS -exclude .svn -exclude .git -exclude .hg -resolve-src-symlinks /Users/admin/builder/spi-builder-workspace/.dependencies/checkouts/WWBarberPoleView/Sources/WWBarberPoleView/Privacy /Users/admin/builder/spi-builder-workspace/.derivedData/Build/Products/Debug-watchos/WWBarberPoleView_WWBarberPoleView.bundle
RegisterExecutionPolicyException /Users/admin/builder/spi-builder-workspace/.derivedData/Build/Products/Debug-watchos/WWBarberPoleView_WWBarberPoleView.bundle (in target 'WWBarberPoleView_WWBarberPoleView' from project 'WWBarberPoleView')
cd /Users/admin/builder/spi-builder-workspace/.dependencies/checkouts/WWBarberPoleView
builtin-RegisterExecutionPolicyException /Users/admin/builder/spi-builder-workspace/.derivedData/Build/Products/Debug-watchos/WWBarberPoleView_WWBarberPoleView.bundle
RegisterExecutionPolicyException /Users/admin/builder/spi-builder-workspace/.derivedData/Build/Products/Debug-watchos/WWSkeletonView_WWSkeletonView.bundle (in target 'WWSkeletonView_WWSkeletonView' from project 'WWSkeletonView')
cd /Users/admin/builder/spi-builder-workspace
builtin-RegisterExecutionPolicyException /Users/admin/builder/spi-builder-workspace/.derivedData/Build/Products/Debug-watchos/WWSkeletonView_WWSkeletonView.bundle
Touch /Users/admin/builder/spi-builder-workspace/.derivedData/Build/Products/Debug-watchos/WWBarberPoleView_WWBarberPoleView.bundle (in target 'WWBarberPoleView_WWBarberPoleView' from project 'WWBarberPoleView')
cd /Users/admin/builder/spi-builder-workspace/.dependencies/checkouts/WWBarberPoleView
/usr/bin/touch -c /Users/admin/builder/spi-builder-workspace/.derivedData/Build/Products/Debug-watchos/WWBarberPoleView_WWBarberPoleView.bundle
Touch /Users/admin/builder/spi-builder-workspace/.derivedData/Build/Products/Debug-watchos/WWSkeletonView_WWSkeletonView.bundle (in target 'WWSkeletonView_WWSkeletonView' from project 'WWSkeletonView')
cd /Users/admin/builder/spi-builder-workspace
/usr/bin/touch -c /Users/admin/builder/spi-builder-workspace/.derivedData/Build/Products/Debug-watchos/WWSkeletonView_WWSkeletonView.bundle
SwiftDriver WWBarberPoleView normal arm64_32 com.apple.xcode.tools.swift.compiler (in target 'WWBarberPoleView' from project 'WWBarberPoleView')
cd /Users/admin/builder/spi-builder-workspace/.swiftpm/xcode
builtin-SwiftDriver -- /Applications/Xcode-27.0.0-Release.Candidate.app/Contents/Developer/Toolchains/XcodeDefault.xctoolchain/usr/bin/swiftc -parse-as-library -module-name WWBarberPoleView -Onone @/Users/admin/builder/spi-builder-workspace/.derivedData/Build/Intermediates.noindex/WWBarberPoleView.build/Debug-watchos/WWBarberPoleView-t.build/Objects-normal/arm64_32/WWBarberPoleView.SwiftFileList -DSWIFT_PACKAGE -DDEBUG -DSWIFT_MODULE_RESOURCE_BUNDLE_AVAILABLE -DXcode -plugin-path /Applications/Xcode-27.0.0-Release.Candidate.app/Contents/Developer/Toolchains/XcodeDefault.xctoolchain/usr/lib/swift/host/plugins/testing -enable-experimental-feature DebugDescriptionMacro -sdk /Applications/Xcode-27.0.0-Release.Candidate.app/Contents/Developer/Platforms/WatchOS.platform/Developer/SDKs/WatchOS27.0.sdk -target arm64_32-apple-watchos9.0 -g -module-cache-path /Users/admin/builder/spi-builder-workspace/.derivedData/ModuleCache.noindex -Xfrontend -serialize-debugging-options -enable-testing -suppress-warnings -index-store-path /Users/admin/builder/spi-builder-workspace/.derivedData/Index.noindex/DataStore -Xcc -D_LIBCPP_HARDENING_MODE\=_LIBCPP_HARDENING_MODE_DEBUG -swift-version 5 -I /Users/admin/builder/spi-builder-workspace/.derivedData/Build/Products/Debug-watchos -Isystem /Applications/Xcode-27.0.0-Release.Candidate.app/Contents/Developer/Platforms/WatchOS.platform/Developer/usr/lib -F /Users/admin/builder/spi-builder-workspace/.derivedData/Build/Products/Debug-watchos -F /Applications/Xcode-27.0.0-Release.Candidate.app/Contents/Developer/Platforms/WatchOS.platform/Developer/Library/Frameworks -F /Applications/Xcode-27.0.0-Release.Candidate.app/Contents/Developer/Platforms/WatchOS.platform/Developer/SDKs/WatchOS27.0.sdk/Developer/Library/Frameworks -c -j10 -enable-batch-mode -incremental -Xcc -ivfsstatcache -Xcc /Users/admin/builder/spi-builder-workspace/.derivedData/SDKStatCaches.noindex/watchos27.0-24R360-e829b21a6f8c9b70876ba0858053c04477534ef55a1706bf4c1112bbb242f0a2.sdkstatcache -output-file-map /Users/admin/builder/spi-builder-workspace/.derivedData/Build/Intermediates.noindex/WWBarberPoleView.build/Debug-watchos/WWBarberPoleView-t.build/Objects-normal/arm64_32/WWBarberPoleView-OutputFileMap.json -save-temps -no-color-diagnostics -explicit-module-build -module-cache-path /Users/admin/builder/spi-builder-workspace/.derivedData/Build/Intermediates.noindex/SwiftExplicitPrecompiledModules -clang-scanner-module-cache-path /Users/admin/builder/spi-builder-workspace/.derivedData/ModuleCache.noindex -sdk-module-cache-path /Users/admin/builder/spi-builder-workspace/.derivedData/SDKExplicitPrecompiledModules -emit-dependencies -emit-module -emit-module-path /Users/admin/builder/spi-builder-workspace/.derivedData/Build/Intermediates.noindex/WWBarberPoleView.build/Debug-watchos/WWBarberPoleView-t.build/Objects-normal/arm64_32/WWBarberPoleView.swiftmodule -serialize-diagnostics -dependency-scan-serialize-diagnostics-path /Users/admin/builder/spi-builder-workspace/.derivedData/Build/Intermediates.noindex/WWBarberPoleView.build/Debug-watchos/WWBarberPoleView-t.build/Objects-normal/arm64_32/WWBarberPoleView-dependency-scan.dia -validate-clang-modules-once -clang-build-session-file /Users/admin/builder/spi-builder-workspace/.derivedData/ModuleCache.noindex/Session.modulevalidation -Xcc -fmodules-prune-interval\=86400 -Xcc -fmodules-prune-after\=345600 -emit-const-values -const-gather-protocols-list /Users/admin/builder/spi-builder-workspace/.derivedData/Build/Intermediates.noindex/WWBarberPoleView.build/Debug-watchos/WWBarberPoleView-t.build/Objects-normal/arm64_32/WWBarberPoleView_const_extract_protocols.json -Xcc -I/Users/admin/builder/spi-builder-workspace/.derivedData/Build/Products/Debug-watchos/include -Xcc -I/Users/admin/builder/spi-builder-workspace/.derivedData/Build/Intermediates.noindex/WWBarberPoleView.build/Debug-watchos/WWBarberPoleView-t.build/DerivedSources-normal/arm64_32 -Xcc -I/Users/admin/builder/spi-builder-workspace/.derivedData/Build/Intermediates.noindex/WWBarberPoleView.build/Debug-watchos/WWBarberPoleView-t.build/DerivedSources/arm64_32 -Xcc -I/Users/admin/builder/spi-builder-workspace/.derivedData/Build/Intermediates.noindex/WWBarberPoleView.build/Debug-watchos/WWBarberPoleView-t.build/DerivedSources -Xcc -DSWIFT_PACKAGE -Xcc -DDEBUG\=1 -emit-objc-header -emit-objc-header-path /Users/admin/builder/spi-builder-workspace/.derivedData/Build/Intermediates.noindex/WWBarberPoleView.build/Debug-watchos/WWBarberPoleView-t.build/Objects-normal/arm64_32/WWBarberPoleView-Swift.h -working-directory /Users/admin/builder/spi-builder-workspace/.swiftpm/xcode -experimental-emit-module-separately -disable-cmo
SwiftDriver WWBarberPoleView normal arm64 com.apple.xcode.tools.swift.compiler (in target 'WWBarberPoleView' from project 'WWBarberPoleView')
cd /Users/admin/builder/spi-builder-workspace/.swiftpm/xcode
builtin-SwiftDriver -- /Applications/Xcode-27.0.0-Release.Candidate.app/Contents/Developer/Toolchains/XcodeDefault.xctoolchain/usr/bin/swiftc -parse-as-library -module-name WWBarberPoleView -Onone @/Users/admin/builder/spi-builder-workspace/.derivedData/Build/Intermediates.noindex/WWBarberPoleView.build/Debug-watchos/WWBarberPoleView-t.build/Objects-normal/arm64/WWBarberPoleView.SwiftFileList -DSWIFT_PACKAGE -DDEBUG -DSWIFT_MODULE_RESOURCE_BUNDLE_AVAILABLE -DXcode -plugin-path /Applications/Xcode-27.0.0-Release.Candidate.app/Contents/Developer/Toolchains/XcodeDefault.xctoolchain/usr/lib/swift/host/plugins/testing -enable-experimental-feature DebugDescriptionMacro -sdk /Applications/Xcode-27.0.0-Release.Candidate.app/Contents/Developer/Platforms/WatchOS.platform/Developer/SDKs/WatchOS27.0.sdk -target arm64-apple-watchos9.0 -g -module-cache-path /Users/admin/builder/spi-builder-workspace/.derivedData/ModuleCache.noindex -Xfrontend -serialize-debugging-options -enable-testing -suppress-warnings -index-store-path /Users/admin/builder/spi-builder-workspace/.derivedData/Index.noindex/DataStore -Xcc -D_LIBCPP_HARDENING_MODE\=_LIBCPP_HARDENING_MODE_DEBUG -swift-version 5 -I /Users/admin/builder/spi-builder-workspace/.derivedData/Build/Products/Debug-watchos -Isystem /Applications/Xcode-27.0.0-Release.Candidate.app/Contents/Developer/Platforms/WatchOS.platform/Developer/usr/lib -F /Users/admin/builder/spi-builder-workspace/.derivedData/Build/Products/Debug-watchos -F /Applications/Xcode-27.0.0-Release.Candidate.app/Contents/Developer/Platforms/WatchOS.platform/Developer/Library/Frameworks -F /Applications/Xcode-27.0.0-Release.Candidate.app/Contents/Developer/Platforms/WatchOS.platform/Developer/SDKs/WatchOS27.0.sdk/Developer/Library/Frameworks -c -j10 -enable-batch-mode -incremental -Xcc -ivfsstatcache -Xcc /Users/admin/builder/spi-builder-workspace/.derivedData/SDKStatCaches.noindex/watchos27.0-24R360-e829b21a6f8c9b70876ba0858053c04477534ef55a1706bf4c1112bbb242f0a2.sdkstatcache -output-file-map /Users/admin/builder/spi-builder-workspace/.derivedData/Build/Intermediates.noindex/WWBarberPoleView.build/Debug-watchos/WWBarberPoleView-t.build/Objects-normal/arm64/WWBarberPoleView-OutputFileMap.json -save-temps -no-color-diagnostics -explicit-module-build -module-cache-path /Users/admin/builder/spi-builder-workspace/.derivedData/Build/Intermediates.noindex/SwiftExplicitPrecompiledModules -clang-scanner-module-cache-path /Users/admin/builder/spi-builder-workspace/.derivedData/ModuleCache.noindex -sdk-module-cache-path /Users/admin/builder/spi-builder-workspace/.derivedData/SDKExplicitPrecompiledModules -emit-dependencies -emit-module -emit-module-path /Users/admin/builder/spi-builder-workspace/.derivedData/Build/Intermediates.noindex/WWBarberPoleView.build/Debug-watchos/WWBarberPoleView-t.build/Objects-normal/arm64/WWBarberPoleView.swiftmodule -serialize-diagnostics -dependency-scan-serialize-diagnostics-path /Users/admin/builder/spi-builder-workspace/.derivedData/Build/Intermediates.noindex/WWBarberPoleView.build/Debug-watchos/WWBarberPoleView-t.build/Objects-normal/arm64/WWBarberPoleView-dependency-scan.dia -validate-clang-modules-once -clang-build-session-file /Users/admin/builder/spi-builder-workspace/.derivedData/ModuleCache.noindex/Session.modulevalidation -Xcc -fmodules-prune-interval\=86400 -Xcc -fmodules-prune-after\=345600 -emit-const-values -const-gather-protocols-list /Users/admin/builder/spi-builder-workspace/.derivedData/Build/Intermediates.noindex/WWBarberPoleView.build/Debug-watchos/WWBarberPoleView-t.build/Objects-normal/arm64/WWBarberPoleView_const_extract_protocols.json -Xcc -I/Users/admin/builder/spi-builder-workspace/.derivedData/Build/Products/Debug-watchos/include -Xcc -I/Users/admin/builder/spi-builder-workspace/.derivedData/Build/Intermediates.noindex/WWBarberPoleView.build/Debug-watchos/WWBarberPoleView-t.build/DerivedSources-normal/arm64 -Xcc -I/Users/admin/builder/spi-builder-workspace/.derivedData/Build/Intermediates.noindex/WWBarberPoleView.build/Debug-watchos/WWBarberPoleView-t.build/DerivedSources/arm64 -Xcc -I/Users/admin/builder/spi-builder-workspace/.derivedData/Build/Intermediates.noindex/WWBarberPoleView.build/Debug-watchos/WWBarberPoleView-t.build/DerivedSources -Xcc -DSWIFT_PACKAGE -Xcc -DDEBUG\=1 -emit-objc-header -emit-objc-header-path /Users/admin/builder/spi-builder-workspace/.derivedData/Build/Intermediates.noindex/WWBarberPoleView.build/Debug-watchos/WWBarberPoleView-t.build/Objects-normal/arm64/WWBarberPoleView-Swift.h -working-directory /Users/admin/builder/spi-builder-workspace/.swiftpm/xcode -experimental-emit-module-separately -disable-cmo
SwiftExplicitDependencyGeneratePcm arm64_32 /Users/admin/builder/spi-builder-workspace/.derivedData/SDKExplicitPrecompiledModules/_Builtin_stddef-H44EFHQX6XSS5MZ7QP6YJZ76.pcm
SwiftExplicitDependencyGeneratePcm arm64_32 /Users/admin/builder/spi-builder-workspace/.derivedData/SDKExplicitPrecompiledModules/_Builtin_stdbool-A967K8W8YUYEC9SN52KJ7OO88.pcm
SwiftExplicitDependencyGeneratePcm arm64_32 /Users/admin/builder/spi-builder-workspace/.derivedData/SDKExplicitPrecompiledModules/DeveloperToolsSupport-DZU5G1OCMNWU0AQRULIFHUJ1Z.pcm
SwiftExplicitDependencyGeneratePcm arm64 /Users/admin/builder/spi-builder-workspace/.derivedData/SDKExplicitPrecompiledModules/_SwiftConcurrencyShims-659N52XSKR5F0QSB880BH2FJR.pcm
SwiftExplicitDependencyGeneratePcm arm64 /Users/admin/builder/spi-builder-workspace/.derivedData/SDKExplicitPrecompiledModules/SwiftShims-4MXFZPV6FEB0XBYXCGPWAMQGL.pcm
SwiftExplicitDependencyGeneratePcm arm64 /Users/admin/builder/spi-builder-workspace/.derivedData/SDKExplicitPrecompiledModules/DeveloperToolsSupport-E7CNISCB36UE8XQ9IOHK9XDX1.pcm
SwiftExplicitDependencyGeneratePcm arm64_32 /Users/admin/builder/spi-builder-workspace/.derivedData/SDKExplicitPrecompiledModules/SwiftShims-9CQQGWTSNTN9EB5NSHDWUJICH.pcm
SwiftExplicitDependencyGeneratePcm arm64 /Users/admin/builder/spi-builder-workspace/.derivedData/SDKExplicitPrecompiledModules/_AvailabilityInternal-BUNV3UXM65NT37THI4W1AM0SF.pcm
SwiftExplicitDependencyGeneratePcm arm64 /Users/admin/builder/spi-builder-workspace/.derivedData/SDKExplicitPrecompiledModules/_Builtin_stdarg-A7UU8LE6MP85SM26YO7PBZNUQ.pcm
SwiftExplicitDependencyGeneratePcm arm64 /Users/admin/builder/spi-builder-workspace/.derivedData/SDKExplicitPrecompiledModules/_Builtin_stddef-1FU30Y8SWFB7OUUHMJQH5J6FM.pcm
SwiftExplicitDependencyGeneratePcm arm64_32 /Users/admin/builder/spi-builder-workspace/.derivedData/SDKExplicitPrecompiledModules/_AvailabilityInternal-244WAN3Z1QBT7PIA64EZEFY1R.pcm
SwiftExplicitDependencyGeneratePcm arm64_32 /Users/admin/builder/spi-builder-workspace/.derivedData/SDKExplicitPrecompiledModules/ptrauth-BFXF358ME5AK535N5A9Z766WU.pcm
SwiftExplicitDependencyGeneratePcm arm64 /Users/admin/builder/spi-builder-workspace/.derivedData/SDKExplicitPrecompiledModules/ptrauth-3TZ9WJCGLYD25HQPWH4968ONX.pcm
SwiftExplicitDependencyGeneratePcm arm64_32 /Users/admin/builder/spi-builder-workspace/.derivedData/SDKExplicitPrecompiledModules/_Builtin_float-6KO8O3PEWRCA4WC6PPLOYO6WJ.pcm
SwiftExplicitDependencyGeneratePcm arm64_32 /Users/admin/builder/spi-builder-workspace/.derivedData/SDKExplicitPrecompiledModules/ptrcheck-7ELIH9BTIGVKX3UBITM9N72WD.pcm
SwiftExplicitDependencyGeneratePcm arm64 /Users/admin/builder/spi-builder-workspace/.derivedData/SDKExplicitPrecompiledModules/ptrcheck-AIF0NDOYZ8ORBNHQAQR5NNB8M.pcm
SwiftExplicitDependencyGeneratePcm arm64 /Users/admin/builder/spi-builder-workspace/.derivedData/SDKExplicitPrecompiledModules/_Builtin_stdbool-83J96QSOFE9VX04AAS6310UAE.pcm
SwiftExplicitDependencyGeneratePcm arm64_32 /Users/admin/builder/spi-builder-workspace/.derivedData/SDKExplicitPrecompiledModules/_Builtin_stdarg-D305JG44A2WPI6CJY37X3QJE8.pcm
SwiftExplicitDependencyGeneratePcm arm64_32 /Users/admin/builder/spi-builder-workspace/.derivedData/SDKExplicitPrecompiledModules/_SwiftConcurrencyShims-6RTBPQ03V7BM9SPRK8SUE055H.pcm
SwiftExplicitDependencyGeneratePcm arm64 /Users/admin/builder/spi-builder-workspace/.derivedData/SDKExplicitPrecompiledModules/_Builtin_float-C0CW5Q4HGBQYKE77TC42IAFB5.pcm
SwiftExplicitDependencyGeneratePcm arm64_32 /Users/admin/builder/spi-builder-workspace/.derivedData/SDKExplicitPrecompiledModules/_DarwinFoundation1-2GWF9RFMPLQW4PDHS3NARVI3G.pcm
SwiftExplicitDependencyGeneratePcm arm64 /Users/admin/builder/spi-builder-workspace/.derivedData/SDKExplicitPrecompiledModules/_DarwinFoundation1-7SPX3MD0HMP55E4OLNCPNDQ53.pcm
SwiftExplicitDependencyGeneratePcm arm64_32 /Users/admin/builder/spi-builder-workspace/.derivedData/SDKExplicitPrecompiledModules/_DarwinFoundation2-9MY8GOSYRO0M9MKNXF6D3MBNK.pcm
SwiftExplicitDependencyGeneratePcm arm64_32 /Users/admin/builder/spi-builder-workspace/.derivedData/SDKExplicitPrecompiledModules/_Builtin_limits-3VKBU2AFTD65PAJZ5CJ3LHFM2.pcm
SwiftExplicitDependencyGeneratePcm arm64 /Users/admin/builder/spi-builder-workspace/.derivedData/SDKExplicitPrecompiledModules/_Builtin_limits-9GWPA2B0H20DYUNYHYCWKABJG.pcm
SwiftExplicitDependencyGeneratePcm arm64 /Users/admin/builder/spi-builder-workspace/.derivedData/SDKExplicitPrecompiledModules/_DarwinFoundation2-D0XAPJU49S5E9XMKYOFGSTB1Q.pcm
SwiftExplicitDependencyGeneratePcm arm64 /Users/admin/builder/spi-builder-workspace/.derivedData/SDKExplicitPrecompiledModules/sys_types-2KXQLI78OUCDP779AE68GZJ2.pcm
SwiftExplicitDependencyGeneratePcm arm64_32 /Users/admin/builder/spi-builder-workspace/.derivedData/SDKExplicitPrecompiledModules/sys_types-8TLLMW08ZJWDGIIPKOYFGHHZW.pcm
SwiftExplicitDependencyGeneratePcm arm64_32 /Users/admin/builder/spi-builder-workspace/.derivedData/SDKExplicitPrecompiledModules/_Builtin_stdint-1HMXWI3V0V4TXHRWZOMZGZ80Y.pcm
SwiftExplicitDependencyGeneratePcm arm64 /Users/admin/builder/spi-builder-workspace/.derivedData/SDKExplicitPrecompiledModules/_Builtin_tgmath-8NQ96OZ0YHXEC24JI95P01UF8.pcm
SwiftExplicitDependencyGeneratePcm arm64 /Users/admin/builder/spi-builder-workspace/.derivedData/SDKExplicitPrecompiledModules/_Builtin_stdint-8XMILLJZEGRN2XG7XZUXZ5RLX.pcm
SwiftExplicitDependencyGeneratePcm arm64_32 /Users/admin/builder/spi-builder-workspace/.derivedData/SDKExplicitPrecompiledModules/_Builtin_tgmath-23PGCKURCQILXMK0MYZRYDCOU.pcm
SwiftExplicitDependencyGeneratePcm arm64 /Users/admin/builder/spi-builder-workspace/.derivedData/SDKExplicitPrecompiledModules/string_h-E6PRXK75PHIPCZFWOFCQ3QBMK.pcm
SwiftExplicitDependencyGeneratePcm arm64_32 /Users/admin/builder/spi-builder-workspace/.derivedData/SDKExplicitPrecompiledModules/string_h-BFVLUQUSBZWYMLCU9QI7VZALW.pcm
SwiftExplicitDependencyGeneratePcm arm64 /Users/admin/builder/spi-builder-workspace/.derivedData/SDKExplicitPrecompiledModules/_DarwinFoundation3-B97LRG0E9GON2NUE65TVG81HU.pcm
SwiftExplicitDependencyGeneratePcm arm64 /Users/admin/builder/spi-builder-workspace/.derivedData/SDKExplicitPrecompiledModules/_Builtin_stdatomic-7JEFA3KBJJJN6TKJWY3OG1VG5.pcm
SwiftExplicitDependencyGeneratePcm arm64 /Users/admin/builder/spi-builder-workspace/.derivedData/SDKExplicitPrecompiledModules/_Builtin_intrinsics-75960HIPCIYA06IUW8FIIPQT.pcm
SwiftExplicitDependencyGeneratePcm arm64_32 /Users/admin/builder/spi-builder-workspace/.derivedData/SDKExplicitPrecompiledModules/_Builtin_intrinsics-196IIAKDQVU42DLOZP9OQCV76.pcm
SwiftExplicitDependencyGeneratePcm arm64_32 /Users/admin/builder/spi-builder-workspace/.derivedData/SDKExplicitPrecompiledModules/_Builtin_stdatomic-1TY035TURL76BF2U98PZPPZRX.pcm
SwiftExplicitDependencyGeneratePcm arm64_32 /Users/admin/builder/spi-builder-workspace/.derivedData/SDKExplicitPrecompiledModules/_DarwinFoundation3-3DUTYQDQSD9HUAAVY947NMWOI.pcm
SwiftExplicitDependencyGeneratePcm arm64 /Users/admin/builder/spi-builder-workspace/.derivedData/SDKExplicitPrecompiledModules/_Builtin_inttypes-3UQSCM7WNM9EK4HZML8TY5J3D.pcm
SwiftExplicitDependencyGeneratePcm arm64_32 /Users/admin/builder/spi-builder-workspace/.derivedData/SDKExplicitPrecompiledModules/_Builtin_inttypes-D2KPCR4PEX9AQA33NGLUT5SBR.pcm
SwiftExplicitDependencyGeneratePcm arm64 /Users/admin/builder/spi-builder-workspace/.derivedData/SDKExplicitPrecompiledModules/Darwin-3984OXKFNSPE77NT743WK8SEX.pcm
SwiftExplicitDependencyGeneratePcm arm64_32 /Users/admin/builder/spi-builder-workspace/.derivedData/SDKExplicitPrecompiledModules/Darwin-3FVT1SKLN2ZQ5RVOABMTQBB34.pcm
SwiftExplicitDependencyGeneratePcm arm64 /Users/admin/builder/spi-builder-workspace/.derivedData/SDKExplicitPrecompiledModules/simd-EH08NODU6574T74ZKU61VP9BW.pcm
SwiftExplicitDependencyGeneratePcm arm64_32 /Users/admin/builder/spi-builder-workspace/.derivedData/SDKExplicitPrecompiledModules/simd-21UNWYOBUZI1LVSQ99S1XBLMO.pcm
SwiftExplicitDependencyGeneratePcm arm64_32 /Users/admin/builder/spi-builder-workspace/.derivedData/SDKExplicitPrecompiledModules/MachO-56838ZJ0NC1EBAJ0O6O8QMPDX.pcm
SwiftExplicitDependencyGeneratePcm arm64_32 /Users/admin/builder/spi-builder-workspace/.derivedData/SDKExplicitPrecompiledModules/ObjectiveC-6IJNELR2E80E7LUKESVCP2KET.pcm
SwiftExplicitDependencyGeneratePcm arm64 /Users/admin/builder/spi-builder-workspace/.derivedData/SDKExplicitPrecompiledModules/MachO-2U90NNSAQILBNBPS1SA4F8TYP.pcm
SwiftExplicitDependencyGeneratePcm arm64 /Users/admin/builder/spi-builder-workspace/.derivedData/SDKExplicitPrecompiledModules/ObjectiveC-72IVD3VS2RS8Q28D9PIMY0KQP.pcm
SwiftExplicitDependencyGeneratePcm arm64 /Users/admin/builder/spi-builder-workspace/.derivedData/SDKExplicitPrecompiledModules/os_object-3SDKD7F87FTZ26OON37DRYT6O.pcm
SwiftExplicitDependencyGeneratePcm arm64_32 /Users/admin/builder/spi-builder-workspace/.derivedData/SDKExplicitPrecompiledModules/os_object-5YWTC6L4756IWSTPGXS5NM0D0.pcm
SwiftExplicitDependencyGeneratePcm arm64_32 /Users/admin/builder/spi-builder-workspace/.derivedData/SDKExplicitPrecompiledModules/os_workgroup-5JHTPDMNBUNHLJI8LPHKQK1JK.pcm
SwiftExplicitDependencyGeneratePcm arm64 /Users/admin/builder/spi-builder-workspace/.derivedData/SDKExplicitPrecompiledModules/os_workgroup-89GG5G7YC2D0ZTK6AZXXQ20DH.pcm
SwiftExplicitDependencyGeneratePcm arm64_32 /Users/admin/builder/spi-builder-workspace/.derivedData/SDKExplicitPrecompiledModules/Spatial-CWVWNML3T0NXVHZDKVLD3X1YZ.pcm
SwiftExplicitDependencyGeneratePcm arm64 /Users/admin/builder/spi-builder-workspace/.derivedData/SDKExplicitPrecompiledModules/Spatial-44FJGYXFAT2AQAW9Z6T7YS02U.pcm
SwiftExplicitDependencyGeneratePcm arm64_32 /Users/admin/builder/spi-builder-workspace/.derivedData/SDKExplicitPrecompiledModules/Dispatch-2P62F1T4XV63S4P99TUDTOK2Q.pcm
SwiftExplicitDependencyGeneratePcm arm64 /Users/admin/builder/spi-builder-workspace/.derivedData/SDKExplicitPrecompiledModules/Dispatch-1NLJOVAK60XP0DUB05XA59EIM.pcm
SwiftExplicitDependencyGeneratePcm arm64_32 /Users/admin/builder/spi-builder-workspace/.derivedData/SDKExplicitPrecompiledModules/XPC-81Y45QFY96XYYFCW2GT6FY8S4.pcm
SwiftExplicitDependencyGeneratePcm arm64_32 /Users/admin/builder/spi-builder-workspace/.derivedData/SDKExplicitPrecompiledModules/CoreFoundation-8E6Y4BA3EXYKUGJ24GT9LGV3N.pcm
SwiftExplicitDependencyGeneratePcm arm64 /Users/admin/builder/spi-builder-workspace/.derivedData/SDKExplicitPrecompiledModules/XPC-40DR0X1DHKGCV4J1IOLFS8MOU.pcm
SwiftExplicitDependencyGeneratePcm arm64 /Users/admin/builder/spi-builder-workspace/.derivedData/SDKExplicitPrecompiledModules/CoreFoundation-8T2L24YC5NU7WO6WQJWRY7W08.pcm
SwiftExplicitDependencyGeneratePcm arm64_32 /Users/admin/builder/spi-builder-workspace/.derivedData/SDKExplicitPrecompiledModules/os-E5IGB442IA6SBB25TTCOLK2OC.pcm
SwiftExplicitDependencyGeneratePcm arm64 /Users/admin/builder/spi-builder-workspace/.derivedData/SDKExplicitPrecompiledModules/os-5DIL6Z9LFIGLMZAHM7X2T5435.pcm
SwiftExplicitDependencyGeneratePcm arm64_32 /Users/admin/builder/spi-builder-workspace/.derivedData/SDKExplicitPrecompiledModules/CoreGraphics-9FDXYX6BKBUT6TJ2VF819E7T5.pcm
SwiftExplicitDependencyGeneratePcm arm64_32 /Users/admin/builder/spi-builder-workspace/.derivedData/SDKExplicitPrecompiledModules/Security-D7TOWF88VWF67TB9HAFP5UWB1.pcm
SwiftExplicitDependencyGeneratePcm arm64 /Users/admin/builder/spi-builder-workspace/.derivedData/SDKExplicitPrecompiledModules/CoreGraphics-DWNZ73GEH98SBJXZ7DEXB420K.pcm
SwiftExplicitDependencyGeneratePcm arm64 /Users/admin/builder/spi-builder-workspace/.derivedData/SDKExplicitPrecompiledModules/Security-6RZ6YBRU8WCUHRFFRVUK5WKMM.pcm
SwiftExplicitDependencyGeneratePcm arm64_32 /Users/admin/builder/spi-builder-workspace/.derivedData/SDKExplicitPrecompiledModules/Foundation-BJ2VQGI3OGR34500MEQ1VKHPH.pcm
SwiftExplicitDependencyGeneratePcm arm64 /Users/admin/builder/spi-builder-workspace/.derivedData/SDKExplicitPrecompiledModules/Foundation-DLBKUSGXN8QHAT8W0OARR9S8A.pcm
SwiftExplicitDependencyGeneratePcm arm64_32 /Users/admin/builder/spi-builder-workspace/.derivedData/SDKExplicitPrecompiledModules/CoreText-C9X2REPZN2V5BSU4G80FCETDR.pcm
SwiftExplicitDependencyGeneratePcm arm64_32 /Users/admin/builder/spi-builder-workspace/.derivedData/SDKExplicitPrecompiledModules/CoreVideo-2P8HI0403J99LBDPKNFJ5D4DL.pcm
SwiftExplicitDependencyGeneratePcm arm64 /Users/admin/builder/spi-builder-workspace/.derivedData/SDKExplicitPrecompiledModules/CoreText-970YJN6NIYGK1316L35Z0O8QT.pcm
SwiftExplicitDependencyGeneratePcm arm64 /Users/admin/builder/spi-builder-workspace/.derivedData/SDKExplicitPrecompiledModules/CoreVideo-8MRR5MNWUOAW2DBPGUQ8FKK4.pcm
SwiftExplicitDependencyGeneratePcm arm64 /Users/admin/builder/spi-builder-workspace/.derivedData/SDKExplicitPrecompiledModules/Accessibility-27QMG6ZQ1NKYTNBYFPM1XKNFC.pcm
SwiftExplicitDependencyGeneratePcm arm64 /Users/admin/builder/spi-builder-workspace/.derivedData/SDKExplicitPrecompiledModules/UIUtilities-IR7RNW23VAUKYI9MLCS9NL9A.pcm
SwiftExplicitDependencyGeneratePcm arm64 /Users/admin/builder/spi-builder-workspace/.derivedData/SDKExplicitPrecompiledModules/UserNotifications-ARAH8MEQ0C2L0FBO39HITJMAO.pcm
SwiftExplicitDependencyGeneratePcm arm64 /Users/admin/builder/spi-builder-workspace/.derivedData/SDKExplicitPrecompiledModules/_LocationEssentials-5ZZDGDXB6HLQUC72SJW7YJ7MK.pcm
SwiftExplicitDependencyGeneratePcm arm64 /Users/admin/builder/spi-builder-workspace/.derivedData/SDKExplicitPrecompiledModules/DataDetection-7BNVI1SZW5ISQL5SX4WL2X7I5.pcm
SwiftExplicitDependencyGeneratePcm arm64 /Users/admin/builder/spi-builder-workspace/.derivedData/SDKExplicitPrecompiledModules/CoreTransferable-9PPG3SLJ55T4LITIFYX2M0NOZ.pcm
SwiftExplicitDependencyGeneratePcm arm64 /Users/admin/builder/spi-builder-workspace/.derivedData/SDKExplicitPrecompiledModules/Symbols-3EFABTJ9L5PQDJ7RQCYQWEJMM.pcm
SwiftExplicitDependencyGeneratePcm arm64 /Users/admin/builder/spi-builder-workspace/.derivedData/SDKExplicitPrecompiledModules/UniformTypeIdentifiers-8L08Q8DQJV8C4AW84YVGFGTRN.pcm
SwiftExplicitDependencyGeneratePcm arm64 /Users/admin/builder/spi-builder-workspace/.derivedData/SDKExplicitPrecompiledModules/QuartzCore-94KFMWNOU7ZLUZNB4T5DLZC9D.pcm
SwiftExplicitDependencyGeneratePcm arm64 /Users/admin/builder/spi-builder-workspace/.derivedData/SDKExplicitPrecompiledModules/OSLog-B7VGO357Y3GJG35TST7DKDSI3.pcm
SwiftExplicitDependencyGeneratePcm arm64_32 /Users/admin/builder/spi-builder-workspace/.derivedData/SDKExplicitPrecompiledModules/_LocationEssentials-AQ1OL9QKC3LQLY5CNSRM1HB53.pcm
SwiftExplicitDependencyGeneratePcm arm64_32 /Users/admin/builder/spi-builder-workspace/.derivedData/SDKExplicitPrecompiledModules/CoreTransferable-5D4IR6X37682FPHJ5CBPTKQV6.pcm
SwiftExplicitDependencyGeneratePcm arm64_32 /Users/admin/builder/spi-builder-workspace/.derivedData/SDKExplicitPrecompiledModules/UserNotifications-6TBN8TEAKO014N1T2QD926XED.pcm
SwiftExplicitDependencyGeneratePcm arm64_32 /Users/admin/builder/spi-builder-workspace/.derivedData/SDKExplicitPrecompiledModules/UniformTypeIdentifiers-CJZ3NTHPSBH4XWX5EVOG56UZS.pcm
SwiftExplicitDependencyGeneratePcm arm64_32 /Users/admin/builder/spi-builder-workspace/.derivedData/SDKExplicitPrecompiledModules/Accessibility-F385OMZ5GYBUY5O4QAJB4NRII.pcm
SwiftExplicitDependencyGeneratePcm arm64_32 /Users/admin/builder/spi-builder-workspace/.derivedData/SDKExplicitPrecompiledModules/QuartzCore-6375NPYACK5NYVHPMC1QQ8MC2.pcm
SwiftExplicitDependencyGeneratePcm arm64_32 /Users/admin/builder/spi-builder-workspace/.derivedData/SDKExplicitPrecompiledModules/DataDetection-U9BF7WHFVA6BZGFXXXP272PS.pcm
SwiftExplicitDependencyGeneratePcm arm64_32 /Users/admin/builder/spi-builder-workspace/.derivedData/SDKExplicitPrecompiledModules/Symbols-1H97WMG76HU94F5VGJR19PXFY.pcm
SwiftExplicitDependencyGeneratePcm arm64 /Users/admin/builder/spi-builder-workspace/.derivedData/SDKExplicitPrecompiledModules/CoreLocation-ACKJ9K7ABI14F97Y46Y6SRR17.pcm
SwiftExplicitDependencyGeneratePcm arm64_32 /Users/admin/builder/spi-builder-workspace/.derivedData/SDKExplicitPrecompiledModules/UIUtilities-9YFVNIMRC5HRVOIARNWHP1E3H.pcm
SwiftExplicitDependencyGeneratePcm arm64 /Users/admin/builder/spi-builder-workspace/.derivedData/SDKExplicitPrecompiledModules/SwiftUICore-C1DST1IX2Z0PTH5SJJZ1IULRB.pcm
SwiftExplicitDependencyGeneratePcm arm64_32 /Users/admin/builder/spi-builder-workspace/.derivedData/SDKExplicitPrecompiledModules/OSLog-D9AVFY0KWO7RVBIQ73CBIJVCN.pcm
SwiftExplicitDependencyGeneratePcm arm64_32 /Users/admin/builder/spi-builder-workspace/.derivedData/SDKExplicitPrecompiledModules/CoreLocation-8XU5YMYM4P11RQMYCQAG65ITK.pcm
SwiftExplicitDependencyGeneratePcm arm64 /Users/admin/builder/spi-builder-workspace/.derivedData/SDKExplicitPrecompiledModules/CoreMotion-6RD5K48QT1F4L9CATNFD2O7YB.pcm
SwiftExplicitDependencyGeneratePcm arm64_32 /Users/admin/builder/spi-builder-workspace/.derivedData/SDKExplicitPrecompiledModules/SwiftUICore-3Q7WLRD8MR9R3NGIPUBQCP6F6.pcm
SwiftExplicitDependencyGeneratePcm arm64_32 /Users/admin/builder/spi-builder-workspace/.derivedData/SDKExplicitPrecompiledModules/CoreMotion-1XGTVTE5PP32UHME8AC63TL6.pcm
SwiftExplicitDependencyGeneratePcm arm64 /Users/admin/builder/spi-builder-workspace/.derivedData/SDKExplicitPrecompiledModules/UIKit-27R3P1YMV4C6JLDT661G3MRIA.pcm
SwiftExplicitDependencyGeneratePcm arm64_32 /Users/admin/builder/spi-builder-workspace/.derivedData/SDKExplicitPrecompiledModules/UIKit-6PPV7YPZ89CZPHYAP072QH8B6.pcm
SwiftEmitModule normal arm64 Emitting\ module\ for\ WWBarberPoleView (in target 'WWBarberPoleView' from project 'WWBarberPoleView')
/Users/admin/builder/spi-builder-workspace/.dependencies/checkouts/WWBarberPoleView/Sources/WWBarberPoleView/Utility/Extension.swift:43:60: error: 'CAAnimationDelegate' is unavailable in watchOS
41 | /// - isRemovedOnCompletion: Bool
42 | /// - Returns: Constant.CAAnimationInformation
43 | static func _basicAnimation(keyPath: String, delegate: CAAnimationDelegate?, fromValue: Any?, toValue: Any?, duration: CFTimeInterval, repeatCount: Float, fillMode: CAMediaTimingFillMode, timingFunction: CAMediaTimingFunction?, beginTime: CFTimeInterval, isRemovedOnCompletion: Bool) -> CABasicAnimation {
| `- error: 'CAAnimationDelegate' is unavailable in watchOS
44 |
45 | let animation = CABasicAnimation(keyPath: keyPath)
/Applications/Xcode-27.0.0-Release.Candidate.app/Contents/Developer/Platforms/WatchOS.platform/Developer/SDKs/WatchOS27.0.sdk/System/Library/Frameworks/QuartzCore.framework/Headers/CAAnimation.h:71:11: note: 'CAAnimationDelegate' has been explicitly marked unavailable here
69 |
70 | API_AVAILABLE(macos(10.12), ios(10.0), tvos(10.0)) API_UNAVAILABLE(watchos)
71 | @protocol CAAnimationDelegate <NSObject>
| `- note: 'CAAnimationDelegate' has been explicitly marked unavailable here
72 | @optional
73 |
/Users/admin/builder/spi-builder-workspace/.dependencies/checkouts/WWBarberPoleView/Sources/WWBarberPoleView/Utility/Extension.swift:43:170: error: 'CAMediaTimingFillMode' is unavailable in watchOS
41 | /// - isRemovedOnCompletion: Bool
42 | /// - Returns: Constant.CAAnimationInformation
43 | static func _basicAnimation(keyPath: String, delegate: CAAnimationDelegate?, fromValue: Any?, toValue: Any?, duration: CFTimeInterval, repeatCount: Float, fillMode: CAMediaTimingFillMode, timingFunction: CAMediaTimingFunction?, beginTime: CFTimeInterval, isRemovedOnCompletion: Bool) -> CABasicAnimation {
| `- error: 'CAMediaTimingFillMode' is unavailable in watchOS
44 |
45 | let animation = CABasicAnimation(keyPath: keyPath)
/Applications/Xcode-27.0.0-Release.Candidate.app/Contents/Developer/Platforms/WatchOS.platform/Developer/SDKs/WatchOS27.0.sdk/System/Library/Frameworks/QuartzCore.framework/Headers/CAMediaTiming.h:32:20: note: 'CAMediaTimingFillMode' has been explicitly marked unavailable here
30 | @class NSString;
31 |
32 | typedef NSString * CAMediaTimingFillMode NS_TYPED_ENUM API_AVAILABLE(macos(10.5), ios(2.0), tvos(9.0)) API_UNAVAILABLE(watchos);
| `- note: 'CAMediaTimingFillMode' has been explicitly marked unavailable here
33 |
34 | NS_HEADER_AUDIT_BEGIN(nullability, sendability)
/Users/admin/builder/spi-builder-workspace/.dependencies/checkouts/WWBarberPoleView/Sources/WWBarberPoleView/Utility/Extension.swift:43:209: error: 'CAMediaTimingFunction' is unavailable in watchOS
41 | /// - isRemovedOnCompletion: Bool
42 | /// - Returns: Constant.CAAnimationInformation
43 | static func _basicAnimation(keyPath: String, delegate: CAAnimationDelegate?, fromValue: Any?, toValue: Any?, duration: CFTimeInterval, repeatCount: Float, fillMode: CAMediaTimingFillMode, timingFunction: CAMediaTimingFunction?, beginTime: CFTimeInterval, isRemovedOnCompletion: Bool) -> CABasicAnimation {
| `- error: 'CAMediaTimingFunction' is unavailable in watchOS
44 |
45 | let animation = CABasicAnimation(keyPath: keyPath)
/Applications/Xcode-27.0.0-Release.Candidate.app/Contents/Developer/Platforms/WatchOS.platform/Developer/SDKs/WatchOS27.0.sdk/System/Library/Frameworks/QuartzCore.framework/Headers/CAMediaTimingFunction.h:24:12: note: 'CAMediaTimingFunction' has been explicitly marked unavailable here
22 |
23 | API_AVAILABLE(macos(10.5), ios(2.0), tvos(9.0)) API_UNAVAILABLE(watchos)
24 | @interface CAMediaTimingFunction : NSObject <NSSecureCoding>
| `- note: 'CAMediaTimingFunction' has been explicitly marked unavailable here
25 | {
26 | @private
/Users/admin/builder/spi-builder-workspace/.dependencies/checkouts/WWBarberPoleView/Sources/WWBarberPoleView/Utility/Extension.swift:43:292: error: 'CABasicAnimation' is unavailable in watchOS
41 | /// - isRemovedOnCompletion: Bool
42 | /// - Returns: Constant.CAAnimationInformation
43 | static func _basicAnimation(keyPath: String, delegate: CAAnimationDelegate?, fromValue: Any?, toValue: Any?, duration: CFTimeInterval, repeatCount: Float, fillMode: CAMediaTimingFillMode, timingFunction: CAMediaTimingFunction?, beginTime: CFTimeInterval, isRemovedOnCompletion: Bool) -> CABasicAnimation {
| `- error: 'CABasicAnimation' is unavailable in watchOS
44 |
45 | let animation = CABasicAnimation(keyPath: keyPath)
/Applications/Xcode-27.0.0-Release.Candidate.app/Contents/Developer/Platforms/WatchOS.platform/Developer/SDKs/WatchOS27.0.sdk/System/Library/Frameworks/QuartzCore.framework/Headers/CAAnimation.h:130:12: note: 'CABasicAnimation' has been explicitly marked unavailable here
128 |
129 | API_AVAILABLE(macos(10.5), ios(2.0), tvos(9.0)) API_UNAVAILABLE(watchos)
130 | @interface CABasicAnimation : CAPropertyAnimation
| `- note: 'CABasicAnimation' has been explicitly marked unavailable here
131 |
132 | /* The objects defining the property values being interpolated between.
/Users/admin/builder/spi-builder-workspace/.dependencies/checkouts/WWBarberPoleView/Sources/WWBarberPoleView/Utility/Extension.swift:28:11: error: 'CAAnimation' is unavailable in watchOS
26 |
27 | // MARK: - CAAnimation (static function)
28 | extension CAAnimation {
| `- error: 'CAAnimation' is unavailable in watchOS
29 |
30 | /// [Layer動畫產生器 (CABasicAnimation)](https://jjeremy-xue.medium.com/swift-說說-cabasicanimation-9be31ee3eae0)
/Applications/Xcode-27.0.0-Release.Candidate.app/Contents/Developer/Platforms/WatchOS.platform/Developer/SDKs/WatchOS27.0.sdk/System/Library/Frameworks/QuartzCore.framework/Headers/CAAnimation.h:25:12: note: 'CAAnimation' has been explicitly marked unavailable here
23 |
24 | API_AVAILABLE(macos(10.5), ios(2.0), tvos(9.0)) API_UNAVAILABLE(watchos)
25 | @interface CAAnimation : NSObject
| `- note: 'CAAnimation' has been explicitly marked unavailable here
26 | <NSSecureCoding, NSCopying, CAMediaTiming, CAAction>
27 | {
/Users/admin/builder/spi-builder-workspace/.dependencies/checkouts/WWBarberPoleView/Sources/WWBarberPoleView/WWBarberPoleView.swift:18:28: error: 'CAGradientLayer' is unavailable in watchOS
16 |
17 | private var rotationAngle = 45.0 // 旋轉條的旋轉角度
18 | private var poleLayer: CAGradientLayer? // 記錄Layer層
| `- error: 'CAGradientLayer' is unavailable in watchOS
19 | }
20 |
/Applications/Xcode-27.0.0-Release.Candidate.app/Contents/Developer/Platforms/WatchOS.platform/Developer/SDKs/WatchOS27.0.sdk/System/Library/Frameworks/QuartzCore.framework/Headers/CAGradientLayer.h:20:12: note: 'CAGradientLayer' has been explicitly marked unavailable here
18 |
19 | API_AVAILABLE(macos(10.6), ios(3.0), tvos(9.0)) API_UNAVAILABLE(watchos)
20 | @interface CAGradientLayer : CALayer
| `- note: 'CAGradientLayer' has been explicitly marked unavailable here
21 |
22 | /* The array of CGColorRef objects defining the color of each gradient
/Users/admin/builder/spi-builder-workspace/.dependencies/checkouts/WWBarberPoleView/Sources/WWBarberPoleView/WWBarberPoleView.swift:11:30: error: 'UIView' is unavailable in watchOS
9 |
10 | // MARK: - 三色柱效果
11 | open class WWBarberPoleView: UIView {
| `- error: 'UIView' is unavailable in watchOS
12 |
13 | private let earlyBeginTime = 1000.0 // 提前開始的時間 (避免一開始沒有旋轉條)
/Applications/Xcode-27.0.0-Release.Candidate.app/Contents/Developer/Platforms/WatchOS.platform/Developer/SDKs/WatchOS27.0.sdk/System/Library/Frameworks/UIKit.framework/Headers/UIView.h:152:12: note: 'UIView' has been explicitly marked unavailable here
150 |
151 | UIKIT_EXTERN API_AVAILABLE(ios(2.0)) API_UNAVAILABLE(watchos) NS_SWIFT_UI_ACTOR
152 | @interface UIView : UIResponder <NSCoding, UIAppearance, UIAppearanceContainer, UIDynamicItem, UITraitEnvironment, UICoordinateSpace, UIFocusItem, UIFocusItemContainer, CALayerDelegate>
| `- note: 'UIView' has been explicitly marked unavailable here
153 |
154 | @property(class, nonatomic, readonly) Class layerClass; // default is [CALayer class]. Used when creating the underlying layer for the view.
/Users/admin/builder/spi-builder-workspace/.dependencies/checkouts/WWBarberPoleView/Sources/WWBarberPoleView/WWBarberPoleView.swift:99:151: error: 'CABasicAnimation' is unavailable in watchOS
97 | /// - spacing: 旋轉條的間隔
98 | /// - Returns: CABasicAnimation
99 | func animationMaker(with index: Int, direction: Direction, duration: CGFloat, count: Int, position: CGPoint, width: CGFloat, spacing: CGFloat) -> CABasicAnimation {
| `- error: 'CABasicAnimation' is unavailable in watchOS
100 |
101 | let keyPath: String
/Applications/Xcode-27.0.0-Release.Candidate.app/Contents/Developer/Platforms/WatchOS.platform/Developer/SDKs/WatchOS27.0.sdk/System/Library/Frameworks/QuartzCore.framework/Headers/CAAnimation.h:130:12: note: 'CABasicAnimation' has been explicitly marked unavailable here
128 |
129 | API_AVAILABLE(macos(10.5), ios(2.0), tvos(9.0)) API_UNAVAILABLE(watchos)
130 | @interface CABasicAnimation : CAPropertyAnimation
| `- note: 'CABasicAnimation' has been explicitly marked unavailable here
131 |
132 | /* The objects defining the property values being interpolated between.
/Users/admin/builder/spi-builder-workspace/.dependencies/checkouts/WWBarberPoleView/Sources/WWBarberPoleView/WWBarberPoleView.swift:138:105: error: 'CAGradientLayer' is unavailable in watchOS
136 | /// - colors: 顏色
137 | /// - Returns: CAGradientLayer
138 | func generalLayerMaker(with index: Int, direction: Direction, width: CGFloat, colors: [UIColor]) -> CAGradientLayer {
| `- error: 'CAGradientLayer' is unavailable in watchOS
139 |
140 | let layer = CAGradientLayer()
/Applications/Xcode-27.0.0-Release.Candidate.app/Contents/Developer/Platforms/WatchOS.platform/Developer/SDKs/WatchOS27.0.sdk/System/Library/Frameworks/QuartzCore.framework/Headers/CAGradientLayer.h:20:12: note: 'CAGradientLayer' has been explicitly marked unavailable here
18 |
19 | API_AVAILABLE(macos(10.6), ios(3.0), tvos(9.0)) API_UNAVAILABLE(watchos)
20 | @interface CAGradientLayer : CALayer
| `- note: 'CAGradientLayer' has been explicitly marked unavailable here
21 |
22 | /* The array of CGColorRef objects defining the color of each gradient
/Users/admin/builder/spi-builder-workspace/.dependencies/checkouts/WWBarberPoleView/Sources/WWBarberPoleView/WWBarberPoleView.swift:176:146: error: 'CAGradientLayer' is unavailable in watchOS
174 | /// - endPoint: 漸層方向結束點
175 | /// - Returns: CALayer
176 | func gradientLayerMaker(with index: Int, direction: Direction, width: CGFloat, colors: [UIColor], startPoint: CGPoint, endPoint: CGPoint) -> CAGradientLayer {
| `- error: 'CAGradientLayer' is unavailable in watchOS
177 |
178 | let layer = generalLayerMaker(with: index, direction: direction, width: width, colors: colors)
/Applications/Xcode-27.0.0-Release.Candidate.app/Contents/Developer/Platforms/WatchOS.platform/Developer/SDKs/WatchOS27.0.sdk/System/Library/Frameworks/QuartzCore.framework/Headers/CAGradientLayer.h:20:12: note: 'CAGradientLayer' has been explicitly marked unavailable here
18 |
19 | API_AVAILABLE(macos(10.6), ios(3.0), tvos(9.0)) API_UNAVAILABLE(watchos)
20 | @interface CAGradientLayer : CALayer
| `- note: 'CAGradientLayer' has been explicitly marked unavailable here
21 |
22 | /* The array of CGColorRef objects defining the color of each gradient
Failed frontend command:
SwiftCompile normal arm64 (in target 'WWBarberPoleView' from project 'WWBarberPoleView')
cd /Users/admin/builder/spi-builder-workspace/.swiftpm/xcode
/Applications/Xcode-27.0.0-Release.Candidate.app/Contents/Developer/Toolchains/XcodeDefault.xctoolchain/usr/bin/swift-frontend -frontend -emit-module -experimental-skip-non-inlinable-function-bodies-without-types /Users/admin/builder/spi-builder-workspace/.derivedData/Build/Intermediates.noindex/WWBarberPoleView.build/Debug-watchos/WWBarberPoleView-t.build/DerivedSources/resource_bundle_accessor.swift /Users/admin/builder/spi-builder-workspace/.dependencies/checkouts/WWBarberPoleView/Sources/WWBarberPoleView/Utility/Constant.swift /Users/admin/builder/spi-builder-workspace/.dependencies/checkouts/WWBarberPoleView/Sources/WWBarberPoleView/Utility/Extension.swift /Users/admin/builder/spi-builder-workspace/.dependencies/checkouts/WWBarberPoleView/Sources/WWBarberPoleView/WWBarberPoleView.swift -target arm64-apple-watchos9.0 -disable-cross-import-overlay-search -load-resolved-plugin /Applications/Xcode-27.0.0-Release.Candidate.app/Contents/Developer/Platforms/WatchOS.platform/Developer/usr/lib/swift/host/plugins/libFoundationMacros.dylib\#/Applications/Xcode-27.0.0-Release.Candidate.app/Contents/Developer/Platforms/WatchOS.platform/Developer/usr/bin/swift-plugin-server\#FoundationMacros -load-resolved-plugin /Applications/Xcode-27.0.0-Release.Candidate.app/Contents/Developer/Platforms/WatchOS.platform/Developer/usr/lib/swift/host/plugins/libObservationMacros.dylib\#/Applications/Xcode-27.0.0-Release.Candidate.app/Contents/Developer/Platforms/WatchOS.platform/Developer/usr/bin/swift-plugin-server\#ObservationMacros -load-resolved-plugin /Applications/Xcode-27.0.0-Release.Candidate.app/Contents/Developer/Platforms/WatchOS.platform/Developer/usr/lib/swift/host/plugins/libSwiftMacros.dylib\#/Applications/Xcode-27.0.0-Release.Candidate.app/Contents/Developer/Platforms/WatchOS.platform/Developer/usr/bin/swift-plugin-server\#SwiftMacros -load-resolved-plugin /Applications/Xcode-27.0.0-Release.Candidate.app/Contents/Developer/Platforms/WatchOS.platform/Developer/usr/lib/swift/host/plugins/libSwiftUIMacros.dylib\#/Applications/Xcode-27.0.0-Release.Candidate.app/Contents/Developer/Platforms/WatchOS.platform/Developer/usr/bin/swift-plugin-server\#SwiftUIMacros -disable-implicit-swift-modules -Xcc -fno-implicit-modules -Xcc -fno-implicit-module-maps -explicit-swift-module-map-file /Users/admin/builder/spi-builder-workspace/.derivedData/Build/Intermediates.noindex/WWBarberPoleView.build/Debug-watchos/WWBarberPoleView-t.build/Objects-normal/arm64/WWBarberPoleView-dependencies-1.json -Xllvm -aarch64-use-tbi -enable-objc-interop -stack-check -sdk /Applications/Xcode-27.0.0-Release.Candidate.app/Contents/Developer/Platforms/WatchOS.platform/Developer/SDKs/WatchOS27.0.sdk -I /Users/admin/builder/spi-builder-workspace/.derivedData/Build/Products/Debug-watchos -Isystem /Applications/Xcode-27.0.0-Release.Candidate.app/Contents/Developer/Platforms/WatchOS.platform/Developer/usr/lib -F /Users/admin/builder/spi-builder-workspace/.derivedData/Build/Products/Debug-watchos -F /Applications/Xcode-27.0.0-Release.Candidate.app/Contents/Developer/Platforms/WatchOS.platform/Developer/Library/Frameworks -F /Applications/Xcode-27.0.0-Release.Candidate.app/Contents/Developer/Platforms/WatchOS.platform/Developer/SDKs/WatchOS27.0.sdk/Developer/Library/Frameworks -module-cache-path /Users/admin/builder/spi-builder-workspace/.derivedData/Build/Intermediates.noindex/SwiftExplicitPrecompiledModules -no-color-diagnostics -Xcc -fno-color-diagnostics -enable-testing -g -debug-info-format\=dwarf -dwarf-version\=4 -suppress-warnings -swift-version 5 -Onone -D SWIFT_PACKAGE -D DEBUG -D SWIFT_MODULE_RESOURCE_BUNDLE_AVAILABLE -D Xcode -serialize-debugging-options -enable-experimental-feature DebugDescriptionMacro -empty-abi-descriptor -validate-clang-modules-once -clang-build-session-file /Users/admin/builder/spi-builder-workspace/.derivedData/ModuleCache.noindex/Session.modulevalidation -Xcc -working-directory -Xcc /Users/admin/builder/spi-builder-workspace/.swiftpm/xcode -enable-anonymous-context-mangled-names -file-compilation-dir /Users/admin/builder/spi-builder-workspace/.swiftpm/xcode -Xcc -D_LIBCPP_HARDENING_MODE\=_LIBCPP_HARDENING_MODE_DEBUG -Xcc -ivfsstatcache -Xcc /Users/admin/builder/spi-builder-workspace/.derivedData/SDKStatCaches.noindex/watchos27.0-24R360-e829b21a6f8c9b70876ba0858053c04477534ef55a1706bf4c1112bbb242f0a2.sdkstatcache -Xcc -fmodules-prune-interval\=86400 -Xcc -fmodules-prune-after\=345600 -Xcc -I/Users/admin/builder/spi-builder-workspace/.derivedData/Build/Products/Debug-watchos/include -Xcc -I/Users/admin/builder/spi-builder-workspace/.derivedData/Build/Intermediates.noindex/WWBarberPoleView.build/Debug-watchos/WWBarberPoleView-t.build/DerivedSources-normal/arm64 -Xcc -I/Users/admin/builder/spi-builder-workspace/.derivedData/Build/Intermediates.noindex/WWBarberPoleView.build/Debug-watchos/WWBarberPoleView-t.build/DerivedSources/arm64 -Xcc -I/Users/admin/builder/spi-builder-workspace/.derivedData/Build/Intermediates.noindex/WWBarberPoleView.build/Debug-watchos/WWBarberPoleView-t.build/DerivedSources -Xcc -DSWIFT_PACKAGE -Xcc -DDEBUG\=1 -no-auto-bridging-header-chaining -module-name WWBarberPoleView -const-gather-protocols-file /Users/admin/builder/spi-builder-workspace/.derivedData/Build/Intermediates.noindex/WWBarberPoleView.build/Debug-watchos/WWBarberPoleView-t.build/Objects-normal/arm64/WWBarberPoleView_const_extract_protocols.json -disable-clang-spi -clang-target arm64-apple-watchos27.0 -target-sdk-version 27.0 -target-sdk-name watchos27.0 -in-process-plugin-server-path /Applications/Xcode-27.0.0-Release.Candidate.app/Contents/Developer/Toolchains/XcodeDefault.xctoolchain/usr/lib/swift/host/libSwiftInProcPluginServer.dylib -emit-module-doc-path /Users/admin/builder/spi-builder-workspace/.derivedData/Build/Intermediates.noindex/WWBarberPoleView.build/Debug-watchos/WWBarberPoleView-t.build/Objects-normal/arm64/WWBarberPoleView.swiftdoc -emit-module-source-info-path /Users/admin/builder/spi-builder-workspace/.derivedData/Build/Intermediates.noindex/WWBarberPoleView.build/Debug-watchos/WWBarberPoleView-t.build/Objects-normal/arm64/WWBarberPoleView.swiftsourceinfo -emit-objc-header-path /Users/admin/builder/spi-builder-workspace/.derivedData/Build/Intermediates.noindex/WWBarberPoleView.build/Debug-watchos/WWBarberPoleView-t.build/Objects-normal/arm64/WWBarberPoleView-Swift.h -serialize-diagnostics-path /Users/admin/builder/spi-builder-workspace/.derivedData/Build/Intermediates.noindex/WWBarberPoleView.build/Debug-watchos/WWBarberPoleView-t.build/Objects-normal/arm64/WWBarberPoleView-primary-emit-module.dia -emit-dependencies-path /Users/admin/builder/spi-builder-workspace/.derivedData/Build/Intermediates.noindex/WWBarberPoleView.build/Debug-watchos/WWBarberPoleView-t.build/Objects-normal/arm64/WWBarberPoleView-primary-emit-module.d -parse-as-library -o /Users/admin/builder/spi-builder-workspace/.derivedData/Build/Intermediates.noindex/WWBarberPoleView.build/Debug-watchos/WWBarberPoleView-t.build/Objects-normal/arm64/WWBarberPoleView.swiftmodule -emit-abi-descriptor-path /Users/admin/builder/spi-builder-workspace/.derivedData/Build/Intermediates.noindex/WWBarberPoleView.build/Debug-watchos/WWBarberPoleView-t.build/Objects-normal/arm64/WWBarberPoleView.abi.json
SwiftCompile normal arm64 Compiling\ resource_bundle_accessor.swift /Users/admin/builder/spi-builder-workspace/.derivedData/Build/Intermediates.noindex/WWBarberPoleView.build/Debug-watchos/WWBarberPoleView-t.build/DerivedSources/resource_bundle_accessor.swift (in target 'WWBarberPoleView' from project 'WWBarberPoleView')
SwiftCompile normal arm64 /Users/admin/builder/spi-builder-workspace/.derivedData/Build/Intermediates.noindex/WWBarberPoleView.build/Debug-watchos/WWBarberPoleView-t.build/DerivedSources/resource_bundle_accessor.swift (in target 'WWBarberPoleView' from project 'WWBarberPoleView')
cd /Users/admin/builder/spi-builder-workspace/.swiftpm/xcode
builtin-SwiftPerFileCompile resource_bundle_accessor.swift
SwiftCompile normal arm64 Compiling\ Constant.swift /Users/admin/builder/spi-builder-workspace/.dependencies/checkouts/WWBarberPoleView/Sources/WWBarberPoleView/Utility/Constant.swift (in target 'WWBarberPoleView' from project 'WWBarberPoleView')
SwiftCompile normal arm64 /Users/admin/builder/spi-builder-workspace/.dependencies/checkouts/WWBarberPoleView/Sources/WWBarberPoleView/Utility/Constant.swift (in target 'WWBarberPoleView' from project 'WWBarberPoleView')
cd /Users/admin/builder/spi-builder-workspace/.swiftpm/xcode
builtin-SwiftPerFileCompile Constant.swift
SwiftCompile normal arm64 Compiling\ WWBarberPoleView.swift /Users/admin/builder/spi-builder-workspace/.dependencies/checkouts/WWBarberPoleView/Sources/WWBarberPoleView/WWBarberPoleView.swift (in target 'WWBarberPoleView' from project 'WWBarberPoleView')
/Users/admin/builder/spi-builder-workspace/.dependencies/checkouts/WWBarberPoleView/Sources/WWBarberPoleView/WWBarberPoleView.swift:18:28: error: 'CAGradientLayer' is unavailable in watchOS
16 |
17 | private var rotationAngle = 45.0 // 旋轉條的旋轉角度
18 | private var poleLayer: CAGradientLayer? // 記錄Layer層
| `- error: 'CAGradientLayer' is unavailable in watchOS
19 | }
20 |
/Applications/Xcode-27.0.0-Release.Candidate.app/Contents/Developer/Platforms/WatchOS.platform/Developer/SDKs/WatchOS27.0.sdk/System/Library/Frameworks/QuartzCore.framework/Headers/CAGradientLayer.h:20:12: note: 'CAGradientLayer' has been explicitly marked unavailable here
18 |
19 | API_AVAILABLE(macos(10.6), ios(3.0), tvos(9.0)) API_UNAVAILABLE(watchos)
20 | @interface CAGradientLayer : CALayer
| `- note: 'CAGradientLayer' has been explicitly marked unavailable here
21 |
22 | /* The array of CGColorRef objects defining the color of each gradient
/Users/admin/builder/spi-builder-workspace/.dependencies/checkouts/WWBarberPoleView/Sources/WWBarberPoleView/WWBarberPoleView.swift:11:30: error: 'UIView' is unavailable in watchOS
9 |
10 | // MARK: - 三色柱效果
11 | open class WWBarberPoleView: UIView {
| `- error: 'UIView' is unavailable in watchOS
12 |
13 | private let earlyBeginTime = 1000.0 // 提前開始的時間 (避免一開始沒有旋轉條)
/Applications/Xcode-27.0.0-Release.Candidate.app/Contents/Developer/Platforms/WatchOS.platform/Developer/SDKs/WatchOS27.0.sdk/System/Library/Frameworks/UIKit.framework/Headers/UIView.h:152:12: note: 'UIView' has been explicitly marked unavailable here
150 |
151 | UIKIT_EXTERN API_AVAILABLE(ios(2.0)) API_UNAVAILABLE(watchos) NS_SWIFT_UI_ACTOR
152 | @interface UIView : UIResponder <NSCoding, UIAppearance, UIAppearanceContainer, UIDynamicItem, UITraitEnvironment, UICoordinateSpace, UIFocusItem, UIFocusItemContainer, CALayerDelegate>
| `- note: 'UIView' has been explicitly marked unavailable here
153 |
154 | @property(class, nonatomic, readonly) Class layerClass; // default is [CALayer class]. Used when creating the underlying layer for the view.
/Users/admin/builder/spi-builder-workspace/.dependencies/checkouts/WWBarberPoleView/Sources/WWBarberPoleView/WWBarberPoleView.swift:99:151: error: 'CABasicAnimation' is unavailable in watchOS
97 | /// - spacing: 旋轉條的間隔
98 | /// - Returns: CABasicAnimation
99 | func animationMaker(with index: Int, direction: Direction, duration: CGFloat, count: Int, position: CGPoint, width: CGFloat, spacing: CGFloat) -> CABasicAnimation {
| `- error: 'CABasicAnimation' is unavailable in watchOS
100 |
101 | let keyPath: String
/Applications/Xcode-27.0.0-Release.Candidate.app/Contents/Developer/Platforms/WatchOS.platform/Developer/SDKs/WatchOS27.0.sdk/System/Library/Frameworks/QuartzCore.framework/Headers/CAAnimation.h:130:12: note: 'CABasicAnimation' has been explicitly marked unavailable here
128 |
129 | API_AVAILABLE(macos(10.5), ios(2.0), tvos(9.0)) API_UNAVAILABLE(watchos)
130 | @interface CABasicAnimation : CAPropertyAnimation
| `- note: 'CABasicAnimation' has been explicitly marked unavailable here
131 |
132 | /* The objects defining the property values being interpolated between.
/Users/admin/builder/spi-builder-workspace/.dependencies/checkouts/WWBarberPoleView/Sources/WWBarberPoleView/WWBarberPoleView.swift:138:105: error: 'CAGradientLayer' is unavailable in watchOS
136 | /// - colors: 顏色
137 | /// - Returns: CAGradientLayer
138 | func generalLayerMaker(with index: Int, direction: Direction, width: CGFloat, colors: [UIColor]) -> CAGradientLayer {
| `- error: 'CAGradientLayer' is unavailable in watchOS
139 |
140 | let layer = CAGradientLayer()
/Applications/Xcode-27.0.0-Release.Candidate.app/Contents/Developer/Platforms/WatchOS.platform/Developer/SDKs/WatchOS27.0.sdk/System/Library/Frameworks/QuartzCore.framework/Headers/CAGradientLayer.h:20:12: note: 'CAGradientLayer' has been explicitly marked unavailable here
18 |
19 | API_AVAILABLE(macos(10.6), ios(3.0), tvos(9.0)) API_UNAVAILABLE(watchos)
20 | @interface CAGradientLayer : CALayer
| `- note: 'CAGradientLayer' has been explicitly marked unavailable here
21 |
22 | /* The array of CGColorRef objects defining the color of each gradient
/Users/admin/builder/spi-builder-workspace/.dependencies/checkouts/WWBarberPoleView/Sources/WWBarberPoleView/WWBarberPoleView.swift:176:146: error: 'CAGradientLayer' is unavailable in watchOS
174 | /// - endPoint: 漸層方向結束點
175 | /// - Returns: CALayer
176 | func gradientLayerMaker(with index: Int, direction: Direction, width: CGFloat, colors: [UIColor], startPoint: CGPoint, endPoint: CGPoint) -> CAGradientLayer {
| `- error: 'CAGradientLayer' is unavailable in watchOS
177 |
178 | let layer = generalLayerMaker(with: index, direction: direction, width: width, colors: colors)
/Applications/Xcode-27.0.0-Release.Candidate.app/Contents/Developer/Platforms/WatchOS.platform/Developer/SDKs/WatchOS27.0.sdk/System/Library/Frameworks/QuartzCore.framework/Headers/CAGradientLayer.h:20:12: note: 'CAGradientLayer' has been explicitly marked unavailable here
18 |
19 | API_AVAILABLE(macos(10.6), ios(3.0), tvos(9.0)) API_UNAVAILABLE(watchos)
20 | @interface CAGradientLayer : CALayer
| `- note: 'CAGradientLayer' has been explicitly marked unavailable here
21 |
22 | /* The array of CGColorRef objects defining the color of each gradient
/Users/admin/builder/spi-builder-workspace/.dependencies/checkouts/WWBarberPoleView/Sources/WWBarberPoleView/WWBarberPoleView.swift:44:28: error: 'CAGradientLayer' is unavailable in watchOS
42 | for index in 0..<count {
43 |
44 | let poleLayer: CAGradientLayer
| `- error: 'CAGradientLayer' is unavailable in watchOS
45 |
46 | switch colorType {
/Applications/Xcode-27.0.0-Release.Candidate.app/Contents/Developer/Platforms/WatchOS.platform/Developer/SDKs/WatchOS27.0.sdk/System/Library/Frameworks/QuartzCore.framework/Headers/CAGradientLayer.h:20:12: note: 'CAGradientLayer' has been explicitly marked unavailable here
18 |
19 | API_AVAILABLE(macos(10.6), ios(3.0), tvos(9.0)) API_UNAVAILABLE(watchos)
20 | @interface CAGradientLayer : CALayer
| `- note: 'CAGradientLayer' has been explicitly marked unavailable here
21 |
22 | /* The array of CGColorRef objects defining the color of each gradient
/Users/admin/builder/spi-builder-workspace/.dependencies/checkouts/WWBarberPoleView/Sources/WWBarberPoleView/WWBarberPoleView.swift:104:30: error: 'CAMediaTimingFunction' is unavailable in watchOS
102 | let fromValue: CGFloat
103 | let toValue: CGFloat
104 | let timingFunction = CAMediaTimingFunction(name: .linear)
| `- error: 'CAMediaTimingFunction' is unavailable in watchOS
105 | let beginTime = CACurrentMediaTime() + (duration / Double(count)) * Double(index) - earlyBeginTime
106 |
/Applications/Xcode-27.0.0-Release.Candidate.app/Contents/Developer/Platforms/WatchOS.platform/Developer/SDKs/WatchOS27.0.sdk/System/Library/Frameworks/QuartzCore.framework/Headers/CAMediaTimingFunction.h:24:12: note: 'CAMediaTimingFunction' has been explicitly marked unavailable here
22 |
23 | API_AVAILABLE(macos(10.5), ios(2.0), tvos(9.0)) API_UNAVAILABLE(watchos)
24 | @interface CAMediaTimingFunction : NSObject <NSSecureCoding>
| `- note: 'CAMediaTimingFunction' has been explicitly marked unavailable here
25 | {
26 | @private
/Users/admin/builder/spi-builder-workspace/.dependencies/checkouts/WWBarberPoleView/Sources/WWBarberPoleView/WWBarberPoleView.swift:104:59: error: 'linear' is unavailable in watchOS
102 | let fromValue: CGFloat
103 | let toValue: CGFloat
104 | let timingFunction = CAMediaTimingFunction(name: .linear)
| `- error: 'linear' is unavailable in watchOS
105 | let beginTime = CACurrentMediaTime() + (duration / Double(count)) * Double(index) - earlyBeginTime
106 |
/Applications/Xcode-27.0.0-Release.Candidate.app/Contents/Developer/Platforms/WatchOS.platform/Developer/SDKs/WatchOS27.0.sdk/System/Library/Frameworks/QuartzCore.framework/Headers/CAMediaTimingFunction.h:54:43: note: 'linear' has been explicitly marked unavailable here
52 | /** Timing function names. **/
53 |
54 | CA_EXTERN CAMediaTimingFunctionName const kCAMediaTimingFunctionLinear
| `- note: 'linear' has been explicitly marked unavailable here
55 | API_AVAILABLE(macos(10.5), ios(2.0), tvos(9.0)) API_UNAVAILABLE(watchos);
56 | CA_EXTERN CAMediaTimingFunctionName const kCAMediaTimingFunctionEaseIn
/Users/admin/builder/spi-builder-workspace/.dependencies/checkouts/WWBarberPoleView/Sources/WWBarberPoleView/WWBarberPoleView.swift:105:25: error: 'CACurrentMediaTime()' is unavailable in watchOS
103 | let toValue: CGFloat
104 | let timingFunction = CAMediaTimingFunction(name: .linear)
105 | let beginTime = CACurrentMediaTime() + (duration / Double(count)) * Double(index) - earlyBeginTime
| `- error: 'CACurrentMediaTime()' is unavailable in watchOS
106 |
107 | switch direction {
/Applications/Xcode-27.0.0-Release.Candidate.app/Contents/Developer/Platforms/WatchOS.platform/Developer/SDKs/WatchOS27.0.sdk/System/Library/Frameworks/QuartzCore.framework/Headers/CABase.h:127:26: note: 'CACurrentMediaTime()' has been explicitly marked unavailable here
125 | * calling mach_absolute_time () and converting the units to seconds. */
126 |
127 | CA_EXTERN CFTimeInterval CACurrentMediaTime (void)
| `- note: 'CACurrentMediaTime()' has been explicitly marked unavailable here
128 | API_AVAILABLE(macos(10.5), ios(2.0)) API_UNAVAILABLE(watchos);
129 |
/Users/admin/builder/spi-builder-workspace/.dependencies/checkouts/WWBarberPoleView/Sources/WWBarberPoleView/WWBarberPoleView.swift:126:25: error: 'CAAnimation' is unavailable in watchOS
124 | }
125 |
126 | let animation = CAAnimation._basicAnimation(keyPath: keyPath, delegate: nil, fromValue: toValue, toValue: fromValue, duration: duration, repeatCount: .infinity, fillMode: .forwards, timingFunction: timingFunction, beginTime: beginTime, isRemovedOnCompletion: true)
| `- error: 'CAAnimation' is unavailable in watchOS
127 |
128 | return animation
/Applications/Xcode-27.0.0-Release.Candidate.app/Contents/Developer/Platforms/WatchOS.platform/Developer/SDKs/WatchOS27.0.sdk/System/Library/Frameworks/QuartzCore.framework/Headers/CAAnimation.h:25:12: note: 'CAAnimation' has been explicitly marked unavailable here
23 |
24 | API_AVAILABLE(macos(10.5), ios(2.0), tvos(9.0)) API_UNAVAILABLE(watchos)
25 | @interface CAAnimation : NSObject
| `- note: 'CAAnimation' has been explicitly marked unavailable here
26 | <NSSecureCoding, NSCopying, CAMediaTiming, CAAction>
27 | {
/Users/admin/builder/spi-builder-workspace/.dependencies/checkouts/WWBarberPoleView/Sources/WWBarberPoleView/WWBarberPoleView.swift:126:181: error: 'forwards' is unavailable in watchOS
124 | }
125 |
126 | let animation = CAAnimation._basicAnimation(keyPath: keyPath, delegate: nil, fromValue: toValue, toValue: fromValue, duration: duration, repeatCount: .infinity, fillMode: .forwards, timingFunction: timingFunction, beginTime: beginTime, isRemovedOnCompletion: true)
| `- error: 'forwards' is unavailable in watchOS
127 |
128 | return animation
/Applications/Xcode-27.0.0-Release.Candidate.app/Contents/Developer/Platforms/WatchOS.platform/Developer/SDKs/WatchOS27.0.sdk/System/Library/Frameworks/QuartzCore.framework/Headers/CAMediaTiming.h:86:39: note: 'forwards' has been explicitly marked unavailable here
84 | /* `fillMode' options. */
85 |
86 | CA_EXTERN CAMediaTimingFillMode const kCAFillModeForwards
| `- note: 'forwards' has been explicitly marked unavailable here
87 | API_AVAILABLE(macos(10.5), ios(2.0), tvos(9.0)) API_UNAVAILABLE(watchos);
88 | CA_EXTERN CAMediaTimingFillMode const kCAFillModeBackwards
SwiftCompile normal arm64 /Users/admin/builder/spi-builder-workspace/.dependencies/checkouts/WWBarberPoleView/Sources/WWBarberPoleView/WWBarberPoleView.swift (in target 'WWBarberPoleView' from project 'WWBarberPoleView')
cd /Users/admin/builder/spi-builder-workspace/.swiftpm/xcode
builtin-SwiftPerFileCompile WWBarberPoleView.swift
SwiftCompile normal arm64 Compiling\ Extension.swift /Users/admin/builder/spi-builder-workspace/.dependencies/checkouts/WWBarberPoleView/Sources/WWBarberPoleView/Utility/Extension.swift (in target 'WWBarberPoleView' from project 'WWBarberPoleView')
/Users/admin/builder/spi-builder-workspace/.dependencies/checkouts/WWBarberPoleView/Sources/WWBarberPoleView/Utility/Extension.swift:43:60: error: 'CAAnimationDelegate' is unavailable in watchOS
41 | /// - isRemovedOnCompletion: Bool
42 | /// - Returns: Constant.CAAnimationInformation
43 | static func _basicAnimation(keyPath: String, delegate: CAAnimationDelegate?, fromValue: Any?, toValue: Any?, duration: CFTimeInterval, repeatCount: Float, fillMode: CAMediaTimingFillMode, timingFunction: CAMediaTimingFunction?, beginTime: CFTimeInterval, isRemovedOnCompletion: Bool) -> CABasicAnimation {
| `- error: 'CAAnimationDelegate' is unavailable in watchOS
44 |
45 | let animation = CABasicAnimation(keyPath: keyPath)
/Applications/Xcode-27.0.0-Release.Candidate.app/Contents/Developer/Platforms/WatchOS.platform/Developer/SDKs/WatchOS27.0.sdk/System/Library/Frameworks/QuartzCore.framework/Headers/CAAnimation.h:71:11: note: 'CAAnimationDelegate' has been explicitly marked unavailable here
69 |
70 | API_AVAILABLE(macos(10.12), ios(10.0), tvos(10.0)) API_UNAVAILABLE(watchos)
71 | @protocol CAAnimationDelegate <NSObject>
| `- note: 'CAAnimationDelegate' has been explicitly marked unavailable here
72 | @optional
73 |
/Users/admin/builder/spi-builder-workspace/.dependencies/checkouts/WWBarberPoleView/Sources/WWBarberPoleView/Utility/Extension.swift:43:170: error: 'CAMediaTimingFillMode' is unavailable in watchOS
41 | /// - isRemovedOnCompletion: Bool
42 | /// - Returns: Constant.CAAnimationInformation
43 | static func _basicAnimation(keyPath: String, delegate: CAAnimationDelegate?, fromValue: Any?, toValue: Any?, duration: CFTimeInterval, repeatCount: Float, fillMode: CAMediaTimingFillMode, timingFunction: CAMediaTimingFunction?, beginTime: CFTimeInterval, isRemovedOnCompletion: Bool) -> CABasicAnimation {
| `- error: 'CAMediaTimingFillMode' is unavailable in watchOS
44 |
45 | let animation = CABasicAnimation(keyPath: keyPath)
/Applications/Xcode-27.0.0-Release.Candidate.app/Contents/Developer/Platforms/WatchOS.platform/Developer/SDKs/WatchOS27.0.sdk/System/Library/Frameworks/QuartzCore.framework/Headers/CAMediaTiming.h:32:20: note: 'CAMediaTimingFillMode' has been explicitly marked unavailable here
30 | @class NSString;
31 |
32 | typedef NSString * CAMediaTimingFillMode NS_TYPED_ENUM API_AVAILABLE(macos(10.5), ios(2.0), tvos(9.0)) API_UNAVAILABLE(watchos);
| `- note: 'CAMediaTimingFillMode' has been explicitly marked unavailable here
33 |
34 | NS_HEADER_AUDIT_BEGIN(nullability, sendability)
/Users/admin/builder/spi-builder-workspace/.dependencies/checkouts/WWBarberPoleView/Sources/WWBarberPoleView/Utility/Extension.swift:43:209: error: 'CAMediaTimingFunction' is unavailable in watchOS
41 | /// - isRemovedOnCompletion: Bool
42 | /// - Returns: Constant.CAAnimationInformation
43 | static func _basicAnimation(keyPath: String, delegate: CAAnimationDelegate?, fromValue: Any?, toValue: Any?, duration: CFTimeInterval, repeatCount: Float, fillMode: CAMediaTimingFillMode, timingFunction: CAMediaTimingFunction?, beginTime: CFTimeInterval, isRemovedOnCompletion: Bool) -> CABasicAnimation {
| `- error: 'CAMediaTimingFunction' is unavailable in watchOS
44 |
45 | let animation = CABasicAnimation(keyPath: keyPath)
/Applications/Xcode-27.0.0-Release.Candidate.app/Contents/Developer/Platforms/WatchOS.platform/Developer/SDKs/WatchOS27.0.sdk/System/Library/Frameworks/QuartzCore.framework/Headers/CAMediaTimingFunction.h:24:12: note: 'CAMediaTimingFunction' has been explicitly marked unavailable here
22 |
23 | API_AVAILABLE(macos(10.5), ios(2.0), tvos(9.0)) API_UNAVAILABLE(watchos)
24 | @interface CAMediaTimingFunction : NSObject <NSSecureCoding>
| `- note: 'CAMediaTimingFunction' has been explicitly marked unavailable here
25 | {
26 | @private
/Users/admin/builder/spi-builder-workspace/.dependencies/checkouts/WWBarberPoleView/Sources/WWBarberPoleView/Utility/Extension.swift:43:292: error: 'CABasicAnimation' is unavailable in watchOS
41 | /// - isRemovedOnCompletion: Bool
42 | /// - Returns: Constant.CAAnimationInformation
43 | static func _basicAnimation(keyPath: String, delegate: CAAnimationDelegate?, fromValue: Any?, toValue: Any?, duration: CFTimeInterval, repeatCount: Float, fillMode: CAMediaTimingFillMode, timingFunction: CAMediaTimingFunction?, beginTime: CFTimeInterval, isRemovedOnCompletion: Bool) -> CABasicAnimation {
| `- error: 'CABasicAnimation' is unavailable in watchOS
44 |
45 | let animation = CABasicAnimation(keyPath: keyPath)
/Applications/Xcode-27.0.0-Release.Candidate.app/Contents/Developer/Platforms/WatchOS.platform/Developer/SDKs/WatchOS27.0.sdk/System/Library/Frameworks/QuartzCore.framework/Headers/CAAnimation.h:130:12: note: 'CABasicAnimation' has been explicitly marked unavailable here
128 |
129 | API_AVAILABLE(macos(10.5), ios(2.0), tvos(9.0)) API_UNAVAILABLE(watchos)
130 | @interface CABasicAnimation : CAPropertyAnimation
| `- note: 'CABasicAnimation' has been explicitly marked unavailable here
131 |
132 | /* The objects defining the property values being interpolated between.
/Users/admin/builder/spi-builder-workspace/.dependencies/checkouts/WWBarberPoleView/Sources/WWBarberPoleView/Utility/Extension.swift:28:11: error: 'CAAnimation' is unavailable in watchOS
26 |
27 | // MARK: - CAAnimation (static function)
28 | extension CAAnimation {
| `- error: 'CAAnimation' is unavailable in watchOS
29 |
30 | /// [Layer動畫產生器 (CABasicAnimation)](https://jjeremy-xue.medium.com/swift-說說-cabasicanimation-9be31ee3eae0)
/Applications/Xcode-27.0.0-Release.Candidate.app/Contents/Developer/Platforms/WatchOS.platform/Developer/SDKs/WatchOS27.0.sdk/System/Library/Frameworks/QuartzCore.framework/Headers/CAAnimation.h:25:12: note: 'CAAnimation' has been explicitly marked unavailable here
23 |
24 | API_AVAILABLE(macos(10.5), ios(2.0), tvos(9.0)) API_UNAVAILABLE(watchos)
25 | @interface CAAnimation : NSObject
| `- note: 'CAAnimation' has been explicitly marked unavailable here
26 | <NSSecureCoding, NSCopying, CAMediaTiming, CAAction>
27 | {
SwiftCompile normal arm64 /Users/admin/builder/spi-builder-workspace/.dependencies/checkouts/WWBarberPoleView/Sources/WWBarberPoleView/Utility/Extension.swift (in target 'WWBarberPoleView' from project 'WWBarberPoleView')
cd /Users/admin/builder/spi-builder-workspace/.swiftpm/xcode
builtin-SwiftPerFileCompile Extension.swift
SwiftEmitModule normal arm64_32 Emitting\ module\ for\ WWBarberPoleView (in target 'WWBarberPoleView' from project 'WWBarberPoleView')
SwiftCompile normal arm64_32 (in target 'WWBarberPoleView' from project 'WWBarberPoleView')
cd /Users/admin/builder/spi-builder-workspace/.swiftpm/xcode
SwiftCompile normal arm64_32 Compiling\ resource_bundle_accessor.swift /Users/admin/builder/spi-builder-workspace/.derivedData/Build/Intermediates.noindex/WWBarberPoleView.build/Debug-watchos/WWBarberPoleView-t.build/DerivedSources/resource_bundle_accessor.swift (in target 'WWBarberPoleView' from project 'WWBarberPoleView')
SwiftCompile normal arm64_32 /Users/admin/builder/spi-builder-workspace/.derivedData/Build/Intermediates.noindex/WWBarberPoleView.build/Debug-watchos/WWBarberPoleView-t.build/DerivedSources/resource_bundle_accessor.swift (in target 'WWBarberPoleView' from project 'WWBarberPoleView')
cd /Users/admin/builder/spi-builder-workspace/.swiftpm/xcode
builtin-SwiftPerFileCompile resource_bundle_accessor.swift
SwiftCompile normal arm64_32 Compiling\ Extension.swift /Users/admin/builder/spi-builder-workspace/.dependencies/checkouts/WWBarberPoleView/Sources/WWBarberPoleView/Utility/Extension.swift (in target 'WWBarberPoleView' from project 'WWBarberPoleView')
/Users/admin/builder/spi-builder-workspace/.dependencies/checkouts/WWBarberPoleView/Sources/WWBarberPoleView/Utility/Extension.swift:43:60: error: 'CAAnimationDelegate' is unavailable in watchOS
41 | /// - isRemovedOnCompletion: Bool
42 | /// - Returns: Constant.CAAnimationInformation
43 | static func _basicAnimation(keyPath: String, delegate: CAAnimationDelegate?, fromValue: Any?, toValue: Any?, duration: CFTimeInterval, repeatCount: Float, fillMode: CAMediaTimingFillMode, timingFunction: CAMediaTimingFunction?, beginTime: CFTimeInterval, isRemovedOnCompletion: Bool) -> CABasicAnimation {
| `- error: 'CAAnimationDelegate' is unavailable in watchOS
44 |
45 | let animation = CABasicAnimation(keyPath: keyPath)
/Applications/Xcode-27.0.0-Release.Candidate.app/Contents/Developer/Platforms/WatchOS.platform/Developer/SDKs/WatchOS27.0.sdk/System/Library/Frameworks/QuartzCore.framework/Headers/CAAnimation.h:71:11: note: 'CAAnimationDelegate' has been explicitly marked unavailable here
69 |
70 | API_AVAILABLE(macos(10.12), ios(10.0), tvos(10.0)) API_UNAVAILABLE(watchos)
71 | @protocol CAAnimationDelegate <NSObject>
| `- note: 'CAAnimationDelegate' has been explicitly marked unavailable here
72 | @optional
73 |
/Users/admin/builder/spi-builder-workspace/.dependencies/checkouts/WWBarberPoleView/Sources/WWBarberPoleView/Utility/Extension.swift:43:170: error: 'CAMediaTimingFillMode' is unavailable in watchOS
41 | /// - isRemovedOnCompletion: Bool
42 | /// - Returns: Constant.CAAnimationInformation
43 | static func _basicAnimation(keyPath: String, delegate: CAAnimationDelegate?, fromValue: Any?, toValue: Any?, duration: CFTimeInterval, repeatCount: Float, fillMode: CAMediaTimingFillMode, timingFunction: CAMediaTimingFunction?, beginTime: CFTimeInterval, isRemovedOnCompletion: Bool) -> CABasicAnimation {
| `- error: 'CAMediaTimingFillMode' is unavailable in watchOS
44 |
45 | let animation = CABasicAnimation(keyPath: keyPath)
/Applications/Xcode-27.0.0-Release.Candidate.app/Contents/Developer/Platforms/WatchOS.platform/Developer/SDKs/WatchOS27.0.sdk/System/Library/Frameworks/QuartzCore.framework/Headers/CAMediaTiming.h:32:20: note: 'CAMediaTimingFillMode' has been explicitly marked unavailable here
30 | @class NSString;
31 |
32 | typedef NSString * CAMediaTimingFillMode NS_TYPED_ENUM API_AVAILABLE(macos(10.5), ios(2.0), tvos(9.0)) API_UNAVAILABLE(watchos);
| `- note: 'CAMediaTimingFillMode' has been explicitly marked unavailable here
33 |
34 | NS_HEADER_AUDIT_BEGIN(nullability, sendability)
/Users/admin/builder/spi-builder-workspace/.dependencies/checkouts/WWBarberPoleView/Sources/WWBarberPoleView/Utility/Extension.swift:43:209: error: 'CAMediaTimingFunction' is unavailable in watchOS
41 | /// - isRemovedOnCompletion: Bool
42 | /// - Returns: Constant.CAAnimationInformation
43 | static func _basicAnimation(keyPath: String, delegate: CAAnimationDelegate?, fromValue: Any?, toValue: Any?, duration: CFTimeInterval, repeatCount: Float, fillMode: CAMediaTimingFillMode, timingFunction: CAMediaTimingFunction?, beginTime: CFTimeInterval, isRemovedOnCompletion: Bool) -> CABasicAnimation {
| `- error: 'CAMediaTimingFunction' is unavailable in watchOS
44 |
45 | let animation = CABasicAnimation(keyPath: keyPath)
/Applications/Xcode-27.0.0-Release.Candidate.app/Contents/Developer/Platforms/WatchOS.platform/Developer/SDKs/WatchOS27.0.sdk/System/Library/Frameworks/QuartzCore.framework/Headers/CAMediaTimingFunction.h:24:12: note: 'CAMediaTimingFunction' has been explicitly marked unavailable here
22 |
23 | API_AVAILABLE(macos(10.5), ios(2.0), tvos(9.0)) API_UNAVAILABLE(watchos)
24 | @interface CAMediaTimingFunction : NSObject <NSSecureCoding>
| `- note: 'CAMediaTimingFunction' has been explicitly marked unavailable here
25 | {
26 | @private
/Users/admin/builder/spi-builder-workspace/.dependencies/checkouts/WWBarberPoleView/Sources/WWBarberPoleView/Utility/Extension.swift:43:292: error: 'CABasicAnimation' is unavailable in watchOS
41 | /// - isRemovedOnCompletion: Bool
42 | /// - Returns: Constant.CAAnimationInformation
43 | static func _basicAnimation(keyPath: String, delegate: CAAnimationDelegate?, fromValue: Any?, toValue: Any?, duration: CFTimeInterval, repeatCount: Float, fillMode: CAMediaTimingFillMode, timingFunction: CAMediaTimingFunction?, beginTime: CFTimeInterval, isRemovedOnCompletion: Bool) -> CABasicAnimation {
| `- error: 'CABasicAnimation' is unavailable in watchOS
44 |
45 | let animation = CABasicAnimation(keyPath: keyPath)
/Applications/Xcode-27.0.0-Release.Candidate.app/Contents/Developer/Platforms/WatchOS.platform/Developer/SDKs/WatchOS27.0.sdk/System/Library/Frameworks/QuartzCore.framework/Headers/CAAnimation.h:130:12: note: 'CABasicAnimation' has been explicitly marked unavailable here
128 |
129 | API_AVAILABLE(macos(10.5), ios(2.0), tvos(9.0)) API_UNAVAILABLE(watchos)
130 | @interface CABasicAnimation : CAPropertyAnimation
| `- note: 'CABasicAnimation' has been explicitly marked unavailable here
131 |
132 | /* The objects defining the property values being interpolated between.
/Users/admin/builder/spi-builder-workspace/.dependencies/checkouts/WWBarberPoleView/Sources/WWBarberPoleView/Utility/Extension.swift:28:11: error: 'CAAnimation' is unavailable in watchOS
26 |
27 | // MARK: - CAAnimation (static function)
28 | extension CAAnimation {
| `- error: 'CAAnimation' is unavailable in watchOS
29 |
30 | /// [Layer動畫產生器 (CABasicAnimation)](https://jjeremy-xue.medium.com/swift-說說-cabasicanimation-9be31ee3eae0)
/Applications/Xcode-27.0.0-Release.Candidate.app/Contents/Developer/Platforms/WatchOS.platform/Developer/SDKs/WatchOS27.0.sdk/System/Library/Frameworks/QuartzCore.framework/Headers/CAAnimation.h:25:12: note: 'CAAnimation' has been explicitly marked unavailable here
23 |
24 | API_AVAILABLE(macos(10.5), ios(2.0), tvos(9.0)) API_UNAVAILABLE(watchos)
25 | @interface CAAnimation : NSObject
| `- note: 'CAAnimation' has been explicitly marked unavailable here
26 | <NSSecureCoding, NSCopying, CAMediaTiming, CAAction>
27 | {
SwiftCompile normal arm64_32 /Users/admin/builder/spi-builder-workspace/.dependencies/checkouts/WWBarberPoleView/Sources/WWBarberPoleView/Utility/Extension.swift (in target 'WWBarberPoleView' from project 'WWBarberPoleView')
cd /Users/admin/builder/spi-builder-workspace/.swiftpm/xcode
builtin-SwiftPerFileCompile Extension.swift
SwiftCompile normal arm64_32 Compiling\ WWBarberPoleView.swift /Users/admin/builder/spi-builder-workspace/.dependencies/checkouts/WWBarberPoleView/Sources/WWBarberPoleView/WWBarberPoleView.swift (in target 'WWBarberPoleView' from project 'WWBarberPoleView')
/Users/admin/builder/spi-builder-workspace/.dependencies/checkouts/WWBarberPoleView/Sources/WWBarberPoleView/WWBarberPoleView.swift:18:28: error: 'CAGradientLayer' is unavailable in watchOS
16 |
17 | private var rotationAngle = 45.0 // 旋轉條的旋轉角度
18 | private var poleLayer: CAGradientLayer? // 記錄Layer層
| `- error: 'CAGradientLayer' is unavailable in watchOS
19 | }
20 |
/Applications/Xcode-27.0.0-Release.Candidate.app/Contents/Developer/Platforms/WatchOS.platform/Developer/SDKs/WatchOS27.0.sdk/System/Library/Frameworks/QuartzCore.framework/Headers/CAGradientLayer.h:20:12: note: 'CAGradientLayer' has been explicitly marked unavailable here
18 |
19 | API_AVAILABLE(macos(10.6), ios(3.0), tvos(9.0)) API_UNAVAILABLE(watchos)
20 | @interface CAGradientLayer : CALayer
| `- note: 'CAGradientLayer' has been explicitly marked unavailable here
21 |
22 | /* The array of CGColorRef objects defining the color of each gradient
/Users/admin/builder/spi-builder-workspace/.dependencies/checkouts/WWBarberPoleView/Sources/WWBarberPoleView/WWBarberPoleView.swift:11:30: error: 'UIView' is unavailable in watchOS
9 |
10 | // MARK: - 三色柱效果
11 | open class WWBarberPoleView: UIView {
| `- error: 'UIView' is unavailable in watchOS
12 |
13 | private let earlyBeginTime = 1000.0 // 提前開始的時間 (避免一開始沒有旋轉條)
/Applications/Xcode-27.0.0-Release.Candidate.app/Contents/Developer/Platforms/WatchOS.platform/Developer/SDKs/WatchOS27.0.sdk/System/Library/Frameworks/UIKit.framework/Headers/UIView.h:152:12: note: 'UIView' has been explicitly marked unavailable here
150 |
151 | UIKIT_EXTERN API_AVAILABLE(ios(2.0)) API_UNAVAILABLE(watchos) NS_SWIFT_UI_ACTOR
152 | @interface UIView : UIResponder <NSCoding, UIAppearance, UIAppearanceContainer, UIDynamicItem, UITraitEnvironment, UICoordinateSpace, UIFocusItem, UIFocusItemContainer, CALayerDelegate>
| `- note: 'UIView' has been explicitly marked unavailable here
153 |
154 | @property(class, nonatomic, readonly) Class layerClass; // default is [CALayer class]. Used when creating the underlying layer for the view.
SwiftCompile normal arm64_32 /Users/admin/builder/spi-builder-workspace/.dependencies/checkouts/WWBarberPoleView/Sources/WWBarberPoleView/WWBarberPoleView.swift (in target 'WWBarberPoleView' from project 'WWBarberPoleView')
cd /Users/admin/builder/spi-builder-workspace/.swiftpm/xcode
builtin-SwiftPerFileCompile WWBarberPoleView.swift
SwiftCompile normal arm64_32 Compiling\ Constant.swift /Users/admin/builder/spi-builder-workspace/.dependencies/checkouts/WWBarberPoleView/Sources/WWBarberPoleView/Utility/Constant.swift (in target 'WWBarberPoleView' from project 'WWBarberPoleView')
SwiftCompile normal arm64_32 /Users/admin/builder/spi-builder-workspace/.dependencies/checkouts/WWBarberPoleView/Sources/WWBarberPoleView/Utility/Constant.swift (in target 'WWBarberPoleView' from project 'WWBarberPoleView')
cd /Users/admin/builder/spi-builder-workspace/.swiftpm/xcode
builtin-SwiftPerFileCompile Constant.swift
PruneExplicitPrecompiledModules /Users/admin/builder/spi-builder-workspace/.derivedData/SDKExplicitPrecompiledModules
PruneExplicitPrecompiledModules /Users/admin/builder/spi-builder-workspace/.derivedData/Build/Intermediates.noindex/ExplicitPrecompiledModules
PruneExplicitPrecompiledModules /Users/admin/builder/spi-builder-workspace/.derivedData/Build/Intermediates.noindex/SwiftExplicitPrecompiledModules
2026-09-21 11:07:33.537 xcodebuild[694:4408] [MT] IDERunDestination: Supported platforms for the buildables in the current scheme is empty.
** BUILD FAILED **
The following build commands failed:
SwiftCompile normal arm64 (in target 'WWBarberPoleView' from project 'WWBarberPoleView')
SwiftEmitModule normal arm64 Emitting\ module\ for\ WWBarberPoleView (in target 'WWBarberPoleView' from project 'WWBarberPoleView')
Building workspace WWSkeletonView with scheme WWSkeletonView
(3 failures)
Command line invocation:
/Applications/Xcode-27.0.0-Release.Candidate.app/Contents/Developer/usr/bin/xcodebuild -IDEClonedSourcePackagesDirPathOverride=/Users/admin/builder/spi-builder-workspace/.dependencies -resolvePackageDependencies
Resolve Package Graph
Resolved source packages:
WWSkeletonView: /Users/admin/builder/spi-builder-workspace
WWBarberPoleView: https://github.com/William-Weng/WWBarberPoleView @ 1.2.2
resolved source packages: WWSkeletonView, WWBarberPoleView
2026-09-21 11:07:39.894 xcodebuild[831:4943] [MT] IDERunDestination: Supported platforms for the buildables in the current scheme is empty.
{
"dependencies" : [
{
"identity" : "wwbarberpoleview",
"requirement" : {
"range" : [
{
"lower_bound" : "1.2.2",
"upper_bound" : "2.0.0"
}
]
},
"type" : "sourceControl",
"url" : "https://github.com/William-Weng/WWBarberPoleView"
}
],
"manifest_display_name" : "WWSkeletonView",
"name" : "WWSkeletonView",
"path" : "/Users/admin/builder/spi-builder-workspace",
"platforms" : [
{
"name" : "ios",
"version" : "14.0"
}
],
"products" : [
{
"name" : "WWSkeletonView",
"targets" : [
"WWSkeletonView"
],
"type" : {
"library" : [
"automatic"
]
}
}
],
"swift_languages_versions" : [
"5"
],
"targets" : [
{
"c99name" : "WWSkeletonView",
"module_type" : "SwiftTarget",
"name" : "WWSkeletonView",
"path" : "Sources/WWSkeletonView",
"product_dependencies" : [
"WWBarberPoleView"
],
"product_memberships" : [
"WWSkeletonView"
],
"resources" : [
{
"path" : "/Users/admin/builder/spi-builder-workspace/Sources/WWSkeletonView/Privacy",
"rule" : {
"copy" : {
}
}
}
],
"sources" : [
"WWSkeletonView.swift"
],
"type" : "library"
}
],
"tools_version" : "5.6"
}
{
"workspace" : {
"name" : "WWSkeletonView",
"schemes" : [
"WWSkeletonView"
]
}
}
2026-09-21 11:07:41.169 xcodebuild[839:5009] [MT] IDERunDestination: Supported platforms for the buildables in the current scheme is empty.
Running build ...
env DEVELOPER_DIR=/Applications/Xcode-27.0.0-Release.Candidate.app xcrun xcodebuild -IDEClonedSourcePackagesDirPathOverride=$PWD/.dependencies -skipMacroValidation -skipPackagePluginValidation -derivedDataPath $PWD/.derivedData build -scheme WWSkeletonView -destination generic/platform=watchOS
Command line invocation:
/Applications/Xcode-27.0.0-Release.Candidate.app/Contents/Developer/usr/bin/xcodebuild -IDEClonedSourcePackagesDirPathOverride=/Users/admin/builder/spi-builder-workspace/.dependencies -skipMacroValidation -skipPackagePluginValidation -derivedDataPath /Users/admin/builder/spi-builder-workspace/.derivedData build -scheme WWSkeletonView -destination generic/platform=watchOS
Resolve Package Graph
Resolved source packages:
WWBarberPoleView: https://github.com/William-Weng/WWBarberPoleView @ 1.2.2
WWSkeletonView: /Users/admin/builder/spi-builder-workspace
ComputePackagePrebuildTargetDependencyGraph
Prepare packages
CreateBuildRequest
SendProjectDescription
CreateBuildOperation
ComputeTargetDependencyGraph
note: Building targets in dependency order
note: Target dependency graph (6 targets)
Target 'WWSkeletonView-product' in project 'WWSkeletonView'
➜ Explicit dependency on target 'WWSkeletonView' in project 'WWSkeletonView'
➜ Explicit dependency on target 'WWSkeletonView_WWSkeletonView' in project 'WWSkeletonView'
➜ Explicit dependency on target 'WWBarberPoleView-product' in project 'WWBarberPoleView'
Target 'WWSkeletonView' in project 'WWSkeletonView'
➜ Explicit dependency on target 'WWSkeletonView_WWSkeletonView' in project 'WWSkeletonView'
➜ Explicit dependency on target 'WWBarberPoleView-product' in project 'WWBarberPoleView'
Target 'WWBarberPoleView-product' in project 'WWBarberPoleView'
➜ Explicit dependency on target 'WWBarberPoleView' in project 'WWBarberPoleView'
➜ Explicit dependency on target 'WWBarberPoleView_WWBarberPoleView' in project 'WWBarberPoleView'
Target 'WWBarberPoleView' in project 'WWBarberPoleView'
➜ Explicit dependency on target 'WWBarberPoleView_WWBarberPoleView' in project 'WWBarberPoleView'
Target 'WWBarberPoleView_WWBarberPoleView' in project 'WWBarberPoleView' (no dependencies)
Target 'WWSkeletonView_WWSkeletonView' in project 'WWSkeletonView' (no dependencies)
GatherProvisioningInputs
CreateBuildDescription
ClangStatCache /Applications/Xcode-27.0.0-Release.Candidate.app/Contents/Developer/Toolchains/XcodeDefault.xctoolchain/usr/bin/clang-stat-cache /Applications/Xcode-27.0.0-Release.Candidate.app/Contents/Developer/Platforms/WatchOS.platform/Developer/SDKs/WatchOS27.0.sdk /Users/admin/builder/spi-builder-workspace/.derivedData/SDKStatCaches.noindex/watchos27.0-24R360-e829b21a6f8c9b70876ba0858053c04477534ef55a1706bf4c1112bbb242f0a2.sdkstatcache
cd /Users/admin/builder/spi-builder-workspace/.swiftpm/xcode
/Applications/Xcode-27.0.0-Release.Candidate.app/Contents/Developer/Toolchains/XcodeDefault.xctoolchain/usr/bin/clang-stat-cache /Applications/Xcode-27.0.0-Release.Candidate.app/Contents/Developer/Platforms/WatchOS.platform/Developer/SDKs/WatchOS27.0.sdk -o /Users/admin/builder/spi-builder-workspace/.derivedData/SDKStatCaches.noindex/watchos27.0-24R360-e829b21a6f8c9b70876ba0858053c04477534ef55a1706bf4c1112bbb242f0a2.sdkstatcache
SwiftDriver WWBarberPoleView normal arm64 com.apple.xcode.tools.swift.compiler (in target 'WWBarberPoleView' from project 'WWBarberPoleView')
cd /Users/admin/builder/spi-builder-workspace/.swiftpm/xcode
builtin-SwiftDriver -- /Applications/Xcode-27.0.0-Release.Candidate.app/Contents/Developer/Toolchains/XcodeDefault.xctoolchain/usr/bin/swiftc -parse-as-library -module-name WWBarberPoleView -Onone @/Users/admin/builder/spi-builder-workspace/.derivedData/Build/Intermediates.noindex/WWBarberPoleView.build/Debug-watchos/WWBarberPoleView-t.build/Objects-normal/arm64/WWBarberPoleView.SwiftFileList -DSWIFT_PACKAGE -DDEBUG -DSWIFT_MODULE_RESOURCE_BUNDLE_AVAILABLE -DXcode -plugin-path /Applications/Xcode-27.0.0-Release.Candidate.app/Contents/Developer/Toolchains/XcodeDefault.xctoolchain/usr/lib/swift/host/plugins/testing -enable-experimental-feature DebugDescriptionMacro -sdk /Applications/Xcode-27.0.0-Release.Candidate.app/Contents/Developer/Platforms/WatchOS.platform/Developer/SDKs/WatchOS27.0.sdk -target arm64-apple-watchos9.0 -g -module-cache-path /Users/admin/builder/spi-builder-workspace/.derivedData/ModuleCache.noindex -Xfrontend -serialize-debugging-options -enable-testing -suppress-warnings -index-store-path /Users/admin/builder/spi-builder-workspace/.derivedData/Index.noindex/DataStore -Xcc -D_LIBCPP_HARDENING_MODE\=_LIBCPP_HARDENING_MODE_DEBUG -swift-version 5 -I /Users/admin/builder/spi-builder-workspace/.derivedData/Build/Products/Debug-watchos -Isystem /Applications/Xcode-27.0.0-Release.Candidate.app/Contents/Developer/Platforms/WatchOS.platform/Developer/usr/lib -F /Users/admin/builder/spi-builder-workspace/.derivedData/Build/Products/Debug-watchos -F /Applications/Xcode-27.0.0-Release.Candidate.app/Contents/Developer/Platforms/WatchOS.platform/Developer/Library/Frameworks -F /Applications/Xcode-27.0.0-Release.Candidate.app/Contents/Developer/Platforms/WatchOS.platform/Developer/SDKs/WatchOS27.0.sdk/Developer/Library/Frameworks -c -j10 -enable-batch-mode -incremental -Xcc -ivfsstatcache -Xcc /Users/admin/builder/spi-builder-workspace/.derivedData/SDKStatCaches.noindex/watchos27.0-24R360-e829b21a6f8c9b70876ba0858053c04477534ef55a1706bf4c1112bbb242f0a2.sdkstatcache -output-file-map /Users/admin/builder/spi-builder-workspace/.derivedData/Build/Intermediates.noindex/WWBarberPoleView.build/Debug-watchos/WWBarberPoleView-t.build/Objects-normal/arm64/WWBarberPoleView-OutputFileMap.json -save-temps -no-color-diagnostics -explicit-module-build -module-cache-path /Users/admin/builder/spi-builder-workspace/.derivedData/Build/Intermediates.noindex/SwiftExplicitPrecompiledModules -clang-scanner-module-cache-path /Users/admin/builder/spi-builder-workspace/.derivedData/ModuleCache.noindex -sdk-module-cache-path /Users/admin/builder/spi-builder-workspace/.derivedData/SDKExplicitPrecompiledModules -emit-dependencies -emit-module -emit-module-path /Users/admin/builder/spi-builder-workspace/.derivedData/Build/Intermediates.noindex/WWBarberPoleView.build/Debug-watchos/WWBarberPoleView-t.build/Objects-normal/arm64/WWBarberPoleView.swiftmodule -serialize-diagnostics -dependency-scan-serialize-diagnostics-path /Users/admin/builder/spi-builder-workspace/.derivedData/Build/Intermediates.noindex/WWBarberPoleView.build/Debug-watchos/WWBarberPoleView-t.build/Objects-normal/arm64/WWBarberPoleView-dependency-scan.dia -validate-clang-modules-once -clang-build-session-file /Users/admin/builder/spi-builder-workspace/.derivedData/ModuleCache.noindex/Session.modulevalidation -Xcc -fmodules-prune-interval\=86400 -Xcc -fmodules-prune-after\=345600 -emit-const-values -const-gather-protocols-list /Users/admin/builder/spi-builder-workspace/.derivedData/Build/Intermediates.noindex/WWBarberPoleView.build/Debug-watchos/WWBarberPoleView-t.build/Objects-normal/arm64/WWBarberPoleView_const_extract_protocols.json -Xcc -I/Users/admin/builder/spi-builder-workspace/.derivedData/Build/Products/Debug-watchos/include -Xcc -I/Users/admin/builder/spi-builder-workspace/.derivedData/Build/Intermediates.noindex/WWBarberPoleView.build/Debug-watchos/WWBarberPoleView-t.build/DerivedSources-normal/arm64 -Xcc -I/Users/admin/builder/spi-builder-workspace/.derivedData/Build/Intermediates.noindex/WWBarberPoleView.build/Debug-watchos/WWBarberPoleView-t.build/DerivedSources/arm64 -Xcc -I/Users/admin/builder/spi-builder-workspace/.derivedData/Build/Intermediates.noindex/WWBarberPoleView.build/Debug-watchos/WWBarberPoleView-t.build/DerivedSources -Xcc -DSWIFT_PACKAGE -Xcc -DDEBUG\=1 -emit-objc-header -emit-objc-header-path /Users/admin/builder/spi-builder-workspace/.derivedData/Build/Intermediates.noindex/WWBarberPoleView.build/Debug-watchos/WWBarberPoleView-t.build/Objects-normal/arm64/WWBarberPoleView-Swift.h -working-directory /Users/admin/builder/spi-builder-workspace/.swiftpm/xcode -experimental-emit-module-separately -disable-cmo
SwiftDriver WWBarberPoleView normal arm64_32 com.apple.xcode.tools.swift.compiler (in target 'WWBarberPoleView' from project 'WWBarberPoleView')
cd /Users/admin/builder/spi-builder-workspace/.swiftpm/xcode
builtin-SwiftDriver -- /Applications/Xcode-27.0.0-Release.Candidate.app/Contents/Developer/Toolchains/XcodeDefault.xctoolchain/usr/bin/swiftc -parse-as-library -module-name WWBarberPoleView -Onone @/Users/admin/builder/spi-builder-workspace/.derivedData/Build/Intermediates.noindex/WWBarberPoleView.build/Debug-watchos/WWBarberPoleView-t.build/Objects-normal/arm64_32/WWBarberPoleView.SwiftFileList -DSWIFT_PACKAGE -DDEBUG -DSWIFT_MODULE_RESOURCE_BUNDLE_AVAILABLE -DXcode -plugin-path /Applications/Xcode-27.0.0-Release.Candidate.app/Contents/Developer/Toolchains/XcodeDefault.xctoolchain/usr/lib/swift/host/plugins/testing -enable-experimental-feature DebugDescriptionMacro -sdk /Applications/Xcode-27.0.0-Release.Candidate.app/Contents/Developer/Platforms/WatchOS.platform/Developer/SDKs/WatchOS27.0.sdk -target arm64_32-apple-watchos9.0 -g -module-cache-path /Users/admin/builder/spi-builder-workspace/.derivedData/ModuleCache.noindex -Xfrontend -serialize-debugging-options -enable-testing -suppress-warnings -index-store-path /Users/admin/builder/spi-builder-workspace/.derivedData/Index.noindex/DataStore -Xcc -D_LIBCPP_HARDENING_MODE\=_LIBCPP_HARDENING_MODE_DEBUG -swift-version 5 -I /Users/admin/builder/spi-builder-workspace/.derivedData/Build/Products/Debug-watchos -Isystem /Applications/Xcode-27.0.0-Release.Candidate.app/Contents/Developer/Platforms/WatchOS.platform/Developer/usr/lib -F /Users/admin/builder/spi-builder-workspace/.derivedData/Build/Products/Debug-watchos -F /Applications/Xcode-27.0.0-Release.Candidate.app/Contents/Developer/Platforms/WatchOS.platform/Developer/Library/Frameworks -F /Applications/Xcode-27.0.0-Release.Candidate.app/Contents/Developer/Platforms/WatchOS.platform/Developer/SDKs/WatchOS27.0.sdk/Developer/Library/Frameworks -c -j10 -enable-batch-mode -incremental -Xcc -ivfsstatcache -Xcc /Users/admin/builder/spi-builder-workspace/.derivedData/SDKStatCaches.noindex/watchos27.0-24R360-e829b21a6f8c9b70876ba0858053c04477534ef55a1706bf4c1112bbb242f0a2.sdkstatcache -output-file-map /Users/admin/builder/spi-builder-workspace/.derivedData/Build/Intermediates.noindex/WWBarberPoleView.build/Debug-watchos/WWBarberPoleView-t.build/Objects-normal/arm64_32/WWBarberPoleView-OutputFileMap.json -save-temps -no-color-diagnostics -explicit-module-build -module-cache-path /Users/admin/builder/spi-builder-workspace/.derivedData/Build/Intermediates.noindex/SwiftExplicitPrecompiledModules -clang-scanner-module-cache-path /Users/admin/builder/spi-builder-workspace/.derivedData/ModuleCache.noindex -sdk-module-cache-path /Users/admin/builder/spi-builder-workspace/.derivedData/SDKExplicitPrecompiledModules -emit-dependencies -emit-module -emit-module-path /Users/admin/builder/spi-builder-workspace/.derivedData/Build/Intermediates.noindex/WWBarberPoleView.build/Debug-watchos/WWBarberPoleView-t.build/Objects-normal/arm64_32/WWBarberPoleView.swiftmodule -serialize-diagnostics -dependency-scan-serialize-diagnostics-path /Users/admin/builder/spi-builder-workspace/.derivedData/Build/Intermediates.noindex/WWBarberPoleView.build/Debug-watchos/WWBarberPoleView-t.build/Objects-normal/arm64_32/WWBarberPoleView-dependency-scan.dia -validate-clang-modules-once -clang-build-session-file /Users/admin/builder/spi-builder-workspace/.derivedData/ModuleCache.noindex/Session.modulevalidation -Xcc -fmodules-prune-interval\=86400 -Xcc -fmodules-prune-after\=345600 -emit-const-values -const-gather-protocols-list /Users/admin/builder/spi-builder-workspace/.derivedData/Build/Intermediates.noindex/WWBarberPoleView.build/Debug-watchos/WWBarberPoleView-t.build/Objects-normal/arm64_32/WWBarberPoleView_const_extract_protocols.json -Xcc -I/Users/admin/builder/spi-builder-workspace/.derivedData/Build/Products/Debug-watchos/include -Xcc -I/Users/admin/builder/spi-builder-workspace/.derivedData/Build/Intermediates.noindex/WWBarberPoleView.build/Debug-watchos/WWBarberPoleView-t.build/DerivedSources-normal/arm64_32 -Xcc -I/Users/admin/builder/spi-builder-workspace/.derivedData/Build/Intermediates.noindex/WWBarberPoleView.build/Debug-watchos/WWBarberPoleView-t.build/DerivedSources/arm64_32 -Xcc -I/Users/admin/builder/spi-builder-workspace/.derivedData/Build/Intermediates.noindex/WWBarberPoleView.build/Debug-watchos/WWBarberPoleView-t.build/DerivedSources -Xcc -DSWIFT_PACKAGE -Xcc -DDEBUG\=1 -emit-objc-header -emit-objc-header-path /Users/admin/builder/spi-builder-workspace/.derivedData/Build/Intermediates.noindex/WWBarberPoleView.build/Debug-watchos/WWBarberPoleView-t.build/Objects-normal/arm64_32/WWBarberPoleView-Swift.h -working-directory /Users/admin/builder/spi-builder-workspace/.swiftpm/xcode -experimental-emit-module-separately -disable-cmo
SwiftCompile normal arm64 Compiling\ Constant.swift /Users/admin/builder/spi-builder-workspace/.dependencies/checkouts/WWBarberPoleView/Sources/WWBarberPoleView/Utility/Constant.swift (in target 'WWBarberPoleView' from project 'WWBarberPoleView')
SwiftCompile normal arm64 /Users/admin/builder/spi-builder-workspace/.dependencies/checkouts/WWBarberPoleView/Sources/WWBarberPoleView/Utility/Constant.swift (in target 'WWBarberPoleView' from project 'WWBarberPoleView')
cd /Users/admin/builder/spi-builder-workspace/.swiftpm/xcode
builtin-SwiftPerFileCompile Constant.swift
SwiftEmitModule normal arm64 Emitting\ module\ for\ WWBarberPoleView (in target 'WWBarberPoleView' from project 'WWBarberPoleView')
/Users/admin/builder/spi-builder-workspace/.dependencies/checkouts/WWBarberPoleView/Sources/WWBarberPoleView/Utility/Extension.swift:43:60: error: 'CAAnimationDelegate' is unavailable in watchOS
41 | /// - isRemovedOnCompletion: Bool
42 | /// - Returns: Constant.CAAnimationInformation
43 | static func _basicAnimation(keyPath: String, delegate: CAAnimationDelegate?, fromValue: Any?, toValue: Any?, duration: CFTimeInterval, repeatCount: Float, fillMode: CAMediaTimingFillMode, timingFunction: CAMediaTimingFunction?, beginTime: CFTimeInterval, isRemovedOnCompletion: Bool) -> CABasicAnimation {
| `- error: 'CAAnimationDelegate' is unavailable in watchOS
44 |
45 | let animation = CABasicAnimation(keyPath: keyPath)
/Applications/Xcode-27.0.0-Release.Candidate.app/Contents/Developer/Platforms/WatchOS.platform/Developer/SDKs/WatchOS27.0.sdk/System/Library/Frameworks/QuartzCore.framework/Headers/CAAnimation.h:71:11: note: 'CAAnimationDelegate' has been explicitly marked unavailable here
69 |
70 | API_AVAILABLE(macos(10.12), ios(10.0), tvos(10.0)) API_UNAVAILABLE(watchos)
71 | @protocol CAAnimationDelegate <NSObject>
| `- note: 'CAAnimationDelegate' has been explicitly marked unavailable here
72 | @optional
73 |
/Users/admin/builder/spi-builder-workspace/.dependencies/checkouts/WWBarberPoleView/Sources/WWBarberPoleView/Utility/Extension.swift:43:170: error: 'CAMediaTimingFillMode' is unavailable in watchOS
41 | /// - isRemovedOnCompletion: Bool
42 | /// - Returns: Constant.CAAnimationInformation
43 | static func _basicAnimation(keyPath: String, delegate: CAAnimationDelegate?, fromValue: Any?, toValue: Any?, duration: CFTimeInterval, repeatCount: Float, fillMode: CAMediaTimingFillMode, timingFunction: CAMediaTimingFunction?, beginTime: CFTimeInterval, isRemovedOnCompletion: Bool) -> CABasicAnimation {
| `- error: 'CAMediaTimingFillMode' is unavailable in watchOS
44 |
45 | let animation = CABasicAnimation(keyPath: keyPath)
/Applications/Xcode-27.0.0-Release.Candidate.app/Contents/Developer/Platforms/WatchOS.platform/Developer/SDKs/WatchOS27.0.sdk/System/Library/Frameworks/QuartzCore.framework/Headers/CAMediaTiming.h:32:20: note: 'CAMediaTimingFillMode' has been explicitly marked unavailable here
30 | @class NSString;
31 |
32 | typedef NSString * CAMediaTimingFillMode NS_TYPED_ENUM API_AVAILABLE(macos(10.5), ios(2.0), tvos(9.0)) API_UNAVAILABLE(watchos);
| `- note: 'CAMediaTimingFillMode' has been explicitly marked unavailable here
33 |
34 | NS_HEADER_AUDIT_BEGIN(nullability, sendability)
/Users/admin/builder/spi-builder-workspace/.dependencies/checkouts/WWBarberPoleView/Sources/WWBarberPoleView/Utility/Extension.swift:43:209: error: 'CAMediaTimingFunction' is unavailable in watchOS
41 | /// - isRemovedOnCompletion: Bool
42 | /// - Returns: Constant.CAAnimationInformation
43 | static func _basicAnimation(keyPath: String, delegate: CAAnimationDelegate?, fromValue: Any?, toValue: Any?, duration: CFTimeInterval, repeatCount: Float, fillMode: CAMediaTimingFillMode, timingFunction: CAMediaTimingFunction?, beginTime: CFTimeInterval, isRemovedOnCompletion: Bool) -> CABasicAnimation {
| `- error: 'CAMediaTimingFunction' is unavailable in watchOS
44 |
45 | let animation = CABasicAnimation(keyPath: keyPath)
/Applications/Xcode-27.0.0-Release.Candidate.app/Contents/Developer/Platforms/WatchOS.platform/Developer/SDKs/WatchOS27.0.sdk/System/Library/Frameworks/QuartzCore.framework/Headers/CAMediaTimingFunction.h:24:12: note: 'CAMediaTimingFunction' has been explicitly marked unavailable here
22 |
23 | API_AVAILABLE(macos(10.5), ios(2.0), tvos(9.0)) API_UNAVAILABLE(watchos)
24 | @interface CAMediaTimingFunction : NSObject <NSSecureCoding>
| `- note: 'CAMediaTimingFunction' has been explicitly marked unavailable here
25 | {
26 | @private
/Users/admin/builder/spi-builder-workspace/.dependencies/checkouts/WWBarberPoleView/Sources/WWBarberPoleView/Utility/Extension.swift:43:292: error: 'CABasicAnimation' is unavailable in watchOS
41 | /// - isRemovedOnCompletion: Bool
42 | /// - Returns: Constant.CAAnimationInformation
43 | static func _basicAnimation(keyPath: String, delegate: CAAnimationDelegate?, fromValue: Any?, toValue: Any?, duration: CFTimeInterval, repeatCount: Float, fillMode: CAMediaTimingFillMode, timingFunction: CAMediaTimingFunction?, beginTime: CFTimeInterval, isRemovedOnCompletion: Bool) -> CABasicAnimation {
| `- error: 'CABasicAnimation' is unavailable in watchOS
44 |
45 | let animation = CABasicAnimation(keyPath: keyPath)
/Applications/Xcode-27.0.0-Release.Candidate.app/Contents/Developer/Platforms/WatchOS.platform/Developer/SDKs/WatchOS27.0.sdk/System/Library/Frameworks/QuartzCore.framework/Headers/CAAnimation.h:130:12: note: 'CABasicAnimation' has been explicitly marked unavailable here
128 |
129 | API_AVAILABLE(macos(10.5), ios(2.0), tvos(9.0)) API_UNAVAILABLE(watchos)
130 | @interface CABasicAnimation : CAPropertyAnimation
| `- note: 'CABasicAnimation' has been explicitly marked unavailable here
131 |
132 | /* The objects defining the property values being interpolated between.
/Users/admin/builder/spi-builder-workspace/.dependencies/checkouts/WWBarberPoleView/Sources/WWBarberPoleView/Utility/Extension.swift:28:11: error: 'CAAnimation' is unavailable in watchOS
26 |
27 | // MARK: - CAAnimation (static function)
28 | extension CAAnimation {
| `- error: 'CAAnimation' is unavailable in watchOS
29 |
30 | /// [Layer動畫產生器 (CABasicAnimation)](https://jjeremy-xue.medium.com/swift-說說-cabasicanimation-9be31ee3eae0)
/Applications/Xcode-27.0.0-Release.Candidate.app/Contents/Developer/Platforms/WatchOS.platform/Developer/SDKs/WatchOS27.0.sdk/System/Library/Frameworks/QuartzCore.framework/Headers/CAAnimation.h:25:12: note: 'CAAnimation' has been explicitly marked unavailable here
23 |
24 | API_AVAILABLE(macos(10.5), ios(2.0), tvos(9.0)) API_UNAVAILABLE(watchos)
25 | @interface CAAnimation : NSObject
| `- note: 'CAAnimation' has been explicitly marked unavailable here
26 | <NSSecureCoding, NSCopying, CAMediaTiming, CAAction>
27 | {
/Users/admin/builder/spi-builder-workspace/.dependencies/checkouts/WWBarberPoleView/Sources/WWBarberPoleView/WWBarberPoleView.swift:18:28: error: 'CAGradientLayer' is unavailable in watchOS
16 |
17 | private var rotationAngle = 45.0 // 旋轉條的旋轉角度
18 | private var poleLayer: CAGradientLayer? // 記錄Layer層
| `- error: 'CAGradientLayer' is unavailable in watchOS
19 | }
20 |
/Applications/Xcode-27.0.0-Release.Candidate.app/Contents/Developer/Platforms/WatchOS.platform/Developer/SDKs/WatchOS27.0.sdk/System/Library/Frameworks/QuartzCore.framework/Headers/CAGradientLayer.h:20:12: note: 'CAGradientLayer' has been explicitly marked unavailable here
18 |
19 | API_AVAILABLE(macos(10.6), ios(3.0), tvos(9.0)) API_UNAVAILABLE(watchos)
20 | @interface CAGradientLayer : CALayer
| `- note: 'CAGradientLayer' has been explicitly marked unavailable here
21 |
22 | /* The array of CGColorRef objects defining the color of each gradient
/Users/admin/builder/spi-builder-workspace/.dependencies/checkouts/WWBarberPoleView/Sources/WWBarberPoleView/WWBarberPoleView.swift:11:30: error: 'UIView' is unavailable in watchOS
9 |
10 | // MARK: - 三色柱效果
11 | open class WWBarberPoleView: UIView {
| `- error: 'UIView' is unavailable in watchOS
12 |
13 | private let earlyBeginTime = 1000.0 // 提前開始的時間 (避免一開始沒有旋轉條)
/Applications/Xcode-27.0.0-Release.Candidate.app/Contents/Developer/Platforms/WatchOS.platform/Developer/SDKs/WatchOS27.0.sdk/System/Library/Frameworks/UIKit.framework/Headers/UIView.h:152:12: note: 'UIView' has been explicitly marked unavailable here
150 |
151 | UIKIT_EXTERN API_AVAILABLE(ios(2.0)) API_UNAVAILABLE(watchos) NS_SWIFT_UI_ACTOR
152 | @interface UIView : UIResponder <NSCoding, UIAppearance, UIAppearanceContainer, UIDynamicItem, UITraitEnvironment, UICoordinateSpace, UIFocusItem, UIFocusItemContainer, CALayerDelegate>
| `- note: 'UIView' has been explicitly marked unavailable here
153 |
154 | @property(class, nonatomic, readonly) Class layerClass; // default is [CALayer class]. Used when creating the underlying layer for the view.
/Users/admin/builder/spi-builder-workspace/.dependencies/checkouts/WWBarberPoleView/Sources/WWBarberPoleView/WWBarberPoleView.swift:99:151: error: 'CABasicAnimation' is unavailable in watchOS
97 | /// - spacing: 旋轉條的間隔
98 | /// - Returns: CABasicAnimation
99 | func animationMaker(with index: Int, direction: Direction, duration: CGFloat, count: Int, position: CGPoint, width: CGFloat, spacing: CGFloat) -> CABasicAnimation {
| `- error: 'CABasicAnimation' is unavailable in watchOS
100 |
101 | let keyPath: String
/Applications/Xcode-27.0.0-Release.Candidate.app/Contents/Developer/Platforms/WatchOS.platform/Developer/SDKs/WatchOS27.0.sdk/System/Library/Frameworks/QuartzCore.framework/Headers/CAAnimation.h:130:12: note: 'CABasicAnimation' has been explicitly marked unavailable here
128 |
129 | API_AVAILABLE(macos(10.5), ios(2.0), tvos(9.0)) API_UNAVAILABLE(watchos)
130 | @interface CABasicAnimation : CAPropertyAnimation
| `- note: 'CABasicAnimation' has been explicitly marked unavailable here
131 |
132 | /* The objects defining the property values being interpolated between.
/Users/admin/builder/spi-builder-workspace/.dependencies/checkouts/WWBarberPoleView/Sources/WWBarberPoleView/WWBarberPoleView.swift:138:105: error: 'CAGradientLayer' is unavailable in watchOS
136 | /// - colors: 顏色
137 | /// - Returns: CAGradientLayer
138 | func generalLayerMaker(with index: Int, direction: Direction, width: CGFloat, colors: [UIColor]) -> CAGradientLayer {
| `- error: 'CAGradientLayer' is unavailable in watchOS
139 |
140 | let layer = CAGradientLayer()
/Applications/Xcode-27.0.0-Release.Candidate.app/Contents/Developer/Platforms/WatchOS.platform/Developer/SDKs/WatchOS27.0.sdk/System/Library/Frameworks/QuartzCore.framework/Headers/CAGradientLayer.h:20:12: note: 'CAGradientLayer' has been explicitly marked unavailable here
18 |
19 | API_AVAILABLE(macos(10.6), ios(3.0), tvos(9.0)) API_UNAVAILABLE(watchos)
20 | @interface CAGradientLayer : CALayer
| `- note: 'CAGradientLayer' has been explicitly marked unavailable here
21 |
22 | /* The array of CGColorRef objects defining the color of each gradient
/Users/admin/builder/spi-builder-workspace/.dependencies/checkouts/WWBarberPoleView/Sources/WWBarberPoleView/WWBarberPoleView.swift:176:146: error: 'CAGradientLayer' is unavailable in watchOS
174 | /// - endPoint: 漸層方向結束點
175 | /// - Returns: CALayer
176 | func gradientLayerMaker(with index: Int, direction: Direction, width: CGFloat, colors: [UIColor], startPoint: CGPoint, endPoint: CGPoint) -> CAGradientLayer {
| `- error: 'CAGradientLayer' is unavailable in watchOS
177 |
178 | let layer = generalLayerMaker(with: index, direction: direction, width: width, colors: colors)
/Applications/Xcode-27.0.0-Release.Candidate.app/Contents/Developer/Platforms/WatchOS.platform/Developer/SDKs/WatchOS27.0.sdk/System/Library/Frameworks/QuartzCore.framework/Headers/CAGradientLayer.h:20:12: note: 'CAGradientLayer' has been explicitly marked unavailable here
18 |
19 | API_AVAILABLE(macos(10.6), ios(3.0), tvos(9.0)) API_UNAVAILABLE(watchos)
20 | @interface CAGradientLayer : CALayer
| `- note: 'CAGradientLayer' has been explicitly marked unavailable here
21 |
22 | /* The array of CGColorRef objects defining the color of each gradient
Failed frontend command:
/Applications/Xcode-27.0.0-Release.Candidate.app/Contents/Developer/Toolchains/XcodeDefault.xctoolchain/usr/bin/swift-frontend -frontend -emit-module -experimental-skip-non-inlinable-function-bodies-without-types /Users/admin/builder/spi-builder-workspace/.derivedData/Build/Intermediates.noindex/WWBarberPoleView.build/Debug-watchos/WWBarberPoleView-t.build/DerivedSources/resource_bundle_accessor.swift /Users/admin/builder/spi-builder-workspace/.dependencies/checkouts/WWBarberPoleView/Sources/WWBarberPoleView/Utility/Constant.swift /Users/admin/builder/spi-builder-workspace/.dependencies/checkouts/WWBarberPoleView/Sources/WWBarberPoleView/Utility/Extension.swift /Users/admin/builder/spi-builder-workspace/.dependencies/checkouts/WWBarberPoleView/Sources/WWBarberPoleView/WWBarberPoleView.swift -target arm64-apple-watchos9.0 -disable-cross-import-overlay-search -load-resolved-plugin /Applications/Xcode-27.0.0-Release.Candidate.app/Contents/Developer/Platforms/WatchOS.platform/Developer/usr/lib/swift/host/plugins/libFoundationMacros.dylib\#/Applications/Xcode-27.0.0-Release.Candidate.app/Contents/Developer/Platforms/WatchOS.platform/Developer/usr/bin/swift-plugin-server\#FoundationMacros -load-resolved-plugin /Applications/Xcode-27.0.0-Release.Candidate.app/Contents/Developer/Platforms/WatchOS.platform/Developer/usr/lib/swift/host/plugins/libObservationMacros.dylib\#/Applications/Xcode-27.0.0-Release.Candidate.app/Contents/Developer/Platforms/WatchOS.platform/Developer/usr/bin/swift-plugin-server\#ObservationMacros -load-resolved-plugin /Applications/Xcode-27.0.0-Release.Candidate.app/Contents/Developer/Platforms/WatchOS.platform/Developer/usr/lib/swift/host/plugins/libSwiftMacros.dylib\#/Applications/Xcode-27.0.0-Release.Candidate.app/Contents/Developer/Platforms/WatchOS.platform/Developer/usr/bin/swift-plugin-server\#SwiftMacros -load-resolved-plugin /Applications/Xcode-27.0.0-Release.Candidate.app/Contents/Developer/Platforms/WatchOS.platform/Developer/usr/lib/swift/host/plugins/libSwiftUIMacros.dylib\#/Applications/Xcode-27.0.0-Release.Candidate.app/Contents/Developer/Platforms/WatchOS.platform/Developer/usr/bin/swift-plugin-server\#SwiftUIMacros -disable-implicit-swift-modules -Xcc -fno-implicit-modules -Xcc -fno-implicit-module-maps -explicit-swift-module-map-file /Users/admin/builder/spi-builder-workspace/.derivedData/Build/Intermediates.noindex/WWBarberPoleView.build/Debug-watchos/WWBarberPoleView-t.build/Objects-normal/arm64/WWBarberPoleView-dependencies-2.json -Xllvm -aarch64-use-tbi -enable-objc-interop -stack-check -sdk /Applications/Xcode-27.0.0-Release.Candidate.app/Contents/Developer/Platforms/WatchOS.platform/Developer/SDKs/WatchOS27.0.sdk -I /Users/admin/builder/spi-builder-workspace/.derivedData/Build/Products/Debug-watchos -Isystem /Applications/Xcode-27.0.0-Release.Candidate.app/Contents/Developer/Platforms/WatchOS.platform/Developer/usr/lib -F /Users/admin/builder/spi-builder-workspace/.derivedData/Build/Products/Debug-watchos -F /Applications/Xcode-27.0.0-Release.Candidate.app/Contents/Developer/Platforms/WatchOS.platform/Developer/Library/Frameworks -F /Applications/Xcode-27.0.0-Release.Candidate.app/Contents/Developer/Platforms/WatchOS.platform/Developer/SDKs/WatchOS27.0.sdk/Developer/Library/Frameworks -module-cache-path /Users/admin/builder/spi-builder-workspace/.derivedData/Build/Intermediates.noindex/SwiftExplicitPrecompiledModules -no-color-diagnostics -Xcc -fno-color-diagnostics -enable-testing -g -debug-info-format\=dwarf -dwarf-version\=4 -suppress-warnings -swift-version 5 -Onone -D SWIFT_PACKAGE -D DEBUG -D SWIFT_MODULE_RESOURCE_BUNDLE_AVAILABLE -D Xcode -serialize-debugging-options -enable-experimental-feature DebugDescriptionMacro -empty-abi-descriptor -validate-clang-modules-once -clang-build-session-file /Users/admin/builder/spi-builder-workspace/.derivedData/ModuleCache.noindex/Session.modulevalidation -Xcc -working-directory -Xcc /Users/admin/builder/spi-builder-workspace/.swiftpm/xcode -enable-anonymous-context-mangled-names -file-compilation-dir /Users/admin/builder/spi-builder-workspace/.swiftpm/xcode -Xcc -D_LIBCPP_HARDENING_MODE\=_LIBCPP_HARDENING_MODE_DEBUG -Xcc -ivfsstatcache -Xcc /Users/admin/builder/spi-builder-workspace/.derivedData/SDKStatCaches.noindex/watchos27.0-24R360-e829b21a6f8c9b70876ba0858053c04477534ef55a1706bf4c1112bbb242f0a2.sdkstatcache -Xcc -fmodules-prune-interval\=86400 -Xcc -fmodules-prune-after\=345600 -Xcc -I/Users/admin/builder/spi-builder-workspace/.derivedData/Build/Products/Debug-watchos/include -Xcc -I/Users/admin/builder/spi-builder-workspace/.derivedData/Build/Intermediates.noindex/WWBarberPoleView.build/Debug-watchos/WWBarberPoleView-t.build/DerivedSources-normal/arm64 -Xcc -I/Users/admin/builder/spi-builder-workspace/.derivedData/Build/Intermediates.noindex/WWBarberPoleView.build/Debug-watchos/WWBarberPoleView-t.build/DerivedSources/arm64 -Xcc -I/Users/admin/builder/spi-builder-workspace/.derivedData/Build/Intermediates.noindex/WWBarberPoleView.build/Debug-watchos/WWBarberPoleView-t.build/DerivedSources -Xcc -DSWIFT_PACKAGE -Xcc -DDEBUG\=1 -no-auto-bridging-header-chaining -module-name WWBarberPoleView -const-gather-protocols-file /Users/admin/builder/spi-builder-workspace/.derivedData/Build/Intermediates.noindex/WWBarberPoleView.build/Debug-watchos/WWBarberPoleView-t.build/Objects-normal/arm64/WWBarberPoleView_const_extract_protocols.json -disable-clang-spi -clang-target arm64-apple-watchos27.0 -target-sdk-version 27.0 -target-sdk-name watchos27.0 -in-process-plugin-server-path /Applications/Xcode-27.0.0-Release.Candidate.app/Contents/Developer/Toolchains/XcodeDefault.xctoolchain/usr/lib/swift/host/libSwiftInProcPluginServer.dylib -emit-module-doc-path /Users/admin/builder/spi-builder-workspace/.derivedData/Build/Intermediates.noindex/WWBarberPoleView.build/Debug-watchos/WWBarberPoleView-t.build/Objects-normal/arm64/WWBarberPoleView.swiftdoc -emit-module-source-info-path /Users/admin/builder/spi-builder-workspace/.derivedData/Build/Intermediates.noindex/WWBarberPoleView.build/Debug-watchos/WWBarberPoleView-t.build/Objects-normal/arm64/WWBarberPoleView.swiftsourceinfo -emit-objc-header-path /Users/admin/builder/spi-builder-workspace/.derivedData/Build/Intermediates.noindex/WWBarberPoleView.build/Debug-watchos/WWBarberPoleView-t.build/Objects-normal/arm64/WWBarberPoleView-Swift.h -serialize-diagnostics-path /Users/admin/builder/spi-builder-workspace/.derivedData/Build/Intermediates.noindex/WWBarberPoleView.build/Debug-watchos/WWBarberPoleView-t.build/Objects-normal/arm64/WWBarberPoleView-primary-emit-module.dia -emit-dependencies-path /Users/admin/builder/spi-builder-workspace/.derivedData/Build/Intermediates.noindex/WWBarberPoleView.build/Debug-watchos/WWBarberPoleView-t.build/Objects-normal/arm64/WWBarberPoleView-primary-emit-module.d -parse-as-library -o /Users/admin/builder/spi-builder-workspace/.derivedData/Build/Intermediates.noindex/WWBarberPoleView.build/Debug-watchos/WWBarberPoleView-t.build/Objects-normal/arm64/WWBarberPoleView.swiftmodule -emit-abi-descriptor-path /Users/admin/builder/spi-builder-workspace/.derivedData/Build/Intermediates.noindex/WWBarberPoleView.build/Debug-watchos/WWBarberPoleView-t.build/Objects-normal/arm64/WWBarberPoleView.abi.json
SwiftCompile normal arm64 (in target 'WWBarberPoleView' from project 'WWBarberPoleView')
cd /Users/admin/builder/spi-builder-workspace/.swiftpm/xcode
SwiftEmitModule normal arm64_32 Emitting\ module\ for\ WWBarberPoleView (in target 'WWBarberPoleView' from project 'WWBarberPoleView')
/Users/admin/builder/spi-builder-workspace/.dependencies/checkouts/WWBarberPoleView/Sources/WWBarberPoleView/Utility/Extension.swift:43:60: error: 'CAAnimationDelegate' is unavailable in watchOS
41 | /// - isRemovedOnCompletion: Bool
42 | /// - Returns: Constant.CAAnimationInformation
43 | static func _basicAnimation(keyPath: String, delegate: CAAnimationDelegate?, fromValue: Any?, toValue: Any?, duration: CFTimeInterval, repeatCount: Float, fillMode: CAMediaTimingFillMode, timingFunction: CAMediaTimingFunction?, beginTime: CFTimeInterval, isRemovedOnCompletion: Bool) -> CABasicAnimation {
| `- error: 'CAAnimationDelegate' is unavailable in watchOS
44 |
45 | let animation = CABasicAnimation(keyPath: keyPath)
/Applications/Xcode-27.0.0-Release.Candidate.app/Contents/Developer/Platforms/WatchOS.platform/Developer/SDKs/WatchOS27.0.sdk/System/Library/Frameworks/QuartzCore.framework/Headers/CAAnimation.h:71:11: note: 'CAAnimationDelegate' has been explicitly marked unavailable here
69 |
70 | API_AVAILABLE(macos(10.12), ios(10.0), tvos(10.0)) API_UNAVAILABLE(watchos)
71 | @protocol CAAnimationDelegate <NSObject>
| `- note: 'CAAnimationDelegate' has been explicitly marked unavailable here
72 | @optional
73 |
/Users/admin/builder/spi-builder-workspace/.dependencies/checkouts/WWBarberPoleView/Sources/WWBarberPoleView/Utility/Extension.swift:43:170: error: 'CAMediaTimingFillMode' is unavailable in watchOS
41 | /// - isRemovedOnCompletion: Bool
42 | /// - Returns: Constant.CAAnimationInformation
43 | static func _basicAnimation(keyPath: String, delegate: CAAnimationDelegate?, fromValue: Any?, toValue: Any?, duration: CFTimeInterval, repeatCount: Float, fillMode: CAMediaTimingFillMode, timingFunction: CAMediaTimingFunction?, beginTime: CFTimeInterval, isRemovedOnCompletion: Bool) -> CABasicAnimation {
| `- error: 'CAMediaTimingFillMode' is unavailable in watchOS
44 |
45 | let animation = CABasicAnimation(keyPath: keyPath)
/Applications/Xcode-27.0.0-Release.Candidate.app/Contents/Developer/Platforms/WatchOS.platform/Developer/SDKs/WatchOS27.0.sdk/System/Library/Frameworks/QuartzCore.framework/Headers/CAMediaTiming.h:32:20: note: 'CAMediaTimingFillMode' has been explicitly marked unavailable here
30 | @class NSString;
31 |
32 | typedef NSString * CAMediaTimingFillMode NS_TYPED_ENUM API_AVAILABLE(macos(10.5), ios(2.0), tvos(9.0)) API_UNAVAILABLE(watchos);
| `- note: 'CAMediaTimingFillMode' has been explicitly marked unavailable here
33 |
34 | NS_HEADER_AUDIT_BEGIN(nullability, sendability)
/Users/admin/builder/spi-builder-workspace/.dependencies/checkouts/WWBarberPoleView/Sources/WWBarberPoleView/Utility/Extension.swift:43:209: error: 'CAMediaTimingFunction' is unavailable in watchOS
41 | /// - isRemovedOnCompletion: Bool
42 | /// - Returns: Constant.CAAnimationInformation
43 | static func _basicAnimation(keyPath: String, delegate: CAAnimationDelegate?, fromValue: Any?, toValue: Any?, duration: CFTimeInterval, repeatCount: Float, fillMode: CAMediaTimingFillMode, timingFunction: CAMediaTimingFunction?, beginTime: CFTimeInterval, isRemovedOnCompletion: Bool) -> CABasicAnimation {
| `- error: 'CAMediaTimingFunction' is unavailable in watchOS
44 |
45 | let animation = CABasicAnimation(keyPath: keyPath)
/Applications/Xcode-27.0.0-Release.Candidate.app/Contents/Developer/Platforms/WatchOS.platform/Developer/SDKs/WatchOS27.0.sdk/System/Library/Frameworks/QuartzCore.framework/Headers/CAMediaTimingFunction.h:24:12: note: 'CAMediaTimingFunction' has been explicitly marked unavailable here
22 |
23 | API_AVAILABLE(macos(10.5), ios(2.0), tvos(9.0)) API_UNAVAILABLE(watchos)
24 | @interface CAMediaTimingFunction : NSObject <NSSecureCoding>
| `- note: 'CAMediaTimingFunction' has been explicitly marked unavailable here
25 | {
26 | @private
/Users/admin/builder/spi-builder-workspace/.dependencies/checkouts/WWBarberPoleView/Sources/WWBarberPoleView/Utility/Extension.swift:43:292: error: 'CABasicAnimation' is unavailable in watchOS
41 | /// - isRemovedOnCompletion: Bool
42 | /// - Returns: Constant.CAAnimationInformation
43 | static func _basicAnimation(keyPath: String, delegate: CAAnimationDelegate?, fromValue: Any?, toValue: Any?, duration: CFTimeInterval, repeatCount: Float, fillMode: CAMediaTimingFillMode, timingFunction: CAMediaTimingFunction?, beginTime: CFTimeInterval, isRemovedOnCompletion: Bool) -> CABasicAnimation {
| `- error: 'CABasicAnimation' is unavailable in watchOS
44 |
45 | let animation = CABasicAnimation(keyPath: keyPath)
/Applications/Xcode-27.0.0-Release.Candidate.app/Contents/Developer/Platforms/WatchOS.platform/Developer/SDKs/WatchOS27.0.sdk/System/Library/Frameworks/QuartzCore.framework/Headers/CAAnimation.h:130:12: note: 'CABasicAnimation' has been explicitly marked unavailable here
128 |
129 | API_AVAILABLE(macos(10.5), ios(2.0), tvos(9.0)) API_UNAVAILABLE(watchos)
130 | @interface CABasicAnimation : CAPropertyAnimation
| `- note: 'CABasicAnimation' has been explicitly marked unavailable here
131 |
132 | /* The objects defining the property values being interpolated between.
/Users/admin/builder/spi-builder-workspace/.dependencies/checkouts/WWBarberPoleView/Sources/WWBarberPoleView/Utility/Extension.swift:28:11: error: 'CAAnimation' is unavailable in watchOS
26 |
27 | // MARK: - CAAnimation (static function)
28 | extension CAAnimation {
| `- error: 'CAAnimation' is unavailable in watchOS
29 |
30 | /// [Layer動畫產生器 (CABasicAnimation)](https://jjeremy-xue.medium.com/swift-說說-cabasicanimation-9be31ee3eae0)
/Applications/Xcode-27.0.0-Release.Candidate.app/Contents/Developer/Platforms/WatchOS.platform/Developer/SDKs/WatchOS27.0.sdk/System/Library/Frameworks/QuartzCore.framework/Headers/CAAnimation.h:25:12: note: 'CAAnimation' has been explicitly marked unavailable here
23 |
24 | API_AVAILABLE(macos(10.5), ios(2.0), tvos(9.0)) API_UNAVAILABLE(watchos)
25 | @interface CAAnimation : NSObject
| `- note: 'CAAnimation' has been explicitly marked unavailable here
26 | <NSSecureCoding, NSCopying, CAMediaTiming, CAAction>
27 | {
/Users/admin/builder/spi-builder-workspace/.dependencies/checkouts/WWBarberPoleView/Sources/WWBarberPoleView/WWBarberPoleView.swift:18:28: error: 'CAGradientLayer' is unavailable in watchOS
16 |
17 | private var rotationAngle = 45.0 // 旋轉條的旋轉角度
18 | private var poleLayer: CAGradientLayer? // 記錄Layer層
| `- error: 'CAGradientLayer' is unavailable in watchOS
19 | }
20 |
/Applications/Xcode-27.0.0-Release.Candidate.app/Contents/Developer/Platforms/WatchOS.platform/Developer/SDKs/WatchOS27.0.sdk/System/Library/Frameworks/QuartzCore.framework/Headers/CAGradientLayer.h:20:12: note: 'CAGradientLayer' has been explicitly marked unavailable here
18 |
19 | API_AVAILABLE(macos(10.6), ios(3.0), tvos(9.0)) API_UNAVAILABLE(watchos)
20 | @interface CAGradientLayer : CALayer
| `- note: 'CAGradientLayer' has been explicitly marked unavailable here
21 |
22 | /* The array of CGColorRef objects defining the color of each gradient
/Users/admin/builder/spi-builder-workspace/.dependencies/checkouts/WWBarberPoleView/Sources/WWBarberPoleView/WWBarberPoleView.swift:11:30: error: 'UIView' is unavailable in watchOS
9 |
10 | // MARK: - 三色柱效果
11 | open class WWBarberPoleView: UIView {
| `- error: 'UIView' is unavailable in watchOS
12 |
13 | private let earlyBeginTime = 1000.0 // 提前開始的時間 (避免一開始沒有旋轉條)
/Applications/Xcode-27.0.0-Release.Candidate.app/Contents/Developer/Platforms/WatchOS.platform/Developer/SDKs/WatchOS27.0.sdk/System/Library/Frameworks/UIKit.framework/Headers/UIView.h:152:12: note: 'UIView' has been explicitly marked unavailable here
150 |
151 | UIKIT_EXTERN API_AVAILABLE(ios(2.0)) API_UNAVAILABLE(watchos) NS_SWIFT_UI_ACTOR
152 | @interface UIView : UIResponder <NSCoding, UIAppearance, UIAppearanceContainer, UIDynamicItem, UITraitEnvironment, UICoordinateSpace, UIFocusItem, UIFocusItemContainer, CALayerDelegate>
| `- note: 'UIView' has been explicitly marked unavailable here
153 |
154 | @property(class, nonatomic, readonly) Class layerClass; // default is [CALayer class]. Used when creating the underlying layer for the view.
/Users/admin/builder/spi-builder-workspace/.dependencies/checkouts/WWBarberPoleView/Sources/WWBarberPoleView/WWBarberPoleView.swift:99:151: error: 'CABasicAnimation' is unavailable in watchOS
97 | /// - spacing: 旋轉條的間隔
98 | /// - Returns: CABasicAnimation
99 | func animationMaker(with index: Int, direction: Direction, duration: CGFloat, count: Int, position: CGPoint, width: CGFloat, spacing: CGFloat) -> CABasicAnimation {
| `- error: 'CABasicAnimation' is unavailable in watchOS
100 |
101 | let keyPath: String
/Applications/Xcode-27.0.0-Release.Candidate.app/Contents/Developer/Platforms/WatchOS.platform/Developer/SDKs/WatchOS27.0.sdk/System/Library/Frameworks/QuartzCore.framework/Headers/CAAnimation.h:130:12: note: 'CABasicAnimation' has been explicitly marked unavailable here
128 |
129 | API_AVAILABLE(macos(10.5), ios(2.0), tvos(9.0)) API_UNAVAILABLE(watchos)
130 | @interface CABasicAnimation : CAPropertyAnimation
| `- note: 'CABasicAnimation' has been explicitly marked unavailable here
131 |
132 | /* The objects defining the property values being interpolated between.
/Users/admin/builder/spi-builder-workspace/.dependencies/checkouts/WWBarberPoleView/Sources/WWBarberPoleView/WWBarberPoleView.swift:138:105: error: 'CAGradientLayer' is unavailable in watchOS
136 | /// - colors: 顏色
137 | /// - Returns: CAGradientLayer
138 | func generalLayerMaker(with index: Int, direction: Direction, width: CGFloat, colors: [UIColor]) -> CAGradientLayer {
| `- error: 'CAGradientLayer' is unavailable in watchOS
139 |
140 | let layer = CAGradientLayer()
/Applications/Xcode-27.0.0-Release.Candidate.app/Contents/Developer/Platforms/WatchOS.platform/Developer/SDKs/WatchOS27.0.sdk/System/Library/Frameworks/QuartzCore.framework/Headers/CAGradientLayer.h:20:12: note: 'CAGradientLayer' has been explicitly marked unavailable here
18 |
19 | API_AVAILABLE(macos(10.6), ios(3.0), tvos(9.0)) API_UNAVAILABLE(watchos)
20 | @interface CAGradientLayer : CALayer
| `- note: 'CAGradientLayer' has been explicitly marked unavailable here
21 |
22 | /* The array of CGColorRef objects defining the color of each gradient
/Users/admin/builder/spi-builder-workspace/.dependencies/checkouts/WWBarberPoleView/Sources/WWBarberPoleView/WWBarberPoleView.swift:176:146: error: 'CAGradientLayer' is unavailable in watchOS
174 | /// - endPoint: 漸層方向結束點
175 | /// - Returns: CALayer
176 | func gradientLayerMaker(with index: Int, direction: Direction, width: CGFloat, colors: [UIColor], startPoint: CGPoint, endPoint: CGPoint) -> CAGradientLayer {
| `- error: 'CAGradientLayer' is unavailable in watchOS
177 |
178 | let layer = generalLayerMaker(with: index, direction: direction, width: width, colors: colors)
/Applications/Xcode-27.0.0-Release.Candidate.app/Contents/Developer/Platforms/WatchOS.platform/Developer/SDKs/WatchOS27.0.sdk/System/Library/Frameworks/QuartzCore.framework/Headers/CAGradientLayer.h:20:12: note: 'CAGradientLayer' has been explicitly marked unavailable here
18 |
19 | API_AVAILABLE(macos(10.6), ios(3.0), tvos(9.0)) API_UNAVAILABLE(watchos)
20 | @interface CAGradientLayer : CALayer
| `- note: 'CAGradientLayer' has been explicitly marked unavailable here
21 |
22 | /* The array of CGColorRef objects defining the color of each gradient
Failed frontend command:
/Applications/Xcode-27.0.0-Release.Candidate.app/Contents/Developer/Toolchains/XcodeDefault.xctoolchain/usr/bin/swift-frontend -frontend -emit-module -experimental-skip-non-inlinable-function-bodies-without-types /Users/admin/builder/spi-builder-workspace/.derivedData/Build/Intermediates.noindex/WWBarberPoleView.build/Debug-watchos/WWBarberPoleView-t.build/DerivedSources/resource_bundle_accessor.swift /Users/admin/builder/spi-builder-workspace/.dependencies/checkouts/WWBarberPoleView/Sources/WWBarberPoleView/Utility/Constant.swift /Users/admin/builder/spi-builder-workspace/.dependencies/checkouts/WWBarberPoleView/Sources/WWBarberPoleView/Utility/Extension.swift /Users/admin/builder/spi-builder-workspace/.dependencies/checkouts/WWBarberPoleView/Sources/WWBarberPoleView/WWBarberPoleView.swift -target arm64_32-apple-watchos9.0 -disable-cross-import-overlay-search -load-resolved-plugin /Applications/Xcode-27.0.0-Release.Candidate.app/Contents/Developer/Platforms/WatchOS.platform/Developer/usr/lib/swift/host/plugins/libFoundationMacros.dylib\#/Applications/Xcode-27.0.0-Release.Candidate.app/Contents/Developer/Platforms/WatchOS.platform/Developer/usr/bin/swift-plugin-server\#FoundationMacros -load-resolved-plugin /Applications/Xcode-27.0.0-Release.Candidate.app/Contents/Developer/Platforms/WatchOS.platform/Developer/usr/lib/swift/host/plugins/libObservationMacros.dylib\#/Applications/Xcode-27.0.0-Release.Candidate.app/Contents/Developer/Platforms/WatchOS.platform/Developer/usr/bin/swift-plugin-server\#ObservationMacros -load-resolved-plugin /Applications/Xcode-27.0.0-Release.Candidate.app/Contents/Developer/Platforms/WatchOS.platform/Developer/usr/lib/swift/host/plugins/libSwiftMacros.dylib\#/Applications/Xcode-27.0.0-Release.Candidate.app/Contents/Developer/Platforms/WatchOS.platform/Developer/usr/bin/swift-plugin-server\#SwiftMacros -load-resolved-plugin /Applications/Xcode-27.0.0-Release.Candidate.app/Contents/Developer/Platforms/WatchOS.platform/Developer/usr/lib/swift/host/plugins/libSwiftUIMacros.dylib\#/Applications/Xcode-27.0.0-Release.Candidate.app/Contents/Developer/Platforms/WatchOS.platform/Developer/usr/bin/swift-plugin-server\#SwiftUIMacros -disable-implicit-swift-modules -Xcc -fno-implicit-modules -Xcc -fno-implicit-module-maps -explicit-swift-module-map-file /Users/admin/builder/spi-builder-workspace/.derivedData/Build/Intermediates.noindex/WWBarberPoleView.build/Debug-watchos/WWBarberPoleView-t.build/Objects-normal/arm64_32/WWBarberPoleView-dependencies-1.json -enable-objc-interop -sdk /Applications/Xcode-27.0.0-Release.Candidate.app/Contents/Developer/Platforms/WatchOS.platform/Developer/SDKs/WatchOS27.0.sdk -I /Users/admin/builder/spi-builder-workspace/.derivedData/Build/Products/Debug-watchos -Isystem /Applications/Xcode-27.0.0-Release.Candidate.app/Contents/Developer/Platforms/WatchOS.platform/Developer/usr/lib -F /Users/admin/builder/spi-builder-workspace/.derivedData/Build/Products/Debug-watchos -F /Applications/Xcode-27.0.0-Release.Candidate.app/Contents/Developer/Platforms/WatchOS.platform/Developer/Library/Frameworks -F /Applications/Xcode-27.0.0-Release.Candidate.app/Contents/Developer/Platforms/WatchOS.platform/Developer/SDKs/WatchOS27.0.sdk/Developer/Library/Frameworks -module-cache-path /Users/admin/builder/spi-builder-workspace/.derivedData/Build/Intermediates.noindex/SwiftExplicitPrecompiledModules -no-color-diagnostics -Xcc -fno-color-diagnostics -enable-testing -g -debug-info-format\=dwarf -dwarf-version\=4 -suppress-warnings -swift-version 5 -Onone -D SWIFT_PACKAGE -D DEBUG -D SWIFT_MODULE_RESOURCE_BUNDLE_AVAILABLE -D Xcode -serialize-debugging-options -enable-experimental-feature DebugDescriptionMacro -empty-abi-descriptor -validate-clang-modules-once -clang-build-session-file /Users/admin/builder/spi-builder-workspace/.derivedData/ModuleCache.noindex/Session.modulevalidation -Xcc -working-directory -Xcc /Users/admin/builder/spi-builder-workspace/.swiftpm/xcode -enable-anonymous-context-mangled-names -file-compilation-dir /Users/admin/builder/spi-builder-workspace/.swiftpm/xcode -Xcc -D_LIBCPP_HARDENING_MODE\=_LIBCPP_HARDENING_MODE_DEBUG -Xcc -ivfsstatcache -Xcc /Users/admin/builder/spi-builder-workspace/.derivedData/SDKStatCaches.noindex/watchos27.0-24R360-e829b21a6f8c9b70876ba0858053c04477534ef55a1706bf4c1112bbb242f0a2.sdkstatcache -Xcc -fmodules-prune-interval\=86400 -Xcc -fmodules-prune-after\=345600 -Xcc -I/Users/admin/builder/spi-builder-workspace/.derivedData/Build/Products/Debug-watchos/include -Xcc -I/Users/admin/builder/spi-builder-workspace/.derivedData/Build/Intermediates.noindex/WWBarberPoleView.build/Debug-watchos/WWBarberPoleView-t.build/DerivedSources-normal/arm64_32 -Xcc -I/Users/admin/builder/spi-builder-workspace/.derivedData/Build/Intermediates.noindex/WWBarberPoleView.build/Debug-watchos/WWBarberPoleView-t.build/DerivedSources/arm64_32 -Xcc -I/Users/admin/builder/spi-builder-workspace/.derivedData/Build/Intermediates.noindex/WWBarberPoleView.build/Debug-watchos/WWBarberPoleView-t.build/DerivedSources -Xcc -DSWIFT_PACKAGE -Xcc -DDEBUG\=1 -no-auto-bridging-header-chaining -module-name WWBarberPoleView -const-gather-protocols-file /Users/admin/builder/spi-builder-workspace/.derivedData/Build/Intermediates.noindex/WWBarberPoleView.build/Debug-watchos/WWBarberPoleView-t.build/Objects-normal/arm64_32/WWBarberPoleView_const_extract_protocols.json -disable-clang-spi -clang-target arm64_32-apple-watchos27.0 -target-sdk-version 27.0 -target-sdk-name watchos27.0 -in-process-plugin-server-path /Applications/Xcode-27.0.0-Release.Candidate.app/Contents/Developer/Toolchains/XcodeDefault.xctoolchain/usr/lib/swift/host/libSwiftInProcPluginServer.dylib -emit-module-doc-path /Users/admin/builder/spi-builder-workspace/.derivedData/Build/Intermediates.noindex/WWBarberPoleView.build/Debug-watchos/WWBarberPoleView-t.build/Objects-normal/arm64_32/WWBarberPoleView.swiftdoc -emit-module-source-info-path /Users/admin/builder/spi-builder-workspace/.derivedData/Build/Intermediates.noindex/WWBarberPoleView.build/Debug-watchos/WWBarberPoleView-t.build/Objects-normal/arm64_32/WWBarberPoleView.swiftsourceinfo -emit-objc-header-path /Users/admin/builder/spi-builder-workspace/.derivedData/Build/Intermediates.noindex/WWBarberPoleView.build/Debug-watchos/WWBarberPoleView-t.build/Objects-normal/arm64_32/WWBarberPoleView-Swift.h -serialize-diagnostics-path /Users/admin/builder/spi-builder-workspace/.derivedData/Build/Intermediates.noindex/WWBarberPoleView.build/Debug-watchos/WWBarberPoleView-t.build/Objects-normal/arm64_32/WWBarberPoleView-primary-emit-module.dia -emit-dependencies-path /Users/admin/builder/spi-builder-workspace/.derivedData/Build/Intermediates.noindex/WWBarberPoleView.build/Debug-watchos/WWBarberPoleView-t.build/Objects-normal/arm64_32/WWBarberPoleView-primary-emit-module.d -parse-as-library -o /Users/admin/builder/spi-builder-workspace/.derivedData/Build/Intermediates.noindex/WWBarberPoleView.build/Debug-watchos/WWBarberPoleView-t.build/Objects-normal/arm64_32/WWBarberPoleView.swiftmodule -emit-abi-descriptor-path /Users/admin/builder/spi-builder-workspace/.derivedData/Build/Intermediates.noindex/WWBarberPoleView.build/Debug-watchos/WWBarberPoleView-t.build/Objects-normal/arm64_32/WWBarberPoleView.abi.json
SwiftCompile normal arm64_32 (in target 'WWBarberPoleView' from project 'WWBarberPoleView')
cd /Users/admin/builder/spi-builder-workspace/.swiftpm/xcode
SwiftCompile normal arm64 Compiling\ Extension.swift /Users/admin/builder/spi-builder-workspace/.dependencies/checkouts/WWBarberPoleView/Sources/WWBarberPoleView/Utility/Extension.swift (in target 'WWBarberPoleView' from project 'WWBarberPoleView')
/Users/admin/builder/spi-builder-workspace/.dependencies/checkouts/WWBarberPoleView/Sources/WWBarberPoleView/Utility/Extension.swift:43:60: error: 'CAAnimationDelegate' is unavailable in watchOS
41 | /// - isRemovedOnCompletion: Bool
42 | /// - Returns: Constant.CAAnimationInformation
43 | static func _basicAnimation(keyPath: String, delegate: CAAnimationDelegate?, fromValue: Any?, toValue: Any?, duration: CFTimeInterval, repeatCount: Float, fillMode: CAMediaTimingFillMode, timingFunction: CAMediaTimingFunction?, beginTime: CFTimeInterval, isRemovedOnCompletion: Bool) -> CABasicAnimation {
| `- error: 'CAAnimationDelegate' is unavailable in watchOS
44 |
45 | let animation = CABasicAnimation(keyPath: keyPath)
/Applications/Xcode-27.0.0-Release.Candidate.app/Contents/Developer/Platforms/WatchOS.platform/Developer/SDKs/WatchOS27.0.sdk/System/Library/Frameworks/QuartzCore.framework/Headers/CAAnimation.h:71:11: note: 'CAAnimationDelegate' has been explicitly marked unavailable here
69 |
70 | API_AVAILABLE(macos(10.12), ios(10.0), tvos(10.0)) API_UNAVAILABLE(watchos)
71 | @protocol CAAnimationDelegate <NSObject>
| `- note: 'CAAnimationDelegate' has been explicitly marked unavailable here
72 | @optional
73 |
/Users/admin/builder/spi-builder-workspace/.dependencies/checkouts/WWBarberPoleView/Sources/WWBarberPoleView/Utility/Extension.swift:43:170: error: 'CAMediaTimingFillMode' is unavailable in watchOS
41 | /// - isRemovedOnCompletion: Bool
42 | /// - Returns: Constant.CAAnimationInformation
43 | static func _basicAnimation(keyPath: String, delegate: CAAnimationDelegate?, fromValue: Any?, toValue: Any?, duration: CFTimeInterval, repeatCount: Float, fillMode: CAMediaTimingFillMode, timingFunction: CAMediaTimingFunction?, beginTime: CFTimeInterval, isRemovedOnCompletion: Bool) -> CABasicAnimation {
| `- error: 'CAMediaTimingFillMode' is unavailable in watchOS
44 |
45 | let animation = CABasicAnimation(keyPath: keyPath)
/Applications/Xcode-27.0.0-Release.Candidate.app/Contents/Developer/Platforms/WatchOS.platform/Developer/SDKs/WatchOS27.0.sdk/System/Library/Frameworks/QuartzCore.framework/Headers/CAMediaTiming.h:32:20: note: 'CAMediaTimingFillMode' has been explicitly marked unavailable here
30 | @class NSString;
31 |
32 | typedef NSString * CAMediaTimingFillMode NS_TYPED_ENUM API_AVAILABLE(macos(10.5), ios(2.0), tvos(9.0)) API_UNAVAILABLE(watchos);
| `- note: 'CAMediaTimingFillMode' has been explicitly marked unavailable here
33 |
34 | NS_HEADER_AUDIT_BEGIN(nullability, sendability)
/Users/admin/builder/spi-builder-workspace/.dependencies/checkouts/WWBarberPoleView/Sources/WWBarberPoleView/Utility/Extension.swift:43:209: error: 'CAMediaTimingFunction' is unavailable in watchOS
41 | /// - isRemovedOnCompletion: Bool
42 | /// - Returns: Constant.CAAnimationInformation
43 | static func _basicAnimation(keyPath: String, delegate: CAAnimationDelegate?, fromValue: Any?, toValue: Any?, duration: CFTimeInterval, repeatCount: Float, fillMode: CAMediaTimingFillMode, timingFunction: CAMediaTimingFunction?, beginTime: CFTimeInterval, isRemovedOnCompletion: Bool) -> CABasicAnimation {
| `- error: 'CAMediaTimingFunction' is unavailable in watchOS
44 |
45 | let animation = CABasicAnimation(keyPath: keyPath)
/Applications/Xcode-27.0.0-Release.Candidate.app/Contents/Developer/Platforms/WatchOS.platform/Developer/SDKs/WatchOS27.0.sdk/System/Library/Frameworks/QuartzCore.framework/Headers/CAMediaTimingFunction.h:24:12: note: 'CAMediaTimingFunction' has been explicitly marked unavailable here
22 |
23 | API_AVAILABLE(macos(10.5), ios(2.0), tvos(9.0)) API_UNAVAILABLE(watchos)
24 | @interface CAMediaTimingFunction : NSObject <NSSecureCoding>
| `- note: 'CAMediaTimingFunction' has been explicitly marked unavailable here
25 | {
26 | @private
/Users/admin/builder/spi-builder-workspace/.dependencies/checkouts/WWBarberPoleView/Sources/WWBarberPoleView/Utility/Extension.swift:43:292: error: 'CABasicAnimation' is unavailable in watchOS
41 | /// - isRemovedOnCompletion: Bool
42 | /// - Returns: Constant.CAAnimationInformation
43 | static func _basicAnimation(keyPath: String, delegate: CAAnimationDelegate?, fromValue: Any?, toValue: Any?, duration: CFTimeInterval, repeatCount: Float, fillMode: CAMediaTimingFillMode, timingFunction: CAMediaTimingFunction?, beginTime: CFTimeInterval, isRemovedOnCompletion: Bool) -> CABasicAnimation {
| `- error: 'CABasicAnimation' is unavailable in watchOS
44 |
45 | let animation = CABasicAnimation(keyPath: keyPath)
/Applications/Xcode-27.0.0-Release.Candidate.app/Contents/Developer/Platforms/WatchOS.platform/Developer/SDKs/WatchOS27.0.sdk/System/Library/Frameworks/QuartzCore.framework/Headers/CAAnimation.h:130:12: note: 'CABasicAnimation' has been explicitly marked unavailable here
128 |
129 | API_AVAILABLE(macos(10.5), ios(2.0), tvos(9.0)) API_UNAVAILABLE(watchos)
130 | @interface CABasicAnimation : CAPropertyAnimation
| `- note: 'CABasicAnimation' has been explicitly marked unavailable here
131 |
132 | /* The objects defining the property values being interpolated between.
/Users/admin/builder/spi-builder-workspace/.dependencies/checkouts/WWBarberPoleView/Sources/WWBarberPoleView/Utility/Extension.swift:28:11: error: 'CAAnimation' is unavailable in watchOS
26 |
27 | // MARK: - CAAnimation (static function)
28 | extension CAAnimation {
| `- error: 'CAAnimation' is unavailable in watchOS
29 |
30 | /// [Layer動畫產生器 (CABasicAnimation)](https://jjeremy-xue.medium.com/swift-說說-cabasicanimation-9be31ee3eae0)
/Applications/Xcode-27.0.0-Release.Candidate.app/Contents/Developer/Platforms/WatchOS.platform/Developer/SDKs/WatchOS27.0.sdk/System/Library/Frameworks/QuartzCore.framework/Headers/CAAnimation.h:25:12: note: 'CAAnimation' has been explicitly marked unavailable here
23 |
24 | API_AVAILABLE(macos(10.5), ios(2.0), tvos(9.0)) API_UNAVAILABLE(watchos)
25 | @interface CAAnimation : NSObject
| `- note: 'CAAnimation' has been explicitly marked unavailable here
26 | <NSSecureCoding, NSCopying, CAMediaTiming, CAAction>
27 | {
SwiftCompile normal arm64 /Users/admin/builder/spi-builder-workspace/.dependencies/checkouts/WWBarberPoleView/Sources/WWBarberPoleView/Utility/Extension.swift (in target 'WWBarberPoleView' from project 'WWBarberPoleView')
cd /Users/admin/builder/spi-builder-workspace/.swiftpm/xcode
builtin-SwiftPerFileCompile Extension.swift
SwiftCompile normal arm64_32 Compiling\ Constant.swift /Users/admin/builder/spi-builder-workspace/.dependencies/checkouts/WWBarberPoleView/Sources/WWBarberPoleView/Utility/Constant.swift (in target 'WWBarberPoleView' from project 'WWBarberPoleView')
SwiftCompile normal arm64_32 /Users/admin/builder/spi-builder-workspace/.dependencies/checkouts/WWBarberPoleView/Sources/WWBarberPoleView/Utility/Constant.swift (in target 'WWBarberPoleView' from project 'WWBarberPoleView')
cd /Users/admin/builder/spi-builder-workspace/.swiftpm/xcode
builtin-SwiftPerFileCompile Constant.swift
SwiftCompile normal arm64 Compiling\ resource_bundle_accessor.swift /Users/admin/builder/spi-builder-workspace/.derivedData/Build/Intermediates.noindex/WWBarberPoleView.build/Debug-watchos/WWBarberPoleView-t.build/DerivedSources/resource_bundle_accessor.swift (in target 'WWBarberPoleView' from project 'WWBarberPoleView')
SwiftCompile normal arm64 /Users/admin/builder/spi-builder-workspace/.derivedData/Build/Intermediates.noindex/WWBarberPoleView.build/Debug-watchos/WWBarberPoleView-t.build/DerivedSources/resource_bundle_accessor.swift (in target 'WWBarberPoleView' from project 'WWBarberPoleView')
cd /Users/admin/builder/spi-builder-workspace/.swiftpm/xcode
builtin-SwiftPerFileCompile resource_bundle_accessor.swift
SwiftCompile normal arm64_32 Compiling\ Extension.swift /Users/admin/builder/spi-builder-workspace/.dependencies/checkouts/WWBarberPoleView/Sources/WWBarberPoleView/Utility/Extension.swift (in target 'WWBarberPoleView' from project 'WWBarberPoleView')
/Users/admin/builder/spi-builder-workspace/.dependencies/checkouts/WWBarberPoleView/Sources/WWBarberPoleView/Utility/Extension.swift:43:60: error: 'CAAnimationDelegate' is unavailable in watchOS
41 | /// - isRemovedOnCompletion: Bool
42 | /// - Returns: Constant.CAAnimationInformation
43 | static func _basicAnimation(keyPath: String, delegate: CAAnimationDelegate?, fromValue: Any?, toValue: Any?, duration: CFTimeInterval, repeatCount: Float, fillMode: CAMediaTimingFillMode, timingFunction: CAMediaTimingFunction?, beginTime: CFTimeInterval, isRemovedOnCompletion: Bool) -> CABasicAnimation {
| `- error: 'CAAnimationDelegate' is unavailable in watchOS
44 |
45 | let animation = CABasicAnimation(keyPath: keyPath)
/Applications/Xcode-27.0.0-Release.Candidate.app/Contents/Developer/Platforms/WatchOS.platform/Developer/SDKs/WatchOS27.0.sdk/System/Library/Frameworks/QuartzCore.framework/Headers/CAAnimation.h:71:11: note: 'CAAnimationDelegate' has been explicitly marked unavailable here
69 |
70 | API_AVAILABLE(macos(10.12), ios(10.0), tvos(10.0)) API_UNAVAILABLE(watchos)
71 | @protocol CAAnimationDelegate <NSObject>
| `- note: 'CAAnimationDelegate' has been explicitly marked unavailable here
72 | @optional
73 |
/Users/admin/builder/spi-builder-workspace/.dependencies/checkouts/WWBarberPoleView/Sources/WWBarberPoleView/Utility/Extension.swift:43:170: error: 'CAMediaTimingFillMode' is unavailable in watchOS
41 | /// - isRemovedOnCompletion: Bool
42 | /// - Returns: Constant.CAAnimationInformation
43 | static func _basicAnimation(keyPath: String, delegate: CAAnimationDelegate?, fromValue: Any?, toValue: Any?, duration: CFTimeInterval, repeatCount: Float, fillMode: CAMediaTimingFillMode, timingFunction: CAMediaTimingFunction?, beginTime: CFTimeInterval, isRemovedOnCompletion: Bool) -> CABasicAnimation {
| `- error: 'CAMediaTimingFillMode' is unavailable in watchOS
44 |
45 | let animation = CABasicAnimation(keyPath: keyPath)
/Applications/Xcode-27.0.0-Release.Candidate.app/Contents/Developer/Platforms/WatchOS.platform/Developer/SDKs/WatchOS27.0.sdk/System/Library/Frameworks/QuartzCore.framework/Headers/CAMediaTiming.h:32:20: note: 'CAMediaTimingFillMode' has been explicitly marked unavailable here
30 | @class NSString;
31 |
32 | typedef NSString * CAMediaTimingFillMode NS_TYPED_ENUM API_AVAILABLE(macos(10.5), ios(2.0), tvos(9.0)) API_UNAVAILABLE(watchos);
| `- note: 'CAMediaTimingFillMode' has been explicitly marked unavailable here
33 |
34 | NS_HEADER_AUDIT_BEGIN(nullability, sendability)
/Users/admin/builder/spi-builder-workspace/.dependencies/checkouts/WWBarberPoleView/Sources/WWBarberPoleView/Utility/Extension.swift:43:209: error: 'CAMediaTimingFunction' is unavailable in watchOS
41 | /// - isRemovedOnCompletion: Bool
42 | /// - Returns: Constant.CAAnimationInformation
43 | static func _basicAnimation(keyPath: String, delegate: CAAnimationDelegate?, fromValue: Any?, toValue: Any?, duration: CFTimeInterval, repeatCount: Float, fillMode: CAMediaTimingFillMode, timingFunction: CAMediaTimingFunction?, beginTime: CFTimeInterval, isRemovedOnCompletion: Bool) -> CABasicAnimation {
| `- error: 'CAMediaTimingFunction' is unavailable in watchOS
44 |
45 | let animation = CABasicAnimation(keyPath: keyPath)
/Applications/Xcode-27.0.0-Release.Candidate.app/Contents/Developer/Platforms/WatchOS.platform/Developer/SDKs/WatchOS27.0.sdk/System/Library/Frameworks/QuartzCore.framework/Headers/CAMediaTimingFunction.h:24:12: note: 'CAMediaTimingFunction' has been explicitly marked unavailable here
22 |
23 | API_AVAILABLE(macos(10.5), ios(2.0), tvos(9.0)) API_UNAVAILABLE(watchos)
24 | @interface CAMediaTimingFunction : NSObject <NSSecureCoding>
| `- note: 'CAMediaTimingFunction' has been explicitly marked unavailable here
25 | {
26 | @private
/Users/admin/builder/spi-builder-workspace/.dependencies/checkouts/WWBarberPoleView/Sources/WWBarberPoleView/Utility/Extension.swift:43:292: error: 'CABasicAnimation' is unavailable in watchOS
41 | /// - isRemovedOnCompletion: Bool
42 | /// - Returns: Constant.CAAnimationInformation
43 | static func _basicAnimation(keyPath: String, delegate: CAAnimationDelegate?, fromValue: Any?, toValue: Any?, duration: CFTimeInterval, repeatCount: Float, fillMode: CAMediaTimingFillMode, timingFunction: CAMediaTimingFunction?, beginTime: CFTimeInterval, isRemovedOnCompletion: Bool) -> CABasicAnimation {
| `- error: 'CABasicAnimation' is unavailable in watchOS
44 |
45 | let animation = CABasicAnimation(keyPath: keyPath)
/Applications/Xcode-27.0.0-Release.Candidate.app/Contents/Developer/Platforms/WatchOS.platform/Developer/SDKs/WatchOS27.0.sdk/System/Library/Frameworks/QuartzCore.framework/Headers/CAAnimation.h:130:12: note: 'CABasicAnimation' has been explicitly marked unavailable here
128 |
129 | API_AVAILABLE(macos(10.5), ios(2.0), tvos(9.0)) API_UNAVAILABLE(watchos)
130 | @interface CABasicAnimation : CAPropertyAnimation
| `- note: 'CABasicAnimation' has been explicitly marked unavailable here
131 |
132 | /* The objects defining the property values being interpolated between.
/Users/admin/builder/spi-builder-workspace/.dependencies/checkouts/WWBarberPoleView/Sources/WWBarberPoleView/Utility/Extension.swift:28:11: error: 'CAAnimation' is unavailable in watchOS
26 |
27 | // MARK: - CAAnimation (static function)
28 | extension CAAnimation {
| `- error: 'CAAnimation' is unavailable in watchOS
29 |
30 | /// [Layer動畫產生器 (CABasicAnimation)](https://jjeremy-xue.medium.com/swift-說說-cabasicanimation-9be31ee3eae0)
/Applications/Xcode-27.0.0-Release.Candidate.app/Contents/Developer/Platforms/WatchOS.platform/Developer/SDKs/WatchOS27.0.sdk/System/Library/Frameworks/QuartzCore.framework/Headers/CAAnimation.h:25:12: note: 'CAAnimation' has been explicitly marked unavailable here
23 |
24 | API_AVAILABLE(macos(10.5), ios(2.0), tvos(9.0)) API_UNAVAILABLE(watchos)
25 | @interface CAAnimation : NSObject
| `- note: 'CAAnimation' has been explicitly marked unavailable here
26 | <NSSecureCoding, NSCopying, CAMediaTiming, CAAction>
27 | {
SwiftCompile normal arm64_32 /Users/admin/builder/spi-builder-workspace/.dependencies/checkouts/WWBarberPoleView/Sources/WWBarberPoleView/Utility/Extension.swift (in target 'WWBarberPoleView' from project 'WWBarberPoleView')
cd /Users/admin/builder/spi-builder-workspace/.swiftpm/xcode
builtin-SwiftPerFileCompile Extension.swift
SwiftCompile normal arm64 Compiling\ WWBarberPoleView.swift /Users/admin/builder/spi-builder-workspace/.dependencies/checkouts/WWBarberPoleView/Sources/WWBarberPoleView/WWBarberPoleView.swift (in target 'WWBarberPoleView' from project 'WWBarberPoleView')
/Users/admin/builder/spi-builder-workspace/.dependencies/checkouts/WWBarberPoleView/Sources/WWBarberPoleView/WWBarberPoleView.swift:18:28: error: 'CAGradientLayer' is unavailable in watchOS
16 |
17 | private var rotationAngle = 45.0 // 旋轉條的旋轉角度
18 | private var poleLayer: CAGradientLayer? // 記錄Layer層
| `- error: 'CAGradientLayer' is unavailable in watchOS
19 | }
20 |
/Applications/Xcode-27.0.0-Release.Candidate.app/Contents/Developer/Platforms/WatchOS.platform/Developer/SDKs/WatchOS27.0.sdk/System/Library/Frameworks/QuartzCore.framework/Headers/CAGradientLayer.h:20:12: note: 'CAGradientLayer' has been explicitly marked unavailable here
18 |
19 | API_AVAILABLE(macos(10.6), ios(3.0), tvos(9.0)) API_UNAVAILABLE(watchos)
20 | @interface CAGradientLayer : CALayer
| `- note: 'CAGradientLayer' has been explicitly marked unavailable here
21 |
22 | /* The array of CGColorRef objects defining the color of each gradient
/Users/admin/builder/spi-builder-workspace/.dependencies/checkouts/WWBarberPoleView/Sources/WWBarberPoleView/WWBarberPoleView.swift:11:30: error: 'UIView' is unavailable in watchOS
9 |
10 | // MARK: - 三色柱效果
11 | open class WWBarberPoleView: UIView {
| `- error: 'UIView' is unavailable in watchOS
12 |
13 | private let earlyBeginTime = 1000.0 // 提前開始的時間 (避免一開始沒有旋轉條)
/Applications/Xcode-27.0.0-Release.Candidate.app/Contents/Developer/Platforms/WatchOS.platform/Developer/SDKs/WatchOS27.0.sdk/System/Library/Frameworks/UIKit.framework/Headers/UIView.h:152:12: note: 'UIView' has been explicitly marked unavailable here
150 |
151 | UIKIT_EXTERN API_AVAILABLE(ios(2.0)) API_UNAVAILABLE(watchos) NS_SWIFT_UI_ACTOR
152 | @interface UIView : UIResponder <NSCoding, UIAppearance, UIAppearanceContainer, UIDynamicItem, UITraitEnvironment, UICoordinateSpace, UIFocusItem, UIFocusItemContainer, CALayerDelegate>
| `- note: 'UIView' has been explicitly marked unavailable here
153 |
154 | @property(class, nonatomic, readonly) Class layerClass; // default is [CALayer class]. Used when creating the underlying layer for the view.
/Users/admin/builder/spi-builder-workspace/.dependencies/checkouts/WWBarberPoleView/Sources/WWBarberPoleView/WWBarberPoleView.swift:99:151: error: 'CABasicAnimation' is unavailable in watchOS
97 | /// - spacing: 旋轉條的間隔
98 | /// - Returns: CABasicAnimation
99 | func animationMaker(with index: Int, direction: Direction, duration: CGFloat, count: Int, position: CGPoint, width: CGFloat, spacing: CGFloat) -> CABasicAnimation {
| `- error: 'CABasicAnimation' is unavailable in watchOS
100 |
101 | let keyPath: String
/Applications/Xcode-27.0.0-Release.Candidate.app/Contents/Developer/Platforms/WatchOS.platform/Developer/SDKs/WatchOS27.0.sdk/System/Library/Frameworks/QuartzCore.framework/Headers/CAAnimation.h:130:12: note: 'CABasicAnimation' has been explicitly marked unavailable here
128 |
129 | API_AVAILABLE(macos(10.5), ios(2.0), tvos(9.0)) API_UNAVAILABLE(watchos)
130 | @interface CABasicAnimation : CAPropertyAnimation
| `- note: 'CABasicAnimation' has been explicitly marked unavailable here
131 |
132 | /* The objects defining the property values being interpolated between.
/Users/admin/builder/spi-builder-workspace/.dependencies/checkouts/WWBarberPoleView/Sources/WWBarberPoleView/WWBarberPoleView.swift:138:105: error: 'CAGradientLayer' is unavailable in watchOS
136 | /// - colors: 顏色
137 | /// - Returns: CAGradientLayer
138 | func generalLayerMaker(with index: Int, direction: Direction, width: CGFloat, colors: [UIColor]) -> CAGradientLayer {
| `- error: 'CAGradientLayer' is unavailable in watchOS
139 |
140 | let layer = CAGradientLayer()
/Applications/Xcode-27.0.0-Release.Candidate.app/Contents/Developer/Platforms/WatchOS.platform/Developer/SDKs/WatchOS27.0.sdk/System/Library/Frameworks/QuartzCore.framework/Headers/CAGradientLayer.h:20:12: note: 'CAGradientLayer' has been explicitly marked unavailable here
18 |
19 | API_AVAILABLE(macos(10.6), ios(3.0), tvos(9.0)) API_UNAVAILABLE(watchos)
20 | @interface CAGradientLayer : CALayer
| `- note: 'CAGradientLayer' has been explicitly marked unavailable here
21 |
22 | /* The array of CGColorRef objects defining the color of each gradient
/Users/admin/builder/spi-builder-workspace/.dependencies/checkouts/WWBarberPoleView/Sources/WWBarberPoleView/WWBarberPoleView.swift:176:146: error: 'CAGradientLayer' is unavailable in watchOS
174 | /// - endPoint: 漸層方向結束點
175 | /// - Returns: CALayer
176 | func gradientLayerMaker(with index: Int, direction: Direction, width: CGFloat, colors: [UIColor], startPoint: CGPoint, endPoint: CGPoint) -> CAGradientLayer {
| `- error: 'CAGradientLayer' is unavailable in watchOS
177 |
178 | let layer = generalLayerMaker(with: index, direction: direction, width: width, colors: colors)
/Applications/Xcode-27.0.0-Release.Candidate.app/Contents/Developer/Platforms/WatchOS.platform/Developer/SDKs/WatchOS27.0.sdk/System/Library/Frameworks/QuartzCore.framework/Headers/CAGradientLayer.h:20:12: note: 'CAGradientLayer' has been explicitly marked unavailable here
18 |
19 | API_AVAILABLE(macos(10.6), ios(3.0), tvos(9.0)) API_UNAVAILABLE(watchos)
20 | @interface CAGradientLayer : CALayer
| `- note: 'CAGradientLayer' has been explicitly marked unavailable here
21 |
22 | /* The array of CGColorRef objects defining the color of each gradient
/Users/admin/builder/spi-builder-workspace/.dependencies/checkouts/WWBarberPoleView/Sources/WWBarberPoleView/WWBarberPoleView.swift:44:28: error: 'CAGradientLayer' is unavailable in watchOS
42 | for index in 0..<count {
43 |
44 | let poleLayer: CAGradientLayer
| `- error: 'CAGradientLayer' is unavailable in watchOS
45 |
46 | switch colorType {
/Applications/Xcode-27.0.0-Release.Candidate.app/Contents/Developer/Platforms/WatchOS.platform/Developer/SDKs/WatchOS27.0.sdk/System/Library/Frameworks/QuartzCore.framework/Headers/CAGradientLayer.h:20:12: note: 'CAGradientLayer' has been explicitly marked unavailable here
18 |
19 | API_AVAILABLE(macos(10.6), ios(3.0), tvos(9.0)) API_UNAVAILABLE(watchos)
20 | @interface CAGradientLayer : CALayer
| `- note: 'CAGradientLayer' has been explicitly marked unavailable here
21 |
22 | /* The array of CGColorRef objects defining the color of each gradient
/Users/admin/builder/spi-builder-workspace/.dependencies/checkouts/WWBarberPoleView/Sources/WWBarberPoleView/WWBarberPoleView.swift:104:30: error: 'CAMediaTimingFunction' is unavailable in watchOS
102 | let fromValue: CGFloat
103 | let toValue: CGFloat
104 | let timingFunction = CAMediaTimingFunction(name: .linear)
| `- error: 'CAMediaTimingFunction' is unavailable in watchOS
105 | let beginTime = CACurrentMediaTime() + (duration / Double(count)) * Double(index) - earlyBeginTime
106 |
/Applications/Xcode-27.0.0-Release.Candidate.app/Contents/Developer/Platforms/WatchOS.platform/Developer/SDKs/WatchOS27.0.sdk/System/Library/Frameworks/QuartzCore.framework/Headers/CAMediaTimingFunction.h:24:12: note: 'CAMediaTimingFunction' has been explicitly marked unavailable here
22 |
23 | API_AVAILABLE(macos(10.5), ios(2.0), tvos(9.0)) API_UNAVAILABLE(watchos)
24 | @interface CAMediaTimingFunction : NSObject <NSSecureCoding>
| `- note: 'CAMediaTimingFunction' has been explicitly marked unavailable here
25 | {
26 | @private
/Users/admin/builder/spi-builder-workspace/.dependencies/checkouts/WWBarberPoleView/Sources/WWBarberPoleView/WWBarberPoleView.swift:104:59: error: 'linear' is unavailable in watchOS
102 | let fromValue: CGFloat
103 | let toValue: CGFloat
104 | let timingFunction = CAMediaTimingFunction(name: .linear)
| `- error: 'linear' is unavailable in watchOS
105 | let beginTime = CACurrentMediaTime() + (duration / Double(count)) * Double(index) - earlyBeginTime
106 |
/Applications/Xcode-27.0.0-Release.Candidate.app/Contents/Developer/Platforms/WatchOS.platform/Developer/SDKs/WatchOS27.0.sdk/System/Library/Frameworks/QuartzCore.framework/Headers/CAMediaTimingFunction.h:54:43: note: 'linear' has been explicitly marked unavailable here
52 | /** Timing function names. **/
53 |
54 | CA_EXTERN CAMediaTimingFunctionName const kCAMediaTimingFunctionLinear
| `- note: 'linear' has been explicitly marked unavailable here
55 | API_AVAILABLE(macos(10.5), ios(2.0), tvos(9.0)) API_UNAVAILABLE(watchos);
56 | CA_EXTERN CAMediaTimingFunctionName const kCAMediaTimingFunctionEaseIn
/Users/admin/builder/spi-builder-workspace/.dependencies/checkouts/WWBarberPoleView/Sources/WWBarberPoleView/WWBarberPoleView.swift:105:25: error: 'CACurrentMediaTime()' is unavailable in watchOS
103 | let toValue: CGFloat
104 | let timingFunction = CAMediaTimingFunction(name: .linear)
105 | let beginTime = CACurrentMediaTime() + (duration / Double(count)) * Double(index) - earlyBeginTime
| `- error: 'CACurrentMediaTime()' is unavailable in watchOS
106 |
107 | switch direction {
/Applications/Xcode-27.0.0-Release.Candidate.app/Contents/Developer/Platforms/WatchOS.platform/Developer/SDKs/WatchOS27.0.sdk/System/Library/Frameworks/QuartzCore.framework/Headers/CABase.h:127:26: note: 'CACurrentMediaTime()' has been explicitly marked unavailable here
125 | * calling mach_absolute_time () and converting the units to seconds. */
126 |
127 | CA_EXTERN CFTimeInterval CACurrentMediaTime (void)
| `- note: 'CACurrentMediaTime()' has been explicitly marked unavailable here
128 | API_AVAILABLE(macos(10.5), ios(2.0)) API_UNAVAILABLE(watchos);
129 |
/Users/admin/builder/spi-builder-workspace/.dependencies/checkouts/WWBarberPoleView/Sources/WWBarberPoleView/WWBarberPoleView.swift:126:25: error: 'CAAnimation' is unavailable in watchOS
124 | }
125 |
126 | let animation = CAAnimation._basicAnimation(keyPath: keyPath, delegate: nil, fromValue: toValue, toValue: fromValue, duration: duration, repeatCount: .infinity, fillMode: .forwards, timingFunction: timingFunction, beginTime: beginTime, isRemovedOnCompletion: true)
| `- error: 'CAAnimation' is unavailable in watchOS
127 |
128 | return animation
/Applications/Xcode-27.0.0-Release.Candidate.app/Contents/Developer/Platforms/WatchOS.platform/Developer/SDKs/WatchOS27.0.sdk/System/Library/Frameworks/QuartzCore.framework/Headers/CAAnimation.h:25:12: note: 'CAAnimation' has been explicitly marked unavailable here
23 |
24 | API_AVAILABLE(macos(10.5), ios(2.0), tvos(9.0)) API_UNAVAILABLE(watchos)
25 | @interface CAAnimation : NSObject
| `- note: 'CAAnimation' has been explicitly marked unavailable here
26 | <NSSecureCoding, NSCopying, CAMediaTiming, CAAction>
27 | {
SwiftCompile normal arm64 /Users/admin/builder/spi-builder-workspace/.dependencies/checkouts/WWBarberPoleView/Sources/WWBarberPoleView/WWBarberPoleView.swift (in target 'WWBarberPoleView' from project 'WWBarberPoleView')
cd /Users/admin/builder/spi-builder-workspace/.swiftpm/xcode
builtin-SwiftPerFileCompile WWBarberPoleView.swift
SwiftCompile normal arm64_32 Compiling\ WWBarberPoleView.swift /Users/admin/builder/spi-builder-workspace/.dependencies/checkouts/WWBarberPoleView/Sources/WWBarberPoleView/WWBarberPoleView.swift (in target 'WWBarberPoleView' from project 'WWBarberPoleView')
SwiftCompile normal arm64_32 /Users/admin/builder/spi-builder-workspace/.dependencies/checkouts/WWBarberPoleView/Sources/WWBarberPoleView/WWBarberPoleView.swift (in target 'WWBarberPoleView' from project 'WWBarberPoleView')
cd /Users/admin/builder/spi-builder-workspace/.swiftpm/xcode
builtin-SwiftPerFileCompile WWBarberPoleView.swift
/Users/admin/builder/spi-builder-workspace/.dependencies/checkouts/WWBarberPoleView/Sources/WWBarberPoleView/WWBarberPoleView.swift:18:28: error: 'CAGradientLayer' is unavailable in watchOS
16 |
17 | private var rotationAngle = 45.0 // 旋轉條的旋轉角度
18 | private var poleLayer: CAGradientLayer? // 記錄Layer層
| `- error: 'CAGradientLayer' is unavailable in watchOS
19 | }
20 |
/Applications/Xcode-27.0.0-Release.Candidate.app/Contents/Developer/Platforms/WatchOS.platform/Developer/SDKs/WatchOS27.0.sdk/System/Library/Frameworks/QuartzCore.framework/Headers/CAGradientLayer.h:20:12: note: 'CAGradientLayer' has been explicitly marked unavailable here
18 |
19 | API_AVAILABLE(macos(10.6), ios(3.0), tvos(9.0)) API_UNAVAILABLE(watchos)
20 | @interface CAGradientLayer : CALayer
| `- note: 'CAGradientLayer' has been explicitly marked unavailable here
21 |
22 | /* The array of CGColorRef objects defining the color of each gradient
/Users/admin/builder/spi-builder-workspace/.dependencies/checkouts/WWBarberPoleView/Sources/WWBarberPoleView/WWBarberPoleView.swift:11:30: error: 'UIView' is unavailable in watchOS
9 |
10 | // MARK: - 三色柱效果
11 | open class WWBarberPoleView: UIView {
| `- error: 'UIView' is unavailable in watchOS
12 |
13 | private let earlyBeginTime = 1000.0 // 提前開始的時間 (避免一開始沒有旋轉條)
/Applications/Xcode-27.0.0-Release.Candidate.app/Contents/Developer/Platforms/WatchOS.platform/Developer/SDKs/WatchOS27.0.sdk/System/Library/Frameworks/UIKit.framework/Headers/UIView.h:152:12: note: 'UIView' has been explicitly marked unavailable here
150 |
151 | UIKIT_EXTERN API_AVAILABLE(ios(2.0)) API_UNAVAILABLE(watchos) NS_SWIFT_UI_ACTOR
152 | @interface UIView : UIResponder <NSCoding, UIAppearance, UIAppearanceContainer, UIDynamicItem, UITraitEnvironment, UICoordinateSpace, UIFocusItem, UIFocusItemContainer, CALayerDelegate>
| `- note: 'UIView' has been explicitly marked unavailable here
153 |
154 | @property(class, nonatomic, readonly) Class layerClass; // default is [CALayer class]. Used when creating the underlying layer for the view.
/Users/admin/builder/spi-builder-workspace/.dependencies/checkouts/WWBarberPoleView/Sources/WWBarberPoleView/WWBarberPoleView.swift:99:151: error: 'CABasicAnimation' is unavailable in watchOS
97 | /// - spacing: 旋轉條的間隔
98 | /// - Returns: CABasicAnimation
99 | func animationMaker(with index: Int, direction: Direction, duration: CGFloat, count: Int, position: CGPoint, width: CGFloat, spacing: CGFloat) -> CABasicAnimation {
| `- error: 'CABasicAnimation' is unavailable in watchOS
100 |
101 | let keyPath: String
/Applications/Xcode-27.0.0-Release.Candidate.app/Contents/Developer/Platforms/WatchOS.platform/Developer/SDKs/WatchOS27.0.sdk/System/Library/Frameworks/QuartzCore.framework/Headers/CAAnimation.h:130:12: note: 'CABasicAnimation' has been explicitly marked unavailable here
128 |
129 | API_AVAILABLE(macos(10.5), ios(2.0), tvos(9.0)) API_UNAVAILABLE(watchos)
130 | @interface CABasicAnimation : CAPropertyAnimation
| `- note: 'CABasicAnimation' has been explicitly marked unavailable here
131 |
132 | /* The objects defining the property values being interpolated between.
/Users/admin/builder/spi-builder-workspace/.dependencies/checkouts/WWBarberPoleView/Sources/WWBarberPoleView/WWBarberPoleView.swift:138:105: error: 'CAGradientLayer' is unavailable in watchOS
136 | /// - colors: 顏色
137 | /// - Returns: CAGradientLayer
138 | func generalLayerMaker(with index: Int, direction: Direction, width: CGFloat, colors: [UIColor]) -> CAGradientLayer {
| `- error: 'CAGradientLayer' is unavailable in watchOS
139 |
140 | let layer = CAGradientLayer()
/Applications/Xcode-27.0.0-Release.Candidate.app/Contents/Developer/Platforms/WatchOS.platform/Developer/SDKs/WatchOS27.0.sdk/System/Library/Frameworks/QuartzCore.framework/Headers/CAGradientLayer.h:20:12: note: 'CAGradientLayer' has been explicitly marked unavailable here
18 |
19 | API_AVAILABLE(macos(10.6), ios(3.0), tvos(9.0)) API_UNAVAILABLE(watchos)
20 | @interface CAGradientLayer : CALayer
| `- note: 'CAGradientLayer' has been explicitly marked unavailable here
21 |
22 | /* The array of CGColorRef objects defining the color of each gradient
/Users/admin/builder/spi-builder-workspace/.dependencies/checkouts/WWBarberPoleView/Sources/WWBarberPoleView/WWBarberPoleView.swift:176:146: error: 'CAGradientLayer' is unavailable in watchOS
174 | /// - endPoint: 漸層方向結束點
175 | /// - Returns: CALayer
176 | func gradientLayerMaker(with index: Int, direction: Direction, width: CGFloat, colors: [UIColor], startPoint: CGPoint, endPoint: CGPoint) -> CAGradientLayer {
| `- error: 'CAGradientLayer' is unavailable in watchOS
177 |
178 | let layer = generalLayerMaker(with: index, direction: direction, width: width, colors: colors)
/Applications/Xcode-27.0.0-Release.Candidate.app/Contents/Developer/Platforms/WatchOS.platform/Developer/SDKs/WatchOS27.0.sdk/System/Library/Frameworks/QuartzCore.framework/Headers/CAGradientLayer.h:20:12: note: 'CAGradientLayer' has been explicitly marked unavailable here
18 |
19 | API_AVAILABLE(macos(10.6), ios(3.0), tvos(9.0)) API_UNAVAILABLE(watchos)
20 | @interface CAGradientLayer : CALayer
| `- note: 'CAGradientLayer' has been explicitly marked unavailable here
21 |
22 | /* The array of CGColorRef objects defining the color of each gradient
/Users/admin/builder/spi-builder-workspace/.dependencies/checkouts/WWBarberPoleView/Sources/WWBarberPoleView/WWBarberPoleView.swift:44:28: error: 'CAGradientLayer' is unavailable in watchOS
42 | for index in 0..<count {
43 |
44 | let poleLayer: CAGradientLayer
| `- error: 'CAGradientLayer' is unavailable in watchOS
45 |
46 | switch colorType {
/Applications/Xcode-27.0.0-Release.Candidate.app/Contents/Developer/Platforms/WatchOS.platform/Developer/SDKs/WatchOS27.0.sdk/System/Library/Frameworks/QuartzCore.framework/Headers/CAGradientLayer.h:20:12: note: 'CAGradientLayer' has been explicitly marked unavailable here
18 |
19 | API_AVAILABLE(macos(10.6), ios(3.0), tvos(9.0)) API_UNAVAILABLE(watchos)
20 | @interface CAGradientLayer : CALayer
| `- note: 'CAGradientLayer' has been explicitly marked unavailable here
21 |
22 | /* The array of CGColorRef objects defining the color of each gradient
/Users/admin/builder/spi-builder-workspace/.dependencies/checkouts/WWBarberPoleView/Sources/WWBarberPoleView/WWBarberPoleView.swift:104:30: error: 'CAMediaTimingFunction' is unavailable in watchOS
102 | let fromValue: CGFloat
103 | let toValue: CGFloat
104 | let timingFunction = CAMediaTimingFunction(name: .linear)
| `- error: 'CAMediaTimingFunction' is unavailable in watchOS
105 | let beginTime = CACurrentMediaTime() + (duration / Double(count)) * Double(index) - earlyBeginTime
106 |
/Applications/Xcode-27.0.0-Release.Candidate.app/Contents/Developer/Platforms/WatchOS.platform/Developer/SDKs/WatchOS27.0.sdk/System/Library/Frameworks/QuartzCore.framework/Headers/CAMediaTimingFunction.h:24:12: note: 'CAMediaTimingFunction' has been explicitly marked unavailable here
22 |
23 | API_AVAILABLE(macos(10.5), ios(2.0), tvos(9.0)) API_UNAVAILABLE(watchos)
24 | @interface CAMediaTimingFunction : NSObject <NSSecureCoding>
| `- note: 'CAMediaTimingFunction' has been explicitly marked unavailable here
25 | {
26 | @private
/Users/admin/builder/spi-builder-workspace/.dependencies/checkouts/WWBarberPoleView/Sources/WWBarberPoleView/WWBarberPoleView.swift:104:59: error: 'linear' is unavailable in watchOS
102 | let fromValue: CGFloat
103 | let toValue: CGFloat
104 | let timingFunction = CAMediaTimingFunction(name: .linear)
| `- error: 'linear' is unavailable in watchOS
105 | let beginTime = CACurrentMediaTime() + (duration / Double(count)) * Double(index) - earlyBeginTime
106 |
/Applications/Xcode-27.0.0-Release.Candidate.app/Contents/Developer/Platforms/WatchOS.platform/Developer/SDKs/WatchOS27.0.sdk/System/Library/Frameworks/QuartzCore.framework/Headers/CAMediaTimingFunction.h:54:43: note: 'linear' has been explicitly marked unavailable here
52 | /** Timing function names. **/
53 |
54 | CA_EXTERN CAMediaTimingFunctionName const kCAMediaTimingFunctionLinear
| `- note: 'linear' has been explicitly marked unavailable here
55 | API_AVAILABLE(macos(10.5), ios(2.0), tvos(9.0)) API_UNAVAILABLE(watchos);
56 | CA_EXTERN CAMediaTimingFunctionName const kCAMediaTimingFunctionEaseIn
SwiftCompile normal arm64_32 Compiling\ resource_bundle_accessor.swift /Users/admin/builder/spi-builder-workspace/.derivedData/Build/Intermediates.noindex/WWBarberPoleView.build/Debug-watchos/WWBarberPoleView-t.build/DerivedSources/resource_bundle_accessor.swift (in target 'WWBarberPoleView' from project 'WWBarberPoleView')
SwiftCompile normal arm64_32 /Users/admin/builder/spi-builder-workspace/.derivedData/Build/Intermediates.noindex/WWBarberPoleView.build/Debug-watchos/WWBarberPoleView-t.build/DerivedSources/resource_bundle_accessor.swift (in target 'WWBarberPoleView' from project 'WWBarberPoleView')
cd /Users/admin/builder/spi-builder-workspace/.swiftpm/xcode
builtin-SwiftPerFileCompile resource_bundle_accessor.swift
PruneExplicitPrecompiledModules /Users/admin/builder/spi-builder-workspace/.derivedData/Build/Intermediates.noindex/ExplicitPrecompiledModules
PruneExplicitPrecompiledModules /Users/admin/builder/spi-builder-workspace/.derivedData/SDKExplicitPrecompiledModules
PruneExplicitPrecompiledModules /Users/admin/builder/spi-builder-workspace/.derivedData/Build/Intermediates.noindex/SwiftExplicitPrecompiledModules
2026-09-21 11:07:42.200 xcodebuild[840:5036] [MT] IDERunDestination: Supported platforms for the buildables in the current scheme is empty.
** BUILD FAILED **
The following build commands failed:
SwiftEmitModule normal arm64 Emitting\ module\ for\ WWBarberPoleView (in target 'WWBarberPoleView' from project 'WWBarberPoleView')
SwiftCompile normal arm64 (in target 'WWBarberPoleView' from project 'WWBarberPoleView')
SwiftEmitModule normal arm64_32 Emitting\ module\ for\ WWBarberPoleView (in target 'WWBarberPoleView' from project 'WWBarberPoleView')
SwiftCompile normal arm64_32 (in target 'WWBarberPoleView' from project 'WWBarberPoleView')
Building workspace WWSkeletonView with scheme WWSkeletonView
(5 failures)
BUILD FAILURE 6.4 watchOS