The Swift Package Index logo.Swift Package Index

Build Information

Failed to build swift-signal-handling, reference 1.2.0 (a5798b), with Swift 6.2 for Wasm on 24 Oct 2026 02:30:12 UTC.

Build Command

bash -c docker run --pull=always --rm -v "checkouts-53886770-0":/host -w "$PWD" -e JAVA_HOME="/root/.sdkman/candidates/java/current" -e SPI_BUILD="1" -e SPI_PROCESSING="1" registry.gitlab.com/saguaro1/spi-images:wasm-6.2-latest swift build --swift-sdk swift-6.2-RELEASE_wasm 2>&1

Build Log

========================================
RunAll
========================================
Builder version: 5.1.3
Interrupt handler set up.
========================================
Checkout
========================================
Clone URL: https://github.com/xcode-actions/swift-signal-handling.git
Reference: 1.2.0
Initialized empty Git repository in /host/spi-builder-workspace/.git/
hint: Using 'master' as the name for the initial branch. This default branch name
hint: is subject to change. To configure the initial branch name to use in all
hint: of your new repositories, which will suppress this warning, call:
hint:
hint: 	git config --global init.defaultBranch <name>
hint:
hint: Names commonly chosen instead of 'master' are 'main', 'trunk' and
hint: 'development'. The just-created branch can be renamed via this command:
hint:
hint: 	git branch -m <name>
From https://github.com/xcode-actions/swift-signal-handling
 * tag               1.2.0      -> FETCH_HEAD
HEAD is now at a5798bb Remove Package.resolved from git
Cloned https://github.com/xcode-actions/swift-signal-handling.git
Revision (git rev-parse @):
a5798bb1b1fa86df856b021bfd75513097a945a4
SUCCESS checkout https://github.com/xcode-actions/swift-signal-handling.git at 1.2.0
========================================
Build
========================================
Selected platform:         wasm
Swift version:             6.2
Building package at path:  $PWD
https://github.com/xcode-actions/swift-signal-handling.git
Running build ...
bash -c docker run --pull=always --rm -v "checkouts-53886770-0":/host -w "$PWD" -e JAVA_HOME="/root/.sdkman/candidates/java/current" -e SPI_BUILD="1" -e SPI_PROCESSING="1" registry.gitlab.com/saguaro1/spi-images:wasm-6.2-latest swift build --swift-sdk swift-6.2-RELEASE_wasm 2>&1
wasm-6.2-latest: Pulling from saguaro1/spi-images
Digest: sha256:c2cc4df169d3c45015ced899e997f329be5fc90bdbfce388bd8981e1ea44d639
Status: Image is up to date for registry.gitlab.com/saguaro1/spi-images:wasm-6.2-latest
Fetching https://github.com/Frizlab/GlobalConfModule.git
Fetching https://github.com/apple/swift-log.git
Fetching https://github.com/apple/swift-system.git
Fetching https://github.com/apple/swift-argument-parser.git
Fetching https://github.com/xcode-actions/clt-logger.git
[1/677] Fetching globalconfmodule
[678/9050] Fetching globalconfmodule, swift-log
[679/9919] Fetching globalconfmodule, swift-log, clt-logger
[9634/29203] Fetching globalconfmodule, swift-log, clt-logger, swift-argument-parser
[9835/36576] Fetching globalconfmodule, swift-log, clt-logger, swift-argument-parser, swift-system
Fetched https://github.com/Frizlab/GlobalConfModule.git from cache (0.56s)
[10723/35899] Fetching swift-log, clt-logger, swift-argument-parser, swift-system
Fetched https://github.com/apple/swift-log.git from cache (0.56s)
[2645/27526] Fetching clt-logger, swift-argument-parser, swift-system
Fetched https://github.com/xcode-actions/clt-logger.git from cache (0.66s)
[19330/26657] Fetching swift-argument-parser, swift-system
Fetched https://github.com/apple/swift-system.git from cache (0.84s)
Fetched https://github.com/apple/swift-argument-parser.git from cache (0.84s)
Computing version for https://github.com/xcode-actions/clt-logger.git
Computed https://github.com/xcode-actions/clt-logger.git at 1.0.0 (0.98s)
Computing version for https://github.com/Frizlab/GlobalConfModule.git
Computed https://github.com/Frizlab/GlobalConfModule.git at 0.4.5 (0.13s)
Fetching https://github.com/swiftlang/swift-syntax.git
Fetching https://github.com/apple/swift-service-context.git
[1/1540] Fetching swift-service-context
[1541/82612] Fetching swift-service-context, swift-syntax
Fetched https://github.com/apple/swift-service-context.git from cache (3.44s)
Fetched https://github.com/swiftlang/swift-syntax.git from cache (3.46s)
Computing version for https://github.com/apple/swift-service-context.git
Computed https://github.com/apple/swift-service-context.git at 1.5.1 (3.61s)
Fetching https://github.com/apple/swift-distributed-tracing.git
[1/6691] Fetching swift-distributed-tracing
Fetched https://github.com/apple/swift-distributed-tracing.git from cache (0.59s)
Computing version for https://github.com/apple/swift-distributed-tracing.git
Computed https://github.com/apple/swift-distributed-tracing.git at 1.7.2 (0.72s)
Computing version for https://github.com/swiftlang/swift-syntax.git
Computed https://github.com/swiftlang/swift-syntax.git at 603.0.2 (0.92s)
Computing version for https://github.com/apple/swift-system.git
Computed https://github.com/apple/swift-system.git at 1.8.1 (0.16s)
Computing version for https://github.com/apple/swift-argument-parser.git
Computed https://github.com/apple/swift-argument-parser.git at 1.8.2 (0.13s)
Computing version for https://github.com/apple/swift-log.git
Computed https://github.com/apple/swift-log.git at 1.16.2 (0.13s)
Creating working copy for https://github.com/Frizlab/GlobalConfModule.git
Working copy of https://github.com/Frizlab/GlobalConfModule.git resolved at 0.4.5
Creating working copy for https://github.com/swiftlang/swift-syntax.git
Working copy of https://github.com/swiftlang/swift-syntax.git resolved at 603.0.2
Creating working copy for https://github.com/apple/swift-log.git
Working copy of https://github.com/apple/swift-log.git resolved at 1.16.2
Creating working copy for https://github.com/apple/swift-distributed-tracing.git
Working copy of https://github.com/apple/swift-distributed-tracing.git resolved at 1.7.2
Creating working copy for https://github.com/apple/swift-system.git
Working copy of https://github.com/apple/swift-system.git resolved at 1.8.1
Creating working copy for https://github.com/apple/swift-argument-parser.git
Working copy of https://github.com/apple/swift-argument-parser.git resolved at 1.8.2
Creating working copy for https://github.com/xcode-actions/clt-logger.git
Working copy of https://github.com/xcode-actions/clt-logger.git resolved at 1.0.0
Creating working copy for https://github.com/apple/swift-service-context.git
Working copy of https://github.com/apple/swift-service-context.git resolved at 1.5.1
[1/1] Compiling plugin GenerateManual
[2/2] Compiling plugin GenerateDoccReference
Building for debugging...
[2/69] Write sources
[32/69] Compiling CSystem shims.c
[33/69] Compiling _SwiftSyntaxCShims PlatformMutex.c
[34/69] Write swift-version-24593BA9C3E375BF.txt
[36/129] Emitting module SwiftSyntax509
[37/129] Compiling SwiftSyntax509 Empty.swift
[39/130] Emitting module SwiftSyntax600
[40/130] Compiling SwiftSyntax600 Empty.swift
[42/131] Emitting module SwiftSyntax602
[43/131] Compiling SwiftSyntax602 Empty.swift
[44/142] Wrapping AST for SwiftSyntax600 for debugging
[45/142] Wrapping AST for SwiftSyntax602 for debugging
[47/142] Compiling Instrumentation MultiplexInstrument.swift
[48/142] Compiling Instrumentation InstrumentationContextKey.swift
[48/142] Wrapping AST for SwiftSyntax509 for debugging
[50/142] Emitting module Instrumentation
[51/142] Compiling Instrumentation InstrumentationContext.swift
[52/142] Compiling Instrumentation Instrument.swift
[53/142] Emitting module SwiftSyntax510
[54/142] Compiling SwiftSyntax510 Empty.swift
[55/143] Emitting module SwiftSyntax603
[56/143] Compiling SwiftSyntax603 Empty.swift
[59/144] Compiling Logging Logger+With.swift
[60/145] Emitting module SystemPackage
[61/145] Compiling Logging LoggingSystem.swift
[62/150] Compiling SystemPackage FileOperations.swift
[63/150] Compiling SystemPackage FilePath.swift
[63/150] Wrapping AST for SwiftSyntax510 for debugging
[64/150] Wrapping AST for SwiftSyntax603 for debugging
[66/150] Emitting module SwiftSyntax601
[67/150] Compiling SwiftSyntax601 Empty.swift
[68/151] Wrapping AST for SwiftSyntax601 for debugging
[70/214] Compiling Logging Logger+Attributes.swift
[71/214] Compiling Logging Logger.swift
[72/214] Compiling SwiftSyntax MissingNodeInitializers.swift
[73/214] Compiling SwiftSyntax RawSyntax.swift
[74/214] Compiling SwiftSyntax SyntaxIdentifier.swift
[75/214] Compiling SwiftSyntax SyntaxNodeStructure.swift
[76/214] Compiling SwiftSyntax SyntaxProtocol.swift
[77/214] Compiling SwiftSyntax SyntaxText.swift
[78/214] Compiling SwiftSyntax SyntaxTreeViewMode.swift
[79/214] Compiling SwiftSyntax CustomTraits.swift
[80/214] Compiling SwiftSyntax EditorPlaceholder.swift
[81/214] Compiling SwiftSyntax SourceLength.swift
[82/214] Compiling SwiftSyntax SourceLocation.swift
[83/214] Compiling SwiftSyntax SourcePresence.swift
[84/214] Compiling SwiftSyntax SwiftSyntaxCompatibility.swift
[85/214] Compiling SwiftSyntax Syntax.swift
[86/214] Compiling SwiftSyntax SyntaxChildren.swift
[87/214] Compiling SwiftSyntax SyntaxCollection.swift
[88/214] Compiling SwiftSyntax SyntaxHashable.swift
[89/214] Compiling Instrumentation InstrumentationSystem.swift
[90/214] Compiling Instrumentation Locks.swift
[91/214] Compiling Instrumentation NoOpInstrument.swift
[92/215] Wrapping AST for Instrumentation for debugging
[94/217] Compiling SwiftSyntax TokenDiagnostic.swift
[95/217] Compiling SwiftSyntax TokenSequence.swift
[96/217] Compiling SwiftSyntax TokenSyntax.swift
[97/217] Compiling SwiftSyntax Trivia.swift
[98/217] Compiling SwiftSyntax Utils.swift
[99/217] Emitting module ArgumentParserToolInfo
[100/217] Compiling ArgumentParserToolInfo ToolInfo.swift
[101/218] Emitting module Logging
[102/218] Compiling SwiftSyntax Identifier.swift
[103/218] Compiling SwiftSyntax MemoryLayout.swift
[105/218] Compiling Logging MetadataProvider.swift
[106/218] Emitting module ServiceContextModule
[107/218] Compiling SwiftSyntax RawSyntaxNodeProtocol.swift
[108/218] Compiling ServiceContextModule ServiceContextModule.swift
[109/218] Compiling SwiftSyntax RawSyntaxTokenView.swift
[110/218] Compiling SwiftSyntax SourceEdit.swift
[111/218] Compiling SwiftSyntax AbsolutePosition.swift
[112/218] Compiling SwiftSyntax AbsoluteSyntaxInfo.swift
[117/219] Compiling SwiftSyntax RawSyntaxArena.swift
[118/219] Compiling SwiftSyntax RawSyntaxLayoutView.swift
[119/219] Compiling SwiftSyntax ArenaAllocatedBuffer.swift
[120/219] Compiling SwiftSyntax Assert.swift
[121/219] Compiling SwiftSyntax BumpPtrAllocator.swift
[122/219] Compiling SwiftSyntax CommonAncestor.swift
[123/220] Compiling SwiftSyntax Convenience.swift
[125/220] Wrapping AST for ArgumentParserToolInfo for debugging
[126/221] Wrapping AST for ServiceContextModule for debugging
[127/221] Wrapping AST for Logging for debugging
[129/279] Compiling ServiceContextModuleCompatibility Reexport.swift
[130/279] Emitting module ServiceContextModuleCompatibility
[131/280] Compiling ArgumentParser SequenceExtensions.swift
[132/280] Compiling ArgumentParser StringExtensions.swift
[133/280] Compiling ArgumentParser SwiftExtensions.swift
[134/280] Compiling ArgumentParser Tree.swift
[135/280] Compiling ArgumentParser HelpCommand.swift
[137/281] Wrapping AST for ServiceContextModuleCompatibility for debugging
[138/281] Wrapping AST for SystemPackage for debugging
[140/281] Compiling ArgumentParser CommandConfiguration.swift
[141/281] Compiling ArgumentParser CommandGroup.swift
[142/281] Compiling ArgumentParser EnumerableFlag.swift
[143/281] Compiling ArgumentParser ExpressibleByArgument.swift
[144/281] Compiling ArgumentParser ParsableArguments.swift
[145/281] Compiling ArgumentParser ArgumentVisibility.swift
[146/281] Compiling ArgumentParser CompletionKind.swift
[147/281] Compiling ArgumentParser Errors.swift
[148/281] Compiling ArgumentParser Flag.swift
[149/289] Compiling CLTLogger DummySendable.swift
[150/289] Compiling CLTLogger Emoji.swift
[151/289] Compiling CLTLogger CLTLogger+WithSendable.swift
[152/289] Compiling CLTLogger CLTLogger.swift
[153/289] Compiling ArgumentParser Argument.swift
[154/289] Compiling ArgumentParser ArgumentDiscussion.swift
[155/289] Compiling ArgumentParser ArgumentHelp.swift
[156/289] Compiling ArgumentParser ParentCommand.swift
[157/289] Compiling ArgumentParser AsyncParsableCommand.swift
[158/289] Emitting module ArgumentParser
[159/295] Compiling ArgumentParser Mutex.swift
[160/295] Compiling ArgumentParser Platform.swift
[165/295] Compiling CLTLogger Scanner+OldOS.swift
[166/296] Compiling CLTLogger EmojiSet.swift
[171/296] Emitting module CLTLogger
[172/296] Compiling ArgumentParser NameSpecification.swift
[173/296] Compiling ArgumentParser Option.swift
[174/296] Compiling ArgumentParser OptionGroup.swift
[175/296] Compiling ArgumentParser ParsableCommand.swift
[176/296] Compiling ArgumentParser ArgumentDecoder.swift
[177/296] Compiling ArgumentParser ArgumentDefinition.swift
[178/296] Compiling ArgumentParser ArgumentSet.swift
[179/296] Compiling ArgumentParser CommandParser.swift
[180/296] Compiling ArgumentParser InputKey.swift
[181/296] Compiling CLTLogger String+Utils.swift
[182/296] Compiling CLTLogger OutputEnvironment.swift
[183/296] Compiling CLTLogger NSLock+withLock.swift
[184/296] Compiling CLTLogger SGR.swift
[185/297] Wrapping AST for CLTLogger for debugging
[187/297] Compiling ArgumentParser AsyncCompletionsValidator.swift
[188/297] Compiling ArgumentParser CodingKeyValidator.swift
[189/297] Compiling ArgumentParser NonsenseFlagsValidator.swift
[190/297] Compiling ArgumentParser ParsableArgumentsValidation.swift
[191/297] Compiling ArgumentParser PositionalArgumentsValidator.swift
[192/297] Compiling ArgumentParser UniqueNamesValidator.swift
[193/297] Compiling ArgumentParser Name.swift
[194/297] Compiling ArgumentParser Parsed.swift
[195/297] Compiling ArgumentParser ParsedValues.swift
[196/297] Compiling ArgumentParser ParserError.swift
[197/297] Compiling ArgumentParser SplitArguments.swift
[198/297] Compiling ArgumentParser DumpHelpGenerator.swift
[200/297] Compiling ArgumentParser HelpGenerator.swift
[201/297] Compiling ArgumentParser MessageInfo.swift
[202/297] Compiling ArgumentParser UsageGenerator.swift
[203/297] Compiling ArgumentParser CollectionExtensions.swift
[204/297] Compiling ArgumentParser Foundation.swift
[232/297] Compiling ArgumentParser InputOrigin.swift
[233/298] Wrapping AST for ArgumentParser for debugging
[235/298] Emitting module SwiftSyntax
[245/298] Compiling SwiftSyntax RawSyntaxNodesEF.swift
[246/298] Compiling SwiftSyntax RawSyntaxNodesGHI.swift
[247/298] Compiling SwiftSyntax RawSyntaxNodesJKLMN.swift
[248/298] Compiling SwiftSyntax RawSyntaxNodesOP.swift
[249/298] Compiling SwiftSyntax RawSyntaxNodesQRS.swift
[250/298] Compiling SwiftSyntax RawSyntaxNodesTUVWXYZ.swift
[251/298] Compiling SwiftSyntax RawSyntaxValidation.swift
[252/298] Compiling SwiftSyntax SyntaxNodesAB.swift
[260/298] Compiling SwiftSyntax SyntaxEnum.swift
[261/298] Compiling SwiftSyntax SyntaxKind.swift
[271/298] Compiling SwiftSyntax SyntaxNodesC.swift
[272/298] Compiling SwiftSyntax SyntaxNodesD.swift
[273/298] Compiling SwiftSyntax SyntaxNodesEF.swift
[274/298] Compiling SwiftSyntax SyntaxNodesGHI.swift
[275/298] Compiling SwiftSyntax SyntaxNodesJKLMN.swift
[276/298] Compiling SwiftSyntax SyntaxNodesOP.swift
[277/298] Compiling SwiftSyntax SyntaxNodesQRS.swift
[278/298] Compiling SwiftSyntax SyntaxNodesTUVWXYZ.swift
[279/316] Wrapping AST for SwiftSyntax for debugging
[281/358] Compiling SwiftDiagnostics Message.swift
[282/359] Compiling SwiftBasicFormat SyntaxProtocol+Formatted.swift
[283/359] Compiling SwiftBasicFormat Trivia+FormatExtensions.swift
[284/359] Emitting module SwiftDiagnostics
[285/359] Compiling SwiftParser Attributes.swift
[286/359] Compiling SwiftParser Availability.swift
[287/359] Compiling SwiftDiagnostics Note.swift
[288/359] Compiling SwiftParser CharacterInfo.swift
[289/359] Compiling SwiftParser CollectionNodes+Parsable.swift
[290/359] Compiling SwiftDiagnostics DiagnosticDecorator.swift
[291/359] Compiling SwiftDiagnostics DiagnosticsFormatter.swift
[292/359] Compiling SwiftDiagnostics FixIt.swift
[293/359] Compiling SwiftDiagnostics GroupedDiagnostics.swift
[294/360] Compiling SwiftBasicFormat Syntax+Extensions.swift
[295/360] Compiling SwiftBasicFormat Indenter.swift
[296/360] Compiling SwiftBasicFormat InferIndentation.swift
[297/360] Wrapping AST for SwiftDiagnostics for debugging
[299/360] Emitting module SwiftBasicFormat
[300/360] Compiling SwiftBasicFormat BasicFormat.swift
[301/361] Wrapping AST for SwiftBasicFormat for debugging
[303/361] Emitting module SwiftParser
[304/366] Compiling SwiftParser Lexeme.swift
[305/366] Compiling SwiftParser LexemeSequence.swift
[306/366] Compiling SwiftParser Lexer.swift
[307/366] Compiling SwiftParser RegexLiteralLexer.swift
[308/366] Compiling SwiftParser UnicodeScalarExtensions.swift
[309/366] Compiling SwiftParser Lookahead.swift
[310/366] Compiling SwiftParser StringLiterals.swift
[311/366] Compiling SwiftParser SwiftParserCompatibility.swift
[312/366] Compiling SwiftParser SwiftVersion.swift
[313/366] Compiling SwiftParser SyntaxUtils.swift
[314/366] Compiling SwiftParser TokenConsumer.swift
[315/366] Compiling SwiftParser TokenPrecedence.swift
[316/366] Compiling SwiftParser TokenSpec.swift
[317/366] Compiling SwiftParser TokenSpecSet.swift
[318/366] Compiling SwiftParser TopLevel.swift
[319/366] Compiling SwiftParser TriviaParser.swift
[320/366] Compiling SwiftParser Types.swift
[321/366] Compiling SwiftParser LoopProgressCondition.swift
[322/366] Compiling SwiftParser Modifiers.swift
[323/366] Compiling SwiftParser Names.swift
[324/366] Compiling SwiftParser Nominals.swift
[325/366] Compiling SwiftParser Parameters.swift
[326/366] Compiling SwiftParser ParseSourceFile.swift
[327/366] Compiling SwiftParser Parser.swift
[328/366] Compiling SwiftParser Patterns.swift
[329/366] Compiling SwiftParser Recovery.swift
[330/366] Compiling SwiftParser Specifiers.swift
[331/366] Compiling SwiftParser Statements.swift
[332/366] Compiling SwiftParser StringLiteralRepresentedLiteralValue.swift
[337/366] Compiling SwiftParser CompilerFiles.swift
[338/366] Compiling SwiftParser Declarations.swift
[339/366] Compiling SwiftParser Directives.swift
[340/366] Compiling SwiftParser ExpressionInterpretedAsVersionTuple.swift
[341/366] Compiling SwiftParser Expressions.swift
[342/366] Compiling SwiftParser IncrementalParseTransition.swift
[343/366] Compiling SwiftParser IsValidIdentifier.swift
[344/366] Compiling SwiftParser Cursor.swift
[345/366] Compiling SwiftParser ExperimentalFeatures.swift
[346/366] Compiling SwiftParser IsLexerClassified.swift
[347/366] Compiling SwiftParser LayoutNodes+Parsable.swift
[348/366] Compiling SwiftParser Parser+TokenSpecSet.swift
[349/366] Compiling SwiftParser TokenSpecStaticMembers.swift
[350/367] Wrapping AST for SwiftParser for debugging
[352/390] Compiling SwiftParserDiagnostics SyntaxKindNameForDiagnostics.swift
[353/391] Compiling SwiftParserDiagnostics TokenNameForDiagnostics.swift
[354/391] Compiling SwiftOperators PrecedenceGraph.swift
[355/391] Compiling SwiftOperators PrecedenceGroup.swift
[356/392] Compiling SwiftOperators OperatorTable.swift
[357/392] Compiling SwiftParserDiagnostics SyntaxExtensions.swift
[358/392] Compiling SwiftParserDiagnostics Utils.swift
[359/392] Emitting module SwiftOperators
[360/392] Compiling SwiftParserDiagnostics ParserDiagnosticMessages.swift
[361/392] Compiling SwiftParserDiagnostics PresenceUtils.swift
[362/392] Compiling SwiftOperators OperatorTable+Folding.swift
[363/392] Compiling SwiftParserDiagnostics DiagnosticExtensions.swift
[364/392] Compiling SwiftParserDiagnostics LexerDiagnosticMessages.swift
[365/392] Compiling SwiftOperators OperatorTable+Semantics.swift
[366/392] Compiling SwiftOperators SyntaxSynthesis.swift
[367/393] Wrapping AST for SwiftOperators for debugging
[369/393] Compiling SwiftParserDiagnostics ChildNameForDiagnostics.swift
[372/393] Compiling SwiftParserDiagnostics MissingNodesError.swift
[373/393] Compiling SwiftParserDiagnostics MissingTokenError.swift
[374/393] Compiling SwiftParserDiagnostics MultiLineStringLiteralDiagnosticsGenerator.swift
[375/393] Compiling SwiftParserDiagnostics ParseDiagnosticsGenerator.swift
[376/393] Emitting module SwiftParserDiagnostics
[379/394] Wrapping AST for SwiftParserDiagnostics for debugging
[381/409] Compiling SwiftSyntaxBuilder SyntaxParsable+ExpressibleByStringInterpolation.swift
[382/409] Compiling SwiftSyntaxBuilder ValidatingSyntaxNodes.swift
[383/410] Compiling SwiftSyntaxBuilder SyntaxExpressibleByStringInterpolationConformances.swift
[384/410] Compiling SwiftSyntaxBuilder WithTrailingCommaSyntax+EnsuringTrailingComma.swift
[385/410] Compiling SwiftSyntaxBuilder BuildableNodes.swift
[386/410] Compiling SwiftSyntaxBuilder Syntax+StringInterpolation.swift
[387/410] Compiling SwiftSyntaxBuilder SyntaxNodeWithBody.swift
[388/410] Compiling SwiftSyntaxBuilder ConvenienceInitializers.swift
[389/410] Compiling SwiftSyntaxBuilder DeclSyntaxParseable.swift
[390/410] Emitting module SwiftSyntaxBuilder
[391/410] Compiling SwiftSyntaxBuilder Indenter.swift
[392/410] Compiling SwiftSyntaxBuilder ListBuilder.swift
[393/410] Compiling SwiftSyntaxBuilder ResultBuilderExtensions.swift
[394/410] Compiling SwiftSyntaxBuilder SwiftSyntaxBuilderCompatibility.swift
[395/410] Compiling SwiftSyntaxBuilder RenamedChildrenBuilderCompatibility.swift
[396/410] Compiling SwiftSyntaxBuilder ResultBuilders.swift
[397/411] Wrapping AST for SwiftSyntaxBuilder for debugging
[399/426] Compiling SwiftIfConfig SyntaxProtocol+IfConfig.swift
[400/426] Compiling SwiftIfConfig VersionTuple+Parsing.swift
[401/427] Compiling SwiftIfConfig StaticBuildConfiguration.swift
[402/427] Compiling SwiftIfConfig SyntaxLiteralUtils.swift
[403/427] Compiling SwiftIfConfig VersionTuple.swift
[404/427] Compiling SwiftIfConfig ActiveSyntaxVisitor.swift
[405/427] Compiling SwiftIfConfig BuildConfiguration.swift
[406/427] Compiling SwiftIfConfig ActiveClauseEvaluator.swift
[407/427] Compiling SwiftIfConfig ActiveSyntaxRewriter.swift
[408/427] Compiling SwiftIfConfig IfConfigDiagnostic.swift
[409/427] Compiling SwiftIfConfig IfConfigEvaluation.swift
[410/427] Compiling SwiftIfConfig IfConfigFunctions.swift
[411/427] Compiling SwiftIfConfig IfConfigRegionState.swift
[412/427] Compiling SwiftIfConfig ConfiguredRegions.swift
[413/427] Compiling SwiftIfConfig IfConfigDecl+IfConfig.swift
[414/427] Emitting module SwiftIfConfig
[415/428] Wrapping AST for SwiftIfConfig for debugging
[417/445] Compiling SwiftSyntaxMacros MemberMacro.swift
[418/445] Compiling SwiftSyntaxMacros PeerMacro.swift
[419/447] Emitting module SwiftSyntaxMacros
[420/447] Compiling SwiftSyntaxMacros ExpressionMacro.swift
[421/447] Compiling SwiftSyntaxMacros ExtensionMacro.swift
[422/447] Compiling SwiftSyntaxMacros FreestandingMacro.swift
[423/447] Compiling SwiftSyntaxMacros Macro+Format.swift
[424/447] Compiling SwiftSyntaxMacros AccessorMacro.swift
[425/447] Compiling SwiftSyntaxMacros AttachedMacro.swift
[426/447] Compiling SwiftSyntaxMacros BodyMacro.swift
[427/447] Compiling SwiftSyntaxMacros Macro.swift
[428/447] Compiling SwiftSyntaxMacros MemberAttributeMacro.swift
[429/447] Compiling SwiftSyntaxMacros CodeItemMacro.swift
[430/447] Compiling SwiftSyntaxMacros DeclarationMacro.swift
[431/447] Compiling SwiftSyntaxMacros AbstractSourceLocation.swift
[432/447] Compiling SwiftSyntaxMacros MacroExpansionContext.swift
[433/447] Compiling SwiftSyntaxMacros MacroExpansionDiagnosticMessages.swift
[434/447] Compiling SwiftSyntaxMacros PreambleMacro.swift
[435/447] Compiling SwiftSyntaxMacros Syntax+LexicalContext.swift
[436/448] Wrapping AST for SwiftSyntaxMacros for debugging
[438/457] Compiling SwiftSyntaxMacroExpansion MacroSpec.swift
[439/458] Compiling SwiftSyntaxMacroExpansion BasicMacroExpansionContext.swift
[440/458] Compiling SwiftSyntaxMacroExpansion FunctionParameterUtils.swift
[441/458] Emitting module SwiftSyntaxMacroExpansion
[442/458] Compiling SwiftSyntaxMacroExpansion IndentationUtils.swift
[443/458] Compiling SwiftSyntaxMacroExpansion MacroExpansionDiagnosticMessages.swift
[444/458] Compiling SwiftSyntaxMacroExpansion MacroArgument.swift
[445/458] Compiling SwiftSyntaxMacroExpansion MacroExpansion.swift
[446/458] Compiling SwiftSyntaxMacroExpansion MacroReplacement.swift
[447/458] Compiling SwiftSyntaxMacroExpansion MacroSystem.swift
[448/459] Wrapping AST for SwiftSyntaxMacroExpansion for debugging
[450/471] Compiling SwiftCompilerPluginMessageHandling PluginMacroExpansionContext.swift
[451/472] Compiling SwiftCompilerPluginMessageHandling StandardIOMessageConnection.swift
[452/472] Compiling SwiftCompilerPluginMessageHandling PluginMessageCompatibility.swift
[453/472] Compiling SwiftCompilerPluginMessageHandling PluginMessages.swift
[454/472] Emitting module SwiftCompilerPluginMessageHandling
[455/472] Compiling SwiftCompilerPluginMessageHandling JSONDecoding.swift
[456/472] Compiling SwiftCompilerPluginMessageHandling JSONEncoding.swift
[457/472] Compiling SwiftCompilerPluginMessageHandling LRUCache.swift
[458/472] Compiling SwiftCompilerPluginMessageHandling Macros.swift
[459/472] Compiling SwiftCompilerPluginMessageHandling CompilerPluginMessageHandler.swift
[460/472] Compiling SwiftCompilerPluginMessageHandling Diagnostics.swift
[461/472] Compiling SwiftCompilerPluginMessageHandling CodingUtilities.swift
[462/472] Compiling SwiftCompilerPluginMessageHandling JSON.swift
[463/473] Wrapping AST for SwiftCompilerPluginMessageHandling for debugging
[465/475] Emitting module SwiftCompilerPlugin
[466/475] Compiling SwiftCompilerPlugin CompilerPlugin.swift
[467/476] Wrapping AST for SwiftCompilerPlugin for debugging
[469/484] Compiling GlobalConfMacros LabeledExprSyntax+Utils.swift
[470/484] Compiling GlobalConfMacros Optional+Utils.swift
[471/485] Compiling GlobalConfMacros Entrypoint.swift
[472/485] Compiling GlobalConfMacros  Errors.swift
[473/485] Compiling GlobalConfMacros DeclareConfMacro.swift
[474/485] Compiling GlobalConfMacros DeclareConfAccessorMacro.swift
[475/485] Emitting module GlobalConfMacros
[476/485] Compiling GlobalConfMacros DeclareConfNamespaceMacro.swift
[477/485] Compiling GlobalConfMacros SimpleDiagnosticMessage.swift
[478/486] Wrapping AST for GlobalConfMacros for debugging
[479/486] Write Objects.LinkFileList
[480/486] Linking GlobalConfMacros-tool
[482/508] Compiling GlobalConfModule Conf.swift
[483/508] Compiling GlobalConfModule ConfContext+AutoInjectable.swift
[484/508] Compiling GlobalConfModule ConfContext+AutoInjectableMainActor.swift
[485/510] Compiling GlobalConfModule InjectedConf.swift
[486/510] Compiling GlobalConfModule 1-ConfKey.swift
[487/510] Compiling GlobalConfModule 2-ServiceKey.swift
[488/510] Compiling GlobalConfModule InjectedConf+AutoInjectableMainActor.swift
[489/510] Compiling GlobalConfModule InjectedConf+ConfKey.swift
[490/510] Compiling GlobalConfModule InjectedConf+ConfKeyMainActor.swift
[491/510] Compiling GlobalConfModule 3-NamespaceKey.swift
[492/510] Compiling GlobalConfModule 4-AccessorConvenience.swift
[493/510] Compiling GlobalConfModule ConfContext+ConfKey.swift
[494/510] Compiling GlobalConfModule ConfContext+ConfKeyMainActor.swift
[495/510] Compiling GlobalConfModule ConfContext.swift
[496/510] Compiling GlobalConfModule ConfKey.swift
[497/510] Compiling GlobalConfModule ConfKeyMainActor.swift
[498/510] Compiling GlobalConfModule ConfKeys.swift
[499/510] Compiling GlobalConfModule AutoInjectable.swift
[500/510] Compiling GlobalConfModule AutoInjectableMainActor.swift
[501/510] Compiling GlobalConfModule InjectedConf+AutoInjectable.swift
[502/510] Emitting module GlobalConfModule
[503/510] Compiling GlobalConfModule Conf+ConfKey.swift
[504/510] Compiling GlobalConfModule Conf+ConfKeyMainActor.swift
[505/510] Compiling GlobalConfModule Conf+withValues.swift
[506/511] Wrapping AST for GlobalConfModule for debugging
[508/522] Compiling SignalHandling DelayedSigaction.swift
[509/523] Compiling SignalHandling  Config.swift
[510/523] Compiling SignalHandling  Errors.swift
[511/523] Compiling SignalHandling DelayedSigactionHandler.swift
[512/523] Compiling SignalHandling SigactionDelayer_Unsig.swift
/host/spi-builder-workspace/Sources/SignalHandling/CStructsInSwift/SigactionHandler.swift:19:80: error: cannot find type 'siginfo_t' in scope
17 |
18 | 	case ansiC(@convention(c) (_ signalID: Int32) -> Void)
19 | 	case posix(@convention(c) (_ signalID: Int32, _ siginfo: UnsafeMutablePointer<siginfo_t>?, _ userThreadContext: UnsafeMutableRawPointer?) -> Void)
   |                                                                                `- error: cannot find type 'siginfo_t' in scope
20 |
21 | 	public static func ==(lhs: SigactionHandler, rhs: SigactionHandler) -> Bool {
/host/spi-builder-workspace/Sources/SignalHandling/DelayedSigaction/SigactionDelayer_Unsig.swift:129:21: error: cannot find 'NSConditionLock' in scope
127 | 		}
128 |
129 | 		static let lock = NSConditionLock(condition: Self.nothingToDo.rawValue)
    |                     `- error: cannot find 'NSConditionLock' in scope
130 |
131 | 		/* Read/write is protected by the lock above. */
/host/spi-builder-workspace/Sources/SignalHandling/DelayedSigaction/SigactionDelayer_Unsig.swift:145:23: error: cannot find type 'DispatchSourceSignal' in scope
143 | 		var originalSigaction: Sigaction
144 |
145 | 		var dispatchSource: DispatchSourceSignal
    |                       `- error: cannot find type 'DispatchSourceSignal' in scope
146 | 		var handlers = [DelayedSigaction: DelayedSigactionHandler]()
147 |
/host/spi-builder-workspace/Sources/SignalHandling/DelayedSigaction/SigactionDelayer_Unsig.swift:150:45: error: cannot find 'DispatchQueue' in scope
148 | 	}
149 |
150 | 	private static let signalProcessingQueue = DispatchQueue(label: "com.xcode-actions.unsigactioned-signals-processing-queue")
    |                                             `- error: cannot find 'DispatchQueue' in scope
151 |
152 | 	/* Both these vars are only modified/read on the signal processing queue. */
/host/spi-builder-workspace/Sources/SignalHandling/CStructsInSwift/Sigaction.swift:44:24: error: cannot find type 'sigaction' in scope
 42 | 	 If the handler of the sigaction is `SIG_IGN` or `SIG_DFL`, we check the `sa_flags` not to contains the `SA_SIGINFO` bit.
 43 | 	 If they do, we log an error, as this is invalid. */
 44 | 	public init(rawValue: sigaction) {
    |                        `- error: cannot find type 'sigaction' in scope
 45 | 		self.mask = Signal.set(from: rawValue.sa_mask)
 46 | 		self.flags = SigactionFlags(rawValue: rawValue.sa_flags)
/host/spi-builder-workspace/Sources/SignalHandling/CStructsInSwift/Sigaction.swift:79:23: error: cannot find type 'sigaction' in scope
 77 | 	}
 78 |
 79 | 	public var rawValue: sigaction {
    |                       `- error: cannot find type 'sigaction' in scope
 80 | 		if !isValid {
 81 | 			Conf.logger?.warning("Getting sigaction from an invalid Sigaction.")
/host/spi-builder-workspace/Sources/SignalHandling/DelayedSigaction/SigactionDelayer_Unsig.swift:87:21: error: type 'Sigaction' does not conform to protocol 'RawRepresentable'
 85 |
 86 | 	 - Returns: The previous sigaction if there was an unsigaction registered for the given signal, `nil` otherwise. */
 87 | 	public static func updateOriginalSigaction(for signal: Signal, to sigaction: Sigaction) -> Sigaction? {
    |                     `- error: type 'Sigaction' does not conform to protocol 'RawRepresentable'
 88 | 		return signalProcessingQueue.sync{
 89 | 			let previous = unsigactionedSignals[signal]?.originalSigaction
/host/spi-builder-workspace/Sources/SignalHandling/DelayedSigaction/SigactionDelayer_Unsig.swift:209:31: error: cannot find 'DispatchSource' in scope
207 | 			}
208 | 		} else {
209 | 			let dispatchSourceSignal = DispatchSource.makeSignalSource(signal: signal.rawValue, queue: signalProcessingQueue)
    |                               `- error: cannot find 'DispatchSource' in scope
210 | 			/* Apparently the dispatchSourceSignal does not need to be weak in the handler because the handler is released when the source is canceled.
211 | 			 * I manually tested this and found no confirmation or infirmation of this in the documentation. */
/host/spi-builder-workspace/Sources/SignalHandling/DelayedSigaction/SigactionDelayer_Unsig.swift:272:16: error: cannot find 'DispatchGroup' in scope
270 | 		for _ in 0..<count {
271 | 			let lock = NSLock()
272 | 			let group = DispatchGroup()
    |                `- error: cannot find 'DispatchGroup' in scope
273 | 			nonisolated(unsafe) var runOriginalHandlerFinal = true
274 | 			for (_, handler) in unsigactionedSignal.handlers {
/host/spi-builder-workspace/Sources/SignalHandling/DelayedSigaction/SigactionDelayer_Unsig.swift:301:15: error: cannot find 'DispatchGroup' in scope
299 |
300 | 		nonisolated(unsafe) var error: Error?
301 | 		let group = DispatchGroup()
    |               `- error: cannot find 'DispatchGroup' in scope
302 | 		group.enter()
303 | 		Thread.detachNewThread{
/host/spi-builder-workspace/Sources/SignalHandling/DelayedSigaction/SigactionDelayer_Unsig.swift:303:3: error: cannot find 'Thread' in scope
301 | 		let group = DispatchGroup()
302 | 		group.enter()
303 | 		Thread.detachNewThread{
    |   `- error: cannot find 'Thread' in scope
304 | 			Thread.current.name = "com.xcode-actions.unsigactioned-signals-thread"
305 |
/host/spi-builder-workspace/Sources/SignalHandling/DelayedSigaction/SigactionDelayer_Unsig.swift:304:4: error: cannot find 'Thread' in scope
302 | 		group.enter()
303 | 		Thread.detachNewThread{
304 | 			Thread.current.name = "com.xcode-actions.unsigactioned-signals-thread"
    |    `- error: cannot find 'Thread' in scope
305 |
306 | 			/* Unblock all signals in this thread. */
/host/spi-builder-workspace/Sources/SignalHandling/DelayedSigaction/SigactionDelayer_Unsig.swift:308:14: error: cannot find 'pthread_sigmask' in scope
306 | 			/* Unblock all signals in this thread. */
307 | 			var noSignals = Signal.emptySigset
308 | 			let ret = pthread_sigmask(SIG_SETMASK, &noSignals, nil /* old signals */)
    |              `- error: cannot find 'pthread_sigmask' in scope
309 | 			if ret != 0 {
310 | 				error = SignalHandlingError.destructiveSystemError(Errno(rawValue: ret))
/host/spi-builder-workspace/Sources/SignalHandling/DelayedSigaction/SigactionDelayer_Unsig.swift:308:30: error: cannot find 'SIG_SETMASK' in scope
306 | 			/* Unblock all signals in this thread. */
307 | 			var noSignals = Signal.emptySigset
308 | 			let ret = pthread_sigmask(SIG_SETMASK, &noSignals, nil /* old signals */)
    |                              `- error: cannot find 'SIG_SETMASK' in scope
309 | 			if ret != 0 {
310 | 				error = SignalHandlingError.destructiveSystemError(Errno(rawValue: ret))
/host/spi-builder-workspace/Sources/SignalHandling/DelayedSigaction/SigactionDelayer_Unsig.swift:379:20: error: cannot find 'pthread_self' in scope
377 | 						 * Anyway, we need to reinstall the sigaction handler after the signal has been sent and processed,
378 | 						 *  so we need to have some control, which `raise` does not give. */
379 | 						let thread = pthread_self()
    |                    `- error: cannot find 'pthread_self' in scope
380 | //						let killResult = raise(signal.rawValue)
381 | 						let killResult = pthread_kill(thread, signal.rawValue)
/host/spi-builder-workspace/Sources/SignalHandling/DelayedSigaction/SigactionDelayer_Unsig.swift:381:24: error: cannot find 'pthread_kill' in scope
379 | 						let thread = pthread_self()
380 | //						let killResult = raise(signal.rawValue)
381 | 						let killResult = pthread_kill(thread, signal.rawValue)
    |                        `- error: cannot find 'pthread_kill' in scope
382 | 						if killResult != 0 {
383 | 							completionResult.errorLogs.append(("Cannot send signal to unsigactioned thread.", ["signal": "\(signal)", "kill_result": "\(killResult)"]))
/host/spi-builder-workspace/Sources/SignalHandling/DelayedSigaction/SigactionDelayer_Unsig.swift:387:27: error: cannot find 'pthread_sigmask' in scope
385 |
386 | 						/* Re-unblock all signals (in case a handler blocked one). */
387 | 						let sigmaskResult = pthread_sigmask(SIG_SETMASK, &emptyMask, nil)
    |                           `- error: cannot find 'pthread_sigmask' in scope
388 | 						if sigmaskResult != 0 {
389 | 							completionResult.errorLogs.append((
/host/spi-builder-workspace/Sources/SignalHandling/DelayedSigaction/SigactionDelayer_Unsig.swift:387:43: error: cannot find 'SIG_SETMASK' in scope
385 |
386 | 						/* Re-unblock all signals (in case a handler blocked one). */
387 | 						let sigmaskResult = pthread_sigmask(SIG_SETMASK, &emptyMask, nil)
    |                                           `- error: cannot find 'SIG_SETMASK' in scope
388 | 						if sigmaskResult != 0 {
389 | 							completionResult.errorLogs.append((
/host/spi-builder-workspace/Sources/SignalHandling/DelayedSigaction/SigactionDelayer_Unsig.swift:387:68: error: 'nil' requires a contextual type
385 |
386 | 						/* Re-unblock all signals (in case a handler blocked one). */
387 | 						let sigmaskResult = pthread_sigmask(SIG_SETMASK, &emptyMask, nil)
    |                                                                    `- error: 'nil' requires a contextual type
388 | 						if sigmaskResult != 0 {
389 | 							completionResult.errorLogs.append((
[513/523] Compiling SignalHandling SigactionDelayer_Block.swift
/host/spi-builder-workspace/Sources/SignalHandling/DelayedSigaction/SigactionDelayer_Block.swift:176:21: error: cannot find 'NSConditionLock' in scope
174 | 		}
175 |
176 | 		static let lock = NSConditionLock(condition: Self.nothingToDo.rawValue)
    |                     `- error: cannot find 'NSConditionLock' in scope
177 |
178 | 		/* Read/write is protected by the lock above. */
/host/spi-builder-workspace/Sources/SignalHandling/DelayedSigaction/SigactionDelayer_Block.swift:190:23: error: cannot find type 'DispatchSourceSignal' in scope
188 | 	private struct BlockedSignal {
189 |
190 | 		var dispatchSource: DispatchSourceSignal
    |                       `- error: cannot find type 'DispatchSourceSignal' in scope
191 | 		var handlers = [DelayedSigaction: DelayedSigactionHandler]()
192 |
/host/spi-builder-workspace/Sources/SignalHandling/DelayedSigaction/SigactionDelayer_Block.swift:195:45: error: cannot find 'DispatchQueue' in scope
193 | 	}
194 |
195 | 	private static let signalProcessingQueue = DispatchQueue(label: "com.xcode-actions.blocked-signals-processing-queue")
    |                                             `- error: cannot find 'DispatchQueue' in scope
196 |
197 | 	/* Only used on the main thread. */
/host/spi-builder-workspace/Sources/SignalHandling/DelayedSigaction/SigactionDelayer_Block.swift:63:11: error: cannot find 'Thread' in scope
 61 | 	 - Important: You should not use `pthread_sigmask` to sigprocmask (nor anything to unblock signals) after calling this method. */
 62 | 	public static func bootstrap(for signals: Set<Signal>) throws {
 63 | 		assert(!Thread.isMultiThreaded())
    |           `- error: cannot find 'Thread' in scope
 64 | 		guard !bootstrapDone else {
 65 | 			fatalError("DelayedSigaction can be bootstrapped only once")
/host/spi-builder-workspace/Sources/SignalHandling/DelayedSigaction/SigactionDelayer_Block.swift:69:13: error: cannot find 'pthread_sigmask' in scope
 67 |
 68 | 		var signalsSigset = Signal.sigset(from: signals)
 69 | 		let ret = pthread_sigmask(SIG_SETMASK, &signalsSigset, nil /* old signals */)
    |             `- error: cannot find 'pthread_sigmask' in scope
 70 | 		if ret != 0 {
 71 | 			throw SignalHandlingError.nonDestructiveSystemError(Errno(rawValue: ret))
/host/spi-builder-workspace/Sources/SignalHandling/DelayedSigaction/SigactionDelayer_Block.swift:69:29: error: cannot find 'SIG_SETMASK' in scope
 67 |
 68 | 		var signalsSigset = Signal.sigset(from: signals)
 69 | 		let ret = pthread_sigmask(SIG_SETMASK, &signalsSigset, nil /* old signals */)
    |                             `- error: cannot find 'SIG_SETMASK' in scope
 70 | 		if ret != 0 {
 71 | 			throw SignalHandlingError.nonDestructiveSystemError(Errno(rawValue: ret))
/host/spi-builder-workspace/Sources/SignalHandling/DelayedSigaction/SigactionDelayer_Block.swift:69:58: error: 'nil' requires a contextual type
 67 |
 68 | 		var signalsSigset = Signal.sigset(from: signals)
 69 | 		let ret = pthread_sigmask(SIG_SETMASK, &signalsSigset, nil /* old signals */)
    |                                                          `- error: 'nil' requires a contextual type
 70 | 		if ret != 0 {
 71 | 			throw SignalHandlingError.nonDestructiveSystemError(Errno(rawValue: ret))
/host/spi-builder-workspace/Sources/SignalHandling/DelayedSigaction/SigactionDelayer_Block.swift:75:15: error: cannot find 'DispatchGroup' in scope
 73 |
 74 | 		nonisolated(unsafe) var error: Error?
 75 | 		let group = DispatchGroup()
    |               `- error: cannot find 'DispatchGroup' in scope
 76 | 		group.enter()
 77 | 		Thread.detachNewThread{
/host/spi-builder-workspace/Sources/SignalHandling/DelayedSigaction/SigactionDelayer_Block.swift:77:3: error: cannot find 'Thread' in scope
 75 | 		let group = DispatchGroup()
 76 | 		group.enter()
 77 | 		Thread.detachNewThread{
    |   `- error: cannot find 'Thread' in scope
 78 | 			Thread.current.name = "com.xcode-actions.blocked-signals-thread"
 79 |
/host/spi-builder-workspace/Sources/SignalHandling/DelayedSigaction/SigactionDelayer_Block.swift:78:4: error: cannot find 'Thread' in scope
 76 | 		group.enter()
 77 | 		Thread.detachNewThread{
 78 | 			Thread.current.name = "com.xcode-actions.blocked-signals-thread"
    |    `- error: cannot find 'Thread' in scope
 79 |
 80 | 			/* Unblock all signals in this thread. */
/host/spi-builder-workspace/Sources/SignalHandling/DelayedSigaction/SigactionDelayer_Block.swift:82:14: error: cannot find 'pthread_sigmask' in scope
 80 | 			/* Unblock all signals in this thread. */
 81 | 			var noSignals = Signal.emptySigset
 82 | 			let ret = pthread_sigmask(SIG_SETMASK, &noSignals, nil /* old signals */)
    |              `- error: cannot find 'pthread_sigmask' in scope
 83 | 			if ret != 0 {
 84 | 				error = SignalHandlingError.destructiveSystemError(Errno(rawValue: ret))
/host/spi-builder-workspace/Sources/SignalHandling/DelayedSigaction/SigactionDelayer_Block.swift:82:30: error: cannot find 'SIG_SETMASK' in scope
 80 | 			/* Unblock all signals in this thread. */
 81 | 			var noSignals = Signal.emptySigset
 82 | 			let ret = pthread_sigmask(SIG_SETMASK, &noSignals, nil /* old signals */)
    |                              `- error: cannot find 'SIG_SETMASK' in scope
 83 | 			if ret != 0 {
 84 | 				error = SignalHandlingError.destructiveSystemError(Errno(rawValue: ret))
/host/spi-builder-workspace/Sources/SignalHandling/DelayedSigaction/SigactionDelayer_Block.swift:249:31: error: cannot find 'DispatchSource' in scope
247 | 			try executeOnThread(.block(signal))
248 |
249 | 			let dispatchSourceSignal = DispatchSource.makeSignalSource(signal: signal.rawValue, queue: signalProcessingQueue)
    |                               `- error: cannot find 'DispatchSource' in scope
250 | 			/* Apparently the dispatchSourceSignal does not need to be weak in the handler because the handler is released when the source is canceled.
251 | 			 * I manually tested this and found no confirmation or infirmation of this in the documentation. */
/host/spi-builder-workspace/Sources/SignalHandling/DelayedSigaction/SigactionDelayer_Block.swift:330:16: error: cannot find 'DispatchGroup' in scope
328 | 		for _ in 0..<count {
329 | 			let lock = NSLock()
330 | 			let group = DispatchGroup()
    |                `- error: cannot find 'DispatchGroup' in scope
331 | 			nonisolated(unsafe) var runOriginalHandlerFinal = true
332 | 			for (_, handler) in blockedSignal.handlers {
/host/spi-builder-workspace/Sources/SignalHandling/DelayedSigaction/SigactionDelayer_Block.swift:387:17: error: cannot find 'pthread_sigmask' in scope
385 | //						loggerLessThreadSafeDebugLog("🧵 Processing block action for \(signal)…")
386 | 						var sigset = signal.sigset
387 | 						let ret = pthread_sigmask(SIG_BLOCK, &sigset, nil /* old signals */)
    |                 `- error: cannot find 'pthread_sigmask' in scope
388 | 						if ret != 0 {
389 | 							throw SignalHandlingError.destructiveSystemError(Errno(rawValue: ret))
/host/spi-builder-workspace/Sources/SignalHandling/DelayedSigaction/SigactionDelayer_Block.swift:387:33: error: cannot find 'SIG_BLOCK' in scope
385 | //						loggerLessThreadSafeDebugLog("🧵 Processing block action for \(signal)…")
386 | 						var sigset = signal.sigset
387 | 						let ret = pthread_sigmask(SIG_BLOCK, &sigset, nil /* old signals */)
    |                                 `- error: cannot find 'SIG_BLOCK' in scope
388 | 						if ret != 0 {
389 | 							throw SignalHandlingError.destructiveSystemError(Errno(rawValue: ret))
/host/spi-builder-workspace/Sources/SignalHandling/DelayedSigaction/SigactionDelayer_Block.swift:387:53: error: 'nil' requires a contextual type
385 | //						loggerLessThreadSafeDebugLog("🧵 Processing block action for \(signal)…")
386 | 						var sigset = signal.sigset
387 | 						let ret = pthread_sigmask(SIG_BLOCK, &sigset, nil /* old signals */)
    |                                                     `- error: 'nil' requires a contextual type
388 | 						if ret != 0 {
389 | 							throw SignalHandlingError.destructiveSystemError(Errno(rawValue: ret))
/host/spi-builder-workspace/Sources/SignalHandling/DelayedSigaction/SigactionDelayer_Block.swift:395:17: error: cannot find 'pthread_sigmask' in scope
393 | //						loggerLessThreadSafeDebugLog("🧵 Processing unblock action for \(signal)…")
394 | 						var sigset = signal.sigset
395 | 						let ret = pthread_sigmask(SIG_UNBLOCK, &sigset, nil /* old signals */)
    |                 `- error: cannot find 'pthread_sigmask' in scope
396 | 						if ret != 0 {
397 | 							throw SignalHandlingError.destructiveSystemError(Errno(rawValue: ret))
/host/spi-builder-workspace/Sources/SignalHandling/DelayedSigaction/SigactionDelayer_Block.swift:395:33: error: cannot find 'SIG_UNBLOCK' in scope
393 | //						loggerLessThreadSafeDebugLog("🧵 Processing unblock action for \(signal)…")
394 | 						var sigset = signal.sigset
395 | 						let ret = pthread_sigmask(SIG_UNBLOCK, &sigset, nil /* old signals */)
    |                                 `- error: cannot find 'SIG_UNBLOCK' in scope
396 | 						if ret != 0 {
397 | 							throw SignalHandlingError.destructiveSystemError(Errno(rawValue: ret))
/host/spi-builder-workspace/Sources/SignalHandling/DelayedSigaction/SigactionDelayer_Block.swift:395:55: error: 'nil' requires a contextual type
393 | //						loggerLessThreadSafeDebugLog("🧵 Processing unblock action for \(signal)…")
394 | 						var sigset = signal.sigset
395 | 						let ret = pthread_sigmask(SIG_UNBLOCK, &sigset, nil /* old signals */)
    |                                                       `- error: 'nil' requires a contextual type
396 | 						if ret != 0 {
397 | 							throw SignalHandlingError.destructiveSystemError(Errno(rawValue: ret))
/host/spi-builder-workspace/Sources/SignalHandling/DelayedSigaction/SigactionDelayer_Block.swift:407:18: error: cannot find 'pthread_sigmask' in scope
405 | 							/* We update the sigset only when signal is not ignored
406 | 							 *  because it is used only in that case and this is getting the current sigmask can fail. */
407 | 							let ret = pthread_sigmask(SIG_SETMASK, nil /* new signals */, &sigset)
    |                  `- error: cannot find 'pthread_sigmask' in scope
408 | 							if ret != 0 {
409 | 								throw SignalHandlingError.nonDestructiveSystemError(Errno(rawValue: ret))
/host/spi-builder-workspace/Sources/SignalHandling/DelayedSigaction/SigactionDelayer_Block.swift:407:34: error: cannot find 'SIG_SETMASK' in scope
405 | 							/* We update the sigset only when signal is not ignored
406 | 							 *  because it is used only in that case and this is getting the current sigmask can fail. */
407 | 							let ret = pthread_sigmask(SIG_SETMASK, nil /* new signals */, &sigset)
    |                                  `- error: cannot find 'SIG_SETMASK' in scope
408 | 							if ret != 0 {
409 | 								throw SignalHandlingError.nonDestructiveSystemError(Errno(rawValue: ret))
/host/spi-builder-workspace/Sources/SignalHandling/DelayedSigaction/SigactionDelayer_Block.swift:407:47: error: 'nil' requires a contextual type
405 | 							/* We update the sigset only when signal is not ignored
406 | 							 *  because it is used only in that case and this is getting the current sigmask can fail. */
407 | 							let ret = pthread_sigmask(SIG_SETMASK, nil /* new signals */, &sigset)
    |                                               `- error: 'nil' requires a contextual type
408 | 							if ret != 0 {
409 | 								throw SignalHandlingError.nonDestructiveSystemError(Errno(rawValue: ret))
/host/spi-builder-workspace/Sources/SignalHandling/DelayedSigaction/SigactionDelayer_Block.swift:411:8: error: cannot find 'sigdelset' in scope
409 | 								throw SignalHandlingError.nonDestructiveSystemError(Errno(rawValue: ret))
410 | 							}
411 | 							sigdelset(&sigset, signal.rawValue)
    |        `- error: cannot find 'sigdelset' in scope
412 | 						}
413 | 						/* Let’s get the pending signals on this thread. */
/host/spi-builder-workspace/Sources/SignalHandling/DelayedSigaction/SigactionDelayer_Block.swift:415:17: error: cannot find 'sigpending' in scope
413 | 						/* Let’s get the pending signals on this thread. */
414 | 						var pendingSignals = sigset_t()
415 | 						let ret = sigpending(&pendingSignals)
    |                 `- error: cannot find 'sigpending' in scope
416 | 						/* If sigpending failed, we assume the signal is pending. */
417 | 						if ret != 0 || !Signal.set(from: pendingSignals).contains(signal) {
/host/spi-builder-workspace/Sources/SignalHandling/DelayedSigaction/SigactionDelayer_Block.swift:421:8: error: cannot find 'pthread_kill' in scope
419 | 							 * Which mean it is probably pending on some other thread, forever. */
420 | //							loggerLessThreadSafeDebugLog("🧵 Resending signal to manager thread \(signal)…")
421 | 							pthread_kill(pthread_self(), signal.rawValue)
    |        `- error: cannot find 'pthread_kill' in scope
422 | 						}
423 | 						if !isIgnored {
/host/spi-builder-workspace/Sources/SignalHandling/DelayedSigaction/SigactionDelayer_Block.swift:421:21: error: cannot find 'pthread_self' in scope
419 | 							 * Which mean it is probably pending on some other thread, forever. */
420 | //							loggerLessThreadSafeDebugLog("🧵 Resending signal to manager thread \(signal)…")
421 | 							pthread_kill(pthread_self(), signal.rawValue)
    |                     `- error: cannot find 'pthread_self' in scope
422 | 						}
423 | 						if !isIgnored {
/host/spi-builder-workspace/Sources/SignalHandling/DelayedSigaction/SigactionDelayer_Block.swift:427:8: error: cannot find 'sigsuspend' in scope
425 | 							 * I know there is a race condition. */
426 | //							loggerLessThreadSafeDebugLog("🧵 Calling sigsuspend for \(signal)…")
427 | 							sigsuspend(&sigset)
    |        `- error: cannot find 'sigsuspend' in scope
428 | 						}
429 |
/host/spi-builder-workspace/Sources/SignalHandling/DelayedSigaction/SigactionDelayer_Block.swift:433:17: error: cannot find 'pthread_sigmask' in scope
431 | //						loggerLessThreadSafeDebugLog("🧵 Processing drop action for \(signal)…")
432 | 						var sigset = sigset_t()
433 | 						let ret = pthread_sigmask(SIG_SETMASK, nil /* new signals */, &sigset)
    |                 `- error: cannot find 'pthread_sigmask' in scope
434 | 						if ret != 0 {
435 | 							throw SignalHandlingError.nonDestructiveSystemError(Errno(rawValue: ret))
/host/spi-builder-workspace/Sources/SignalHandling/DelayedSigaction/SigactionDelayer_Block.swift:433:33: error: cannot find 'SIG_SETMASK' in scope
431 | //						loggerLessThreadSafeDebugLog("🧵 Processing drop action for \(signal)…")
432 | 						var sigset = sigset_t()
433 | 						let ret = pthread_sigmask(SIG_SETMASK, nil /* new signals */, &sigset)
    |                                 `- error: cannot find 'SIG_SETMASK' in scope
434 | 						if ret != 0 {
435 | 							throw SignalHandlingError.nonDestructiveSystemError(Errno(rawValue: ret))
/host/spi-builder-workspace/Sources/SignalHandling/DelayedSigaction/SigactionDelayer_Block.swift:433:46: error: 'nil' requires a contextual type
431 | //						loggerLessThreadSafeDebugLog("🧵 Processing drop action for \(signal)…")
432 | 						var sigset = sigset_t()
433 | 						let ret = pthread_sigmask(SIG_SETMASK, nil /* new signals */, &sigset)
    |                                              `- error: 'nil' requires a contextual type
434 | 						if ret != 0 {
435 | 							throw SignalHandlingError.nonDestructiveSystemError(Errno(rawValue: ret))
/host/spi-builder-workspace/Sources/SignalHandling/DelayedSigaction/SigactionDelayer_Block.swift:437:7: error: cannot find 'sigdelset' in scope
435 | 							throw SignalHandlingError.nonDestructiveSystemError(Errno(rawValue: ret))
436 | 						}
437 | 						sigdelset(&sigset, signal.rawValue)
    |       `- error: cannot find 'sigdelset' in scope
438 |
439 | 						let oldAction = try Sigaction.ignoreAction.install(on: signal, revertIfIgnored: false, updateUnsigRegistrations: false)
/host/spi-builder-workspace/Sources/SignalHandling/CStructsInSwift/Sigaction.swift:44:24: error: cannot find type 'sigaction' in scope
 42 | 	 If the handler of the sigaction is `SIG_IGN` or `SIG_DFL`, we check the `sa_flags` not to contains the `SA_SIGINFO` bit.
 43 | 	 If they do, we log an error, as this is invalid. */
 44 | 	public init(rawValue: sigaction) {
    |                        `- error: cannot find type 'sigaction' in scope
 45 | 		self.mask = Signal.set(from: rawValue.sa_mask)
 46 | 		self.flags = SigactionFlags(rawValue: rawValue.sa_flags)
/host/spi-builder-workspace/Sources/SignalHandling/CStructsInSwift/Sigaction.swift:79:23: error: cannot find type 'sigaction' in scope
 77 | 	}
 78 |
 79 | 	public var rawValue: sigaction {
    |                       `- error: cannot find type 'sigaction' in scope
 80 | 		if !isValid {
 81 | 			Conf.logger?.warning("Getting sigaction from an invalid Sigaction.")
/host/spi-builder-workspace/Sources/SignalHandling/DelayedSigaction/SigactionDelayer_Block.swift:439:7: error: type 'Sigaction' does not conform to protocol 'RawRepresentable'
437 | 						sigdelset(&sigset, signal.rawValue)
438 |
439 | 						let oldAction = try Sigaction.ignoreAction.install(on: signal, revertIfIgnored: false, updateUnsigRegistrations: false)
    |       `- error: type 'Sigaction' does not conform to protocol 'RawRepresentable'
440 | 						/* Will not hurt, the signal is ignored anyway (yes, there is a race condition, I know). */
441 | 						pthread_kill(pthread_self(), signal.rawValue)
/host/spi-builder-workspace/Sources/SignalHandling/DelayedSigaction/SigactionDelayer_Block.swift:441:7: error: cannot find 'pthread_kill' in scope
439 | 						let oldAction = try Sigaction.ignoreAction.install(on: signal, revertIfIgnored: false, updateUnsigRegistrations: false)
440 | 						/* Will not hurt, the signal is ignored anyway (yes, there is a race condition, I know). */
441 | 						pthread_kill(pthread_self(), signal.rawValue)
    |       `- error: cannot find 'pthread_kill' in scope
442 | 						/* No sigsuspend. Would block because signal is ignored. */
443 | 						if let oldAction = oldAction {
/host/spi-builder-workspace/Sources/SignalHandling/DelayedSigaction/SigactionDelayer_Block.swift:441:20: error: cannot find 'pthread_self' in scope
439 | 						let oldAction = try Sigaction.ignoreAction.install(on: signal, revertIfIgnored: false, updateUnsigRegistrations: false)
440 | 						/* Will not hurt, the signal is ignored anyway (yes, there is a race condition, I know). */
441 | 						pthread_kill(pthread_self(), signal.rawValue)
    |                    `- error: cannot find 'pthread_self' in scope
442 | 						/* No sigsuspend. Would block because signal is ignored. */
443 | 						if let oldAction = oldAction {
[514/523] Compiling SignalHandling Utils.swift
error: emit-module command failed with exit code 1 (use -v to see invocation)
[515/523] Emitting module SignalHandling
/host/spi-builder-workspace/Sources/SignalHandling/CStructsInSwift/Sigaction.swift:44:24: error: cannot find type 'sigaction' in scope
 42 | 	 If the handler of the sigaction is `SIG_IGN` or `SIG_DFL`, we check the `sa_flags` not to contains the `SA_SIGINFO` bit.
 43 | 	 If they do, we log an error, as this is invalid. */
 44 | 	public init(rawValue: sigaction) {
    |                        `- error: cannot find type 'sigaction' in scope
 45 | 		self.mask = Signal.set(from: rawValue.sa_mask)
 46 | 		self.flags = SigactionFlags(rawValue: rawValue.sa_flags)
/host/spi-builder-workspace/Sources/SignalHandling/CStructsInSwift/Sigaction.swift:79:23: error: cannot find type 'sigaction' in scope
 77 | 	}
 78 |
 79 | 	public var rawValue: sigaction {
    |                       `- error: cannot find type 'sigaction' in scope
 80 | 		if !isValid {
 81 | 			Conf.logger?.warning("Getting sigaction from an invalid Sigaction.")
/host/spi-builder-workspace/Sources/SignalHandling/CStructsInSwift/SigactionHandler.swift:19:80: error: cannot find type 'siginfo_t' in scope
17 |
18 | 	case ansiC(@convention(c) (_ signalID: Int32) -> Void)
19 | 	case posix(@convention(c) (_ signalID: Int32, _ siginfo: UnsafeMutablePointer<siginfo_t>?, _ userThreadContext: UnsafeMutableRawPointer?) -> Void)
   |                                                                                `- error: cannot find type 'siginfo_t' in scope
20 |
21 | 	public static func ==(lhs: SigactionHandler, rhs: SigactionHandler) -> Bool {
/host/spi-builder-workspace/Sources/SignalHandling/CStructsInSwift/Sigaction.swift:8:15: error: type 'Sigaction' does not conform to protocol 'RawRepresentable'
  6 |
  7 |
  8 | public struct Sigaction : Equatable, RawRepresentable, Sendable {
    |               |- error: type 'Sigaction' does not conform to protocol 'RawRepresentable'
    |               `- note: add stubs for conformance
  9 |
 10 | 	public static let ignoreAction = Sigaction(handler: .ignoreHandler)
Swift.RawRepresentable.RawValue:2:16: note: protocol requires nested type 'RawValue'
1 | protocol RawRepresentable {
2 | associatedtype RawValue}
  |                `- note: protocol requires nested type 'RawValue'
3 |
/host/spi-builder-workspace/Sources/SignalHandling/CStructsInSwift/SigactionFlag.swift:11:59: error: cannot find 'SA_NOCLDSTOP' in scope
 9 | 	 If this bit is set when installing a catching function for the `SIGCHLD` signal,
10 | 	  the `SIGCHLD` signal will be generated only when a child process exits, not when a child process stops. */
11 | 	public static let noChildStop = SigactionFlags(rawValue: SA_NOCLDSTOP)
   |                                                           `- error: cannot find 'SA_NOCLDSTOP' in scope
12 |
13 | 	/**
/host/spi-builder-workspace/Sources/SignalHandling/CStructsInSwift/SigactionFlag.swift:19:59: error: cannot find 'SA_NOCLDWAIT' in scope
17 | 	  it blocks until all of the calling process’s child processes terminate,
18 | 	  and then returns a value of -1 with errno set to ECHILD. */
19 | 	public static let noChildWait = SigactionFlags(rawValue: SA_NOCLDWAIT)
   |                                                           `- error: cannot find 'SA_NOCLDWAIT' in scope
20 |
21 | 	/**
/host/spi-builder-workspace/Sources/SignalHandling/CStructsInSwift/SigactionFlag.swift:23:55: error: cannot find 'SA_ONSTACK' in scope
21 | 	/**
22 | 	 If this bit is set, the system will deliver the signal to the process on a signal stack, specified with `sigaltstack(2)`. */
23 | 	public static let onStack = SigactionFlags(rawValue: SA_ONSTACK)
   |                                                       `- error: cannot find 'SA_ONSTACK' in scope
24 |
25 | 	/**
/host/spi-builder-workspace/Sources/SignalHandling/CStructsInSwift/SigactionFlag.swift:27:55: error: cannot find 'SA_NODEFER' in scope
25 | 	/**
26 | 	 If this bit is set, further occurrences of the delivered signal are not masked during the execution of the handler. */
27 | 	public static let noDefer = SigactionFlags(rawValue: SA_NODEFER)
   |                                                       `- error: cannot find 'SA_NODEFER' in scope
28 |
29 | 	/**
/host/spi-builder-workspace/Sources/SignalHandling/CStructsInSwift/SigactionFlag.swift:31:65: error: cannot find 'SA_RESETHAND' in scope
29 | 	/**
30 | 	 If this bit is set, the handler is reset back to `SIG_DFL` at the moment the signal is delivered. */
31 | 	public static let resetHandler = SigactionFlags(rawValue: CInt(SA_RESETHAND) /* On Linux, an UInt32 instead of Int32, so we cast… */)
   |                                                                 `- error: cannot find 'SA_RESETHAND' in scope
32 |
33 | 	/** See `sigaction(2)`. */
/host/spi-builder-workspace/Sources/SignalHandling/CStructsInSwift/SigactionFlag.swift:34:55: error: cannot find 'SA_RESTART' in scope
32 |
33 | 	/** See `sigaction(2)`. */
34 | 	public static let restart = SigactionFlags(rawValue: SA_RESTART)
   |                                                       `- error: cannot find 'SA_RESTART' in scope
35 |
36 | 	/**
/host/spi-builder-workspace/Sources/SignalHandling/CStructsInSwift/SigactionFlag.swift:40:55: error: cannot find 'SA_SIGINFO' in scope
38 | 	  and should match the matching prototype.
39 | 	 This bit should not be set when assigning `SIG_DFL` or `SIG_IGN`. */
40 | 	public static let siginfo = SigactionFlags(rawValue: SA_SIGINFO)
   |                                                       `- error: cannot find 'SA_SIGINFO' in scope
41 |
42 | 	public let rawValue: CInt
/host/spi-builder-workspace/Sources/SignalHandling/CStructsInSwift/Signal.swift:108:50: error: cannot find 'SIGTERM' in scope
106 |
107 | 	/** “Normal” kill signal. */
108 | 	public static let terminated = Signal(rawValue: SIGTERM)
    |                                                  `- error: cannot find 'SIGTERM' in scope
109 | 	/** Usually `Ctrl-C`. */
110 | 	public static let interrupt  = Signal(rawValue: SIGINT)
/host/spi-builder-workspace/Sources/SignalHandling/CStructsInSwift/Signal.swift:110:50: error: cannot find 'SIGINT' in scope
108 | 	public static let terminated = Signal(rawValue: SIGTERM)
109 | 	/** Usually `Ctrl-C`. */
110 | 	public static let interrupt  = Signal(rawValue: SIGINT)
    |                                                  `- error: cannot find 'SIGINT' in scope
111 | 	/** Used to quit w/ generation of a core dump. Usually `Ctrl-\`. */
112 | 	public static let quit       = Signal(rawValue: SIGQUIT)
/host/spi-builder-workspace/Sources/SignalHandling/CStructsInSwift/Signal.swift:112:50: error: cannot find 'SIGQUIT' in scope
110 | 	public static let interrupt  = Signal(rawValue: SIGINT)
111 | 	/** Used to quit w/ generation of a core dump. Usually `Ctrl-\`. */
112 | 	public static let quit       = Signal(rawValue: SIGQUIT)
    |                                                  `- error: cannot find 'SIGQUIT' in scope
113 | 	public static let killed     = Signal(rawValue: SIGKILL)
114 | 	/** The user’s terminal disconnected. */
/host/spi-builder-workspace/Sources/SignalHandling/CStructsInSwift/Signal.swift:171:57: error: cannot find 'SIGTSTP' in scope
169 | 	public static let suspendedBySignal = Signal(rawValue: SIGSTOP)
170 | 	/** Suspends the program but can be handled and ignored. Usually `Ctrl-Z`. */
171 | 	public static let suspended         = Signal(rawValue: SIGTSTP)
    |                                                         `- error: cannot find 'SIGTSTP' in scope
172 | 	public static let stoppedTTYInput   = Signal(rawValue: SIGTTIN)
173 | 	public static let stoppedTTYOutput  = Signal(rawValue: SIGTTOU)
/host/spi-builder-workspace/Sources/SignalHandling/CStructsInSwift/Signal.swift:167:57: error: cannot find 'SIGCONT' in scope
165 | 	/* Obsolete name for SIGCHLD. */
166 | //	public static let cildExited        = Signal(rawValue: SIGCLD)
167 | 	public static let continued         = Signal(rawValue: SIGCONT)
    |                                                         `- error: cannot find 'SIGCONT' in scope
168 | 	/** Suspends the program. Cannot be handled, ignored or blocked. */
169 | 	public static let suspendedBySignal = Signal(rawValue: SIGSTOP)
/host/spi-builder-workspace/Sources/SignalHandling/CStructsInSwift/Signal.swift:79:62: error: cannot find 'SIGFPE' in scope
 77 | 	/**
 78 | 	 - Note: FPE means Floating-Point Exception but this signal is sent for any arithmetic error. */
 79 | 	public static let arithmeticError        = Signal(rawValue: SIGFPE)
    |                                                              `- error: cannot find 'SIGFPE' in scope
 80 | 	@available(*, unavailable, renamed: "arithmeticError")
 81 | 	public static let floatingPointException = Signal(rawValue: SIGFPE)
/host/spi-builder-workspace/Sources/SignalHandling/CStructsInSwift/Signal.swift:81:62: error: cannot find 'SIGFPE' in scope
 79 | 	public static let arithmeticError        = Signal(rawValue: SIGFPE)
 80 | 	@available(*, unavailable, renamed: "arithmeticError")
 81 | 	public static let floatingPointException = Signal(rawValue: SIGFPE)
    |                                                              `- error: cannot find 'SIGFPE' in scope
 82 | 	public static let illegalInstruction     = Signal(rawValue: SIGILL)
 83 | 	public static let segmentationFault      = Signal(rawValue: SIGSEGV)
/host/spi-builder-workspace/Sources/SignalHandling/CStructsInSwift/Signal.swift:82:62: error: cannot find 'SIGILL' in scope
 80 | 	@available(*, unavailable, renamed: "arithmeticError")
 81 | 	public static let floatingPointException = Signal(rawValue: SIGFPE)
 82 | 	public static let illegalInstruction     = Signal(rawValue: SIGILL)
    |                                                              `- error: cannot find 'SIGILL' in scope
 83 | 	public static let segmentationFault      = Signal(rawValue: SIGSEGV)
 84 | 	public static let busError               = Signal(rawValue: SIGBUS)
/host/spi-builder-workspace/Sources/SignalHandling/CStructsInSwift/Signal.swift:83:62: error: cannot find 'SIGSEGV' in scope
 81 | 	public static let floatingPointException = Signal(rawValue: SIGFPE)
 82 | 	public static let illegalInstruction     = Signal(rawValue: SIGILL)
 83 | 	public static let segmentationFault      = Signal(rawValue: SIGSEGV)
    |                                                              `- error: cannot find 'SIGSEGV' in scope
 84 | 	public static let busError               = Signal(rawValue: SIGBUS)
 85 | 	public static let abortTrap              = Signal(rawValue: SIGABRT)
/host/spi-builder-workspace/Sources/SignalHandling/CStructsInSwift/Signal.swift:84:62: error: cannot find 'SIGBUS' in scope
 82 | 	public static let illegalInstruction     = Signal(rawValue: SIGILL)
 83 | 	public static let segmentationFault      = Signal(rawValue: SIGSEGV)
 84 | 	public static let busError               = Signal(rawValue: SIGBUS)
    |                                                              `- error: cannot find 'SIGBUS' in scope
 85 | 	public static let abortTrap              = Signal(rawValue: SIGABRT)
 86 | 	/** Usually the same as `abortTrap`. */
/host/spi-builder-workspace/Sources/SignalHandling/CStructsInSwift/Signal.swift:85:62: error: cannot find 'SIGABRT' in scope
 83 | 	public static let segmentationFault      = Signal(rawValue: SIGSEGV)
 84 | 	public static let busError               = Signal(rawValue: SIGBUS)
 85 | 	public static let abortTrap              = Signal(rawValue: SIGABRT)
    |                                                              `- error: cannot find 'SIGABRT' in scope
 86 | 	/** Usually the same as `abortTrap`. */
 87 | 	public static let iot                    = Signal(rawValue: SIGIOT)
/host/spi-builder-workspace/Sources/SignalHandling/CStructsInSwift/Signal.swift:87:62: error: cannot find 'SIGIOT' in scope
 85 | 	public static let abortTrap              = Signal(rawValue: SIGABRT)
 86 | 	/** Usually the same as `abortTrap`. */
 87 | 	public static let iot                    = Signal(rawValue: SIGIOT)
    |                                                              `- error: cannot find 'SIGIOT' in scope
 88 | 	public static let traceBreakpointTrap    = Signal(rawValue: SIGTRAP)
 89 | #if !os(Linux)
/host/spi-builder-workspace/Sources/SignalHandling/CStructsInSwift/Signal.swift:88:62: error: cannot find 'SIGTRAP' in scope
 86 | 	/** Usually the same as `abortTrap`. */
 87 | 	public static let iot                    = Signal(rawValue: SIGIOT)
 88 | 	public static let traceBreakpointTrap    = Signal(rawValue: SIGTRAP)
    |                                                              `- error: cannot find 'SIGTRAP' in scope
 89 | #if !os(Linux)
 90 | 	public static let emulatorTrap           = Signal(rawValue: SIGEMT)
/host/spi-builder-workspace/Sources/SignalHandling/CStructsInSwift/Signal.swift:90:62: error: cannot find 'SIGEMT' in scope
 88 | 	public static let traceBreakpointTrap    = Signal(rawValue: SIGTRAP)
 89 | #if !os(Linux)
 90 | 	public static let emulatorTrap           = Signal(rawValue: SIGEMT)
    |                                                              `- error: cannot find 'SIGEMT' in scope
 91 | #endif
 92 | 	public static let badSystemCall          = Signal(rawValue: SIGSYS)
/host/spi-builder-workspace/Sources/SignalHandling/CStructsInSwift/Signal.swift:92:62: error: cannot find 'SIGSYS' in scope
 90 | 	public static let emulatorTrap           = Signal(rawValue: SIGEMT)
 91 | #endif
 92 | 	public static let badSystemCall          = Signal(rawValue: SIGSYS)
    |                                                              `- error: cannot find 'SIGSYS' in scope
 93 |
 94 | 	/* *** Termination Signals *** */
/host/spi-builder-workspace/Sources/SignalHandling/CStructsInSwift/Signal.swift:113:50: error: cannot find 'SIGKILL' in scope
111 | 	/** Used to quit w/ generation of a core dump. Usually `Ctrl-\`. */
112 | 	public static let quit       = Signal(rawValue: SIGQUIT)
113 | 	public static let killed     = Signal(rawValue: SIGKILL)
    |                                                  `- error: cannot find 'SIGKILL' in scope
114 | 	/** The user’s terminal disconnected. */
115 | 	public static let hangup     = Signal(rawValue: SIGHUP)
/host/spi-builder-workspace/Sources/SignalHandling/CStructsInSwift/Signal.swift:115:50: error: cannot find 'SIGHUP' in scope
113 | 	public static let killed     = Signal(rawValue: SIGKILL)
114 | 	/** The user’s terminal disconnected. */
115 | 	public static let hangup     = Signal(rawValue: SIGHUP)
    |                                                  `- error: cannot find 'SIGHUP' in scope
116 |
117 | 	/* *** Alarm Signals *** */
/host/spi-builder-workspace/Sources/SignalHandling/CStructsInSwift/Signal.swift:128:61: error: cannot find 'SIGALRM' in scope
126 | 	}
127 |
128 | 	public static let alarmClock            = Signal(rawValue: SIGALRM)
    |                                                             `- error: cannot find 'SIGALRM' in scope
129 | 	public static let virtualTimerExpired   = Signal(rawValue: SIGVTALRM)
130 | 	public static let profilingTimerExpired = Signal(rawValue: SIGPROF)
/host/spi-builder-workspace/Sources/SignalHandling/CStructsInSwift/Signal.swift:129:61: error: cannot find 'SIGVTALRM' in scope
127 |
128 | 	public static let alarmClock            = Signal(rawValue: SIGALRM)
129 | 	public static let virtualTimerExpired   = Signal(rawValue: SIGVTALRM)
    |                                                             `- error: cannot find 'SIGVTALRM' in scope
130 | 	public static let profilingTimerExpired = Signal(rawValue: SIGPROF)
131 |
/host/spi-builder-workspace/Sources/SignalHandling/CStructsInSwift/Signal.swift:130:61: error: cannot find 'SIGPROF' in scope
128 | 	public static let alarmClock            = Signal(rawValue: SIGALRM)
129 | 	public static let virtualTimerExpired   = Signal(rawValue: SIGVTALRM)
130 | 	public static let profilingTimerExpired = Signal(rawValue: SIGPROF)
    |                                                             `- error: cannot find 'SIGPROF' in scope
131 |
132 | 	/* *** Asynchronous I/O Signals *** */
/host/spi-builder-workspace/Sources/SignalHandling/CStructsInSwift/Signal.swift:143:57: error: cannot find 'SIGIO' in scope
141 | 	}
142 |
143 | 	public static let ioPossible        = Signal(rawValue: SIGIO)
    |                                                         `- error: cannot find 'SIGIO' in scope
144 | 	public static let urgentIOCondition = Signal(rawValue: SIGURG)
145 | #if os(Linux)
/host/spi-builder-workspace/Sources/SignalHandling/CStructsInSwift/Signal.swift:144:57: error: cannot find 'SIGURG' in scope
142 |
143 | 	public static let ioPossible        = Signal(rawValue: SIGIO)
144 | 	public static let urgentIOCondition = Signal(rawValue: SIGURG)
    |                                                         `- error: cannot find 'SIGURG' in scope
145 | #if os(Linux)
146 | 	/** System V signal name, similar to SIGIO. */
/host/spi-builder-workspace/Sources/SignalHandling/CStructsInSwift/Signal.swift:164:57: error: cannot find 'SIGCHLD' in scope
162 | 	}
163 |
164 | 	public static let childExited       = Signal(rawValue: SIGCHLD)
    |                                                         `- error: cannot find 'SIGCHLD' in scope
165 | 	/* Obsolete name for SIGCHLD. */
166 | //	public static let cildExited        = Signal(rawValue: SIGCLD)
/host/spi-builder-workspace/Sources/SignalHandling/CStructsInSwift/Signal.swift:169:57: error: cannot find 'SIGSTOP' in scope
167 | 	public static let continued         = Signal(rawValue: SIGCONT)
168 | 	/** Suspends the program. Cannot be handled, ignored or blocked. */
169 | 	public static let suspendedBySignal = Signal(rawValue: SIGSTOP)
    |                                                         `- error: cannot find 'SIGSTOP' in scope
170 | 	/** Suspends the program but can be handled and ignored. Usually `Ctrl-Z`. */
171 | 	public static let suspended         = Signal(rawValue: SIGTSTP)
/host/spi-builder-workspace/Sources/SignalHandling/CStructsInSwift/Signal.swift:172:57: error: cannot find 'SIGTTIN' in scope
170 | 	/** Suspends the program but can be handled and ignored. Usually `Ctrl-Z`. */
171 | 	public static let suspended         = Signal(rawValue: SIGTSTP)
172 | 	public static let stoppedTTYInput   = Signal(rawValue: SIGTTIN)
    |                                                         `- error: cannot find 'SIGTTIN' in scope
173 | 	public static let stoppedTTYOutput  = Signal(rawValue: SIGTTOU)
174 |
/host/spi-builder-workspace/Sources/SignalHandling/CStructsInSwift/Signal.swift:173:57: error: cannot find 'SIGTTOU' in scope
171 | 	public static let suspended         = Signal(rawValue: SIGTSTP)
172 | 	public static let stoppedTTYInput   = Signal(rawValue: SIGTTIN)
173 | 	public static let stoppedTTYOutput  = Signal(rawValue: SIGTTOU)
    |                                                         `- error: cannot find 'SIGTTOU' in scope
174 |
175 | 	/* *** Operation Error Signals *** */
/host/spi-builder-workspace/Sources/SignalHandling/CStructsInSwift/Signal.swift:186:61: error: cannot find 'SIGPIPE' in scope
184 | 	}
185 |
186 | 	public static let brokenPipe            = Signal(rawValue: SIGPIPE)
    |                                                             `- error: cannot find 'SIGPIPE' in scope
187 | //	public static let resourceLost          = Signal(rawValue: SIGLOST)
188 | 	public static let cputimeLimitExceeded  = Signal(rawValue: SIGXCPU)
/host/spi-builder-workspace/Sources/SignalHandling/CStructsInSwift/Signal.swift:188:61: error: cannot find 'SIGXCPU' in scope
186 | 	public static let brokenPipe            = Signal(rawValue: SIGPIPE)
187 | //	public static let resourceLost          = Signal(rawValue: SIGLOST)
188 | 	public static let cputimeLimitExceeded  = Signal(rawValue: SIGXCPU)
    |                                                             `- error: cannot find 'SIGXCPU' in scope
189 | 	public static let filesizeLimitExceeded = Signal(rawValue: SIGXFSZ)
190 |
/host/spi-builder-workspace/Sources/SignalHandling/CStructsInSwift/Signal.swift:189:61: error: cannot find 'SIGXFSZ' in scope
187 | //	public static let resourceLost          = Signal(rawValue: SIGLOST)
188 | 	public static let cputimeLimitExceeded  = Signal(rawValue: SIGXCPU)
189 | 	public static let filesizeLimitExceeded = Signal(rawValue: SIGXFSZ)
    |                                                             `- error: cannot find 'SIGXFSZ' in scope
190 |
191 | 	/* *** Miscellaneous Signals *** */
/host/spi-builder-workspace/Sources/SignalHandling/CStructsInSwift/Signal.swift:208:58: error: cannot find 'SIGUSR1' in scope
206 | 	}
207 |
208 | 	public static let userDefinedSignal1 = Signal(rawValue: SIGUSR1)
    |                                                          `- error: cannot find 'SIGUSR1' in scope
209 | 	public static let userDefinedSignal2 = Signal(rawValue: SIGUSR2)
210 | 	public static let windowSizeChanges  = Signal(rawValue: SIGWINCH)
/host/spi-builder-workspace/Sources/SignalHandling/CStructsInSwift/Signal.swift:209:58: error: cannot find 'SIGUSR2' in scope
207 |
208 | 	public static let userDefinedSignal1 = Signal(rawValue: SIGUSR1)
209 | 	public static let userDefinedSignal2 = Signal(rawValue: SIGUSR2)
    |                                                          `- error: cannot find 'SIGUSR2' in scope
210 | 	public static let windowSizeChanges  = Signal(rawValue: SIGWINCH)
211 | #if !os(Linux)
/host/spi-builder-workspace/Sources/SignalHandling/CStructsInSwift/Signal.swift:210:58: error: cannot find 'SIGWINCH' in scope
208 | 	public static let userDefinedSignal1 = Signal(rawValue: SIGUSR1)
209 | 	public static let userDefinedSignal2 = Signal(rawValue: SIGUSR2)
210 | 	public static let windowSizeChanges  = Signal(rawValue: SIGWINCH)
    |                                                          `- error: cannot find 'SIGWINCH' in scope
211 | #if !os(Linux)
212 | 	public static let informationRequest = Signal(rawValue: SIGINFO)
/host/spi-builder-workspace/Sources/SignalHandling/CStructsInSwift/Signal.swift:212:58: error: cannot find 'SIGINFO' in scope
210 | 	public static let windowSizeChanges  = Signal(rawValue: SIGWINCH)
211 | #if !os(Linux)
212 | 	public static let informationRequest = Signal(rawValue: SIGINFO)
    |                                                          `- error: cannot find 'SIGINFO' in scope
213 | #endif
214 |
/host/spi-builder-workspace/Sources/SignalHandling/CStructsInSwift/Signal.swift:237:3: error: cannot find 'sigemptyset' in scope
235 | 	public static let emptySigset: sigset_t = {
236 | 		var sigset = sigset_t()
237 | 		sigemptyset(&sigset)
    |   `- error: cannot find 'sigemptyset' in scope
238 | 		return sigset
239 | 	}()
/host/spi-builder-workspace/Sources/SignalHandling/CStructsInSwift/Signal.swift:247:3: error: cannot find 'sigfillset' in scope
245 | 	public static let fullSigset: sigset_t = {
246 | 		var sigset = sigset_t()
247 | 		sigfillset(&sigset)
    |   `- error: cannot find 'sigfillset' in scope
248 | 		return sigset
249 | 	}()
/host/spi-builder-workspace/Sources/SignalHandling/DelayedSigaction/SigactionDelayer_Block.swift:176:21: error: cannot find 'NSConditionLock' in scope
174 | 		}
175 |
176 | 		static let lock = NSConditionLock(condition: Self.nothingToDo.rawValue)
    |                     `- error: cannot find 'NSConditionLock' in scope
177 |
178 | 		/* Read/write is protected by the lock above. */
/host/spi-builder-workspace/Sources/SignalHandling/DelayedSigaction/SigactionDelayer_Block.swift:190:23: error: cannot find type 'DispatchSourceSignal' in scope
188 | 	private struct BlockedSignal {
189 |
190 | 		var dispatchSource: DispatchSourceSignal
    |                       `- error: cannot find type 'DispatchSourceSignal' in scope
191 | 		var handlers = [DelayedSigaction: DelayedSigactionHandler]()
192 |
/host/spi-builder-workspace/Sources/SignalHandling/DelayedSigaction/SigactionDelayer_Block.swift:195:45: error: cannot find 'DispatchQueue' in scope
193 | 	}
194 |
195 | 	private static let signalProcessingQueue = DispatchQueue(label: "com.xcode-actions.blocked-signals-processing-queue")
    |                                             `- error: cannot find 'DispatchQueue' in scope
196 |
197 | 	/* Only used on the main thread. */
/host/spi-builder-workspace/Sources/SignalHandling/DelayedSigaction/SigactionDelayer_Unsig.swift:129:21: error: cannot find 'NSConditionLock' in scope
127 | 		}
128 |
129 | 		static let lock = NSConditionLock(condition: Self.nothingToDo.rawValue)
    |                     `- error: cannot find 'NSConditionLock' in scope
130 |
131 | 		/* Read/write is protected by the lock above. */
/host/spi-builder-workspace/Sources/SignalHandling/DelayedSigaction/SigactionDelayer_Unsig.swift:145:23: error: cannot find type 'DispatchSourceSignal' in scope
143 | 		var originalSigaction: Sigaction
144 |
145 | 		var dispatchSource: DispatchSourceSignal
    |                       `- error: cannot find type 'DispatchSourceSignal' in scope
146 | 		var handlers = [DelayedSigaction: DelayedSigactionHandler]()
147 |
/host/spi-builder-workspace/Sources/SignalHandling/DelayedSigaction/SigactionDelayer_Unsig.swift:150:45: error: cannot find 'DispatchQueue' in scope
148 | 	}
149 |
150 | 	private static let signalProcessingQueue = DispatchQueue(label: "com.xcode-actions.unsigactioned-signals-processing-queue")
    |                                             `- error: cannot find 'DispatchQueue' in scope
151 |
152 | 	/* Both these vars are only modified/read on the signal processing queue. */
[516/523] Compiling SignalHandling Sigaction.swift
/host/spi-builder-workspace/Sources/SignalHandling/CStructsInSwift/Sigaction.swift:44:24: error: cannot find type 'sigaction' in scope
 42 | 	 If the handler of the sigaction is `SIG_IGN` or `SIG_DFL`, we check the `sa_flags` not to contains the `SA_SIGINFO` bit.
 43 | 	 If they do, we log an error, as this is invalid. */
 44 | 	public init(rawValue: sigaction) {
    |                        `- error: cannot find type 'sigaction' in scope
 45 | 		self.mask = Signal.set(from: rawValue.sa_mask)
 46 | 		self.flags = SigactionFlags(rawValue: rawValue.sa_flags)
/host/spi-builder-workspace/Sources/SignalHandling/CStructsInSwift/Sigaction.swift:79:23: error: cannot find type 'sigaction' in scope
 77 | 	}
 78 |
 79 | 	public var rawValue: sigaction {
    |                       `- error: cannot find type 'sigaction' in scope
 80 | 		if !isValid {
 81 | 			Conf.logger?.warning("Getting sigaction from an invalid Sigaction.")
/host/spi-builder-workspace/Sources/SignalHandling/CStructsInSwift/SigactionHandler.swift:19:80: error: cannot find type 'siginfo_t' in scope
17 |
18 | 	case ansiC(@convention(c) (_ signalID: Int32) -> Void)
19 | 	case posix(@convention(c) (_ signalID: Int32, _ siginfo: UnsafeMutablePointer<siginfo_t>?, _ userThreadContext: UnsafeMutableRawPointer?) -> Void)
   |                                                                                `- error: cannot find type 'siginfo_t' in scope
20 |
21 | 	public static func ==(lhs: SigactionHandler, rhs: SigactionHandler) -> Bool {
/host/spi-builder-workspace/Sources/SignalHandling/CStructsInSwift/Sigaction.swift:8:15: error: type 'Sigaction' does not conform to protocol 'RawRepresentable'
  6 |
  7 |
  8 | public struct Sigaction : Equatable, RawRepresentable, Sendable {
    |               |- error: type 'Sigaction' does not conform to protocol 'RawRepresentable'
    |               `- note: add stubs for conformance
  9 |
 10 | 	public static let ignoreAction = Sigaction(handler: .ignoreHandler)
Swift.RawRepresentable.RawValue:2:16: note: protocol requires nested type 'RawValue'
1 | protocol RawRepresentable {
2 | associatedtype RawValue}
  |                `- note: protocol requires nested type 'RawValue'
3 |
/host/spi-builder-workspace/Sources/SignalHandling/CStructsInSwift/SigactionFlag.swift:40:55: error: cannot find 'SA_SIGINFO' in scope
38 | 	  and should match the matching prototype.
39 | 	 This bit should not be set when assigning `SIG_DFL` or `SIG_IGN`. */
40 | 	public static let siginfo = SigactionFlags(rawValue: SA_SIGINFO)
   |                                                       `- error: cannot find 'SA_SIGINFO' in scope
41 |
42 | 	public let rawValue: CInt
/host/spi-builder-workspace/Sources/SignalHandling/CStructsInSwift/Sigaction.swift:50:49: error: cannot find 'SIG_IGN' in scope
 48 | #if !os(Linux)
 49 | 		switch OpaquePointer(bitPattern: unsafeBitCast(rawValue.__sigaction_u.__sa_handler, to: Int.self)) {
 50 | 			case OpaquePointer(bitPattern: unsafeBitCast(SIG_IGN, to: Int.self)): self.handler = .ignoreHandler
    |                                                 `- error: cannot find 'SIG_IGN' in scope
 51 | 			case OpaquePointer(bitPattern: unsafeBitCast(SIG_DFL, to: Int.self)): self.handler = .defaultHandler
 52 | 			default:
/host/spi-builder-workspace/Sources/SignalHandling/CStructsInSwift/Sigaction.swift:51:49: error: cannot find 'SIG_DFL' in scope
 49 | 		switch OpaquePointer(bitPattern: unsafeBitCast(rawValue.__sigaction_u.__sa_handler, to: Int.self)) {
 50 | 			case OpaquePointer(bitPattern: unsafeBitCast(SIG_IGN, to: Int.self)): self.handler = .ignoreHandler
 51 | 			case OpaquePointer(bitPattern: unsafeBitCast(SIG_DFL, to: Int.self)): self.handler = .defaultHandler
    |                                                 `- error: cannot find 'SIG_DFL' in scope
 52 | 			default:
 53 | 				if flags.contains(.siginfo) {self.handler = .posix(rawValue.__sigaction_u.__sa_sigaction)}
/host/spi-builder-workspace/Sources/SignalHandling/CStructsInSwift/Sigaction.swift:72:16: error: cannot find 'sigaction' in scope
 70 |
 71 | 	public init(signal: Signal) throws {
 72 | 		var action = sigaction()
    |                `- error: cannot find 'sigaction' in scope
 73 | 		guard sigaction(signal.rawValue, nil, &action) == 0 else {
 74 | 			throw SignalHandlingError.nonDestructiveSystemError(Errno(rawValue: errno))
/host/spi-builder-workspace/Sources/SignalHandling/CStructsInSwift/Sigaction.swift:73:9: error: cannot find 'sigaction' in scope
 71 | 	public init(signal: Signal) throws {
 72 | 		var action = sigaction()
 73 | 		guard sigaction(signal.rawValue, nil, &action) == 0 else {
    |         `- error: cannot find 'sigaction' in scope
 74 | 			throw SignalHandlingError.nonDestructiveSystemError(Errno(rawValue: errno))
 75 | 		}
/host/spi-builder-workspace/Sources/SignalHandling/CStructsInSwift/Sigaction.swift:73:36: error: 'nil' requires a contextual type
 71 | 	public init(signal: Signal) throws {
 72 | 		var action = sigaction()
 73 | 		guard sigaction(signal.rawValue, nil, &action) == 0 else {
    |                                    `- error: 'nil' requires a contextual type
 74 | 			throw SignalHandlingError.nonDestructiveSystemError(Errno(rawValue: errno))
 75 | 		}
/host/spi-builder-workspace/Sources/SignalHandling/CStructsInSwift/Sigaction.swift:76:8: error: no exact matches in call to initializer
 28 | 	public var handler: SigactionHandler
 29 |
 30 | 	public init(handler: SigactionHandler) {
    |         `- note: incorrect labels for candidate (have: '(rawValue:)', expected: '(handler:)')
 31 | 		self.mask = []
 32 | 		switch handler {
    :
 69 | 	}
 70 |
 71 | 	public init(signal: Signal) throws {
    |         `- note: incorrect labels for candidate (have: '(rawValue:)', expected: '(signal:)')
 72 | 		var action = sigaction()
 73 | 		guard sigaction(signal.rawValue, nil, &action) == 0 else {
 74 | 			throw SignalHandlingError.nonDestructiveSystemError(Errno(rawValue: errno))
 75 | 		}
 76 | 		self.init(rawValue: action)
    |        `- error: no exact matches in call to initializer
 77 | 	}
 78 |
/host/spi-builder-workspace/Sources/SignalHandling/CStructsInSwift/Sigaction.swift:84:13: error: cannot find 'sigaction' in scope
 82 | 		}
 83 |
 84 | 		var ret = sigaction()
    |             `- error: cannot find 'sigaction' in scope
 85 | 		ret.sa_mask = Signal.sigset(from: mask)
 86 | 		ret.sa_flags = flags.rawValue
/host/spi-builder-workspace/Sources/SignalHandling/CStructsInSwift/Sigaction.swift:90:59: error: cannot find 'SIG_IGN' in scope
 88 | #if !os(Linux)
 89 | 		switch handler {
 90 | 			case .ignoreHandler:  ret.__sigaction_u.__sa_handler = SIG_IGN
    |                                                           `- error: cannot find 'SIG_IGN' in scope
 91 | 			case .defaultHandler: ret.__sigaction_u.__sa_handler = SIG_DFL
 92 | 			case .ansiC(let h):   ret.__sigaction_u.__sa_handler = h
/host/spi-builder-workspace/Sources/SignalHandling/CStructsInSwift/Sigaction.swift:91:59: error: cannot find 'SIG_DFL' in scope
 89 | 		switch handler {
 90 | 			case .ignoreHandler:  ret.__sigaction_u.__sa_handler = SIG_IGN
 91 | 			case .defaultHandler: ret.__sigaction_u.__sa_handler = SIG_DFL
    |                                                           `- error: cannot find 'SIG_DFL' in scope
 92 | 			case .ansiC(let h):   ret.__sigaction_u.__sa_handler = h
 93 | 			case .posix(let h):   ret.__sigaction_u.__sa_sigaction = h
/host/spi-builder-workspace/Sources/SignalHandling/CStructsInSwift/Sigaction.swift:129:20: error: cannot find 'sigaction' in scope
127 | 		}
128 |
129 | 		var oldCAction = sigaction()
    |                    `- error: cannot find 'sigaction' in scope
130 | 		var newCAction = self.rawValue
131 | 		guard sigaction(signal.rawValue, &newCAction, &oldCAction) == 0 else {
/host/spi-builder-workspace/Sources/SignalHandling/CStructsInSwift/Sigaction.swift:131:9: error: cannot find 'sigaction' in scope
129 | 		var oldCAction = sigaction()
130 | 		var newCAction = self.rawValue
131 | 		guard sigaction(signal.rawValue, &newCAction, &oldCAction) == 0 else {
    |         `- error: cannot find 'sigaction' in scope
132 | 			throw SignalHandlingError.nonDestructiveSystemError(Errno(rawValue: errno))
133 | 		}
/host/spi-builder-workspace/Sources/SignalHandling/CStructsInSwift/Sigaction.swift:134:22: error: no exact matches in call to initializer
 28 | 	public var handler: SigactionHandler
 29 |
 30 | 	public init(handler: SigactionHandler) {
    |         `- note: incorrect labels for candidate (have: '(rawValue:)', expected: '(handler:)')
 31 | 		self.mask = []
 32 | 		switch handler {
    :
 69 | 	}
 70 |
 71 | 	public init(signal: Signal) throws {
    |         `- note: incorrect labels for candidate (have: '(rawValue:)', expected: '(signal:)')
 72 | 		var action = sigaction()
 73 | 		guard sigaction(signal.rawValue, nil, &action) == 0 else {
    :
132 | 			throw SignalHandlingError.nonDestructiveSystemError(Errno(rawValue: errno))
133 | 		}
134 | 		let oldSigaction = Sigaction(rawValue: oldCAction)
    |                      `- error: no exact matches in call to initializer
135 | 		if revertIfIgnored && oldSigaction == .ignoreAction {
136 | 			guard sigaction(signal.rawValue, &oldCAction, nil) == 0 else {
/host/spi-builder-workspace/Sources/SignalHandling/CStructsInSwift/Sigaction.swift:136:10: error: cannot find 'sigaction' in scope
134 | 		let oldSigaction = Sigaction(rawValue: oldCAction)
135 | 		if revertIfIgnored && oldSigaction == .ignoreAction {
136 | 			guard sigaction(signal.rawValue, &oldCAction, nil) == 0 else {
    |          `- error: cannot find 'sigaction' in scope
137 | 				throw SignalHandlingError.destructiveSystemError(Errno(rawValue: errno))
138 | 			}
/host/spi-builder-workspace/Sources/SignalHandling/CStructsInSwift/Sigaction.swift:136:50: error: 'nil' requires a contextual type
134 | 		let oldSigaction = Sigaction(rawValue: oldCAction)
135 | 		if revertIfIgnored && oldSigaction == .ignoreAction {
136 | 			guard sigaction(signal.rawValue, &oldCAction, nil) == 0 else {
    |                                                  `- error: 'nil' requires a contextual type
137 | 				throw SignalHandlingError.destructiveSystemError(Errno(rawValue: errno))
138 | 			}
/host/spi-builder-workspace/Sources/SignalHandling/CStructsInSwift/SigactionFlag.swift:11:59: error: cannot find 'SA_NOCLDSTOP' in scope
 9 | 	 If this bit is set when installing a catching function for the `SIGCHLD` signal,
10 | 	  the `SIGCHLD` signal will be generated only when a child process exits, not when a child process stops. */
11 | 	public static let noChildStop = SigactionFlags(rawValue: SA_NOCLDSTOP)
   |                                                           `- error: cannot find 'SA_NOCLDSTOP' in scope
12 |
13 | 	/**
/host/spi-builder-workspace/Sources/SignalHandling/CStructsInSwift/SigactionFlag.swift:19:59: error: cannot find 'SA_NOCLDWAIT' in scope
17 | 	  it blocks until all of the calling process’s child processes terminate,
18 | 	  and then returns a value of -1 with errno set to ECHILD. */
19 | 	public static let noChildWait = SigactionFlags(rawValue: SA_NOCLDWAIT)
   |                                                           `- error: cannot find 'SA_NOCLDWAIT' in scope
20 |
21 | 	/**
/host/spi-builder-workspace/Sources/SignalHandling/CStructsInSwift/SigactionFlag.swift:23:55: error: cannot find 'SA_ONSTACK' in scope
21 | 	/**
22 | 	 If this bit is set, the system will deliver the signal to the process on a signal stack, specified with `sigaltstack(2)`. */
23 | 	public static let onStack = SigactionFlags(rawValue: SA_ONSTACK)
   |                                                       `- error: cannot find 'SA_ONSTACK' in scope
24 |
25 | 	/**
/host/spi-builder-workspace/Sources/SignalHandling/CStructsInSwift/SigactionFlag.swift:27:55: error: cannot find 'SA_NODEFER' in scope
25 | 	/**
26 | 	 If this bit is set, further occurrences of the delivered signal are not masked during the execution of the handler. */
27 | 	public static let noDefer = SigactionFlags(rawValue: SA_NODEFER)
   |                                                       `- error: cannot find 'SA_NODEFER' in scope
28 |
29 | 	/**
/host/spi-builder-workspace/Sources/SignalHandling/CStructsInSwift/SigactionFlag.swift:31:65: error: cannot find 'SA_RESETHAND' in scope
29 | 	/**
30 | 	 If this bit is set, the handler is reset back to `SIG_DFL` at the moment the signal is delivered. */
31 | 	public static let resetHandler = SigactionFlags(rawValue: CInt(SA_RESETHAND) /* On Linux, an UInt32 instead of Int32, so we cast… */)
   |                                                                 `- error: cannot find 'SA_RESETHAND' in scope
32 |
33 | 	/** See `sigaction(2)`. */
/host/spi-builder-workspace/Sources/SignalHandling/CStructsInSwift/SigactionFlag.swift:34:55: error: cannot find 'SA_RESTART' in scope
32 |
33 | 	/** See `sigaction(2)`. */
34 | 	public static let restart = SigactionFlags(rawValue: SA_RESTART)
   |                                                       `- error: cannot find 'SA_RESTART' in scope
35 |
36 | 	/**
[517/523] Compiling SignalHandling SigactionFlag.swift
/host/spi-builder-workspace/Sources/SignalHandling/CStructsInSwift/Sigaction.swift:44:24: error: cannot find type 'sigaction' in scope
 42 | 	 If the handler of the sigaction is `SIG_IGN` or `SIG_DFL`, we check the `sa_flags` not to contains the `SA_SIGINFO` bit.
 43 | 	 If they do, we log an error, as this is invalid. */
 44 | 	public init(rawValue: sigaction) {
    |                        `- error: cannot find type 'sigaction' in scope
 45 | 		self.mask = Signal.set(from: rawValue.sa_mask)
 46 | 		self.flags = SigactionFlags(rawValue: rawValue.sa_flags)
/host/spi-builder-workspace/Sources/SignalHandling/CStructsInSwift/Sigaction.swift:79:23: error: cannot find type 'sigaction' in scope
 77 | 	}
 78 |
 79 | 	public var rawValue: sigaction {
    |                       `- error: cannot find type 'sigaction' in scope
 80 | 		if !isValid {
 81 | 			Conf.logger?.warning("Getting sigaction from an invalid Sigaction.")
/host/spi-builder-workspace/Sources/SignalHandling/CStructsInSwift/SigactionHandler.swift:19:80: error: cannot find type 'siginfo_t' in scope
17 |
18 | 	case ansiC(@convention(c) (_ signalID: Int32) -> Void)
19 | 	case posix(@convention(c) (_ signalID: Int32, _ siginfo: UnsafeMutablePointer<siginfo_t>?, _ userThreadContext: UnsafeMutableRawPointer?) -> Void)
   |                                                                                `- error: cannot find type 'siginfo_t' in scope
20 |
21 | 	public static func ==(lhs: SigactionHandler, rhs: SigactionHandler) -> Bool {
/host/spi-builder-workspace/Sources/SignalHandling/CStructsInSwift/Sigaction.swift:8:15: error: type 'Sigaction' does not conform to protocol 'RawRepresentable'
  6 |
  7 |
  8 | public struct Sigaction : Equatable, RawRepresentable, Sendable {
    |               |- error: type 'Sigaction' does not conform to protocol 'RawRepresentable'
    |               `- note: add stubs for conformance
  9 |
 10 | 	public static let ignoreAction = Sigaction(handler: .ignoreHandler)
Swift.RawRepresentable.RawValue:2:16: note: protocol requires nested type 'RawValue'
1 | protocol RawRepresentable {
2 | associatedtype RawValue}
  |                `- note: protocol requires nested type 'RawValue'
3 |
/host/spi-builder-workspace/Sources/SignalHandling/CStructsInSwift/SigactionFlag.swift:40:55: error: cannot find 'SA_SIGINFO' in scope
38 | 	  and should match the matching prototype.
39 | 	 This bit should not be set when assigning `SIG_DFL` or `SIG_IGN`. */
40 | 	public static let siginfo = SigactionFlags(rawValue: SA_SIGINFO)
   |                                                       `- error: cannot find 'SA_SIGINFO' in scope
41 |
42 | 	public let rawValue: CInt
/host/spi-builder-workspace/Sources/SignalHandling/CStructsInSwift/Sigaction.swift:50:49: error: cannot find 'SIG_IGN' in scope
 48 | #if !os(Linux)
 49 | 		switch OpaquePointer(bitPattern: unsafeBitCast(rawValue.__sigaction_u.__sa_handler, to: Int.self)) {
 50 | 			case OpaquePointer(bitPattern: unsafeBitCast(SIG_IGN, to: Int.self)): self.handler = .ignoreHandler
    |                                                 `- error: cannot find 'SIG_IGN' in scope
 51 | 			case OpaquePointer(bitPattern: unsafeBitCast(SIG_DFL, to: Int.self)): self.handler = .defaultHandler
 52 | 			default:
/host/spi-builder-workspace/Sources/SignalHandling/CStructsInSwift/Sigaction.swift:51:49: error: cannot find 'SIG_DFL' in scope
 49 | 		switch OpaquePointer(bitPattern: unsafeBitCast(rawValue.__sigaction_u.__sa_handler, to: Int.self)) {
 50 | 			case OpaquePointer(bitPattern: unsafeBitCast(SIG_IGN, to: Int.self)): self.handler = .ignoreHandler
 51 | 			case OpaquePointer(bitPattern: unsafeBitCast(SIG_DFL, to: Int.self)): self.handler = .defaultHandler
    |                                                 `- error: cannot find 'SIG_DFL' in scope
 52 | 			default:
 53 | 				if flags.contains(.siginfo) {self.handler = .posix(rawValue.__sigaction_u.__sa_sigaction)}
/host/spi-builder-workspace/Sources/SignalHandling/CStructsInSwift/Sigaction.swift:72:16: error: cannot find 'sigaction' in scope
 70 |
 71 | 	public init(signal: Signal) throws {
 72 | 		var action = sigaction()
    |                `- error: cannot find 'sigaction' in scope
 73 | 		guard sigaction(signal.rawValue, nil, &action) == 0 else {
 74 | 			throw SignalHandlingError.nonDestructiveSystemError(Errno(rawValue: errno))
/host/spi-builder-workspace/Sources/SignalHandling/CStructsInSwift/Sigaction.swift:73:9: error: cannot find 'sigaction' in scope
 71 | 	public init(signal: Signal) throws {
 72 | 		var action = sigaction()
 73 | 		guard sigaction(signal.rawValue, nil, &action) == 0 else {
    |         `- error: cannot find 'sigaction' in scope
 74 | 			throw SignalHandlingError.nonDestructiveSystemError(Errno(rawValue: errno))
 75 | 		}
/host/spi-builder-workspace/Sources/SignalHandling/CStructsInSwift/Sigaction.swift:73:36: error: 'nil' requires a contextual type
 71 | 	public init(signal: Signal) throws {
 72 | 		var action = sigaction()
 73 | 		guard sigaction(signal.rawValue, nil, &action) == 0 else {
    |                                    `- error: 'nil' requires a contextual type
 74 | 			throw SignalHandlingError.nonDestructiveSystemError(Errno(rawValue: errno))
 75 | 		}
/host/spi-builder-workspace/Sources/SignalHandling/CStructsInSwift/Sigaction.swift:76:8: error: no exact matches in call to initializer
 28 | 	public var handler: SigactionHandler
 29 |
 30 | 	public init(handler: SigactionHandler) {
    |         `- note: incorrect labels for candidate (have: '(rawValue:)', expected: '(handler:)')
 31 | 		self.mask = []
 32 | 		switch handler {
    :
 69 | 	}
 70 |
 71 | 	public init(signal: Signal) throws {
    |         `- note: incorrect labels for candidate (have: '(rawValue:)', expected: '(signal:)')
 72 | 		var action = sigaction()
 73 | 		guard sigaction(signal.rawValue, nil, &action) == 0 else {
 74 | 			throw SignalHandlingError.nonDestructiveSystemError(Errno(rawValue: errno))
 75 | 		}
 76 | 		self.init(rawValue: action)
    |        `- error: no exact matches in call to initializer
 77 | 	}
 78 |
/host/spi-builder-workspace/Sources/SignalHandling/CStructsInSwift/Sigaction.swift:84:13: error: cannot find 'sigaction' in scope
 82 | 		}
 83 |
 84 | 		var ret = sigaction()
    |             `- error: cannot find 'sigaction' in scope
 85 | 		ret.sa_mask = Signal.sigset(from: mask)
 86 | 		ret.sa_flags = flags.rawValue
/host/spi-builder-workspace/Sources/SignalHandling/CStructsInSwift/Sigaction.swift:90:59: error: cannot find 'SIG_IGN' in scope
 88 | #if !os(Linux)
 89 | 		switch handler {
 90 | 			case .ignoreHandler:  ret.__sigaction_u.__sa_handler = SIG_IGN
    |                                                           `- error: cannot find 'SIG_IGN' in scope
 91 | 			case .defaultHandler: ret.__sigaction_u.__sa_handler = SIG_DFL
 92 | 			case .ansiC(let h):   ret.__sigaction_u.__sa_handler = h
/host/spi-builder-workspace/Sources/SignalHandling/CStructsInSwift/Sigaction.swift:91:59: error: cannot find 'SIG_DFL' in scope
 89 | 		switch handler {
 90 | 			case .ignoreHandler:  ret.__sigaction_u.__sa_handler = SIG_IGN
 91 | 			case .defaultHandler: ret.__sigaction_u.__sa_handler = SIG_DFL
    |                                                           `- error: cannot find 'SIG_DFL' in scope
 92 | 			case .ansiC(let h):   ret.__sigaction_u.__sa_handler = h
 93 | 			case .posix(let h):   ret.__sigaction_u.__sa_sigaction = h
/host/spi-builder-workspace/Sources/SignalHandling/CStructsInSwift/Sigaction.swift:129:20: error: cannot find 'sigaction' in scope
127 | 		}
128 |
129 | 		var oldCAction = sigaction()
    |                    `- error: cannot find 'sigaction' in scope
130 | 		var newCAction = self.rawValue
131 | 		guard sigaction(signal.rawValue, &newCAction, &oldCAction) == 0 else {
/host/spi-builder-workspace/Sources/SignalHandling/CStructsInSwift/Sigaction.swift:131:9: error: cannot find 'sigaction' in scope
129 | 		var oldCAction = sigaction()
130 | 		var newCAction = self.rawValue
131 | 		guard sigaction(signal.rawValue, &newCAction, &oldCAction) == 0 else {
    |         `- error: cannot find 'sigaction' in scope
132 | 			throw SignalHandlingError.nonDestructiveSystemError(Errno(rawValue: errno))
133 | 		}
/host/spi-builder-workspace/Sources/SignalHandling/CStructsInSwift/Sigaction.swift:134:22: error: no exact matches in call to initializer
 28 | 	public var handler: SigactionHandler
 29 |
 30 | 	public init(handler: SigactionHandler) {
    |         `- note: incorrect labels for candidate (have: '(rawValue:)', expected: '(handler:)')
 31 | 		self.mask = []
 32 | 		switch handler {
    :
 69 | 	}
 70 |
 71 | 	public init(signal: Signal) throws {
    |         `- note: incorrect labels for candidate (have: '(rawValue:)', expected: '(signal:)')
 72 | 		var action = sigaction()
 73 | 		guard sigaction(signal.rawValue, nil, &action) == 0 else {
    :
132 | 			throw SignalHandlingError.nonDestructiveSystemError(Errno(rawValue: errno))
133 | 		}
134 | 		let oldSigaction = Sigaction(rawValue: oldCAction)
    |                      `- error: no exact matches in call to initializer
135 | 		if revertIfIgnored && oldSigaction == .ignoreAction {
136 | 			guard sigaction(signal.rawValue, &oldCAction, nil) == 0 else {
/host/spi-builder-workspace/Sources/SignalHandling/CStructsInSwift/Sigaction.swift:136:10: error: cannot find 'sigaction' in scope
134 | 		let oldSigaction = Sigaction(rawValue: oldCAction)
135 | 		if revertIfIgnored && oldSigaction == .ignoreAction {
136 | 			guard sigaction(signal.rawValue, &oldCAction, nil) == 0 else {
    |          `- error: cannot find 'sigaction' in scope
137 | 				throw SignalHandlingError.destructiveSystemError(Errno(rawValue: errno))
138 | 			}
/host/spi-builder-workspace/Sources/SignalHandling/CStructsInSwift/Sigaction.swift:136:50: error: 'nil' requires a contextual type
134 | 		let oldSigaction = Sigaction(rawValue: oldCAction)
135 | 		if revertIfIgnored && oldSigaction == .ignoreAction {
136 | 			guard sigaction(signal.rawValue, &oldCAction, nil) == 0 else {
    |                                                  `- error: 'nil' requires a contextual type
137 | 				throw SignalHandlingError.destructiveSystemError(Errno(rawValue: errno))
138 | 			}
/host/spi-builder-workspace/Sources/SignalHandling/CStructsInSwift/SigactionFlag.swift:11:59: error: cannot find 'SA_NOCLDSTOP' in scope
 9 | 	 If this bit is set when installing a catching function for the `SIGCHLD` signal,
10 | 	  the `SIGCHLD` signal will be generated only when a child process exits, not when a child process stops. */
11 | 	public static let noChildStop = SigactionFlags(rawValue: SA_NOCLDSTOP)
   |                                                           `- error: cannot find 'SA_NOCLDSTOP' in scope
12 |
13 | 	/**
/host/spi-builder-workspace/Sources/SignalHandling/CStructsInSwift/SigactionFlag.swift:19:59: error: cannot find 'SA_NOCLDWAIT' in scope
17 | 	  it blocks until all of the calling process’s child processes terminate,
18 | 	  and then returns a value of -1 with errno set to ECHILD. */
19 | 	public static let noChildWait = SigactionFlags(rawValue: SA_NOCLDWAIT)
   |                                                           `- error: cannot find 'SA_NOCLDWAIT' in scope
20 |
21 | 	/**
/host/spi-builder-workspace/Sources/SignalHandling/CStructsInSwift/SigactionFlag.swift:23:55: error: cannot find 'SA_ONSTACK' in scope
21 | 	/**
22 | 	 If this bit is set, the system will deliver the signal to the process on a signal stack, specified with `sigaltstack(2)`. */
23 | 	public static let onStack = SigactionFlags(rawValue: SA_ONSTACK)
   |                                                       `- error: cannot find 'SA_ONSTACK' in scope
24 |
25 | 	/**
/host/spi-builder-workspace/Sources/SignalHandling/CStructsInSwift/SigactionFlag.swift:27:55: error: cannot find 'SA_NODEFER' in scope
25 | 	/**
26 | 	 If this bit is set, further occurrences of the delivered signal are not masked during the execution of the handler. */
27 | 	public static let noDefer = SigactionFlags(rawValue: SA_NODEFER)
   |                                                       `- error: cannot find 'SA_NODEFER' in scope
28 |
29 | 	/**
/host/spi-builder-workspace/Sources/SignalHandling/CStructsInSwift/SigactionFlag.swift:31:65: error: cannot find 'SA_RESETHAND' in scope
29 | 	/**
30 | 	 If this bit is set, the handler is reset back to `SIG_DFL` at the moment the signal is delivered. */
31 | 	public static let resetHandler = SigactionFlags(rawValue: CInt(SA_RESETHAND) /* On Linux, an UInt32 instead of Int32, so we cast… */)
   |                                                                 `- error: cannot find 'SA_RESETHAND' in scope
32 |
33 | 	/** See `sigaction(2)`. */
/host/spi-builder-workspace/Sources/SignalHandling/CStructsInSwift/SigactionFlag.swift:34:55: error: cannot find 'SA_RESTART' in scope
32 |
33 | 	/** See `sigaction(2)`. */
34 | 	public static let restart = SigactionFlags(rawValue: SA_RESTART)
   |                                                       `- error: cannot find 'SA_RESTART' in scope
35 |
36 | 	/**
[518/523] Compiling SignalHandling SigactionHandler.swift
/host/spi-builder-workspace/Sources/SignalHandling/CStructsInSwift/SigactionHandler.swift:19:80: error: cannot find type 'siginfo_t' in scope
17 |
18 | 	case ansiC(@convention(c) (_ signalID: Int32) -> Void)
19 | 	case posix(@convention(c) (_ signalID: Int32, _ siginfo: UnsafeMutablePointer<siginfo_t>?, _ userThreadContext: UnsafeMutableRawPointer?) -> Void)
   |                                                                                `- error: cannot find type 'siginfo_t' in scope
20 |
21 | 	public static func ==(lhs: SigactionHandler, rhs: SigactionHandler) -> Bool {
/host/spi-builder-workspace/Sources/SignalHandling/CStructsInSwift/SigactionHandler.swift:38:73: error: cannot find 'SIG_IGN' in scope
36 | 	var asOpaquePointer: OpaquePointer? {
37 | 		switch self {
38 | 			case .ignoreHandler:  return OpaquePointer(bitPattern: unsafeBitCast(SIG_IGN, to: Int.self))
   |                                                                         `- error: cannot find 'SIG_IGN' in scope
39 | 			case .defaultHandler: return OpaquePointer(bitPattern: unsafeBitCast(SIG_DFL, to: Int.self))
40 | 			case .ansiC(let h):   return OpaquePointer(bitPattern: unsafeBitCast(h, to: Int.self))
/host/spi-builder-workspace/Sources/SignalHandling/CStructsInSwift/SigactionHandler.swift:39:73: error: cannot find 'SIG_DFL' in scope
37 | 		switch self {
38 | 			case .ignoreHandler:  return OpaquePointer(bitPattern: unsafeBitCast(SIG_IGN, to: Int.self))
39 | 			case .defaultHandler: return OpaquePointer(bitPattern: unsafeBitCast(SIG_DFL, to: Int.self))
   |                                                                         `- error: cannot find 'SIG_DFL' in scope
40 | 			case .ansiC(let h):   return OpaquePointer(bitPattern: unsafeBitCast(h, to: Int.self))
41 | 			case .posix(let h):   return OpaquePointer(bitPattern: unsafeBitCast(h, to: Int.self))
/host/spi-builder-workspace/Sources/SignalHandling/CStructsInSwift/Signal.swift:108:50: error: cannot find 'SIGTERM' in scope
106 |
107 | 	/** “Normal” kill signal. */
108 | 	public static let terminated = Signal(rawValue: SIGTERM)
    |                                                  `- error: cannot find 'SIGTERM' in scope
109 | 	/** Usually `Ctrl-C`. */
110 | 	public static let interrupt  = Signal(rawValue: SIGINT)
/host/spi-builder-workspace/Sources/SignalHandling/CStructsInSwift/Signal.swift:110:50: error: cannot find 'SIGINT' in scope
108 | 	public static let terminated = Signal(rawValue: SIGTERM)
109 | 	/** Usually `Ctrl-C`. */
110 | 	public static let interrupt  = Signal(rawValue: SIGINT)
    |                                                  `- error: cannot find 'SIGINT' in scope
111 | 	/** Used to quit w/ generation of a core dump. Usually `Ctrl-\`. */
112 | 	public static let quit       = Signal(rawValue: SIGQUIT)
/host/spi-builder-workspace/Sources/SignalHandling/CStructsInSwift/Signal.swift:112:50: error: cannot find 'SIGQUIT' in scope
110 | 	public static let interrupt  = Signal(rawValue: SIGINT)
111 | 	/** Used to quit w/ generation of a core dump. Usually `Ctrl-\`. */
112 | 	public static let quit       = Signal(rawValue: SIGQUIT)
    |                                                  `- error: cannot find 'SIGQUIT' in scope
113 | 	public static let killed     = Signal(rawValue: SIGKILL)
114 | 	/** The user’s terminal disconnected. */
/host/spi-builder-workspace/Sources/SignalHandling/CStructsInSwift/Signal.swift:171:57: error: cannot find 'SIGTSTP' in scope
169 | 	public static let suspendedBySignal = Signal(rawValue: SIGSTOP)
170 | 	/** Suspends the program but can be handled and ignored. Usually `Ctrl-Z`. */
171 | 	public static let suspended         = Signal(rawValue: SIGTSTP)
    |                                                         `- error: cannot find 'SIGTSTP' in scope
172 | 	public static let stoppedTTYInput   = Signal(rawValue: SIGTTIN)
173 | 	public static let stoppedTTYOutput  = Signal(rawValue: SIGTTOU)
/host/spi-builder-workspace/Sources/SignalHandling/CStructsInSwift/Signal.swift:167:57: error: cannot find 'SIGCONT' in scope
165 | 	/* Obsolete name for SIGCHLD. */
166 | //	public static let cildExited        = Signal(rawValue: SIGCLD)
167 | 	public static let continued         = Signal(rawValue: SIGCONT)
    |                                                         `- error: cannot find 'SIGCONT' in scope
168 | 	/** Suspends the program. Cannot be handled, ignored or blocked. */
169 | 	public static let suspendedBySignal = Signal(rawValue: SIGSTOP)
/host/spi-builder-workspace/Sources/SignalHandling/CStructsInSwift/Signal.swift:79:62: error: cannot find 'SIGFPE' in scope
 77 | 	/**
 78 | 	 - Note: FPE means Floating-Point Exception but this signal is sent for any arithmetic error. */
 79 | 	public static let arithmeticError        = Signal(rawValue: SIGFPE)
    |                                                              `- error: cannot find 'SIGFPE' in scope
 80 | 	@available(*, unavailable, renamed: "arithmeticError")
 81 | 	public static let floatingPointException = Signal(rawValue: SIGFPE)
/host/spi-builder-workspace/Sources/SignalHandling/CStructsInSwift/Signal.swift:81:62: error: cannot find 'SIGFPE' in scope
 79 | 	public static let arithmeticError        = Signal(rawValue: SIGFPE)
 80 | 	@available(*, unavailable, renamed: "arithmeticError")
 81 | 	public static let floatingPointException = Signal(rawValue: SIGFPE)
    |                                                              `- error: cannot find 'SIGFPE' in scope
 82 | 	public static let illegalInstruction     = Signal(rawValue: SIGILL)
 83 | 	public static let segmentationFault      = Signal(rawValue: SIGSEGV)
/host/spi-builder-workspace/Sources/SignalHandling/CStructsInSwift/Signal.swift:82:62: error: cannot find 'SIGILL' in scope
 80 | 	@available(*, unavailable, renamed: "arithmeticError")
 81 | 	public static let floatingPointException = Signal(rawValue: SIGFPE)
 82 | 	public static let illegalInstruction     = Signal(rawValue: SIGILL)
    |                                                              `- error: cannot find 'SIGILL' in scope
 83 | 	public static let segmentationFault      = Signal(rawValue: SIGSEGV)
 84 | 	public static let busError               = Signal(rawValue: SIGBUS)
/host/spi-builder-workspace/Sources/SignalHandling/CStructsInSwift/Signal.swift:83:62: error: cannot find 'SIGSEGV' in scope
 81 | 	public static let floatingPointException = Signal(rawValue: SIGFPE)
 82 | 	public static let illegalInstruction     = Signal(rawValue: SIGILL)
 83 | 	public static let segmentationFault      = Signal(rawValue: SIGSEGV)
    |                                                              `- error: cannot find 'SIGSEGV' in scope
 84 | 	public static let busError               = Signal(rawValue: SIGBUS)
 85 | 	public static let abortTrap              = Signal(rawValue: SIGABRT)
/host/spi-builder-workspace/Sources/SignalHandling/CStructsInSwift/Signal.swift:84:62: error: cannot find 'SIGBUS' in scope
 82 | 	public static let illegalInstruction     = Signal(rawValue: SIGILL)
 83 | 	public static let segmentationFault      = Signal(rawValue: SIGSEGV)
 84 | 	public static let busError               = Signal(rawValue: SIGBUS)
    |                                                              `- error: cannot find 'SIGBUS' in scope
 85 | 	public static let abortTrap              = Signal(rawValue: SIGABRT)
 86 | 	/** Usually the same as `abortTrap`. */
/host/spi-builder-workspace/Sources/SignalHandling/CStructsInSwift/Signal.swift:85:62: error: cannot find 'SIGABRT' in scope
 83 | 	public static let segmentationFault      = Signal(rawValue: SIGSEGV)
 84 | 	public static let busError               = Signal(rawValue: SIGBUS)
 85 | 	public static let abortTrap              = Signal(rawValue: SIGABRT)
    |                                                              `- error: cannot find 'SIGABRT' in scope
 86 | 	/** Usually the same as `abortTrap`. */
 87 | 	public static let iot                    = Signal(rawValue: SIGIOT)
/host/spi-builder-workspace/Sources/SignalHandling/CStructsInSwift/Signal.swift:87:62: error: cannot find 'SIGIOT' in scope
 85 | 	public static let abortTrap              = Signal(rawValue: SIGABRT)
 86 | 	/** Usually the same as `abortTrap`. */
 87 | 	public static let iot                    = Signal(rawValue: SIGIOT)
    |                                                              `- error: cannot find 'SIGIOT' in scope
 88 | 	public static let traceBreakpointTrap    = Signal(rawValue: SIGTRAP)
 89 | #if !os(Linux)
/host/spi-builder-workspace/Sources/SignalHandling/CStructsInSwift/Signal.swift:88:62: error: cannot find 'SIGTRAP' in scope
 86 | 	/** Usually the same as `abortTrap`. */
 87 | 	public static let iot                    = Signal(rawValue: SIGIOT)
 88 | 	public static let traceBreakpointTrap    = Signal(rawValue: SIGTRAP)
    |                                                              `- error: cannot find 'SIGTRAP' in scope
 89 | #if !os(Linux)
 90 | 	public static let emulatorTrap           = Signal(rawValue: SIGEMT)
/host/spi-builder-workspace/Sources/SignalHandling/CStructsInSwift/Signal.swift:90:62: error: cannot find 'SIGEMT' in scope
 88 | 	public static let traceBreakpointTrap    = Signal(rawValue: SIGTRAP)
 89 | #if !os(Linux)
 90 | 	public static let emulatorTrap           = Signal(rawValue: SIGEMT)
    |                                                              `- error: cannot find 'SIGEMT' in scope
 91 | #endif
 92 | 	public static let badSystemCall          = Signal(rawValue: SIGSYS)
/host/spi-builder-workspace/Sources/SignalHandling/CStructsInSwift/Signal.swift:92:62: error: cannot find 'SIGSYS' in scope
 90 | 	public static let emulatorTrap           = Signal(rawValue: SIGEMT)
 91 | #endif
 92 | 	public static let badSystemCall          = Signal(rawValue: SIGSYS)
    |                                                              `- error: cannot find 'SIGSYS' in scope
 93 |
 94 | 	/* *** Termination Signals *** */
/host/spi-builder-workspace/Sources/SignalHandling/CStructsInSwift/Signal.swift:113:50: error: cannot find 'SIGKILL' in scope
111 | 	/** Used to quit w/ generation of a core dump. Usually `Ctrl-\`. */
112 | 	public static let quit       = Signal(rawValue: SIGQUIT)
113 | 	public static let killed     = Signal(rawValue: SIGKILL)
    |                                                  `- error: cannot find 'SIGKILL' in scope
114 | 	/** The user’s terminal disconnected. */
115 | 	public static let hangup     = Signal(rawValue: SIGHUP)
/host/spi-builder-workspace/Sources/SignalHandling/CStructsInSwift/Signal.swift:115:50: error: cannot find 'SIGHUP' in scope
113 | 	public static let killed     = Signal(rawValue: SIGKILL)
114 | 	/** The user’s terminal disconnected. */
115 | 	public static let hangup     = Signal(rawValue: SIGHUP)
    |                                                  `- error: cannot find 'SIGHUP' in scope
116 |
117 | 	/* *** Alarm Signals *** */
/host/spi-builder-workspace/Sources/SignalHandling/CStructsInSwift/Signal.swift:128:61: error: cannot find 'SIGALRM' in scope
126 | 	}
127 |
128 | 	public static let alarmClock            = Signal(rawValue: SIGALRM)
    |                                                             `- error: cannot find 'SIGALRM' in scope
129 | 	public static let virtualTimerExpired   = Signal(rawValue: SIGVTALRM)
130 | 	public static let profilingTimerExpired = Signal(rawValue: SIGPROF)
/host/spi-builder-workspace/Sources/SignalHandling/CStructsInSwift/Signal.swift:129:61: error: cannot find 'SIGVTALRM' in scope
127 |
128 | 	public static let alarmClock            = Signal(rawValue: SIGALRM)
129 | 	public static let virtualTimerExpired   = Signal(rawValue: SIGVTALRM)
    |                                                             `- error: cannot find 'SIGVTALRM' in scope
130 | 	public static let profilingTimerExpired = Signal(rawValue: SIGPROF)
131 |
/host/spi-builder-workspace/Sources/SignalHandling/CStructsInSwift/Signal.swift:130:61: error: cannot find 'SIGPROF' in scope
128 | 	public static let alarmClock            = Signal(rawValue: SIGALRM)
129 | 	public static let virtualTimerExpired   = Signal(rawValue: SIGVTALRM)
130 | 	public static let profilingTimerExpired = Signal(rawValue: SIGPROF)
    |                                                             `- error: cannot find 'SIGPROF' in scope
131 |
132 | 	/* *** Asynchronous I/O Signals *** */
/host/spi-builder-workspace/Sources/SignalHandling/CStructsInSwift/Signal.swift:143:57: error: cannot find 'SIGIO' in scope
141 | 	}
142 |
143 | 	public static let ioPossible        = Signal(rawValue: SIGIO)
    |                                                         `- error: cannot find 'SIGIO' in scope
144 | 	public static let urgentIOCondition = Signal(rawValue: SIGURG)
145 | #if os(Linux)
/host/spi-builder-workspace/Sources/SignalHandling/CStructsInSwift/Signal.swift:144:57: error: cannot find 'SIGURG' in scope
142 |
143 | 	public static let ioPossible        = Signal(rawValue: SIGIO)
144 | 	public static let urgentIOCondition = Signal(rawValue: SIGURG)
    |                                                         `- error: cannot find 'SIGURG' in scope
145 | #if os(Linux)
146 | 	/** System V signal name, similar to SIGIO. */
/host/spi-builder-workspace/Sources/SignalHandling/CStructsInSwift/Signal.swift:164:57: error: cannot find 'SIGCHLD' in scope
162 | 	}
163 |
164 | 	public static let childExited       = Signal(rawValue: SIGCHLD)
    |                                                         `- error: cannot find 'SIGCHLD' in scope
165 | 	/* Obsolete name for SIGCHLD. */
166 | //	public static let cildExited        = Signal(rawValue: SIGCLD)
/host/spi-builder-workspace/Sources/SignalHandling/CStructsInSwift/Signal.swift:169:57: error: cannot find 'SIGSTOP' in scope
167 | 	public static let continued         = Signal(rawValue: SIGCONT)
168 | 	/** Suspends the program. Cannot be handled, ignored or blocked. */
169 | 	public static let suspendedBySignal = Signal(rawValue: SIGSTOP)
    |                                                         `- error: cannot find 'SIGSTOP' in scope
170 | 	/** Suspends the program but can be handled and ignored. Usually `Ctrl-Z`. */
171 | 	public static let suspended         = Signal(rawValue: SIGTSTP)
/host/spi-builder-workspace/Sources/SignalHandling/CStructsInSwift/Signal.swift:172:57: error: cannot find 'SIGTTIN' in scope
170 | 	/** Suspends the program but can be handled and ignored. Usually `Ctrl-Z`. */
171 | 	public static let suspended         = Signal(rawValue: SIGTSTP)
172 | 	public static let stoppedTTYInput   = Signal(rawValue: SIGTTIN)
    |                                                         `- error: cannot find 'SIGTTIN' in scope
173 | 	public static let stoppedTTYOutput  = Signal(rawValue: SIGTTOU)
174 |
/host/spi-builder-workspace/Sources/SignalHandling/CStructsInSwift/Signal.swift:173:57: error: cannot find 'SIGTTOU' in scope
171 | 	public static let suspended         = Signal(rawValue: SIGTSTP)
172 | 	public static let stoppedTTYInput   = Signal(rawValue: SIGTTIN)
173 | 	public static let stoppedTTYOutput  = Signal(rawValue: SIGTTOU)
    |                                                         `- error: cannot find 'SIGTTOU' in scope
174 |
175 | 	/* *** Operation Error Signals *** */
/host/spi-builder-workspace/Sources/SignalHandling/CStructsInSwift/Signal.swift:186:61: error: cannot find 'SIGPIPE' in scope
184 | 	}
185 |
186 | 	public static let brokenPipe            = Signal(rawValue: SIGPIPE)
    |                                                             `- error: cannot find 'SIGPIPE' in scope
187 | //	public static let resourceLost          = Signal(rawValue: SIGLOST)
188 | 	public static let cputimeLimitExceeded  = Signal(rawValue: SIGXCPU)
/host/spi-builder-workspace/Sources/SignalHandling/CStructsInSwift/Signal.swift:188:61: error: cannot find 'SIGXCPU' in scope
186 | 	public static let brokenPipe            = Signal(rawValue: SIGPIPE)
187 | //	public static let resourceLost          = Signal(rawValue: SIGLOST)
188 | 	public static let cputimeLimitExceeded  = Signal(rawValue: SIGXCPU)
    |                                                             `- error: cannot find 'SIGXCPU' in scope
189 | 	public static let filesizeLimitExceeded = Signal(rawValue: SIGXFSZ)
190 |
/host/spi-builder-workspace/Sources/SignalHandling/CStructsInSwift/Signal.swift:189:61: error: cannot find 'SIGXFSZ' in scope
187 | //	public static let resourceLost          = Signal(rawValue: SIGLOST)
188 | 	public static let cputimeLimitExceeded  = Signal(rawValue: SIGXCPU)
189 | 	public static let filesizeLimitExceeded = Signal(rawValue: SIGXFSZ)
    |                                                             `- error: cannot find 'SIGXFSZ' in scope
190 |
191 | 	/* *** Miscellaneous Signals *** */
/host/spi-builder-workspace/Sources/SignalHandling/CStructsInSwift/Signal.swift:208:58: error: cannot find 'SIGUSR1' in scope
206 | 	}
207 |
208 | 	public static let userDefinedSignal1 = Signal(rawValue: SIGUSR1)
    |                                                          `- error: cannot find 'SIGUSR1' in scope
209 | 	public static let userDefinedSignal2 = Signal(rawValue: SIGUSR2)
210 | 	public static let windowSizeChanges  = Signal(rawValue: SIGWINCH)
/host/spi-builder-workspace/Sources/SignalHandling/CStructsInSwift/Signal.swift:209:58: error: cannot find 'SIGUSR2' in scope
207 |
208 | 	public static let userDefinedSignal1 = Signal(rawValue: SIGUSR1)
209 | 	public static let userDefinedSignal2 = Signal(rawValue: SIGUSR2)
    |                                                          `- error: cannot find 'SIGUSR2' in scope
210 | 	public static let windowSizeChanges  = Signal(rawValue: SIGWINCH)
211 | #if !os(Linux)
/host/spi-builder-workspace/Sources/SignalHandling/CStructsInSwift/Signal.swift:210:58: error: cannot find 'SIGWINCH' in scope
208 | 	public static let userDefinedSignal1 = Signal(rawValue: SIGUSR1)
209 | 	public static let userDefinedSignal2 = Signal(rawValue: SIGUSR2)
210 | 	public static let windowSizeChanges  = Signal(rawValue: SIGWINCH)
    |                                                          `- error: cannot find 'SIGWINCH' in scope
211 | #if !os(Linux)
212 | 	public static let informationRequest = Signal(rawValue: SIGINFO)
/host/spi-builder-workspace/Sources/SignalHandling/CStructsInSwift/Signal.swift:212:58: error: cannot find 'SIGINFO' in scope
210 | 	public static let windowSizeChanges  = Signal(rawValue: SIGWINCH)
211 | #if !os(Linux)
212 | 	public static let informationRequest = Signal(rawValue: SIGINFO)
    |                                                          `- error: cannot find 'SIGINFO' in scope
213 | #endif
214 |
/host/spi-builder-workspace/Sources/SignalHandling/CStructsInSwift/Signal.swift:237:3: error: cannot find 'sigemptyset' in scope
235 | 	public static let emptySigset: sigset_t = {
236 | 		var sigset = sigset_t()
237 | 		sigemptyset(&sigset)
    |   `- error: cannot find 'sigemptyset' in scope
238 | 		return sigset
239 | 	}()
/host/spi-builder-workspace/Sources/SignalHandling/CStructsInSwift/Signal.swift:247:3: error: cannot find 'sigfillset' in scope
245 | 	public static let fullSigset: sigset_t = {
246 | 		var sigset = sigset_t()
247 | 		sigfillset(&sigset)
    |   `- error: cannot find 'sigfillset' in scope
248 | 		return sigset
249 | 	}()
/host/spi-builder-workspace/Sources/SignalHandling/CStructsInSwift/Signal.swift:13:15: error: cannot find 'NSIG' in scope
 11 | 	 * It is simply a special value that can be used by kill to check if a signal can be sent to a given PID. */
 12 | 	public static var allCases: [Signal] {
 13 | 		return (1..<NSIG).map{ Signal(rawValue: CInt($0)) }
    |               `- error: cannot find 'NSIG' in scope
 14 | 	}
 15 |
/host/spi-builder-workspace/Sources/SignalHandling/CStructsInSwift/Signal.swift:232:19: error: cannot find 'NSIG' in scope
230 | 	public static func set(from sigset: sigset_t) -> Set<Signal> {
231 | 		var sigset = sigset
232 | 		return Set((1..<NSIG).filter{ sigismember(&sigset, $0) != 0 }.map{ Signal(rawValue: $0) })
    |                   `- error: cannot find 'NSIG' in scope
233 | 	}
234 |
/host/spi-builder-workspace/Sources/SignalHandling/CStructsInSwift/Signal.swift:232:33: error: cannot find 'sigismember' in scope
230 | 	public static func set(from sigset: sigset_t) -> Set<Signal> {
231 | 		var sigset = sigset
232 | 		return Set((1..<NSIG).filter{ sigismember(&sigset, $0) != 0 }.map{ Signal(rawValue: $0) })
    |                                 `- error: cannot find 'sigismember' in scope
233 | 	}
234 |
/host/spi-builder-workspace/Sources/SignalHandling/CStructsInSwift/Signal.swift:253:3: error: cannot find 'sigemptyset' in scope
251 | 	public static func sigset(from setOfSignals: Set<Signal>) -> sigset_t {
252 | 		var sigset = sigset_t()
253 | 		sigemptyset(&sigset)
    |   `- error: cannot find 'sigemptyset' in scope
254 | 		for s in setOfSignals {sigaddset(&sigset, s.rawValue)}
255 | 		return sigset
/host/spi-builder-workspace/Sources/SignalHandling/CStructsInSwift/Signal.swift:254:26: error: cannot find 'sigaddset' in scope
252 | 		var sigset = sigset_t()
253 | 		sigemptyset(&sigset)
254 | 		for s in setOfSignals {sigaddset(&sigset, s.rawValue)}
    |                          `- error: cannot find 'sigaddset' in scope
255 | 		return sigset
256 | 	}
/host/spi-builder-workspace/Sources/SignalHandling/CStructsInSwift/Signal.swift:262:3: error: cannot find 'sigemptyset' in scope
260 | 	public var sigset: sigset_t {
261 | 		var sigset = sigset_t()
262 | 		sigemptyset(&sigset)
    |   `- error: cannot find 'sigemptyset' in scope
263 | 		sigaddset(&sigset, rawValue)
264 | 		return sigset
/host/spi-builder-workspace/Sources/SignalHandling/CStructsInSwift/Signal.swift:263:3: error: cannot find 'sigaddset' in scope
261 | 		var sigset = sigset_t()
262 | 		sigemptyset(&sigset)
263 | 		sigaddset(&sigset, rawValue)
    |   `- error: cannot find 'sigaddset' in scope
264 | 		return sigset
265 | 	}
/host/spi-builder-workspace/Sources/SignalHandling/CStructsInSwift/Signal.swift:274:37: error: cannot find 'NSIG' in scope
272 | 	public var signalName: String? {
273 | #if !os(Linux)
274 | 		guard rawValue >= 0 && rawValue < NSIG else {
    |                                     `- error: cannot find 'NSIG' in scope
275 | 			return nil
276 | 		}
/host/spi-builder-workspace/Sources/SignalHandling/CStructsInSwift/Signal.swift:278:32: error: cannot find 'sys_signame' in scope
276 | 		}
277 |
278 | 		return withUnsafePointer(to: sys_signame, { siglistPtr in
    |                                `- error: cannot find 'sys_signame' in scope
279 | 			return siglistPtr.withMemoryRebound(to: UnsafePointer<UInt8>?.self, capacity: Int(NSIG), { siglistPtrAsPointerToCStrings in
280 | 				return siglistPtrAsPointerToCStrings.advanced(by: Int(rawValue)).pointee.flatMap{ String(cString: $0) }
/host/spi-builder-workspace/Sources/SignalHandling/CStructsInSwift/Signal.swift:279:86: error: cannot find 'NSIG' in scope
277 |
278 | 		return withUnsafePointer(to: sys_signame, { siglistPtr in
279 | 			return siglistPtr.withMemoryRebound(to: UnsafePointer<UInt8>?.self, capacity: Int(NSIG), { siglistPtrAsPointerToCStrings in
    |                                                                                      `- error: cannot find 'NSIG' in scope
280 | 				return siglistPtrAsPointerToCStrings.advanced(by: Int(rawValue)).pointee.flatMap{ String(cString: $0) }
281 | 			})
/host/spi-builder-workspace/Sources/SignalHandling/CStructsInSwift/Signal.swift:301:37: error: cannot find 'NSIG' in scope
299 | 	public var signalDescription: String? {
300 | #if !os(Linux)
301 | 		guard rawValue >= 0 && rawValue < NSIG else {
    |                                     `- error: cannot find 'NSIG' in scope
302 | 			return nil
303 | 		}
/host/spi-builder-workspace/Sources/SignalHandling/CStructsInSwift/Signal.swift:305:32: error: cannot find 'sys_siglist' in scope
303 | 		}
304 |
305 | 		return withUnsafePointer(to: sys_siglist, { siglistPtr in
    |                                `- error: cannot find 'sys_siglist' in scope
306 | 			return siglistPtr.withMemoryRebound(to: UnsafePointer<UInt8>?.self, capacity: Int(NSIG), { siglistPtrAsPointerToCStrings in
307 | 				return siglistPtrAsPointerToCStrings.advanced(by: Int(rawValue)).pointee.flatMap{ String(cString: $0) }
/host/spi-builder-workspace/Sources/SignalHandling/CStructsInSwift/Signal.swift:306:86: error: cannot find 'NSIG' in scope
304 |
305 | 		return withUnsafePointer(to: sys_siglist, { siglistPtr in
306 | 			return siglistPtr.withMemoryRebound(to: UnsafePointer<UInt8>?.self, capacity: Int(NSIG), { siglistPtrAsPointerToCStrings in
    |                                                                                      `- error: cannot find 'NSIG' in scope
307 | 				return siglistPtrAsPointerToCStrings.advanced(by: Int(rawValue)).pointee.flatMap{ String(cString: $0) }
308 | 			})
[519/523] Compiling SignalHandling Signal.swift
/host/spi-builder-workspace/Sources/SignalHandling/CStructsInSwift/SigactionHandler.swift:19:80: error: cannot find type 'siginfo_t' in scope
17 |
18 | 	case ansiC(@convention(c) (_ signalID: Int32) -> Void)
19 | 	case posix(@convention(c) (_ signalID: Int32, _ siginfo: UnsafeMutablePointer<siginfo_t>?, _ userThreadContext: UnsafeMutableRawPointer?) -> Void)
   |                                                                                `- error: cannot find type 'siginfo_t' in scope
20 |
21 | 	public static func ==(lhs: SigactionHandler, rhs: SigactionHandler) -> Bool {
/host/spi-builder-workspace/Sources/SignalHandling/CStructsInSwift/SigactionHandler.swift:38:73: error: cannot find 'SIG_IGN' in scope
36 | 	var asOpaquePointer: OpaquePointer? {
37 | 		switch self {
38 | 			case .ignoreHandler:  return OpaquePointer(bitPattern: unsafeBitCast(SIG_IGN, to: Int.self))
   |                                                                         `- error: cannot find 'SIG_IGN' in scope
39 | 			case .defaultHandler: return OpaquePointer(bitPattern: unsafeBitCast(SIG_DFL, to: Int.self))
40 | 			case .ansiC(let h):   return OpaquePointer(bitPattern: unsafeBitCast(h, to: Int.self))
/host/spi-builder-workspace/Sources/SignalHandling/CStructsInSwift/SigactionHandler.swift:39:73: error: cannot find 'SIG_DFL' in scope
37 | 		switch self {
38 | 			case .ignoreHandler:  return OpaquePointer(bitPattern: unsafeBitCast(SIG_IGN, to: Int.self))
39 | 			case .defaultHandler: return OpaquePointer(bitPattern: unsafeBitCast(SIG_DFL, to: Int.self))
   |                                                                         `- error: cannot find 'SIG_DFL' in scope
40 | 			case .ansiC(let h):   return OpaquePointer(bitPattern: unsafeBitCast(h, to: Int.self))
41 | 			case .posix(let h):   return OpaquePointer(bitPattern: unsafeBitCast(h, to: Int.self))
/host/spi-builder-workspace/Sources/SignalHandling/CStructsInSwift/Signal.swift:108:50: error: cannot find 'SIGTERM' in scope
106 |
107 | 	/** “Normal” kill signal. */
108 | 	public static let terminated = Signal(rawValue: SIGTERM)
    |                                                  `- error: cannot find 'SIGTERM' in scope
109 | 	/** Usually `Ctrl-C`. */
110 | 	public static let interrupt  = Signal(rawValue: SIGINT)
/host/spi-builder-workspace/Sources/SignalHandling/CStructsInSwift/Signal.swift:110:50: error: cannot find 'SIGINT' in scope
108 | 	public static let terminated = Signal(rawValue: SIGTERM)
109 | 	/** Usually `Ctrl-C`. */
110 | 	public static let interrupt  = Signal(rawValue: SIGINT)
    |                                                  `- error: cannot find 'SIGINT' in scope
111 | 	/** Used to quit w/ generation of a core dump. Usually `Ctrl-\`. */
112 | 	public static let quit       = Signal(rawValue: SIGQUIT)
/host/spi-builder-workspace/Sources/SignalHandling/CStructsInSwift/Signal.swift:112:50: error: cannot find 'SIGQUIT' in scope
110 | 	public static let interrupt  = Signal(rawValue: SIGINT)
111 | 	/** Used to quit w/ generation of a core dump. Usually `Ctrl-\`. */
112 | 	public static let quit       = Signal(rawValue: SIGQUIT)
    |                                                  `- error: cannot find 'SIGQUIT' in scope
113 | 	public static let killed     = Signal(rawValue: SIGKILL)
114 | 	/** The user’s terminal disconnected. */
/host/spi-builder-workspace/Sources/SignalHandling/CStructsInSwift/Signal.swift:171:57: error: cannot find 'SIGTSTP' in scope
169 | 	public static let suspendedBySignal = Signal(rawValue: SIGSTOP)
170 | 	/** Suspends the program but can be handled and ignored. Usually `Ctrl-Z`. */
171 | 	public static let suspended         = Signal(rawValue: SIGTSTP)
    |                                                         `- error: cannot find 'SIGTSTP' in scope
172 | 	public static let stoppedTTYInput   = Signal(rawValue: SIGTTIN)
173 | 	public static let stoppedTTYOutput  = Signal(rawValue: SIGTTOU)
/host/spi-builder-workspace/Sources/SignalHandling/CStructsInSwift/Signal.swift:167:57: error: cannot find 'SIGCONT' in scope
165 | 	/* Obsolete name for SIGCHLD. */
166 | //	public static let cildExited        = Signal(rawValue: SIGCLD)
167 | 	public static let continued         = Signal(rawValue: SIGCONT)
    |                                                         `- error: cannot find 'SIGCONT' in scope
168 | 	/** Suspends the program. Cannot be handled, ignored or blocked. */
169 | 	public static let suspendedBySignal = Signal(rawValue: SIGSTOP)
/host/spi-builder-workspace/Sources/SignalHandling/CStructsInSwift/Signal.swift:79:62: error: cannot find 'SIGFPE' in scope
 77 | 	/**
 78 | 	 - Note: FPE means Floating-Point Exception but this signal is sent for any arithmetic error. */
 79 | 	public static let arithmeticError        = Signal(rawValue: SIGFPE)
    |                                                              `- error: cannot find 'SIGFPE' in scope
 80 | 	@available(*, unavailable, renamed: "arithmeticError")
 81 | 	public static let floatingPointException = Signal(rawValue: SIGFPE)
/host/spi-builder-workspace/Sources/SignalHandling/CStructsInSwift/Signal.swift:81:62: error: cannot find 'SIGFPE' in scope
 79 | 	public static let arithmeticError        = Signal(rawValue: SIGFPE)
 80 | 	@available(*, unavailable, renamed: "arithmeticError")
 81 | 	public static let floatingPointException = Signal(rawValue: SIGFPE)
    |                                                              `- error: cannot find 'SIGFPE' in scope
 82 | 	public static let illegalInstruction     = Signal(rawValue: SIGILL)
 83 | 	public static let segmentationFault      = Signal(rawValue: SIGSEGV)
/host/spi-builder-workspace/Sources/SignalHandling/CStructsInSwift/Signal.swift:82:62: error: cannot find 'SIGILL' in scope
 80 | 	@available(*, unavailable, renamed: "arithmeticError")
 81 | 	public static let floatingPointException = Signal(rawValue: SIGFPE)
 82 | 	public static let illegalInstruction     = Signal(rawValue: SIGILL)
    |                                                              `- error: cannot find 'SIGILL' in scope
 83 | 	public static let segmentationFault      = Signal(rawValue: SIGSEGV)
 84 | 	public static let busError               = Signal(rawValue: SIGBUS)
/host/spi-builder-workspace/Sources/SignalHandling/CStructsInSwift/Signal.swift:83:62: error: cannot find 'SIGSEGV' in scope
 81 | 	public static let floatingPointException = Signal(rawValue: SIGFPE)
 82 | 	public static let illegalInstruction     = Signal(rawValue: SIGILL)
 83 | 	public static let segmentationFault      = Signal(rawValue: SIGSEGV)
    |                                                              `- error: cannot find 'SIGSEGV' in scope
 84 | 	public static let busError               = Signal(rawValue: SIGBUS)
 85 | 	public static let abortTrap              = Signal(rawValue: SIGABRT)
/host/spi-builder-workspace/Sources/SignalHandling/CStructsInSwift/Signal.swift:84:62: error: cannot find 'SIGBUS' in scope
 82 | 	public static let illegalInstruction     = Signal(rawValue: SIGILL)
 83 | 	public static let segmentationFault      = Signal(rawValue: SIGSEGV)
 84 | 	public static let busError               = Signal(rawValue: SIGBUS)
    |                                                              `- error: cannot find 'SIGBUS' in scope
 85 | 	public static let abortTrap              = Signal(rawValue: SIGABRT)
 86 | 	/** Usually the same as `abortTrap`. */
/host/spi-builder-workspace/Sources/SignalHandling/CStructsInSwift/Signal.swift:85:62: error: cannot find 'SIGABRT' in scope
 83 | 	public static let segmentationFault      = Signal(rawValue: SIGSEGV)
 84 | 	public static let busError               = Signal(rawValue: SIGBUS)
 85 | 	public static let abortTrap              = Signal(rawValue: SIGABRT)
    |                                                              `- error: cannot find 'SIGABRT' in scope
 86 | 	/** Usually the same as `abortTrap`. */
 87 | 	public static let iot                    = Signal(rawValue: SIGIOT)
/host/spi-builder-workspace/Sources/SignalHandling/CStructsInSwift/Signal.swift:87:62: error: cannot find 'SIGIOT' in scope
 85 | 	public static let abortTrap              = Signal(rawValue: SIGABRT)
 86 | 	/** Usually the same as `abortTrap`. */
 87 | 	public static let iot                    = Signal(rawValue: SIGIOT)
    |                                                              `- error: cannot find 'SIGIOT' in scope
 88 | 	public static let traceBreakpointTrap    = Signal(rawValue: SIGTRAP)
 89 | #if !os(Linux)
/host/spi-builder-workspace/Sources/SignalHandling/CStructsInSwift/Signal.swift:88:62: error: cannot find 'SIGTRAP' in scope
 86 | 	/** Usually the same as `abortTrap`. */
 87 | 	public static let iot                    = Signal(rawValue: SIGIOT)
 88 | 	public static let traceBreakpointTrap    = Signal(rawValue: SIGTRAP)
    |                                                              `- error: cannot find 'SIGTRAP' in scope
 89 | #if !os(Linux)
 90 | 	public static let emulatorTrap           = Signal(rawValue: SIGEMT)
/host/spi-builder-workspace/Sources/SignalHandling/CStructsInSwift/Signal.swift:90:62: error: cannot find 'SIGEMT' in scope
 88 | 	public static let traceBreakpointTrap    = Signal(rawValue: SIGTRAP)
 89 | #if !os(Linux)
 90 | 	public static let emulatorTrap           = Signal(rawValue: SIGEMT)
    |                                                              `- error: cannot find 'SIGEMT' in scope
 91 | #endif
 92 | 	public static let badSystemCall          = Signal(rawValue: SIGSYS)
/host/spi-builder-workspace/Sources/SignalHandling/CStructsInSwift/Signal.swift:92:62: error: cannot find 'SIGSYS' in scope
 90 | 	public static let emulatorTrap           = Signal(rawValue: SIGEMT)
 91 | #endif
 92 | 	public static let badSystemCall          = Signal(rawValue: SIGSYS)
    |                                                              `- error: cannot find 'SIGSYS' in scope
 93 |
 94 | 	/* *** Termination Signals *** */
/host/spi-builder-workspace/Sources/SignalHandling/CStructsInSwift/Signal.swift:113:50: error: cannot find 'SIGKILL' in scope
111 | 	/** Used to quit w/ generation of a core dump. Usually `Ctrl-\`. */
112 | 	public static let quit       = Signal(rawValue: SIGQUIT)
113 | 	public static let killed     = Signal(rawValue: SIGKILL)
    |                                                  `- error: cannot find 'SIGKILL' in scope
114 | 	/** The user’s terminal disconnected. */
115 | 	public static let hangup     = Signal(rawValue: SIGHUP)
/host/spi-builder-workspace/Sources/SignalHandling/CStructsInSwift/Signal.swift:115:50: error: cannot find 'SIGHUP' in scope
113 | 	public static let killed     = Signal(rawValue: SIGKILL)
114 | 	/** The user’s terminal disconnected. */
115 | 	public static let hangup     = Signal(rawValue: SIGHUP)
    |                                                  `- error: cannot find 'SIGHUP' in scope
116 |
117 | 	/* *** Alarm Signals *** */
/host/spi-builder-workspace/Sources/SignalHandling/CStructsInSwift/Signal.swift:128:61: error: cannot find 'SIGALRM' in scope
126 | 	}
127 |
128 | 	public static let alarmClock            = Signal(rawValue: SIGALRM)
    |                                                             `- error: cannot find 'SIGALRM' in scope
129 | 	public static let virtualTimerExpired   = Signal(rawValue: SIGVTALRM)
130 | 	public static let profilingTimerExpired = Signal(rawValue: SIGPROF)
/host/spi-builder-workspace/Sources/SignalHandling/CStructsInSwift/Signal.swift:129:61: error: cannot find 'SIGVTALRM' in scope
127 |
128 | 	public static let alarmClock            = Signal(rawValue: SIGALRM)
129 | 	public static let virtualTimerExpired   = Signal(rawValue: SIGVTALRM)
    |                                                             `- error: cannot find 'SIGVTALRM' in scope
130 | 	public static let profilingTimerExpired = Signal(rawValue: SIGPROF)
131 |
/host/spi-builder-workspace/Sources/SignalHandling/CStructsInSwift/Signal.swift:130:61: error: cannot find 'SIGPROF' in scope
128 | 	public static let alarmClock            = Signal(rawValue: SIGALRM)
129 | 	public static let virtualTimerExpired   = Signal(rawValue: SIGVTALRM)
130 | 	public static let profilingTimerExpired = Signal(rawValue: SIGPROF)
    |                                                             `- error: cannot find 'SIGPROF' in scope
131 |
132 | 	/* *** Asynchronous I/O Signals *** */
/host/spi-builder-workspace/Sources/SignalHandling/CStructsInSwift/Signal.swift:143:57: error: cannot find 'SIGIO' in scope
141 | 	}
142 |
143 | 	public static let ioPossible        = Signal(rawValue: SIGIO)
    |                                                         `- error: cannot find 'SIGIO' in scope
144 | 	public static let urgentIOCondition = Signal(rawValue: SIGURG)
145 | #if os(Linux)
/host/spi-builder-workspace/Sources/SignalHandling/CStructsInSwift/Signal.swift:144:57: error: cannot find 'SIGURG' in scope
142 |
143 | 	public static let ioPossible        = Signal(rawValue: SIGIO)
144 | 	public static let urgentIOCondition = Signal(rawValue: SIGURG)
    |                                                         `- error: cannot find 'SIGURG' in scope
145 | #if os(Linux)
146 | 	/** System V signal name, similar to SIGIO. */
/host/spi-builder-workspace/Sources/SignalHandling/CStructsInSwift/Signal.swift:164:57: error: cannot find 'SIGCHLD' in scope
162 | 	}
163 |
164 | 	public static let childExited       = Signal(rawValue: SIGCHLD)
    |                                                         `- error: cannot find 'SIGCHLD' in scope
165 | 	/* Obsolete name for SIGCHLD. */
166 | //	public static let cildExited        = Signal(rawValue: SIGCLD)
/host/spi-builder-workspace/Sources/SignalHandling/CStructsInSwift/Signal.swift:169:57: error: cannot find 'SIGSTOP' in scope
167 | 	public static let continued         = Signal(rawValue: SIGCONT)
168 | 	/** Suspends the program. Cannot be handled, ignored or blocked. */
169 | 	public static let suspendedBySignal = Signal(rawValue: SIGSTOP)
    |                                                         `- error: cannot find 'SIGSTOP' in scope
170 | 	/** Suspends the program but can be handled and ignored. Usually `Ctrl-Z`. */
171 | 	public static let suspended         = Signal(rawValue: SIGTSTP)
/host/spi-builder-workspace/Sources/SignalHandling/CStructsInSwift/Signal.swift:172:57: error: cannot find 'SIGTTIN' in scope
170 | 	/** Suspends the program but can be handled and ignored. Usually `Ctrl-Z`. */
171 | 	public static let suspended         = Signal(rawValue: SIGTSTP)
172 | 	public static let stoppedTTYInput   = Signal(rawValue: SIGTTIN)
    |                                                         `- error: cannot find 'SIGTTIN' in scope
173 | 	public static let stoppedTTYOutput  = Signal(rawValue: SIGTTOU)
174 |
/host/spi-builder-workspace/Sources/SignalHandling/CStructsInSwift/Signal.swift:173:57: error: cannot find 'SIGTTOU' in scope
171 | 	public static let suspended         = Signal(rawValue: SIGTSTP)
172 | 	public static let stoppedTTYInput   = Signal(rawValue: SIGTTIN)
173 | 	public static let stoppedTTYOutput  = Signal(rawValue: SIGTTOU)
    |                                                         `- error: cannot find 'SIGTTOU' in scope
174 |
175 | 	/* *** Operation Error Signals *** */
/host/spi-builder-workspace/Sources/SignalHandling/CStructsInSwift/Signal.swift:186:61: error: cannot find 'SIGPIPE' in scope
184 | 	}
185 |
186 | 	public static let brokenPipe            = Signal(rawValue: SIGPIPE)
    |                                                             `- error: cannot find 'SIGPIPE' in scope
187 | //	public static let resourceLost          = Signal(rawValue: SIGLOST)
188 | 	public static let cputimeLimitExceeded  = Signal(rawValue: SIGXCPU)
/host/spi-builder-workspace/Sources/SignalHandling/CStructsInSwift/Signal.swift:188:61: error: cannot find 'SIGXCPU' in scope
186 | 	public static let brokenPipe            = Signal(rawValue: SIGPIPE)
187 | //	public static let resourceLost          = Signal(rawValue: SIGLOST)
188 | 	public static let cputimeLimitExceeded  = Signal(rawValue: SIGXCPU)
    |                                                             `- error: cannot find 'SIGXCPU' in scope
189 | 	public static let filesizeLimitExceeded = Signal(rawValue: SIGXFSZ)
190 |
/host/spi-builder-workspace/Sources/SignalHandling/CStructsInSwift/Signal.swift:189:61: error: cannot find 'SIGXFSZ' in scope
187 | //	public static let resourceLost          = Signal(rawValue: SIGLOST)
188 | 	public static let cputimeLimitExceeded  = Signal(rawValue: SIGXCPU)
189 | 	public static let filesizeLimitExceeded = Signal(rawValue: SIGXFSZ)
    |                                                             `- error: cannot find 'SIGXFSZ' in scope
190 |
191 | 	/* *** Miscellaneous Signals *** */
/host/spi-builder-workspace/Sources/SignalHandling/CStructsInSwift/Signal.swift:208:58: error: cannot find 'SIGUSR1' in scope
206 | 	}
207 |
208 | 	public static let userDefinedSignal1 = Signal(rawValue: SIGUSR1)
    |                                                          `- error: cannot find 'SIGUSR1' in scope
209 | 	public static let userDefinedSignal2 = Signal(rawValue: SIGUSR2)
210 | 	public static let windowSizeChanges  = Signal(rawValue: SIGWINCH)
/host/spi-builder-workspace/Sources/SignalHandling/CStructsInSwift/Signal.swift:209:58: error: cannot find 'SIGUSR2' in scope
207 |
208 | 	public static let userDefinedSignal1 = Signal(rawValue: SIGUSR1)
209 | 	public static let userDefinedSignal2 = Signal(rawValue: SIGUSR2)
    |                                                          `- error: cannot find 'SIGUSR2' in scope
210 | 	public static let windowSizeChanges  = Signal(rawValue: SIGWINCH)
211 | #if !os(Linux)
/host/spi-builder-workspace/Sources/SignalHandling/CStructsInSwift/Signal.swift:210:58: error: cannot find 'SIGWINCH' in scope
208 | 	public static let userDefinedSignal1 = Signal(rawValue: SIGUSR1)
209 | 	public static let userDefinedSignal2 = Signal(rawValue: SIGUSR2)
210 | 	public static let windowSizeChanges  = Signal(rawValue: SIGWINCH)
    |                                                          `- error: cannot find 'SIGWINCH' in scope
211 | #if !os(Linux)
212 | 	public static let informationRequest = Signal(rawValue: SIGINFO)
/host/spi-builder-workspace/Sources/SignalHandling/CStructsInSwift/Signal.swift:212:58: error: cannot find 'SIGINFO' in scope
210 | 	public static let windowSizeChanges  = Signal(rawValue: SIGWINCH)
211 | #if !os(Linux)
212 | 	public static let informationRequest = Signal(rawValue: SIGINFO)
    |                                                          `- error: cannot find 'SIGINFO' in scope
213 | #endif
214 |
/host/spi-builder-workspace/Sources/SignalHandling/CStructsInSwift/Signal.swift:237:3: error: cannot find 'sigemptyset' in scope
235 | 	public static let emptySigset: sigset_t = {
236 | 		var sigset = sigset_t()
237 | 		sigemptyset(&sigset)
    |   `- error: cannot find 'sigemptyset' in scope
238 | 		return sigset
239 | 	}()
/host/spi-builder-workspace/Sources/SignalHandling/CStructsInSwift/Signal.swift:247:3: error: cannot find 'sigfillset' in scope
245 | 	public static let fullSigset: sigset_t = {
246 | 		var sigset = sigset_t()
247 | 		sigfillset(&sigset)
    |   `- error: cannot find 'sigfillset' in scope
248 | 		return sigset
249 | 	}()
/host/spi-builder-workspace/Sources/SignalHandling/CStructsInSwift/Signal.swift:13:15: error: cannot find 'NSIG' in scope
 11 | 	 * It is simply a special value that can be used by kill to check if a signal can be sent to a given PID. */
 12 | 	public static var allCases: [Signal] {
 13 | 		return (1..<NSIG).map{ Signal(rawValue: CInt($0)) }
    |               `- error: cannot find 'NSIG' in scope
 14 | 	}
 15 |
/host/spi-builder-workspace/Sources/SignalHandling/CStructsInSwift/Signal.swift:232:19: error: cannot find 'NSIG' in scope
230 | 	public static func set(from sigset: sigset_t) -> Set<Signal> {
231 | 		var sigset = sigset
232 | 		return Set((1..<NSIG).filter{ sigismember(&sigset, $0) != 0 }.map{ Signal(rawValue: $0) })
    |                   `- error: cannot find 'NSIG' in scope
233 | 	}
234 |
/host/spi-builder-workspace/Sources/SignalHandling/CStructsInSwift/Signal.swift:232:33: error: cannot find 'sigismember' in scope
230 | 	public static func set(from sigset: sigset_t) -> Set<Signal> {
231 | 		var sigset = sigset
232 | 		return Set((1..<NSIG).filter{ sigismember(&sigset, $0) != 0 }.map{ Signal(rawValue: $0) })
    |                                 `- error: cannot find 'sigismember' in scope
233 | 	}
234 |
/host/spi-builder-workspace/Sources/SignalHandling/CStructsInSwift/Signal.swift:253:3: error: cannot find 'sigemptyset' in scope
251 | 	public static func sigset(from setOfSignals: Set<Signal>) -> sigset_t {
252 | 		var sigset = sigset_t()
253 | 		sigemptyset(&sigset)
    |   `- error: cannot find 'sigemptyset' in scope
254 | 		for s in setOfSignals {sigaddset(&sigset, s.rawValue)}
255 | 		return sigset
/host/spi-builder-workspace/Sources/SignalHandling/CStructsInSwift/Signal.swift:254:26: error: cannot find 'sigaddset' in scope
252 | 		var sigset = sigset_t()
253 | 		sigemptyset(&sigset)
254 | 		for s in setOfSignals {sigaddset(&sigset, s.rawValue)}
    |                          `- error: cannot find 'sigaddset' in scope
255 | 		return sigset
256 | 	}
/host/spi-builder-workspace/Sources/SignalHandling/CStructsInSwift/Signal.swift:262:3: error: cannot find 'sigemptyset' in scope
260 | 	public var sigset: sigset_t {
261 | 		var sigset = sigset_t()
262 | 		sigemptyset(&sigset)
    |   `- error: cannot find 'sigemptyset' in scope
263 | 		sigaddset(&sigset, rawValue)
264 | 		return sigset
/host/spi-builder-workspace/Sources/SignalHandling/CStructsInSwift/Signal.swift:263:3: error: cannot find 'sigaddset' in scope
261 | 		var sigset = sigset_t()
262 | 		sigemptyset(&sigset)
263 | 		sigaddset(&sigset, rawValue)
    |   `- error: cannot find 'sigaddset' in scope
264 | 		return sigset
265 | 	}
/host/spi-builder-workspace/Sources/SignalHandling/CStructsInSwift/Signal.swift:274:37: error: cannot find 'NSIG' in scope
272 | 	public var signalName: String? {
273 | #if !os(Linux)
274 | 		guard rawValue >= 0 && rawValue < NSIG else {
    |                                     `- error: cannot find 'NSIG' in scope
275 | 			return nil
276 | 		}
/host/spi-builder-workspace/Sources/SignalHandling/CStructsInSwift/Signal.swift:278:32: error: cannot find 'sys_signame' in scope
276 | 		}
277 |
278 | 		return withUnsafePointer(to: sys_signame, { siglistPtr in
    |                                `- error: cannot find 'sys_signame' in scope
279 | 			return siglistPtr.withMemoryRebound(to: UnsafePointer<UInt8>?.self, capacity: Int(NSIG), { siglistPtrAsPointerToCStrings in
280 | 				return siglistPtrAsPointerToCStrings.advanced(by: Int(rawValue)).pointee.flatMap{ String(cString: $0) }
/host/spi-builder-workspace/Sources/SignalHandling/CStructsInSwift/Signal.swift:279:86: error: cannot find 'NSIG' in scope
277 |
278 | 		return withUnsafePointer(to: sys_signame, { siglistPtr in
279 | 			return siglistPtr.withMemoryRebound(to: UnsafePointer<UInt8>?.self, capacity: Int(NSIG), { siglistPtrAsPointerToCStrings in
    |                                                                                      `- error: cannot find 'NSIG' in scope
280 | 				return siglistPtrAsPointerToCStrings.advanced(by: Int(rawValue)).pointee.flatMap{ String(cString: $0) }
281 | 			})
/host/spi-builder-workspace/Sources/SignalHandling/CStructsInSwift/Signal.swift:301:37: error: cannot find 'NSIG' in scope
299 | 	public var signalDescription: String? {
300 | #if !os(Linux)
301 | 		guard rawValue >= 0 && rawValue < NSIG else {
    |                                     `- error: cannot find 'NSIG' in scope
302 | 			return nil
303 | 		}
/host/spi-builder-workspace/Sources/SignalHandling/CStructsInSwift/Signal.swift:305:32: error: cannot find 'sys_siglist' in scope
303 | 		}
304 |
305 | 		return withUnsafePointer(to: sys_siglist, { siglistPtr in
    |                                `- error: cannot find 'sys_siglist' in scope
306 | 			return siglistPtr.withMemoryRebound(to: UnsafePointer<UInt8>?.self, capacity: Int(NSIG), { siglistPtrAsPointerToCStrings in
307 | 				return siglistPtrAsPointerToCStrings.advanced(by: Int(rawValue)).pointee.flatMap{ String(cString: $0) }
/host/spi-builder-workspace/Sources/SignalHandling/CStructsInSwift/Signal.swift:306:86: error: cannot find 'NSIG' in scope
304 |
305 | 		return withUnsafePointer(to: sys_siglist, { siglistPtr in
306 | 			return siglistPtr.withMemoryRebound(to: UnsafePointer<UInt8>?.self, capacity: Int(NSIG), { siglistPtrAsPointerToCStrings in
    |                                                                                      `- error: cannot find 'NSIG' in scope
307 | 				return siglistPtrAsPointerToCStrings.advanced(by: Int(rawValue)).pointee.flatMap{ String(cString: $0) }
308 | 			})
BUILD FAILURE 6.2 wasm