The Swift Package Index logo.Swift Package Index

Build Information

Failed to build GlueKit, reference v0.2.0 (a5766b), with Swift 6.4 for Wasm on 17 Sep 2026 01:22:18 UTC.

Build Command

bash -c docker run --pull=always --rm -v "checkouts-54344845-0":/host -w "$PWD" -e JAVA_HOME="/root/.sdkman/candidates/java/current" -e SPI_BUILD="1" -e SPI_PROCESSING="1" registry.gitlab.com/saguaro1/spi-images:wasm-6.4-latest swift build --swift-sdk swift-6.4.x-DEVELOPMENT-SNAPSHOT-2026-09-04-a_wasm 2>&1

Build Log

========================================
RunAll
========================================
Builder version: 5.1.0
Interrupt handler set up.
========================================
Checkout
========================================
Clone URL: https://github.com/attaswift/GlueKit.git
Reference: v0.2.0
Initialized empty Git repository in /host/spi-builder-workspace/.git/
hint: Using 'master' as the name for the initial branch. This default branch name
hint: is subject to change. To configure the initial branch name to use in all
hint: of your new repositories, which will suppress this warning, call:
hint:
hint: 	git config --global init.defaultBranch <name>
hint:
hint: Names commonly chosen instead of 'master' are 'main', 'trunk' and
hint: 'development'. The just-created branch can be renamed via this command:
hint:
hint: 	git branch -m <name>
From https://github.com/attaswift/GlueKit
 * tag               v0.2.0     -> FETCH_HEAD
HEAD is now at a5766bb Fix dependency syntax
Submodule path 'Carthage/Checkouts/BTree': checked out '83435371ef3c6d98107f5b562a5870a3dfca6243'
Submodule path 'Carthage/Checkouts/SipHash': checked out '7b47e3f23a66770b1eb18e15e20546aad398c9dd'
Submodule 'Carthage/Checkouts/BTree' (https://github.com/attaswift/BTree.git) registered for path 'Carthage/Checkouts/BTree'
Submodule 'Carthage/Checkouts/SipHash' (https://github.com/attaswift/SipHash.git) registered for path 'Carthage/Checkouts/SipHash'
Cloning into '/host/spi-builder-workspace/Carthage/Checkouts/BTree'...
Cloning into '/host/spi-builder-workspace/Carthage/Checkouts/SipHash'...
Cloned https://github.com/attaswift/GlueKit.git
Revision (git rev-parse @):
a5766bb11eb2681f58593cc33d1103ef20aa85ad
SUCCESS checkout https://github.com/attaswift/GlueKit.git at v0.2.0
========================================
Build
========================================
Selected platform:         wasm
Swift version:             6.4
Building package at path:  $PWD
https://github.com/attaswift/GlueKit.git
Running build ...
bash -c docker run --pull=always --rm -v "checkouts-54344845-0":/host -w "$PWD" -e JAVA_HOME="/root/.sdkman/candidates/java/current" -e SPI_BUILD="1" -e SPI_PROCESSING="1" registry.gitlab.com/saguaro1/spi-images:wasm-6.4-latest swift build --swift-sdk swift-6.4.x-DEVELOPMENT-SNAPSHOT-2026-09-04-a_wasm 2>&1
wasm-6.4-latest: Pulling from saguaro1/spi-images
Digest: sha256:4328fdb43c680d205c1d6761b1e3267aa38277eefdda9ddfb17b6a0f1a77857a
Status: Image is up to date for registry.gitlab.com/saguaro1/spi-images:wasm-6.4-latest
Fetching https://github.com/attaswift/BTree
Fetching https://github.com/attaswift/SipHash
[1/440] Fetching siphash
[441/3789] Fetching siphash, btree
Fetched https://github.com/attaswift/SipHash (0.57s)
Fetched https://github.com/attaswift/BTree (0.57s)
Computing version for https://github.com/attaswift/BTree
Computed https://github.com/attaswift/BTree at 4.1.0 (0.75s)
Computing version for https://github.com/attaswift/SipHash
Computed https://github.com/attaswift/SipHash at 1.2.2 (0.17s)
Creating working copy for https://github.com/attaswift/BTree
Working copy of https://github.com/attaswift/BTree resolved at 4.1.0
Creating working copy for https://github.com/attaswift/SipHash
Working copy of https://github.com/attaswift/SipHash resolved at 1.2.2
Building for debugging...
[Pre-planning 1 / 182]
[Starting]
[40 / 69] BTree
error: SwiftCompile normal wasm32 failed with a nonzero exit code. Command line:     cd /host

/host/spi-builder-workspace/.build/checkouts/BTree/Sources/BridgedList.swift:57:78: error: cannot find type 'NSFastEnumerationState' in scope
55 |     }
56 |
57 |     public override func countByEnumerating(with state: UnsafeMutablePointer<NSFastEnumerationState>, objects buffer: AutoreleasingUnsafeMutablePointer<AnyObject?>, count len: Int) -> Int {
   |                                                                              `- error: cannot find type 'NSFastEnumerationState' in scope
58 |         precondition(MemoryLayout<(EmptyKey, Value)>.size == MemoryLayout<Value>.size)
59 |         precondition(MemoryLayout<(EmptyKey, Value)>.stride == MemoryLayout<Value>.stride)
/host/spi-builder-workspace/.build/checkouts/BTree/Sources/BridgedList.swift:57:119: error: cannot find type 'AutoreleasingUnsafeMutablePointer' in scope
55 |     }
56 |
57 |     public override func countByEnumerating(with state: UnsafeMutablePointer<NSFastEnumerationState>, objects buffer: AutoreleasingUnsafeMutablePointer<AnyObject?>, count len: Int) -> Int {
   |                                                                                                                       `- error: cannot find type 'AutoreleasingUnsafeMutablePointer' in scope
58 |         precondition(MemoryLayout<(EmptyKey, Value)>.size == MemoryLayout<Value>.size)
59 |         precondition(MemoryLayout<(EmptyKey, Value)>.stride == MemoryLayout<Value>.stride)
Failed frontend command:
/usr/bin/swift-frontend -frontend -emit-module -experimental-skip-non-inlinable-function-bodies-without-types /host/spi-builder-workspace/.build/checkouts/BTree/Sources/BTree.swift /host/spi-builder-workspace/.build/checkouts/BTree/Sources/BTreeBuilder.swift /host/spi-builder-workspace/.build/checkouts/BTree/Sources/BTreeComparisons.swift /host/spi-builder-workspace/.build/checkouts/BTree/Sources/BTreeCursor.swift /host/spi-builder-workspace/.build/checkouts/BTree/Sources/BTreeIndex.swift /host/spi-builder-workspace/.build/checkouts/BTree/Sources/BTreeIterator.swift /host/spi-builder-workspace/.build/checkouts/BTree/Sources/BTreeMerger.swift /host/spi-builder-workspace/.build/checkouts/BTree/Sources/BTreeNode.swift /host/spi-builder-workspace/.build/checkouts/BTree/Sources/BTreePath.swift /host/spi-builder-workspace/.build/checkouts/BTree/Sources/BridgedList.swift /host/spi-builder-workspace/.build/checkouts/BTree/Sources/Compatibility.swift /host/spi-builder-workspace/.build/checkouts/BTree/Sources/List.swift /host/spi-builder-workspace/.build/checkouts/BTree/Sources/Map.swift /host/spi-builder-workspace/.build/checkouts/BTree/Sources/SortedBag.swift /host/spi-builder-workspace/.build/checkouts/BTree/Sources/SortedSet.swift /host/spi-builder-workspace/.build/checkouts/BTree/Sources/Weak.swift -target wasm32-unknown-wasip1 -disable-objc-interop -sdk /root/.swiftpm/swift-sdks/swift-6.4.x-DEVELOPMENT-SNAPSHOT-2026-09-04-a_wasm.artifactbundle/swift-6.4.x-DEVELOPMENT-SNAPSHOT-2026-09-04-a_wasm/wasm32-unknown-wasip1/WASI.sdk -sysroot /root/.swiftpm/swift-sdks/swift-6.4.x-DEVELOPMENT-SNAPSHOT-2026-09-04-a_wasm.artifactbundle/swift-6.4.x-DEVELOPMENT-SNAPSHOT-2026-09-04-a_wasm/wasm32-unknown-wasip1/WASI.sdk -I /host/spi-builder-workspace/.build/out/Products/Debug-webassembly-wasm32 -module-cache-path /host/spi-builder-workspace/.build/out/ModuleCache.noindex -color-diagnostics -Xcc -fcolor-diagnostics -enable-testing -g -debug-info-format\=dwarf -dwarf-version\=4 -suppress-warnings -swift-version 4 -Onone -D SWIFT_PACKAGE -D DEBUG -D SWIFT_MODULE_RESOURCE_BUNDLE_UNAVAILABLE -D Xcode -serialize-debugging-options -enable-experimental-feature DebugDescriptionMacro -empty-abi-descriptor -external-plugin-path /usr/lib/swift/host/plugins/testing\#/usr/bin/swift-plugin-server -validate-clang-modules-once -clang-build-session-file /host/spi-builder-workspace/.build/out/ModuleCache.noindex/Session.modulevalidation -Xcc -working-directory -Xcc /host -resource-dir /root/.swiftpm/swift-sdks/swift-6.4.x-DEVELOPMENT-SNAPSHOT-2026-09-04-a_wasm.artifactbundle/swift-6.4.x-DEVELOPMENT-SNAPSHOT-2026-09-04-a_wasm/wasm32-unknown-wasip1/swift.xctoolchain/usr/lib/swift_static -use-static-resource-dir -enable-anonymous-context-mangled-names -file-compilation-dir /host -Xcc -resource-dir -Xcc /root/.swiftpm/swift-sdks/swift-6.4.x-DEVELOPMENT-SNAPSHOT-2026-09-04-a_wasm.artifactbundle/swift-6.4.x-DEVELOPMENT-SNAPSHOT-2026-09-04-a_wasm/wasm32-unknown-wasip1/swift.xctoolchain/usr/lib/swift_static/clang -Xcc -D_LIBCPP_HARDENING_MODE\=_LIBCPP_HARDENING_MODE_DEBUG -Xcc -fmodules-prune-interval\=86400 -Xcc -fmodules-prune-after\=345600 -Xcc -I/host/spi-builder-workspace/.build/out/Products/Debug-webassembly-wasm32/include -Xcc -I/host/spi-builder-workspace/.build/out/Intermediates.noindex/BTree.build/Debug-webassembly-wasm32/BTree-t.build/DerivedSources-normal/wasm32 -Xcc -I/host/spi-builder-workspace/.build/out/Intermediates.noindex/BTree.build/Debug-webassembly-wasm32/BTree-t.build/DerivedSources/wasm32 -Xcc -I/host/spi-builder-workspace/.build/out/Intermediates.noindex/BTree.build/Debug-webassembly-wasm32/BTree-t.build/DerivedSources -Xcc -DSWIFT_PACKAGE -Xcc -DDEBUG\=1 -no-auto-bridging-header-chaining -module-name BTree -const-gather-protocols-file /host/spi-builder-workspace/.build/out/Intermediates.noindex/BTree.build/Debug-webassembly-wasm32/BTree-t.build/Objects-normal/wasm32/BTree_const_extract_protocols.json -in-process-plugin-server-path /usr/lib/swift/host/libSwiftInProcPluginServer.so -plugin-path /usr/lib/swift/host/plugins -plugin-path /usr/local/lib/swift/host/plugins -emit-module-doc-path /host/spi-builder-workspace/.build/out/Intermediates.noindex/BTree.build/Debug-webassembly-wasm32/BTree-t.build/Objects-normal/wasm32/Modules/BTree.swiftdoc -emit-module-source-info-path /host/spi-builder-workspace/.build/out/Intermediates.noindex/BTree.build/Debug-webassembly-wasm32/BTree-t.build/Objects-normal/wasm32/Modules/BTree.swiftsourceinfo -emit-objc-header-path /host/spi-builder-workspace/.build/out/Intermediates.noindex/BTree.build/Debug-webassembly-wasm32/BTree-t.build/Objects-normal/wasm32/BTree-Swift.h -serialize-diagnostics-path /host/spi-builder-workspace/.build/out/Intermediates.noindex/BTree.build/Debug-webassembly-wasm32/BTree-t.build/Objects-normal/wasm32/BTree-primary-emit-module.dia -emit-dependencies-path /host/spi-builder-workspace/.build/out/Intermediates.noindex/BTree.build/Debug-webassembly-wasm32/BTree-t.build/Objects-normal/wasm32/BTree-primary-emit-module.d -parse-as-library -o /host/spi-builder-workspace/.build/out/Intermediates.noindex/BTree.build/Debug-webassembly-wasm32/BTree-t.build/Objects-normal/wasm32/Modules/BTree.swiftmodule
error: Build failed
BUILD FAILURE 6.4 wasm