Build Information
Failed to build SwiftBGFX, reference 2.0.0 (eda491), with Swift 6.4 for visionOS using Xcode 27.0 on 15 Sep 2026 18:25:30 UTC.
Build Command
env DEVELOPER_DIR=/Applications/Xcode-27.0.0-Release.Candidate.app xcrun xcodebuild -IDEClonedSourcePackagesDirPathOverride=$PWD/.dependencies -skipMacroValidation -skipPackagePluginValidation -derivedDataPath $PWD/.derivedData build -scheme SwiftBGFX -destination generic/platform=xrOSBuild Log
========================================
RunAll
========================================
Builder version: 5.1.0
Interrupt handler set up.
========================================
Checkout
========================================
Clone URL: https://github.com/swiftgfx/swiftbgfx.git
Reference: 2.0.0
Initialized empty Git repository in /Users/admin/builder/spi-builder-workspace/.git/
From https://github.com/swiftgfx/swiftbgfx
* tag 2.0.0 -> FETCH_HEAD
HEAD is now at eda4913 bump enums to latest bgfx api
Submodule path '3rdparty/bgfx': checked out 'f93650238a4a04653b2a470eafaa942143329834'
Submodule path '3rdparty/bimg': checked out '8f89c161d99baa973dcb4cdd46dd135a3febb016'
Submodule path '3rdparty/bx': checked out '335cec71219919218a7c14f748750ef40df38232'
Submodule '3rdparty/bgfx' (https://github.com/bkaradzic/bgfx.git) registered for path '3rdparty/bgfx'
Submodule '3rdparty/bimg' (https://github.com/bkaradzic/bimg) registered for path '3rdparty/bimg'
Submodule '3rdparty/bx' (https://github.com/bkaradzic/bx.git) registered for path '3rdparty/bx'
Cloning into '/Users/admin/builder/spi-builder-workspace/3rdparty/bgfx'...
Cloning into '/Users/admin/builder/spi-builder-workspace/3rdparty/bimg'...
Cloning into '/Users/admin/builder/spi-builder-workspace/3rdparty/bx'...
Cloned https://github.com/swiftgfx/swiftbgfx.git
Revision (git rev-parse @):
eda49137fabc3a736dac4e5aedd8b609a5981e08
SUCCESS checkout https://github.com/swiftgfx/swiftbgfx.git at 2.0.0
========================================
Build
========================================
Selected platform: visionOS
Swift version: 6.4
Building package at path: $PWD
https://github.com/swiftgfx/swiftbgfx.git
Command line invocation:
/Applications/Xcode-27.0.0-Release.Candidate.app/Contents/Developer/usr/bin/xcodebuild -IDEClonedSourcePackagesDirPathOverride=/Users/admin/builder/spi-builder-workspace/.dependencies -resolvePackageDependencies
Resolve Package Graph
Fetching from https://github.com/SwiftGFX/SwiftMath
Creating working copy of package ‘SwiftMath’
Checking out 3.0.2 of package ‘SwiftMath’
Resolve Package Graph
Resolved source packages:
SwiftBGFX: /Users/admin/builder/spi-builder-workspace
SwiftMath: https://github.com/SwiftGFX/SwiftMath @ 3.0.2
resolved source packages: SwiftBGFX, SwiftMath
2026-09-15 14:24:36.427 xcodebuild[601:3618] [MT] IDERunDestination: Supported platforms for the buildables in the current scheme is empty.
{
"dependencies" : [
{
"identity" : "swiftmath",
"requirement" : {
"range" : [
{
"lower_bound" : "3.0.0",
"upper_bound" : "3.1.0"
}
]
},
"type" : "sourceControl",
"url" : "https://github.com/SwiftGFX/SwiftMath"
}
],
"manifest_display_name" : "SwiftBGFX",
"name" : "SwiftBGFX",
"path" : "/Users/admin/builder/spi-builder-workspace",
"platforms" : [
],
"products" : [
{
"name" : "SwiftBGFX",
"targets" : [
"SwiftBGFX"
],
"type" : {
"library" : [
"static"
]
}
}
],
"targets" : [
{
"c99name" : "SwiftBGFX",
"module_type" : "SwiftTarget",
"name" : "SwiftBGFX",
"path" : "Sources/SwiftBGFX",
"product_dependencies" : [
"SwiftMath"
],
"product_memberships" : [
"SwiftBGFX"
],
"sources" : [
"Callbacks.swift",
"Capabilities.swift",
"DynamicIndexBuffer.swift",
"DynamicShader.swift",
"DynamicVertexBuffer.swift",
"FrameBuffer.swift",
"IndexBuffer.swift",
"IndirectBuffer.swift",
"InstanceDataBuffer.swift",
"MemoryBlock.swift",
"OcclusionQuery.swift",
"Program.swift",
"RenderState.swift",
"Shader.swift",
"StencilFlags.swift",
"Texture+Create.swift",
"Texture.swift",
"TextureInfo.swift",
"Timing.swift",
"TransientIndexBuffer.swift",
"TransientVertexBuffer.swift",
"Uniform.swift",
"VertexBuffer.swift",
"VertexLayout.swift",
"ViewMode.swift",
"bgfx+native.swift",
"bgfx+types.swift",
"bgfx.swift",
"debug.swift",
"enums.swift"
],
"target_dependencies" : [
"Cbgfx"
],
"type" : "library"
},
{
"c99name" : "Cbgfx",
"module_type" : "ClangTarget",
"name" : "Cbgfx",
"path" : "Sources/Cbgfx",
"product_memberships" : [
"SwiftBGFX"
],
"sources" : [
"dummy.c"
],
"type" : "library"
}
],
"tools_version" : "4.0"
}
{
"workspace" : {
"name" : "SwiftBGFX",
"schemes" : [
"SwiftBGFX"
]
}
}
2026-09-15 14:25:18.028 xcodebuild[891:5661] [MT] IDERunDestination: Supported platforms for the buildables in the current scheme is empty.
Running build ...
env DEVELOPER_DIR=/Applications/Xcode-27.0.0-Release.Candidate.app xcrun xcodebuild -IDEClonedSourcePackagesDirPathOverride=$PWD/.dependencies -skipMacroValidation -skipPackagePluginValidation -derivedDataPath $PWD/.derivedData build -scheme SwiftBGFX -destination generic/platform=xrOS
Command line invocation:
/Applications/Xcode-27.0.0-Release.Candidate.app/Contents/Developer/usr/bin/xcodebuild -IDEClonedSourcePackagesDirPathOverride=/Users/admin/builder/spi-builder-workspace/.dependencies -skipMacroValidation -skipPackagePluginValidation -derivedDataPath /Users/admin/builder/spi-builder-workspace/.derivedData build -scheme SwiftBGFX -destination generic/platform=xrOS
Resolve Package Graph
Resolve Package Graph
Resolved source packages:
SwiftBGFX: /Users/admin/builder/spi-builder-workspace
SwiftMath: https://github.com/SwiftGFX/SwiftMath @ 3.0.2
ComputePackagePrebuildTargetDependencyGraph
Prepare packages
CreateBuildRequest
SendProjectDescription
CreateBuildOperation
ComputeTargetDependencyGraph
note: Building targets in dependency order
note: Target dependency graph (5 targets)
Target 'SwiftBGFX-product' in project 'SwiftBGFX'
➜ Explicit dependency on target 'SwiftBGFX' in project 'SwiftBGFX'
➜ Explicit dependency on target 'Cbgfx' in project 'SwiftBGFX'
➜ Explicit dependency on target 'SwiftMath-product' in project 'SwiftMath'
Target 'SwiftBGFX' in project 'SwiftBGFX'
➜ Explicit dependency on target 'Cbgfx' in project 'SwiftBGFX'
➜ Explicit dependency on target 'SwiftMath-product' in project 'SwiftMath'
Target 'SwiftMath-product' in project 'SwiftMath'
➜ Explicit dependency on target 'SwiftMath' in project 'SwiftMath'
Target 'SwiftMath' in project 'SwiftMath' (no dependencies)
Target 'Cbgfx' in project 'SwiftBGFX' (no dependencies)
GatherProvisioningInputs
CreateBuildDescription
ExecuteExternalTool /Applications/Xcode-27.0.0-Release.Candidate.app/Contents/Developer/Toolchains/XcodeDefault.xctoolchain/usr/bin/clang -v -E -dM -arch arm64 -isysroot /Applications/Xcode-27.0.0-Release.Candidate.app/Contents/Developer/Platforms/XROS.platform/Developer/SDKs/XROS27.0.sdk -x c -c /dev/null
ExecuteExternalTool /Applications/Xcode-27.0.0-Release.Candidate.app/Contents/Developer/Toolchains/XcodeDefault.xctoolchain/usr/bin/clang -v -E -dM -isysroot /Applications/Xcode-27.0.0-Release.Candidate.app/Contents/Developer/Platforms/XROS.platform/Developer/SDKs/XROS27.0.sdk -x c -c /dev/null
ExecuteExternalTool /Applications/Xcode-27.0.0-Release.Candidate.app/Contents/Developer/Toolchains/XcodeDefault.xctoolchain/usr/bin/swiftc --version
ExecuteExternalTool /Applications/Xcode-27.0.0-Release.Candidate.app/Contents/Developer/Toolchains/XcodeDefault.xctoolchain/usr/bin/ld -version_details
Build description signature: 002785803f1bacd5f48e779509ffacc2
Build description path: /Users/admin/builder/spi-builder-workspace/.derivedData/Build/Intermediates.noindex/XCBuildData/002785803f1bacd5f48e779509ffacc2.xcbuilddata
CreateBuildDirectory /Users/admin/builder/spi-builder-workspace/.derivedData/CompilationCache.noindex
cd /Users/admin/builder/spi-builder-workspace/.swiftpm/xcode
builtin-create-build-directory /Users/admin/builder/spi-builder-workspace/.derivedData/CompilationCache.noindex
CreateBuildDirectory /Users/admin/builder/spi-builder-workspace/.derivedData/SDKExplicitPrecompiledModules
cd /Users/admin/builder/spi-builder-workspace/.swiftpm/xcode
builtin-create-build-directory /Users/admin/builder/spi-builder-workspace/.derivedData/SDKExplicitPrecompiledModules
CreateBuildDirectory /Users/admin/builder/spi-builder-workspace/.derivedData/ModuleCache.noindex
cd /Users/admin/builder/spi-builder-workspace/.swiftpm/xcode
builtin-create-build-directory /Users/admin/builder/spi-builder-workspace/.derivedData/ModuleCache.noindex
ClangStatCache /Applications/Xcode-27.0.0-Release.Candidate.app/Contents/Developer/Toolchains/XcodeDefault.xctoolchain/usr/bin/clang-stat-cache /Applications/Xcode-27.0.0-Release.Candidate.app/Contents/Developer/Platforms/XROS.platform/Developer/SDKs/XROS27.0.sdk /Users/admin/builder/spi-builder-workspace/.derivedData/SDKStatCaches.noindex/xros27.0-24M361-e829b21a6f8c9b70876ba0858053c044735bd543db762f57723cac368afd1ce4.sdkstatcache
cd /Users/admin/builder/spi-builder-workspace/.swiftpm/xcode
/Applications/Xcode-27.0.0-Release.Candidate.app/Contents/Developer/Toolchains/XcodeDefault.xctoolchain/usr/bin/clang-stat-cache /Applications/Xcode-27.0.0-Release.Candidate.app/Contents/Developer/Platforms/XROS.platform/Developer/SDKs/XROS27.0.sdk -o /Users/admin/builder/spi-builder-workspace/.derivedData/SDKStatCaches.noindex/xros27.0-24M361-e829b21a6f8c9b70876ba0858053c044735bd543db762f57723cac368afd1ce4.sdkstatcache
CreateBuildDirectory /Users/admin/builder/spi-builder-workspace/.derivedData/Build/Products
cd /Users/admin/builder/spi-builder-workspace/.swiftpm/xcode
builtin-create-build-directory /Users/admin/builder/spi-builder-workspace/.derivedData/Build/Products
CreateBuildDirectory /Users/admin/builder/spi-builder-workspace/.derivedData/Build/Intermediates.noindex
cd /Users/admin/builder/spi-builder-workspace/.swiftpm/xcode
builtin-create-build-directory /Users/admin/builder/spi-builder-workspace/.derivedData/Build/Intermediates.noindex
CreateBuildDirectory /Users/admin/builder/spi-builder-workspace/.derivedData/Build/Intermediates.noindex/SwiftExplicitPrecompiledModules
cd /Users/admin/builder/spi-builder-workspace/.swiftpm/xcode
builtin-create-build-directory /Users/admin/builder/spi-builder-workspace/.derivedData/Build/Intermediates.noindex/SwiftExplicitPrecompiledModules
CreateBuildDirectory /Users/admin/builder/spi-builder-workspace/.derivedData/Build/Intermediates.noindex/PrecompiledHeaders
cd /Users/admin/builder/spi-builder-workspace/.swiftpm/xcode
builtin-create-build-directory /Users/admin/builder/spi-builder-workspace/.derivedData/Build/Intermediates.noindex/PrecompiledHeaders
CreateBuildDirectory /Users/admin/builder/spi-builder-workspace/.derivedData/Build/Intermediates.noindex/ExplicitPrecompiledModules
cd /Users/admin/builder/spi-builder-workspace/.swiftpm/xcode
builtin-create-build-directory /Users/admin/builder/spi-builder-workspace/.derivedData/Build/Intermediates.noindex/ExplicitPrecompiledModules
CreateBuildDirectory /Users/admin/builder/spi-builder-workspace/.derivedData/Build/Intermediates.noindex/EagerLinkingTBDs/Debug-xros
cd /Users/admin/builder/spi-builder-workspace/.swiftpm/xcode
builtin-create-build-directory /Users/admin/builder/spi-builder-workspace/.derivedData/Build/Intermediates.noindex/EagerLinkingTBDs/Debug-xros
CreateBuildDirectory /Users/admin/builder/spi-builder-workspace/.derivedData/Build/Products/Debug-xros
cd /Users/admin/builder/spi-builder-workspace/.swiftpm/xcode
builtin-create-build-directory /Users/admin/builder/spi-builder-workspace/.derivedData/Build/Products/Debug-xros
CreateBuildDirectory /Users/admin/builder/spi-builder-workspace/.derivedData/Build/Products/Debug-xros/PackageFrameworks
cd /Users/admin/builder/spi-builder-workspace/.swiftpm/xcode
builtin-create-build-directory /Users/admin/builder/spi-builder-workspace/.derivedData/Build/Products/Debug-xros/PackageFrameworks
WriteAuxiliaryFile /Users/admin/builder/spi-builder-workspace/.derivedData/Build/Intermediates.noindex/SwiftMath.build/Debug-xros/SwiftMath-t.build/SwiftMath.DependencyStaticMetadataFileList (in target 'SwiftMath' from project 'SwiftMath')
cd /Users/admin/builder/spi-builder-workspace/.dependencies/checkouts/SwiftMath
write-file /Users/admin/builder/spi-builder-workspace/.derivedData/Build/Intermediates.noindex/SwiftMath.build/Debug-xros/SwiftMath-t.build/SwiftMath.DependencyStaticMetadataFileList
WriteAuxiliaryFile /Users/admin/builder/spi-builder-workspace/.derivedData/Build/Intermediates.noindex/SwiftMath.build/Debug-xros/SwiftMath-t.build/SwiftMath.DependencyMetadataFileList (in target 'SwiftMath' from project 'SwiftMath')
cd /Users/admin/builder/spi-builder-workspace/.dependencies/checkouts/SwiftMath
write-file /Users/admin/builder/spi-builder-workspace/.derivedData/Build/Intermediates.noindex/SwiftMath.build/Debug-xros/SwiftMath-t.build/SwiftMath.DependencyMetadataFileList
WriteAuxiliaryFile /Users/admin/builder/spi-builder-workspace/.derivedData/Build/Intermediates.noindex/SwiftMath.build/Debug-xros/SwiftMath-t.build/SwiftMath.modulemap (in target 'SwiftMath' from project 'SwiftMath')
cd /Users/admin/builder/spi-builder-workspace/.dependencies/checkouts/SwiftMath
write-file /Users/admin/builder/spi-builder-workspace/.derivedData/Build/Intermediates.noindex/SwiftMath.build/Debug-xros/SwiftMath-t.build/SwiftMath.modulemap
WriteAuxiliaryFile /Users/admin/builder/spi-builder-workspace/.derivedData/Build/Intermediates.noindex/SwiftMath.build/Debug-xros/SwiftMath-t.build/Objects-normal/arm64/SwiftMath.SwiftFileList (in target 'SwiftMath' from project 'SwiftMath')
cd /Users/admin/builder/spi-builder-workspace/.dependencies/checkouts/SwiftMath
write-file /Users/admin/builder/spi-builder-workspace/.derivedData/Build/Intermediates.noindex/SwiftMath.build/Debug-xros/SwiftMath-t.build/Objects-normal/arm64/SwiftMath.SwiftFileList
WriteAuxiliaryFile /Users/admin/builder/spi-builder-workspace/.derivedData/Build/Intermediates.noindex/SwiftMath.build/Debug-xros/SwiftMath-t.build/Objects-normal/arm64/SwiftMath.LinkFileList (in target 'SwiftMath' from project 'SwiftMath')
cd /Users/admin/builder/spi-builder-workspace/.dependencies/checkouts/SwiftMath
write-file /Users/admin/builder/spi-builder-workspace/.derivedData/Build/Intermediates.noindex/SwiftMath.build/Debug-xros/SwiftMath-t.build/Objects-normal/arm64/SwiftMath.LinkFileList
WriteAuxiliaryFile /Users/admin/builder/spi-builder-workspace/.derivedData/Build/Intermediates.noindex/SwiftMath.build/Debug-xros/SwiftMath-t.build/Objects-normal/arm64/SwiftMath.SwiftConstValuesFileList (in target 'SwiftMath' from project 'SwiftMath')
cd /Users/admin/builder/spi-builder-workspace/.dependencies/checkouts/SwiftMath
write-file /Users/admin/builder/spi-builder-workspace/.derivedData/Build/Intermediates.noindex/SwiftMath.build/Debug-xros/SwiftMath-t.build/Objects-normal/arm64/SwiftMath.SwiftConstValuesFileList
WriteAuxiliaryFile /Users/admin/builder/spi-builder-workspace/.derivedData/Build/Intermediates.noindex/SwiftMath.build/Debug-xros/SwiftMath-t.build/Objects-normal/arm64/SwiftMath_const_extract_protocols.json (in target 'SwiftMath' from project 'SwiftMath')
cd /Users/admin/builder/spi-builder-workspace/.dependencies/checkouts/SwiftMath
write-file /Users/admin/builder/spi-builder-workspace/.derivedData/Build/Intermediates.noindex/SwiftMath.build/Debug-xros/SwiftMath-t.build/Objects-normal/arm64/SwiftMath_const_extract_protocols.json
WriteAuxiliaryFile /Users/admin/builder/spi-builder-workspace/.derivedData/Build/Intermediates.noindex/SwiftMath.build/Debug-xros/SwiftMath-t.build/Objects-normal/arm64/SwiftMath-OutputFileMap.json (in target 'SwiftMath' from project 'SwiftMath')
cd /Users/admin/builder/spi-builder-workspace/.dependencies/checkouts/SwiftMath
write-file /Users/admin/builder/spi-builder-workspace/.derivedData/Build/Intermediates.noindex/SwiftMath.build/Debug-xros/SwiftMath-t.build/Objects-normal/arm64/SwiftMath-OutputFileMap.json
WriteAuxiliaryFile /Users/admin/builder/spi-builder-workspace/.derivedData/Build/Intermediates.noindex/SwiftBGFX.build/Debug-xros/SwiftBGFX-t.build/SwiftBGFX.modulemap (in target 'SwiftBGFX' from project 'SwiftBGFX')
cd /Users/admin/builder/spi-builder-workspace
write-file /Users/admin/builder/spi-builder-workspace/.derivedData/Build/Intermediates.noindex/SwiftBGFX.build/Debug-xros/SwiftBGFX-t.build/SwiftBGFX.modulemap
WriteAuxiliaryFile /Users/admin/builder/spi-builder-workspace/.derivedData/Build/Intermediates.noindex/SwiftBGFX.build/Debug-xros/SwiftBGFX-t.build/SwiftBGFX.DependencyStaticMetadataFileList (in target 'SwiftBGFX' from project 'SwiftBGFX')
cd /Users/admin/builder/spi-builder-workspace
write-file /Users/admin/builder/spi-builder-workspace/.derivedData/Build/Intermediates.noindex/SwiftBGFX.build/Debug-xros/SwiftBGFX-t.build/SwiftBGFX.DependencyStaticMetadataFileList
WriteAuxiliaryFile /Users/admin/builder/spi-builder-workspace/.derivedData/Build/Intermediates.noindex/SwiftBGFX.build/Debug-xros/SwiftBGFX-t.build/SwiftBGFX.DependencyMetadataFileList (in target 'SwiftBGFX' from project 'SwiftBGFX')
cd /Users/admin/builder/spi-builder-workspace
write-file /Users/admin/builder/spi-builder-workspace/.derivedData/Build/Intermediates.noindex/SwiftBGFX.build/Debug-xros/SwiftBGFX-t.build/SwiftBGFX.DependencyMetadataFileList
WriteAuxiliaryFile /Users/admin/builder/spi-builder-workspace/.derivedData/Build/Intermediates.noindex/SwiftBGFX.build/Debug-xros/SwiftBGFX-t.build/Objects-normal/arm64/SwiftBGFX_const_extract_protocols.json (in target 'SwiftBGFX' from project 'SwiftBGFX')
cd /Users/admin/builder/spi-builder-workspace
write-file /Users/admin/builder/spi-builder-workspace/.derivedData/Build/Intermediates.noindex/SwiftBGFX.build/Debug-xros/SwiftBGFX-t.build/Objects-normal/arm64/SwiftBGFX_const_extract_protocols.json
WriteAuxiliaryFile /Users/admin/builder/spi-builder-workspace/.derivedData/Build/Intermediates.noindex/SwiftBGFX.build/Debug-xros/SwiftBGFX-t.build/Objects-normal/arm64/SwiftBGFX.SwiftFileList (in target 'SwiftBGFX' from project 'SwiftBGFX')
cd /Users/admin/builder/spi-builder-workspace
write-file /Users/admin/builder/spi-builder-workspace/.derivedData/Build/Intermediates.noindex/SwiftBGFX.build/Debug-xros/SwiftBGFX-t.build/Objects-normal/arm64/SwiftBGFX.SwiftFileList
WriteAuxiliaryFile /Users/admin/builder/spi-builder-workspace/.derivedData/Build/Intermediates.noindex/SwiftBGFX.build/Debug-xros/SwiftBGFX-t.build/Objects-normal/arm64/SwiftBGFX.SwiftConstValuesFileList (in target 'SwiftBGFX' from project 'SwiftBGFX')
cd /Users/admin/builder/spi-builder-workspace
write-file /Users/admin/builder/spi-builder-workspace/.derivedData/Build/Intermediates.noindex/SwiftBGFX.build/Debug-xros/SwiftBGFX-t.build/Objects-normal/arm64/SwiftBGFX.SwiftConstValuesFileList
Copy /Users/admin/builder/spi-builder-workspace/.derivedData/Build/Intermediates.noindex/GeneratedModuleMaps-xros/SwiftMath.modulemap /Users/admin/builder/spi-builder-workspace/.derivedData/Build/Intermediates.noindex/SwiftMath.build/Debug-xros/SwiftMath-t.build/SwiftMath.modulemap (in target 'SwiftMath' from project 'SwiftMath')
cd /Users/admin/builder/spi-builder-workspace/.dependencies/checkouts/SwiftMath
builtin-copy -exclude .DS_Store -exclude CVS -exclude .svn -exclude .git -exclude .hg -resolve-src-symlinks /Users/admin/builder/spi-builder-workspace/.derivedData/Build/Intermediates.noindex/SwiftMath.build/Debug-xros/SwiftMath-t.build/SwiftMath.modulemap /Users/admin/builder/spi-builder-workspace/.derivedData/Build/Intermediates.noindex/GeneratedModuleMaps-xros
WriteAuxiliaryFile /Users/admin/builder/spi-builder-workspace/.derivedData/Build/Intermediates.noindex/SwiftBGFX.build/Debug-xros/SwiftBGFX-t.build/Objects-normal/arm64/SwiftBGFX.LinkFileList (in target 'SwiftBGFX' from project 'SwiftBGFX')
cd /Users/admin/builder/spi-builder-workspace
write-file /Users/admin/builder/spi-builder-workspace/.derivedData/Build/Intermediates.noindex/SwiftBGFX.build/Debug-xros/SwiftBGFX-t.build/Objects-normal/arm64/SwiftBGFX.LinkFileList
WriteAuxiliaryFile /Users/admin/builder/spi-builder-workspace/.derivedData/Build/Intermediates.noindex/SwiftBGFX.build/Debug-xros/SwiftBGFX-t.build/Objects-normal/arm64/SwiftBGFX-OutputFileMap.json (in target 'SwiftBGFX' from project 'SwiftBGFX')
cd /Users/admin/builder/spi-builder-workspace
write-file /Users/admin/builder/spi-builder-workspace/.derivedData/Build/Intermediates.noindex/SwiftBGFX.build/Debug-xros/SwiftBGFX-t.build/Objects-normal/arm64/SwiftBGFX-OutputFileMap.json
WriteAuxiliaryFile /Users/admin/builder/spi-builder-workspace/.derivedData/Build/Intermediates.noindex/SwiftBGFX.build/Debug-xros/Cbgfx-t.build/Objects-normal/arm64/Cbgfx.LinkFileList (in target 'Cbgfx' from project 'SwiftBGFX')
cd /Users/admin/builder/spi-builder-workspace
write-file /Users/admin/builder/spi-builder-workspace/.derivedData/Build/Intermediates.noindex/SwiftBGFX.build/Debug-xros/Cbgfx-t.build/Objects-normal/arm64/Cbgfx.LinkFileList
Copy /Users/admin/builder/spi-builder-workspace/.derivedData/Build/Intermediates.noindex/GeneratedModuleMaps-xros/SwiftBGFX.modulemap /Users/admin/builder/spi-builder-workspace/.derivedData/Build/Intermediates.noindex/SwiftBGFX.build/Debug-xros/SwiftBGFX-t.build/SwiftBGFX.modulemap (in target 'SwiftBGFX' from project 'SwiftBGFX')
cd /Users/admin/builder/spi-builder-workspace
builtin-copy -exclude .DS_Store -exclude CVS -exclude .svn -exclude .git -exclude .hg -resolve-src-symlinks /Users/admin/builder/spi-builder-workspace/.derivedData/Build/Intermediates.noindex/SwiftBGFX.build/Debug-xros/SwiftBGFX-t.build/SwiftBGFX.modulemap /Users/admin/builder/spi-builder-workspace/.derivedData/Build/Intermediates.noindex/GeneratedModuleMaps-xros
WriteAuxiliaryFile /Users/admin/builder/spi-builder-workspace/.derivedData/Build/Intermediates.noindex/SwiftBGFX.build/Debug-xros/Cbgfx-t.build/Cbgfx.modulemap (in target 'Cbgfx' from project 'SwiftBGFX')
cd /Users/admin/builder/spi-builder-workspace
write-file /Users/admin/builder/spi-builder-workspace/.derivedData/Build/Intermediates.noindex/SwiftBGFX.build/Debug-xros/Cbgfx-t.build/Cbgfx.modulemap
WriteAuxiliaryFile /Users/admin/builder/spi-builder-workspace/.derivedData/Build/Intermediates.noindex/SwiftBGFX.build/Debug-xros/Cbgfx-t.build/Objects-normal/arm64/7187679823f38a2a940e0043cdf9d637-common-args.resp (in target 'Cbgfx' from project 'SwiftBGFX')
cd /Users/admin/builder/spi-builder-workspace
write-file /Users/admin/builder/spi-builder-workspace/.derivedData/Build/Intermediates.noindex/SwiftBGFX.build/Debug-xros/Cbgfx-t.build/Objects-normal/arm64/7187679823f38a2a940e0043cdf9d637-common-args.resp
-fmodules -gmodules '-fmodules-cache-path=/Users/admin/builder/spi-builder-workspace/.derivedData/ModuleCache.noindex' '-fmodule-name=Cbgfx' -fpascal-strings -O0 -DSWIFT_PACKAGE '-DDEBUG=1' -g -I/Users/admin/builder/spi-builder-workspace/.derivedData/Build/Products/Debug-xros/include -I/Users/admin/builder/spi-builder-workspace/Sources/Cbgfx/include -I/Users/admin/builder/spi-builder-workspace/.derivedData/Build/Intermediates.noindex/SwiftBGFX.build/Debug-xros/Cbgfx-t.build/DerivedSources-normal/arm64 -I/Users/admin/builder/spi-builder-workspace/.derivedData/Build/Intermediates.noindex/SwiftBGFX.build/Debug-xros/Cbgfx-t.build/DerivedSources/arm64 -I/Users/admin/builder/spi-builder-workspace/.derivedData/Build/Intermediates.noindex/SwiftBGFX.build/Debug-xros/Cbgfx-t.build/DerivedSources -F/Users/admin/builder/spi-builder-workspace/.derivedData/Build/Products/Debug-xros -iframework /Applications/Xcode-27.0.0-Release.Candidate.app/Contents/Developer/Platforms/XROS.platform/Developer/Library/Frameworks -iframework /Applications/Xcode-27.0.0-Release.Candidate.app/Contents/Developer/Platforms/XROS.platform/Developer/SDKs/XROS27.0.sdk/Developer/Library/Frameworks -DXcode
WriteAuxiliaryFile /Users/admin/builder/spi-builder-workspace/.derivedData/Build/Intermediates.noindex/SwiftBGFX.build/Debug-xros/Cbgfx-t.build/Cbgfx.DependencyStaticMetadataFileList (in target 'Cbgfx' from project 'SwiftBGFX')
cd /Users/admin/builder/spi-builder-workspace
write-file /Users/admin/builder/spi-builder-workspace/.derivedData/Build/Intermediates.noindex/SwiftBGFX.build/Debug-xros/Cbgfx-t.build/Cbgfx.DependencyStaticMetadataFileList
WriteAuxiliaryFile /Users/admin/builder/spi-builder-workspace/.derivedData/Build/Intermediates.noindex/SwiftBGFX.build/Debug-xros/Cbgfx-t.build/Cbgfx.DependencyMetadataFileList (in target 'Cbgfx' from project 'SwiftBGFX')
cd /Users/admin/builder/spi-builder-workspace
write-file /Users/admin/builder/spi-builder-workspace/.derivedData/Build/Intermediates.noindex/SwiftBGFX.build/Debug-xros/Cbgfx-t.build/Cbgfx.DependencyMetadataFileList
Copy /Users/admin/builder/spi-builder-workspace/.derivedData/Build/Intermediates.noindex/GeneratedModuleMaps-xros/Cbgfx.modulemap /Users/admin/builder/spi-builder-workspace/.derivedData/Build/Intermediates.noindex/SwiftBGFX.build/Debug-xros/Cbgfx-t.build/Cbgfx.modulemap (in target 'Cbgfx' from project 'SwiftBGFX')
cd /Users/admin/builder/spi-builder-workspace
builtin-copy -exclude .DS_Store -exclude CVS -exclude .svn -exclude .git -exclude .hg -resolve-src-symlinks /Users/admin/builder/spi-builder-workspace/.derivedData/Build/Intermediates.noindex/SwiftBGFX.build/Debug-xros/Cbgfx-t.build/Cbgfx.modulemap /Users/admin/builder/spi-builder-workspace/.derivedData/Build/Intermediates.noindex/GeneratedModuleMaps-xros
SwiftDriver SwiftMath normal arm64 com.apple.xcode.tools.swift.compiler (in target 'SwiftMath' from project 'SwiftMath')
cd /Users/admin/builder/spi-builder-workspace/.swiftpm/xcode
builtin-SwiftDriver -- /Applications/Xcode-27.0.0-Release.Candidate.app/Contents/Developer/Toolchains/XcodeDefault.xctoolchain/usr/bin/swiftc -parse-as-library -module-name SwiftMath -Onone @/Users/admin/builder/spi-builder-workspace/.derivedData/Build/Intermediates.noindex/SwiftMath.build/Debug-xros/SwiftMath-t.build/Objects-normal/arm64/SwiftMath.SwiftFileList -DSWIFT_PACKAGE -DDEBUG -DSWIFT_MODULE_RESOURCE_BUNDLE_UNAVAILABLE -DXcode -plugin-path /Applications/Xcode-27.0.0-Release.Candidate.app/Contents/Developer/Toolchains/XcodeDefault.xctoolchain/usr/lib/swift/host/plugins/testing -enable-experimental-feature DebugDescriptionMacro -sdk /Applications/Xcode-27.0.0-Release.Candidate.app/Contents/Developer/Platforms/XROS.platform/Developer/SDKs/XROS27.0.sdk -target arm64-apple-xros1.0 -g -module-cache-path /Users/admin/builder/spi-builder-workspace/.derivedData/ModuleCache.noindex -Xfrontend -serialize-debugging-options -enable-testing -suppress-warnings -index-store-path /Users/admin/builder/spi-builder-workspace/.derivedData/Index.noindex/DataStore -Xcc -D_LIBCPP_HARDENING_MODE\=_LIBCPP_HARDENING_MODE_DEBUG -swift-version 4 -I /Users/admin/builder/spi-builder-workspace/.derivedData/Build/Products/Debug-xros -Isystem /Applications/Xcode-27.0.0-Release.Candidate.app/Contents/Developer/Platforms/XROS.platform/Developer/usr/lib -F /Users/admin/builder/spi-builder-workspace/.derivedData/Build/Products/Debug-xros -F /Applications/Xcode-27.0.0-Release.Candidate.app/Contents/Developer/Platforms/XROS.platform/Developer/Library/Frameworks -F /Applications/Xcode-27.0.0-Release.Candidate.app/Contents/Developer/Platforms/XROS.platform/Developer/SDKs/XROS27.0.sdk/Developer/Library/Frameworks -c -j10 -enable-batch-mode -incremental -Xcc -ivfsstatcache -Xcc /Users/admin/builder/spi-builder-workspace/.derivedData/SDKStatCaches.noindex/xros27.0-24M361-e829b21a6f8c9b70876ba0858053c044735bd543db762f57723cac368afd1ce4.sdkstatcache -output-file-map /Users/admin/builder/spi-builder-workspace/.derivedData/Build/Intermediates.noindex/SwiftMath.build/Debug-xros/SwiftMath-t.build/Objects-normal/arm64/SwiftMath-OutputFileMap.json -save-temps -no-color-diagnostics -emit-dependencies -emit-module -emit-module-path /Users/admin/builder/spi-builder-workspace/.derivedData/Build/Intermediates.noindex/SwiftMath.build/Debug-xros/SwiftMath-t.build/Objects-normal/arm64/SwiftMath.swiftmodule -serialize-diagnostics -validate-clang-modules-once -clang-build-session-file /Users/admin/builder/spi-builder-workspace/.derivedData/ModuleCache.noindex/Session.modulevalidation -Xcc -fmodules-prune-interval\=86400 -Xcc -fmodules-prune-after\=345600 -emit-const-values -const-gather-protocols-list /Users/admin/builder/spi-builder-workspace/.derivedData/Build/Intermediates.noindex/SwiftMath.build/Debug-xros/SwiftMath-t.build/Objects-normal/arm64/SwiftMath_const_extract_protocols.json -Xcc -I/Users/admin/builder/spi-builder-workspace/.derivedData/Build/Products/Debug-xros/include -Xcc -I/Users/admin/builder/spi-builder-workspace/.derivedData/Build/Intermediates.noindex/SwiftMath.build/Debug-xros/SwiftMath-t.build/DerivedSources-normal/arm64 -Xcc -I/Users/admin/builder/spi-builder-workspace/.derivedData/Build/Intermediates.noindex/SwiftMath.build/Debug-xros/SwiftMath-t.build/DerivedSources/arm64 -Xcc -I/Users/admin/builder/spi-builder-workspace/.derivedData/Build/Intermediates.noindex/SwiftMath.build/Debug-xros/SwiftMath-t.build/DerivedSources -Xcc -DSWIFT_PACKAGE -Xcc -DDEBUG\=1 -emit-objc-header -emit-objc-header-path /Users/admin/builder/spi-builder-workspace/.derivedData/Build/Intermediates.noindex/SwiftMath.build/Debug-xros/SwiftMath-t.build/Objects-normal/arm64/SwiftMath-Swift.h -working-directory /Users/admin/builder/spi-builder-workspace/.swiftpm/xcode -experimental-emit-module-separately -disable-cmo
ScanDependencies /Users/admin/builder/spi-builder-workspace/.derivedData/Build/Intermediates.noindex/SwiftBGFX.build/Debug-xros/Cbgfx-t.build/Objects-normal/arm64/dummy.o /Users/admin/builder/spi-builder-workspace/Sources/Cbgfx/dummy.c normal arm64 c com.apple.compilers.llvm.clang.1_0.compiler (in target 'Cbgfx' from project 'SwiftBGFX')
cd /Users/admin/builder/spi-builder-workspace/.swiftpm/xcode
Using response file: /Users/admin/builder/spi-builder-workspace/.derivedData/Build/Intermediates.noindex/SwiftBGFX.build/Debug-xros/Cbgfx-t.build/Objects-normal/arm64/7187679823f38a2a940e0043cdf9d637-common-args.resp
builtin-ScanDependencies -o /Users/admin/builder/spi-builder-workspace/.derivedData/Build/Intermediates.noindex/SwiftBGFX.build/Debug-xros/Cbgfx-t.build/Objects-normal/arm64/dummy.o.scan -- /Applications/Xcode-27.0.0-Release.Candidate.app/Contents/Developer/Toolchains/XcodeDefault.xctoolchain/usr/bin/clang -x c -ivfsstatcache /Users/admin/builder/spi-builder-workspace/.derivedData/SDKStatCaches.noindex/xros27.0-24M361-e829b21a6f8c9b70876ba0858053c044735bd543db762f57723cac368afd1ce4.sdkstatcache -target arm64-apple-xros1.0 -fmessage-length\=0 -fdiagnostics-show-note-include-stack -fmacro-backtrace-limit\=0 -fno-color-diagnostics -fmodules-prune-interval\=86400 -fmodules-prune-after\=345600 -fbuild-session-file\=/Users/admin/builder/spi-builder-workspace/.derivedData/ModuleCache.noindex/Session.modulevalidation -fmodules-validate-once-per-build-session -Wnon-modular-include-in-framework-module -Werror\=non-modular-include-in-framework-module -Wno-trigraphs -Wno-missing-field-initializers -Wno-missing-prototypes -Wno-return-type -Wno-missing-braces -Wparentheses -Wswitch -Wno-unused-function -Wno-unused-label -Wno-unused-parameter -Wno-unused-variable -Wunused-value -Wno-empty-body -Wno-uninitialized -Wno-unknown-pragmas -Wno-shadow -Wno-four-char-constants -Wno-conversion -Wno-constant-conversion -Wno-int-conversion -Wno-bool-conversion -Wno-enum-conversion -Wno-float-conversion -Wno-non-literal-null-conversion -Wno-objc-literal-conversion -Wshorten-64-to-32 -Wpointer-sign -Wno-newline-eof -Wno-implicit-fallthrough -isysroot /Applications/Xcode-27.0.0-Release.Candidate.app/Contents/Developer/Platforms/XROS.platform/Developer/SDKs/XROS27.0.sdk -fstrict-aliasing -Wdeprecated-declarations -Wno-sign-conversion -Wno-infinite-recursion -Wno-comma -Wno-block-capture-autoreleasing -Wno-strict-prototypes -Wno-semicolon-before-method-body -index-store-path /Users/admin/builder/spi-builder-workspace/.derivedData/Index.noindex/DataStore @/Users/admin/builder/spi-builder-workspace/.derivedData/Build/Intermediates.noindex/SwiftBGFX.build/Debug-xros/Cbgfx-t.build/Objects-normal/arm64/7187679823f38a2a940e0043cdf9d637-common-args.resp -MMD -MT dependencies -MF /Users/admin/builder/spi-builder-workspace/.derivedData/Build/Intermediates.noindex/SwiftBGFX.build/Debug-xros/Cbgfx-t.build/Objects-normal/arm64/dummy.d --serialize-diagnostics /Users/admin/builder/spi-builder-workspace/.derivedData/Build/Intermediates.noindex/SwiftBGFX.build/Debug-xros/Cbgfx-t.build/Objects-normal/arm64/dummy.dia -c /Users/admin/builder/spi-builder-workspace/Sources/Cbgfx/dummy.c -o /Users/admin/builder/spi-builder-workspace/.derivedData/Build/Intermediates.noindex/SwiftBGFX.build/Debug-xros/Cbgfx-t.build/Objects-normal/arm64/dummy.o -index-unit-output-path /SwiftBGFX.build/Debug-xros/Cbgfx-t.build/Objects-normal/arm64/dummy.o
PrecompileModule /Users/admin/builder/spi-builder-workspace/.derivedData/Build/Intermediates.noindex/ExplicitPrecompiledModules/_Builtin_stdarg-55NSLPY0JQ3SERZETECSKZM25.scan
cd /
builtin-precompileModule /Users/admin/builder/spi-builder-workspace/.derivedData/Build/Intermediates.noindex/ExplicitPrecompiledModules/_Builtin_stdarg-55NSLPY0JQ3SERZETECSKZM25.scan
PrecompileModule /Users/admin/builder/spi-builder-workspace/.derivedData/Build/Intermediates.noindex/ExplicitPrecompiledModules/_Builtin_stdbool-3B43RAANOIW4O33XAYRDUBF6B.scan
cd /
builtin-precompileModule /Users/admin/builder/spi-builder-workspace/.derivedData/Build/Intermediates.noindex/ExplicitPrecompiledModules/_Builtin_stdbool-3B43RAANOIW4O33XAYRDUBF6B.scan
PrecompileModule /Users/admin/builder/spi-builder-workspace/.derivedData/Build/Intermediates.noindex/ExplicitPrecompiledModules/_Builtin_stddef-AS4MB2HV8QC6GE0NAAETS75WZ.scan
cd /
builtin-precompileModule /Users/admin/builder/spi-builder-workspace/.derivedData/Build/Intermediates.noindex/ExplicitPrecompiledModules/_Builtin_stddef-AS4MB2HV8QC6GE0NAAETS75WZ.scan
PrecompileModule /Users/admin/builder/spi-builder-workspace/.derivedData/Build/Intermediates.noindex/ExplicitPrecompiledModules/_AvailabilityInternal-9DGIW3JF4W8ZHAEXGJYWGHHLK.scan
cd /
builtin-precompileModule /Users/admin/builder/spi-builder-workspace/.derivedData/Build/Intermediates.noindex/ExplicitPrecompiledModules/_AvailabilityInternal-9DGIW3JF4W8ZHAEXGJYWGHHLK.scan
PrecompileModule /Users/admin/builder/spi-builder-workspace/.derivedData/Build/Intermediates.noindex/ExplicitPrecompiledModules/_Builtin_float-BPYYCNQPVVJ2H1RIXUQENTK3G.scan
cd /
builtin-precompileModule /Users/admin/builder/spi-builder-workspace/.derivedData/Build/Intermediates.noindex/ExplicitPrecompiledModules/_Builtin_float-BPYYCNQPVVJ2H1RIXUQENTK3G.scan
PrecompileModule /Users/admin/builder/spi-builder-workspace/.derivedData/Build/Intermediates.noindex/ExplicitPrecompiledModules/ptrcheck-2GE7S23GCNFBZIRZTRJ8UJYU7.scan
cd /
builtin-precompileModule /Users/admin/builder/spi-builder-workspace/.derivedData/Build/Intermediates.noindex/ExplicitPrecompiledModules/ptrcheck-2GE7S23GCNFBZIRZTRJ8UJYU7.scan
PrecompileModule /Users/admin/builder/spi-builder-workspace/.derivedData/Build/Intermediates.noindex/ExplicitPrecompiledModules/_DarwinFoundation1-4M28S2D3PPHBC1MEN83J3AJ8.scan
cd /
builtin-precompileModule /Users/admin/builder/spi-builder-workspace/.derivedData/Build/Intermediates.noindex/ExplicitPrecompiledModules/_DarwinFoundation1-4M28S2D3PPHBC1MEN83J3AJ8.scan
PrecompileModule /Users/admin/builder/spi-builder-workspace/.derivedData/Build/Intermediates.noindex/ExplicitPrecompiledModules/_DarwinFoundation2-1P181XVKLE8LEGPF4SQU25MOP.scan
cd /
builtin-precompileModule /Users/admin/builder/spi-builder-workspace/.derivedData/Build/Intermediates.noindex/ExplicitPrecompiledModules/_DarwinFoundation2-1P181XVKLE8LEGPF4SQU25MOP.scan
PrecompileModule /Users/admin/builder/spi-builder-workspace/.derivedData/Build/Intermediates.noindex/ExplicitPrecompiledModules/_Builtin_stdint-2YFZ96FHFR6QB7L313B65NK10.scan
cd /
builtin-precompileModule /Users/admin/builder/spi-builder-workspace/.derivedData/Build/Intermediates.noindex/ExplicitPrecompiledModules/_Builtin_stdint-2YFZ96FHFR6QB7L313B65NK10.scan
PrecompileModule /Users/admin/builder/spi-builder-workspace/.derivedData/Build/Intermediates.noindex/ExplicitPrecompiledModules/_DarwinFoundation3-5M1ODUSDVZDVIHBUULUYVH4OL.scan
cd /
builtin-precompileModule /Users/admin/builder/spi-builder-workspace/.derivedData/Build/Intermediates.noindex/ExplicitPrecompiledModules/_DarwinFoundation3-5M1ODUSDVZDVIHBUULUYVH4OL.scan
CompileC /Users/admin/builder/spi-builder-workspace/.derivedData/Build/Intermediates.noindex/SwiftBGFX.build/Debug-xros/Cbgfx-t.build/Objects-normal/arm64/dummy.o /Users/admin/builder/spi-builder-workspace/Sources/Cbgfx/dummy.c normal arm64 c com.apple.compilers.llvm.clang.1_0.compiler (in target 'Cbgfx' from project 'SwiftBGFX')
cd /Users/admin/builder/spi-builder-workspace/.swiftpm/xcode
Using response file: /Users/admin/builder/spi-builder-workspace/.derivedData/Build/Intermediates.noindex/SwiftBGFX.build/Debug-xros/Cbgfx-t.build/Objects-normal/arm64/7187679823f38a2a940e0043cdf9d637-common-args.resp
/Applications/Xcode-27.0.0-Release.Candidate.app/Contents/Developer/Toolchains/XcodeDefault.xctoolchain/usr/bin/clang -x c -ivfsstatcache /Users/admin/builder/spi-builder-workspace/.derivedData/SDKStatCaches.noindex/xros27.0-24M361-e829b21a6f8c9b70876ba0858053c044735bd543db762f57723cac368afd1ce4.sdkstatcache -target arm64-apple-xros1.0 -fmessage-length\=0 -fdiagnostics-show-note-include-stack -fmacro-backtrace-limit\=0 -fno-color-diagnostics -fmodules-prune-interval\=86400 -fmodules-prune-after\=345600 -fbuild-session-file\=/Users/admin/builder/spi-builder-workspace/.derivedData/ModuleCache.noindex/Session.modulevalidation -fmodules-validate-once-per-build-session -Wnon-modular-include-in-framework-module -Werror\=non-modular-include-in-framework-module -Wno-trigraphs -Wno-missing-field-initializers -Wno-missing-prototypes -Wno-return-type -Wno-missing-braces -Wparentheses -Wswitch -Wno-unused-function -Wno-unused-label -Wno-unused-parameter -Wno-unused-variable -Wunused-value -Wno-empty-body -Wno-uninitialized -Wno-unknown-pragmas -Wno-shadow -Wno-four-char-constants -Wno-conversion -Wno-constant-conversion -Wno-int-conversion -Wno-bool-conversion -Wno-enum-conversion -Wno-float-conversion -Wno-non-literal-null-conversion -Wno-objc-literal-conversion -Wshorten-64-to-32 -Wpointer-sign -Wno-newline-eof -Wno-implicit-fallthrough -isysroot /Applications/Xcode-27.0.0-Release.Candidate.app/Contents/Developer/Platforms/XROS.platform/Developer/SDKs/XROS27.0.sdk -fstrict-aliasing -Wdeprecated-declarations -Wno-sign-conversion -Wno-infinite-recursion -Wno-comma -Wno-block-capture-autoreleasing -Wno-strict-prototypes -Wno-semicolon-before-method-body -index-store-path /Users/admin/builder/spi-builder-workspace/.derivedData/Index.noindex/DataStore @/Users/admin/builder/spi-builder-workspace/.derivedData/Build/Intermediates.noindex/SwiftBGFX.build/Debug-xros/Cbgfx-t.build/Objects-normal/arm64/7187679823f38a2a940e0043cdf9d637-common-args.resp -MMD -MT dependencies -MF /Users/admin/builder/spi-builder-workspace/.derivedData/Build/Intermediates.noindex/SwiftBGFX.build/Debug-xros/Cbgfx-t.build/Objects-normal/arm64/dummy.d --serialize-diagnostics /Users/admin/builder/spi-builder-workspace/.derivedData/Build/Intermediates.noindex/SwiftBGFX.build/Debug-xros/Cbgfx-t.build/Objects-normal/arm64/dummy.dia -c /Users/admin/builder/spi-builder-workspace/Sources/Cbgfx/dummy.c -o /Users/admin/builder/spi-builder-workspace/.derivedData/Build/Intermediates.noindex/SwiftBGFX.build/Debug-xros/Cbgfx-t.build/Objects-normal/arm64/dummy.o -index-unit-output-path /SwiftBGFX.build/Debug-xros/Cbgfx-t.build/Objects-normal/arm64/dummy.o
Ld /Users/admin/builder/spi-builder-workspace/.derivedData/Build/Products/Debug-xros/Cbgfx.o normal (in target 'Cbgfx' from project 'SwiftBGFX')
cd /Users/admin/builder/spi-builder-workspace
/Applications/Xcode-27.0.0-Release.Candidate.app/Contents/Developer/Toolchains/XcodeDefault.xctoolchain/usr/bin/clang -Xlinker -reproducible -target arm64-apple-xros1.0 -r -isysroot /Applications/Xcode-27.0.0-Release.Candidate.app/Contents/Developer/Platforms/XROS.platform/Developer/SDKs/XROS27.0.sdk -O0 -Xlinker -no_warn_duplicate_libraries -F/Users/admin/builder/spi-builder-workspace/.derivedData/Build/Intermediates.noindex/EagerLinkingTBDs/Debug-xros -F/Users/admin/builder/spi-builder-workspace/.derivedData/Build/Products/Debug-xros -iframework /Applications/Xcode-27.0.0-Release.Candidate.app/Contents/Developer/Platforms/XROS.platform/Developer/Library/Frameworks -iframework /Applications/Xcode-27.0.0-Release.Candidate.app/Contents/Developer/Platforms/XROS.platform/Developer/SDKs/XROS27.0.sdk/Developer/Library/Frameworks -filelist /Users/admin/builder/spi-builder-workspace/.derivedData/Build/Intermediates.noindex/SwiftBGFX.build/Debug-xros/Cbgfx-t.build/Objects-normal/arm64/Cbgfx.LinkFileList -nostdlib -Xlinker -object_path_lto -Xlinker /Users/admin/builder/spi-builder-workspace/.derivedData/Build/Intermediates.noindex/SwiftBGFX.build/Debug-xros/Cbgfx-t.build/Objects-normal/arm64/Cbgfx_lto.o -Xlinker -no_deduplicate -Xlinker -dependency_info -Xlinker /Users/admin/builder/spi-builder-workspace/.derivedData/Build/Intermediates.noindex/SwiftBGFX.build/Debug-xros/Cbgfx-t.build/Objects-normal/arm64/Cbgfx_dependency_info.dat -o /Users/admin/builder/spi-builder-workspace/.derivedData/Build/Products/Debug-xros/Cbgfx.o
SwiftCompile normal arm64 Compiling\ Vector2+simd.swift,\ Vector2.swift,\ Vector3+nosimd.swift /Users/admin/builder/spi-builder-workspace/.dependencies/checkouts/SwiftMath/Sources/Vector2+simd.swift /Users/admin/builder/spi-builder-workspace/.dependencies/checkouts/SwiftMath/Sources/Vector2.swift /Users/admin/builder/spi-builder-workspace/.dependencies/checkouts/SwiftMath/Sources/Vector3+nosimd.swift (in target 'SwiftMath' from project 'SwiftMath')
SwiftCompile normal arm64 /Users/admin/builder/spi-builder-workspace/.dependencies/checkouts/SwiftMath/Sources/Vector2+simd.swift (in target 'SwiftMath' from project 'SwiftMath')
cd /Users/admin/builder/spi-builder-workspace/.swiftpm/xcode
builtin-SwiftPerFileCompile Vector2+simd.swift
SwiftCompile normal arm64 /Users/admin/builder/spi-builder-workspace/.dependencies/checkouts/SwiftMath/Sources/Vector2.swift (in target 'SwiftMath' from project 'SwiftMath')
cd /Users/admin/builder/spi-builder-workspace/.swiftpm/xcode
builtin-SwiftPerFileCompile Vector2.swift
SwiftCompile normal arm64 /Users/admin/builder/spi-builder-workspace/.dependencies/checkouts/SwiftMath/Sources/Vector3+nosimd.swift (in target 'SwiftMath' from project 'SwiftMath')
cd /Users/admin/builder/spi-builder-workspace/.swiftpm/xcode
builtin-SwiftPerFileCompile Vector3+nosimd.swift
SwiftCompile normal arm64 Compiling\ Rect.swift,\ String+Math.swift,\ Vector2+nosimd.swift /Users/admin/builder/spi-builder-workspace/.dependencies/checkouts/SwiftMath/Sources/Rect.swift /Users/admin/builder/spi-builder-workspace/.dependencies/checkouts/SwiftMath/Sources/String+Math.swift /Users/admin/builder/spi-builder-workspace/.dependencies/checkouts/SwiftMath/Sources/Vector2+nosimd.swift (in target 'SwiftMath' from project 'SwiftMath')
SwiftCompile normal arm64 /Users/admin/builder/spi-builder-workspace/.dependencies/checkouts/SwiftMath/Sources/Rect.swift (in target 'SwiftMath' from project 'SwiftMath')
cd /Users/admin/builder/spi-builder-workspace/.swiftpm/xcode
builtin-SwiftPerFileCompile Rect.swift
SwiftCompile normal arm64 /Users/admin/builder/spi-builder-workspace/.dependencies/checkouts/SwiftMath/Sources/String+Math.swift (in target 'SwiftMath' from project 'SwiftMath')
cd /Users/admin/builder/spi-builder-workspace/.swiftpm/xcode
builtin-SwiftPerFileCompile String+Math.swift
SwiftCompile normal arm64 /Users/admin/builder/spi-builder-workspace/.dependencies/checkouts/SwiftMath/Sources/Vector2+nosimd.swift (in target 'SwiftMath' from project 'SwiftMath')
cd /Users/admin/builder/spi-builder-workspace/.swiftpm/xcode
builtin-SwiftPerFileCompile Vector2+nosimd.swift
SwiftCompile normal arm64 Compiling\ Vector4+nosimd.swift,\ Vector4+simd.swift /Users/admin/builder/spi-builder-workspace/.dependencies/checkouts/SwiftMath/Sources/Vector4+nosimd.swift /Users/admin/builder/spi-builder-workspace/.dependencies/checkouts/SwiftMath/Sources/Vector4+simd.swift (in target 'SwiftMath' from project 'SwiftMath')
SwiftCompile normal arm64 /Users/admin/builder/spi-builder-workspace/.dependencies/checkouts/SwiftMath/Sources/Vector4+nosimd.swift (in target 'SwiftMath' from project 'SwiftMath')
cd /Users/admin/builder/spi-builder-workspace/.swiftpm/xcode
builtin-SwiftPerFileCompile Vector4+nosimd.swift
SwiftCompile normal arm64 /Users/admin/builder/spi-builder-workspace/.dependencies/checkouts/SwiftMath/Sources/Vector4+simd.swift (in target 'SwiftMath' from project 'SwiftMath')
cd /Users/admin/builder/spi-builder-workspace/.swiftpm/xcode
builtin-SwiftPerFileCompile Vector4+simd.swift
SwiftCompile normal arm64 Compiling\ functions.swift,\ platform.swift /Users/admin/builder/spi-builder-workspace/.dependencies/checkouts/SwiftMath/Sources/functions.swift /Users/admin/builder/spi-builder-workspace/.dependencies/checkouts/SwiftMath/Sources/platform.swift (in target 'SwiftMath' from project 'SwiftMath')
SwiftCompile normal arm64 /Users/admin/builder/spi-builder-workspace/.dependencies/checkouts/SwiftMath/Sources/functions.swift (in target 'SwiftMath' from project 'SwiftMath')
cd /Users/admin/builder/spi-builder-workspace/.swiftpm/xcode
builtin-SwiftPerFileCompile functions.swift
SwiftCompile normal arm64 /Users/admin/builder/spi-builder-workspace/.dependencies/checkouts/SwiftMath/Sources/platform.swift (in target 'SwiftMath' from project 'SwiftMath')
cd /Users/admin/builder/spi-builder-workspace/.swiftpm/xcode
builtin-SwiftPerFileCompile platform.swift
SwiftCompile normal arm64 Compiling\ Matrix3x3.swift,\ Matrix4x4+Extensions.swift,\ Matrix4x4+nosimd.swift /Users/admin/builder/spi-builder-workspace/.dependencies/checkouts/SwiftMath/Sources/Matrix3x3.swift /Users/admin/builder/spi-builder-workspace/.dependencies/checkouts/SwiftMath/Sources/Matrix4x4+Extensions.swift /Users/admin/builder/spi-builder-workspace/.dependencies/checkouts/SwiftMath/Sources/Matrix4x4+nosimd.swift (in target 'SwiftMath' from project 'SwiftMath')
SwiftCompile normal arm64 /Users/admin/builder/spi-builder-workspace/.dependencies/checkouts/SwiftMath/Sources/Matrix3x3.swift (in target 'SwiftMath' from project 'SwiftMath')
cd /Users/admin/builder/spi-builder-workspace/.swiftpm/xcode
builtin-SwiftPerFileCompile Matrix3x3.swift
SwiftCompile normal arm64 /Users/admin/builder/spi-builder-workspace/.dependencies/checkouts/SwiftMath/Sources/Matrix4x4+Extensions.swift (in target 'SwiftMath' from project 'SwiftMath')
cd /Users/admin/builder/spi-builder-workspace/.swiftpm/xcode
builtin-SwiftPerFileCompile Matrix4x4+Extensions.swift
SwiftCompile normal arm64 /Users/admin/builder/spi-builder-workspace/.dependencies/checkouts/SwiftMath/Sources/Matrix4x4+nosimd.swift (in target 'SwiftMath' from project 'SwiftMath')
cd /Users/admin/builder/spi-builder-workspace/.swiftpm/xcode
builtin-SwiftPerFileCompile Matrix4x4+nosimd.swift
SwiftEmitModule normal arm64 Emitting\ module\ for\ SwiftMath (in target 'SwiftMath' from project 'SwiftMath')
/Users/admin/builder/spi-builder-workspace/.dependencies/checkouts/SwiftMath/Sources/easing.swift:12:8: error: no such module 'Glibc'
10 | import Darwin
11 | #else
12 | import Glibc
| `- error: no such module 'Glibc'
13 | #endif
14 |
Failed frontend command:
/Applications/Xcode-27.0.0-Release.Candidate.app/Contents/Developer/Toolchains/XcodeDefault.xctoolchain/usr/bin/swift-frontend -frontend -emit-module -experimental-skip-non-inlinable-function-bodies-without-types /Users/admin/builder/spi-builder-workspace/.dependencies/checkouts/SwiftMath/Sources/Angle.swift /Users/admin/builder/spi-builder-workspace/.dependencies/checkouts/SwiftMath/Sources/Matrix3x3+nosimd.swift /Users/admin/builder/spi-builder-workspace/.dependencies/checkouts/SwiftMath/Sources/Matrix3x3+simd.swift /Users/admin/builder/spi-builder-workspace/.dependencies/checkouts/SwiftMath/Sources/Matrix3x3.swift /Users/admin/builder/spi-builder-workspace/.dependencies/checkouts/SwiftMath/Sources/Matrix4x4+Extensions.swift /Users/admin/builder/spi-builder-workspace/.dependencies/checkouts/SwiftMath/Sources/Matrix4x4+nosimd.swift /Users/admin/builder/spi-builder-workspace/.dependencies/checkouts/SwiftMath/Sources/Matrix4x4+simd.swift /Users/admin/builder/spi-builder-workspace/.dependencies/checkouts/SwiftMath/Sources/Matrix4x4.swift /Users/admin/builder/spi-builder-workspace/.dependencies/checkouts/SwiftMath/Sources/Point.swift /Users/admin/builder/spi-builder-workspace/.dependencies/checkouts/SwiftMath/Sources/Rect.swift /Users/admin/builder/spi-builder-workspace/.dependencies/checkouts/SwiftMath/Sources/String+Math.swift /Users/admin/builder/spi-builder-workspace/.dependencies/checkouts/SwiftMath/Sources/Vector2+nosimd.swift /Users/admin/builder/spi-builder-workspace/.dependencies/checkouts/SwiftMath/Sources/Vector2+simd.swift /Users/admin/builder/spi-builder-workspace/.dependencies/checkouts/SwiftMath/Sources/Vector2.swift /Users/admin/builder/spi-builder-workspace/.dependencies/checkouts/SwiftMath/Sources/Vector3+nosimd.swift /Users/admin/builder/spi-builder-workspace/.dependencies/checkouts/SwiftMath/Sources/Vector3+simd.swift /Users/admin/builder/spi-builder-workspace/.dependencies/checkouts/SwiftMath/Sources/Vector3.swift /Users/admin/builder/spi-builder-workspace/.dependencies/checkouts/SwiftMath/Sources/Vector4+nosimd.swift /Users/admin/builder/spi-builder-workspace/.dependencies/checkouts/SwiftMath/Sources/Vector4+simd.swift /Users/admin/builder/spi-builder-workspace/.dependencies/checkouts/SwiftMath/Sources/Vector4.swift /Users/admin/builder/spi-builder-workspace/.dependencies/checkouts/SwiftMath/Sources/easing.swift /Users/admin/builder/spi-builder-workspace/.dependencies/checkouts/SwiftMath/Sources/functions.swift /Users/admin/builder/spi-builder-workspace/.dependencies/checkouts/SwiftMath/Sources/platform.swift /Users/admin/builder/spi-builder-workspace/.dependencies/checkouts/SwiftMath/Sources/random.swift /Users/admin/builder/spi-builder-workspace/.dependencies/checkouts/SwiftMath/Sources/utils.swift -target arm64-apple-xros1.0 -Xllvm -aarch64-use-tbi -enable-objc-interop -stack-check -sdk /Applications/Xcode-27.0.0-Release.Candidate.app/Contents/Developer/Platforms/XROS.platform/Developer/SDKs/XROS27.0.sdk -I /Users/admin/builder/spi-builder-workspace/.derivedData/Build/Products/Debug-xros -Isystem /Applications/Xcode-27.0.0-Release.Candidate.app/Contents/Developer/Platforms/XROS.platform/Developer/usr/lib -F /Users/admin/builder/spi-builder-workspace/.derivedData/Build/Products/Debug-xros -F /Applications/Xcode-27.0.0-Release.Candidate.app/Contents/Developer/Platforms/XROS.platform/Developer/Library/Frameworks -F /Applications/Xcode-27.0.0-Release.Candidate.app/Contents/Developer/Platforms/XROS.platform/Developer/SDKs/XROS27.0.sdk/Developer/Library/Frameworks -module-cache-path /Users/admin/builder/spi-builder-workspace/.derivedData/ModuleCache.noindex -no-color-diagnostics -Xcc -fno-color-diagnostics -enable-testing -g -debug-info-format\=dwarf -dwarf-version\=4 -suppress-warnings -swift-version 4 -Onone -D SWIFT_PACKAGE -D DEBUG -D SWIFT_MODULE_RESOURCE_BUNDLE_UNAVAILABLE -D Xcode -serialize-debugging-options -enable-experimental-feature DebugDescriptionMacro -empty-abi-descriptor -plugin-path /Applications/Xcode-27.0.0-Release.Candidate.app/Contents/Developer/Toolchains/XcodeDefault.xctoolchain/usr/lib/swift/host/plugins/testing -validate-clang-modules-once -clang-build-session-file /Users/admin/builder/spi-builder-workspace/.derivedData/ModuleCache.noindex/Session.modulevalidation -Xcc -working-directory -Xcc /Users/admin/builder/spi-builder-workspace/.swiftpm/xcode -enable-anonymous-context-mangled-names -file-compilation-dir /Users/admin/builder/spi-builder-workspace/.swiftpm/xcode -Xcc -D_LIBCPP_HARDENING_MODE\=_LIBCPP_HARDENING_MODE_DEBUG -Xcc -ivfsstatcache -Xcc /Users/admin/builder/spi-builder-workspace/.derivedData/SDKStatCaches.noindex/xros27.0-24M361-e829b21a6f8c9b70876ba0858053c044735bd543db762f57723cac368afd1ce4.sdkstatcache -Xcc -fmodules-prune-interval\=86400 -Xcc -fmodules-prune-after\=345600 -Xcc -I/Users/admin/builder/spi-builder-workspace/.derivedData/Build/Products/Debug-xros/include -Xcc -I/Users/admin/builder/spi-builder-workspace/.derivedData/Build/Intermediates.noindex/SwiftMath.build/Debug-xros/SwiftMath-t.build/DerivedSources-normal/arm64 -Xcc -I/Users/admin/builder/spi-builder-workspace/.derivedData/Build/Intermediates.noindex/SwiftMath.build/Debug-xros/SwiftMath-t.build/DerivedSources/arm64 -Xcc -I/Users/admin/builder/spi-builder-workspace/.derivedData/Build/Intermediates.noindex/SwiftMath.build/Debug-xros/SwiftMath-t.build/DerivedSources -Xcc -DSWIFT_PACKAGE -Xcc -DDEBUG\=1 -no-auto-bridging-header-chaining -module-name SwiftMath -const-gather-protocols-file /Users/admin/builder/spi-builder-workspace/.derivedData/Build/Intermediates.noindex/SwiftMath.build/Debug-xros/SwiftMath-t.build/Objects-normal/arm64/SwiftMath_const_extract_protocols.json -disable-clang-spi -target-sdk-version 27.0 -target-sdk-name xros27.0 -external-plugin-path /Applications/Xcode-27.0.0-Release.Candidate.app/Contents/Developer/Platforms/XROS.platform/Developer/usr/lib/swift/host/plugins\#/Applications/Xcode-27.0.0-Release.Candidate.app/Contents/Developer/Platforms/XROS.platform/Developer/usr/bin/swift-plugin-server -external-plugin-path /Applications/Xcode-27.0.0-Release.Candidate.app/Contents/Developer/Platforms/XROS.platform/Developer/usr/local/lib/swift/host/plugins\#/Applications/Xcode-27.0.0-Release.Candidate.app/Contents/Developer/Platforms/XROS.platform/Developer/usr/bin/swift-plugin-server -in-process-plugin-server-path /Applications/Xcode-27.0.0-Release.Candidate.app/Contents/Developer/Toolchains/XcodeDefault.xctoolchain/usr/lib/swift/host/libSwiftInProcPluginServer.dylib -plugin-path /Applications/Xcode-27.0.0-Release.Candidate.app/Contents/Developer/Toolchains/XcodeDefault.xctoolchain/usr/lib/swift/host/plugins -plugin-path /Applications/Xcode-27.0.0-Release.Candidate.app/Contents/Developer/Toolchains/XcodeDefault.xctoolchain/usr/local/lib/swift/host/plugins -emit-module-doc-path /Users/admin/builder/spi-builder-workspace/.derivedData/Build/Intermediates.noindex/SwiftMath.build/Debug-xros/SwiftMath-t.build/Objects-normal/arm64/SwiftMath.swiftdoc -emit-module-source-info-path /Users/admin/builder/spi-builder-workspace/.derivedData/Build/Intermediates.noindex/SwiftMath.build/Debug-xros/SwiftMath-t.build/Objects-normal/arm64/SwiftMath.swiftsourceinfo -emit-objc-header-path /Users/admin/builder/spi-builder-workspace/.derivedData/Build/Intermediates.noindex/SwiftMath.build/Debug-xros/SwiftMath-t.build/Objects-normal/arm64/SwiftMath-Swift.h -serialize-diagnostics-path /Users/admin/builder/spi-builder-workspace/.derivedData/Build/Intermediates.noindex/SwiftMath.build/Debug-xros/SwiftMath-t.build/Objects-normal/arm64/SwiftMath-primary-emit-module.dia -emit-dependencies-path /Users/admin/builder/spi-builder-workspace/.derivedData/Build/Intermediates.noindex/SwiftMath.build/Debug-xros/SwiftMath-t.build/Objects-normal/arm64/SwiftMath-primary-emit-module.d -parse-as-library -o /Users/admin/builder/spi-builder-workspace/.derivedData/Build/Intermediates.noindex/SwiftMath.build/Debug-xros/SwiftMath-t.build/Objects-normal/arm64/SwiftMath.swiftmodule -emit-abi-descriptor-path /Users/admin/builder/spi-builder-workspace/.derivedData/Build/Intermediates.noindex/SwiftMath.build/Debug-xros/SwiftMath-t.build/Objects-normal/arm64/SwiftMath.abi.json
SwiftCompile normal arm64 (in target 'SwiftMath' from project 'SwiftMath')
cd /Users/admin/builder/spi-builder-workspace/.swiftpm/xcode
SwiftCompile normal arm64 Compiling\ Vector3+simd.swift,\ Vector3.swift /Users/admin/builder/spi-builder-workspace/.dependencies/checkouts/SwiftMath/Sources/Vector3+simd.swift /Users/admin/builder/spi-builder-workspace/.dependencies/checkouts/SwiftMath/Sources/Vector3.swift (in target 'SwiftMath' from project 'SwiftMath')
SwiftCompile normal arm64 /Users/admin/builder/spi-builder-workspace/.dependencies/checkouts/SwiftMath/Sources/Vector3+simd.swift (in target 'SwiftMath' from project 'SwiftMath')
cd /Users/admin/builder/spi-builder-workspace/.swiftpm/xcode
builtin-SwiftPerFileCompile Vector3+simd.swift
SwiftCompile normal arm64 /Users/admin/builder/spi-builder-workspace/.dependencies/checkouts/SwiftMath/Sources/Vector3.swift (in target 'SwiftMath' from project 'SwiftMath')
cd /Users/admin/builder/spi-builder-workspace/.swiftpm/xcode
builtin-SwiftPerFileCompile Vector3.swift
SwiftCompile normal arm64 Compiling\ Vector4.swift,\ easing.swift /Users/admin/builder/spi-builder-workspace/.dependencies/checkouts/SwiftMath/Sources/Vector4.swift /Users/admin/builder/spi-builder-workspace/.dependencies/checkouts/SwiftMath/Sources/easing.swift (in target 'SwiftMath' from project 'SwiftMath')
SwiftCompile normal arm64 /Users/admin/builder/spi-builder-workspace/.dependencies/checkouts/SwiftMath/Sources/Vector4.swift (in target 'SwiftMath' from project 'SwiftMath')
cd /Users/admin/builder/spi-builder-workspace/.swiftpm/xcode
builtin-SwiftPerFileCompile Vector4.swift
SwiftCompile normal arm64 /Users/admin/builder/spi-builder-workspace/.dependencies/checkouts/SwiftMath/Sources/easing.swift (in target 'SwiftMath' from project 'SwiftMath')
cd /Users/admin/builder/spi-builder-workspace/.swiftpm/xcode
builtin-SwiftPerFileCompile easing.swift
SwiftCompile normal arm64 Compiling\ random.swift,\ utils.swift /Users/admin/builder/spi-builder-workspace/.dependencies/checkouts/SwiftMath/Sources/random.swift /Users/admin/builder/spi-builder-workspace/.dependencies/checkouts/SwiftMath/Sources/utils.swift (in target 'SwiftMath' from project 'SwiftMath')
SwiftCompile normal arm64 /Users/admin/builder/spi-builder-workspace/.dependencies/checkouts/SwiftMath/Sources/random.swift (in target 'SwiftMath' from project 'SwiftMath')
cd /Users/admin/builder/spi-builder-workspace/.swiftpm/xcode
builtin-SwiftPerFileCompile random.swift
SwiftCompile normal arm64 /Users/admin/builder/spi-builder-workspace/.dependencies/checkouts/SwiftMath/Sources/utils.swift (in target 'SwiftMath' from project 'SwiftMath')
cd /Users/admin/builder/spi-builder-workspace/.swiftpm/xcode
builtin-SwiftPerFileCompile utils.swift
SwiftCompile normal arm64 Compiling\ Matrix4x4+simd.swift,\ Matrix4x4.swift,\ Point.swift /Users/admin/builder/spi-builder-workspace/.dependencies/checkouts/SwiftMath/Sources/Matrix4x4+simd.swift /Users/admin/builder/spi-builder-workspace/.dependencies/checkouts/SwiftMath/Sources/Matrix4x4.swift /Users/admin/builder/spi-builder-workspace/.dependencies/checkouts/SwiftMath/Sources/Point.swift (in target 'SwiftMath' from project 'SwiftMath')
SwiftCompile normal arm64 /Users/admin/builder/spi-builder-workspace/.dependencies/checkouts/SwiftMath/Sources/Matrix4x4+simd.swift (in target 'SwiftMath' from project 'SwiftMath')
cd /Users/admin/builder/spi-builder-workspace/.swiftpm/xcode
builtin-SwiftPerFileCompile Matrix4x4+simd.swift
SwiftCompile normal arm64 /Users/admin/builder/spi-builder-workspace/.dependencies/checkouts/SwiftMath/Sources/Matrix4x4.swift (in target 'SwiftMath' from project 'SwiftMath')
cd /Users/admin/builder/spi-builder-workspace/.swiftpm/xcode
builtin-SwiftPerFileCompile Matrix4x4.swift
SwiftCompile normal arm64 /Users/admin/builder/spi-builder-workspace/.dependencies/checkouts/SwiftMath/Sources/Point.swift (in target 'SwiftMath' from project 'SwiftMath')
cd /Users/admin/builder/spi-builder-workspace/.swiftpm/xcode
builtin-SwiftPerFileCompile Point.swift
PruneExplicitPrecompiledModules /Users/admin/builder/spi-builder-workspace/.derivedData/SDKExplicitPrecompiledModules
PruneExplicitPrecompiledModules /Users/admin/builder/spi-builder-workspace/.derivedData/Build/Intermediates.noindex/SwiftExplicitPrecompiledModules
PruneExplicitPrecompiledModules /Users/admin/builder/spi-builder-workspace/.derivedData/Build/Intermediates.noindex/ExplicitPrecompiledModules
2026-09-15 14:25:20.721 xcodebuild[892:5702] [MT] IDERunDestination: Supported platforms for the buildables in the current scheme is empty.
** BUILD FAILED **
The following build commands failed:
SwiftEmitModule normal arm64 Emitting\ module\ for\ SwiftMath (in target 'SwiftMath' from project 'SwiftMath')
SwiftCompile normal arm64 (in target 'SwiftMath' from project 'SwiftMath')
Building workspace SwiftBGFX with scheme SwiftBGFX
(3 failures)
Command line invocation:
/Applications/Xcode-27.0.0-Release.Candidate.app/Contents/Developer/usr/bin/xcodebuild -IDEClonedSourcePackagesDirPathOverride=/Users/admin/builder/spi-builder-workspace/.dependencies -resolvePackageDependencies
Resolve Package Graph
Resolved source packages:
SwiftMath: https://github.com/SwiftGFX/SwiftMath @ 3.0.2
SwiftBGFX: /Users/admin/builder/spi-builder-workspace
resolved source packages: SwiftMath, SwiftBGFX
2026-09-15 14:25:26.770 xcodebuild[952:5999] [MT] IDERunDestination: Supported platforms for the buildables in the current scheme is empty.
{
"dependencies" : [
{
"identity" : "swiftmath",
"requirement" : {
"range" : [
{
"lower_bound" : "3.0.0",
"upper_bound" : "3.1.0"
}
]
},
"type" : "sourceControl",
"url" : "https://github.com/SwiftGFX/SwiftMath"
}
],
"manifest_display_name" : "SwiftBGFX",
"name" : "SwiftBGFX",
"path" : "/Users/admin/builder/spi-builder-workspace",
"platforms" : [
],
"products" : [
{
"name" : "SwiftBGFX",
"targets" : [
"SwiftBGFX"
],
"type" : {
"library" : [
"static"
]
}
}
],
"targets" : [
{
"c99name" : "SwiftBGFX",
"module_type" : "SwiftTarget",
"name" : "SwiftBGFX",
"path" : "Sources/SwiftBGFX",
"product_dependencies" : [
"SwiftMath"
],
"product_memberships" : [
"SwiftBGFX"
],
"sources" : [
"Callbacks.swift",
"Capabilities.swift",
"DynamicIndexBuffer.swift",
"DynamicShader.swift",
"DynamicVertexBuffer.swift",
"FrameBuffer.swift",
"IndexBuffer.swift",
"IndirectBuffer.swift",
"InstanceDataBuffer.swift",
"MemoryBlock.swift",
"OcclusionQuery.swift",
"Program.swift",
"RenderState.swift",
"Shader.swift",
"StencilFlags.swift",
"Texture+Create.swift",
"Texture.swift",
"TextureInfo.swift",
"Timing.swift",
"TransientIndexBuffer.swift",
"TransientVertexBuffer.swift",
"Uniform.swift",
"VertexBuffer.swift",
"VertexLayout.swift",
"ViewMode.swift",
"bgfx+native.swift",
"bgfx+types.swift",
"bgfx.swift",
"debug.swift",
"enums.swift"
],
"target_dependencies" : [
"Cbgfx"
],
"type" : "library"
},
{
"c99name" : "Cbgfx",
"module_type" : "ClangTarget",
"name" : "Cbgfx",
"path" : "Sources/Cbgfx",
"product_memberships" : [
"SwiftBGFX"
],
"sources" : [
"dummy.c"
],
"type" : "library"
}
],
"tools_version" : "4.0"
}
{
"workspace" : {
"name" : "SwiftBGFX",
"schemes" : [
"SwiftBGFX"
]
}
}
2026-09-15 14:25:28.388 xcodebuild[960:6064] [MT] IDERunDestination: Supported platforms for the buildables in the current scheme is empty.
Running build ...
env DEVELOPER_DIR=/Applications/Xcode-27.0.0-Release.Candidate.app xcrun xcodebuild -IDEClonedSourcePackagesDirPathOverride=$PWD/.dependencies -skipMacroValidation -skipPackagePluginValidation -derivedDataPath $PWD/.derivedData build -scheme SwiftBGFX -destination generic/platform=xrOS
Command line invocation:
/Applications/Xcode-27.0.0-Release.Candidate.app/Contents/Developer/usr/bin/xcodebuild -IDEClonedSourcePackagesDirPathOverride=/Users/admin/builder/spi-builder-workspace/.dependencies -skipMacroValidation -skipPackagePluginValidation -derivedDataPath /Users/admin/builder/spi-builder-workspace/.derivedData build -scheme SwiftBGFX -destination generic/platform=xrOS
Resolve Package Graph
Resolved source packages:
SwiftMath: https://github.com/SwiftGFX/SwiftMath @ 3.0.2
SwiftBGFX: /Users/admin/builder/spi-builder-workspace
ComputePackagePrebuildTargetDependencyGraph
Prepare packages
CreateBuildRequest
SendProjectDescription
CreateBuildOperation
ComputeTargetDependencyGraph
note: Building targets in dependency order
note: Target dependency graph (5 targets)
Target 'SwiftBGFX-product' in project 'SwiftBGFX'
➜ Explicit dependency on target 'SwiftBGFX' in project 'SwiftBGFX'
➜ Explicit dependency on target 'Cbgfx' in project 'SwiftBGFX'
➜ Explicit dependency on target 'SwiftMath-product' in project 'SwiftMath'
Target 'SwiftBGFX' in project 'SwiftBGFX'
➜ Explicit dependency on target 'Cbgfx' in project 'SwiftBGFX'
➜ Explicit dependency on target 'SwiftMath-product' in project 'SwiftMath'
Target 'SwiftMath-product' in project 'SwiftMath'
➜ Explicit dependency on target 'SwiftMath' in project 'SwiftMath'
Target 'SwiftMath' in project 'SwiftMath' (no dependencies)
Target 'Cbgfx' in project 'SwiftBGFX' (no dependencies)
GatherProvisioningInputs
CreateBuildDescription
ClangStatCache /Applications/Xcode-27.0.0-Release.Candidate.app/Contents/Developer/Toolchains/XcodeDefault.xctoolchain/usr/bin/clang-stat-cache /Applications/Xcode-27.0.0-Release.Candidate.app/Contents/Developer/Platforms/XROS.platform/Developer/SDKs/XROS27.0.sdk /Users/admin/builder/spi-builder-workspace/.derivedData/SDKStatCaches.noindex/xros27.0-24M361-e829b21a6f8c9b70876ba0858053c044735bd543db762f57723cac368afd1ce4.sdkstatcache
cd /Users/admin/builder/spi-builder-workspace/.swiftpm/xcode
/Applications/Xcode-27.0.0-Release.Candidate.app/Contents/Developer/Toolchains/XcodeDefault.xctoolchain/usr/bin/clang-stat-cache /Applications/Xcode-27.0.0-Release.Candidate.app/Contents/Developer/Platforms/XROS.platform/Developer/SDKs/XROS27.0.sdk -o /Users/admin/builder/spi-builder-workspace/.derivedData/SDKStatCaches.noindex/xros27.0-24M361-e829b21a6f8c9b70876ba0858053c044735bd543db762f57723cac368afd1ce4.sdkstatcache
SwiftDriver SwiftMath normal arm64 com.apple.xcode.tools.swift.compiler (in target 'SwiftMath' from project 'SwiftMath')
cd /Users/admin/builder/spi-builder-workspace/.swiftpm/xcode
builtin-SwiftDriver -- /Applications/Xcode-27.0.0-Release.Candidate.app/Contents/Developer/Toolchains/XcodeDefault.xctoolchain/usr/bin/swiftc -parse-as-library -module-name SwiftMath -Onone @/Users/admin/builder/spi-builder-workspace/.derivedData/Build/Intermediates.noindex/SwiftMath.build/Debug-xros/SwiftMath-t.build/Objects-normal/arm64/SwiftMath.SwiftFileList -DSWIFT_PACKAGE -DDEBUG -DSWIFT_MODULE_RESOURCE_BUNDLE_UNAVAILABLE -DXcode -plugin-path /Applications/Xcode-27.0.0-Release.Candidate.app/Contents/Developer/Toolchains/XcodeDefault.xctoolchain/usr/lib/swift/host/plugins/testing -enable-experimental-feature DebugDescriptionMacro -sdk /Applications/Xcode-27.0.0-Release.Candidate.app/Contents/Developer/Platforms/XROS.platform/Developer/SDKs/XROS27.0.sdk -target arm64-apple-xros1.0 -g -module-cache-path /Users/admin/builder/spi-builder-workspace/.derivedData/ModuleCache.noindex -Xfrontend -serialize-debugging-options -enable-testing -suppress-warnings -index-store-path /Users/admin/builder/spi-builder-workspace/.derivedData/Index.noindex/DataStore -Xcc -D_LIBCPP_HARDENING_MODE\=_LIBCPP_HARDENING_MODE_DEBUG -swift-version 4 -I /Users/admin/builder/spi-builder-workspace/.derivedData/Build/Products/Debug-xros -Isystem /Applications/Xcode-27.0.0-Release.Candidate.app/Contents/Developer/Platforms/XROS.platform/Developer/usr/lib -F /Users/admin/builder/spi-builder-workspace/.derivedData/Build/Products/Debug-xros -F /Applications/Xcode-27.0.0-Release.Candidate.app/Contents/Developer/Platforms/XROS.platform/Developer/Library/Frameworks -F /Applications/Xcode-27.0.0-Release.Candidate.app/Contents/Developer/Platforms/XROS.platform/Developer/SDKs/XROS27.0.sdk/Developer/Library/Frameworks -c -j10 -enable-batch-mode -incremental -Xcc -ivfsstatcache -Xcc /Users/admin/builder/spi-builder-workspace/.derivedData/SDKStatCaches.noindex/xros27.0-24M361-e829b21a6f8c9b70876ba0858053c044735bd543db762f57723cac368afd1ce4.sdkstatcache -output-file-map /Users/admin/builder/spi-builder-workspace/.derivedData/Build/Intermediates.noindex/SwiftMath.build/Debug-xros/SwiftMath-t.build/Objects-normal/arm64/SwiftMath-OutputFileMap.json -save-temps -no-color-diagnostics -emit-dependencies -emit-module -emit-module-path /Users/admin/builder/spi-builder-workspace/.derivedData/Build/Intermediates.noindex/SwiftMath.build/Debug-xros/SwiftMath-t.build/Objects-normal/arm64/SwiftMath.swiftmodule -serialize-diagnostics -validate-clang-modules-once -clang-build-session-file /Users/admin/builder/spi-builder-workspace/.derivedData/ModuleCache.noindex/Session.modulevalidation -Xcc -fmodules-prune-interval\=86400 -Xcc -fmodules-prune-after\=345600 -emit-const-values -const-gather-protocols-list /Users/admin/builder/spi-builder-workspace/.derivedData/Build/Intermediates.noindex/SwiftMath.build/Debug-xros/SwiftMath-t.build/Objects-normal/arm64/SwiftMath_const_extract_protocols.json -Xcc -I/Users/admin/builder/spi-builder-workspace/.derivedData/Build/Products/Debug-xros/include -Xcc -I/Users/admin/builder/spi-builder-workspace/.derivedData/Build/Intermediates.noindex/SwiftMath.build/Debug-xros/SwiftMath-t.build/DerivedSources-normal/arm64 -Xcc -I/Users/admin/builder/spi-builder-workspace/.derivedData/Build/Intermediates.noindex/SwiftMath.build/Debug-xros/SwiftMath-t.build/DerivedSources/arm64 -Xcc -I/Users/admin/builder/spi-builder-workspace/.derivedData/Build/Intermediates.noindex/SwiftMath.build/Debug-xros/SwiftMath-t.build/DerivedSources -Xcc -DSWIFT_PACKAGE -Xcc -DDEBUG\=1 -emit-objc-header -emit-objc-header-path /Users/admin/builder/spi-builder-workspace/.derivedData/Build/Intermediates.noindex/SwiftMath.build/Debug-xros/SwiftMath-t.build/Objects-normal/arm64/SwiftMath-Swift.h -working-directory /Users/admin/builder/spi-builder-workspace/.swiftpm/xcode -experimental-emit-module-separately -disable-cmo
SwiftCompile normal arm64 Compiling\ Rect.swift,\ String+Math.swift,\ Vector2+nosimd.swift /Users/admin/builder/spi-builder-workspace/.dependencies/checkouts/SwiftMath/Sources/Rect.swift /Users/admin/builder/spi-builder-workspace/.dependencies/checkouts/SwiftMath/Sources/String+Math.swift /Users/admin/builder/spi-builder-workspace/.dependencies/checkouts/SwiftMath/Sources/Vector2+nosimd.swift (in target 'SwiftMath' from project 'SwiftMath')
SwiftCompile normal arm64 /Users/admin/builder/spi-builder-workspace/.dependencies/checkouts/SwiftMath/Sources/Rect.swift (in target 'SwiftMath' from project 'SwiftMath')
cd /Users/admin/builder/spi-builder-workspace/.swiftpm/xcode
builtin-SwiftPerFileCompile Rect.swift
SwiftCompile normal arm64 /Users/admin/builder/spi-builder-workspace/.dependencies/checkouts/SwiftMath/Sources/String+Math.swift (in target 'SwiftMath' from project 'SwiftMath')
cd /Users/admin/builder/spi-builder-workspace/.swiftpm/xcode
builtin-SwiftPerFileCompile String+Math.swift
SwiftCompile normal arm64 /Users/admin/builder/spi-builder-workspace/.dependencies/checkouts/SwiftMath/Sources/Vector2+nosimd.swift (in target 'SwiftMath' from project 'SwiftMath')
cd /Users/admin/builder/spi-builder-workspace/.swiftpm/xcode
builtin-SwiftPerFileCompile Vector2+nosimd.swift
SwiftCompile normal arm64 Compiling\ Matrix3x3.swift,\ Matrix4x4+Extensions.swift,\ Matrix4x4+nosimd.swift /Users/admin/builder/spi-builder-workspace/.dependencies/checkouts/SwiftMath/Sources/Matrix3x3.swift /Users/admin/builder/spi-builder-workspace/.dependencies/checkouts/SwiftMath/Sources/Matrix4x4+Extensions.swift /Users/admin/builder/spi-builder-workspace/.dependencies/checkouts/SwiftMath/Sources/Matrix4x4+nosimd.swift (in target 'SwiftMath' from project 'SwiftMath')
SwiftCompile normal arm64 /Users/admin/builder/spi-builder-workspace/.dependencies/checkouts/SwiftMath/Sources/Matrix3x3.swift (in target 'SwiftMath' from project 'SwiftMath')
cd /Users/admin/builder/spi-builder-workspace/.swiftpm/xcode
builtin-SwiftPerFileCompile Matrix3x3.swift
SwiftCompile normal arm64 /Users/admin/builder/spi-builder-workspace/.dependencies/checkouts/SwiftMath/Sources/Matrix4x4+Extensions.swift (in target 'SwiftMath' from project 'SwiftMath')
cd /Users/admin/builder/spi-builder-workspace/.swiftpm/xcode
builtin-SwiftPerFileCompile Matrix4x4+Extensions.swift
SwiftCompile normal arm64 /Users/admin/builder/spi-builder-workspace/.dependencies/checkouts/SwiftMath/Sources/Matrix4x4+nosimd.swift (in target 'SwiftMath' from project 'SwiftMath')
cd /Users/admin/builder/spi-builder-workspace/.swiftpm/xcode
builtin-SwiftPerFileCompile Matrix4x4+nosimd.swift
SwiftCompile normal arm64 Compiling\ Angle.swift,\ Matrix3x3+nosimd.swift,\ Matrix3x3+simd.swift /Users/admin/builder/spi-builder-workspace/.dependencies/checkouts/SwiftMath/Sources/Angle.swift /Users/admin/builder/spi-builder-workspace/.dependencies/checkouts/SwiftMath/Sources/Matrix3x3+nosimd.swift /Users/admin/builder/spi-builder-workspace/.dependencies/checkouts/SwiftMath/Sources/Matrix3x3+simd.swift (in target 'SwiftMath' from project 'SwiftMath')
SwiftCompile normal arm64 /Users/admin/builder/spi-builder-workspace/.dependencies/checkouts/SwiftMath/Sources/Angle.swift (in target 'SwiftMath' from project 'SwiftMath')
cd /Users/admin/builder/spi-builder-workspace/.swiftpm/xcode
builtin-SwiftPerFileCompile Angle.swift
SwiftCompile normal arm64 /Users/admin/builder/spi-builder-workspace/.dependencies/checkouts/SwiftMath/Sources/Matrix3x3+nosimd.swift (in target 'SwiftMath' from project 'SwiftMath')
cd /Users/admin/builder/spi-builder-workspace/.swiftpm/xcode
builtin-SwiftPerFileCompile Matrix3x3+nosimd.swift
SwiftCompile normal arm64 /Users/admin/builder/spi-builder-workspace/.dependencies/checkouts/SwiftMath/Sources/Matrix3x3+simd.swift (in target 'SwiftMath' from project 'SwiftMath')
cd /Users/admin/builder/spi-builder-workspace/.swiftpm/xcode
builtin-SwiftPerFileCompile Matrix3x3+simd.swift
SwiftCompile normal arm64 Compiling\ Matrix4x4+simd.swift,\ Matrix4x4.swift,\ Point.swift /Users/admin/builder/spi-builder-workspace/.dependencies/checkouts/SwiftMath/Sources/Matrix4x4+simd.swift /Users/admin/builder/spi-builder-workspace/.dependencies/checkouts/SwiftMath/Sources/Matrix4x4.swift /Users/admin/builder/spi-builder-workspace/.dependencies/checkouts/SwiftMath/Sources/Point.swift (in target 'SwiftMath' from project 'SwiftMath')
SwiftCompile normal arm64 /Users/admin/builder/spi-builder-workspace/.dependencies/checkouts/SwiftMath/Sources/Matrix4x4+simd.swift (in target 'SwiftMath' from project 'SwiftMath')
cd /Users/admin/builder/spi-builder-workspace/.swiftpm/xcode
builtin-SwiftPerFileCompile Matrix4x4+simd.swift
SwiftCompile normal arm64 /Users/admin/builder/spi-builder-workspace/.dependencies/checkouts/SwiftMath/Sources/Matrix4x4.swift (in target 'SwiftMath' from project 'SwiftMath')
cd /Users/admin/builder/spi-builder-workspace/.swiftpm/xcode
builtin-SwiftPerFileCompile Matrix4x4.swift
SwiftCompile normal arm64 /Users/admin/builder/spi-builder-workspace/.dependencies/checkouts/SwiftMath/Sources/Point.swift (in target 'SwiftMath' from project 'SwiftMath')
cd /Users/admin/builder/spi-builder-workspace/.swiftpm/xcode
builtin-SwiftPerFileCompile Point.swift
SwiftCompile normal arm64 Compiling\ Vector2+simd.swift,\ Vector2.swift,\ Vector3+nosimd.swift /Users/admin/builder/spi-builder-workspace/.dependencies/checkouts/SwiftMath/Sources/Vector2+simd.swift /Users/admin/builder/spi-builder-workspace/.dependencies/checkouts/SwiftMath/Sources/Vector2.swift /Users/admin/builder/spi-builder-workspace/.dependencies/checkouts/SwiftMath/Sources/Vector3+nosimd.swift (in target 'SwiftMath' from project 'SwiftMath')
SwiftCompile normal arm64 /Users/admin/builder/spi-builder-workspace/.dependencies/checkouts/SwiftMath/Sources/Vector2+simd.swift (in target 'SwiftMath' from project 'SwiftMath')
cd /Users/admin/builder/spi-builder-workspace/.swiftpm/xcode
builtin-SwiftPerFileCompile Vector2+simd.swift
SwiftCompile normal arm64 /Users/admin/builder/spi-builder-workspace/.dependencies/checkouts/SwiftMath/Sources/Vector2.swift (in target 'SwiftMath' from project 'SwiftMath')
cd /Users/admin/builder/spi-builder-workspace/.swiftpm/xcode
builtin-SwiftPerFileCompile Vector2.swift
SwiftCompile normal arm64 /Users/admin/builder/spi-builder-workspace/.dependencies/checkouts/SwiftMath/Sources/Vector3+nosimd.swift (in target 'SwiftMath' from project 'SwiftMath')
cd /Users/admin/builder/spi-builder-workspace/.swiftpm/xcode
builtin-SwiftPerFileCompile Vector3+nosimd.swift
SwiftEmitModule normal arm64 Emitting\ module\ for\ SwiftMath (in target 'SwiftMath' from project 'SwiftMath')
/Users/admin/builder/spi-builder-workspace/.dependencies/checkouts/SwiftMath/Sources/easing.swift:12:8: error: no such module 'Glibc'
10 | import Darwin
11 | #else
12 | import Glibc
| `- error: no such module 'Glibc'
13 | #endif
14 |
Failed frontend command:
/Applications/Xcode-27.0.0-Release.Candidate.app/Contents/Developer/Toolchains/XcodeDefault.xctoolchain/usr/bin/swift-frontend -frontend -emit-module -experimental-skip-non-inlinable-function-bodies-without-types /Users/admin/builder/spi-builder-workspace/.dependencies/checkouts/SwiftMath/Sources/Angle.swift /Users/admin/builder/spi-builder-workspace/.dependencies/checkouts/SwiftMath/Sources/Matrix3x3+nosimd.swift /Users/admin/builder/spi-builder-workspace/.dependencies/checkouts/SwiftMath/Sources/Matrix3x3+simd.swift /Users/admin/builder/spi-builder-workspace/.dependencies/checkouts/SwiftMath/Sources/Matrix3x3.swift /Users/admin/builder/spi-builder-workspace/.dependencies/checkouts/SwiftMath/Sources/Matrix4x4+Extensions.swift /Users/admin/builder/spi-builder-workspace/.dependencies/checkouts/SwiftMath/Sources/Matrix4x4+nosimd.swift /Users/admin/builder/spi-builder-workspace/.dependencies/checkouts/SwiftMath/Sources/Matrix4x4+simd.swift /Users/admin/builder/spi-builder-workspace/.dependencies/checkouts/SwiftMath/Sources/Matrix4x4.swift /Users/admin/builder/spi-builder-workspace/.dependencies/checkouts/SwiftMath/Sources/Point.swift /Users/admin/builder/spi-builder-workspace/.dependencies/checkouts/SwiftMath/Sources/Rect.swift /Users/admin/builder/spi-builder-workspace/.dependencies/checkouts/SwiftMath/Sources/String+Math.swift /Users/admin/builder/spi-builder-workspace/.dependencies/checkouts/SwiftMath/Sources/Vector2+nosimd.swift /Users/admin/builder/spi-builder-workspace/.dependencies/checkouts/SwiftMath/Sources/Vector2+simd.swift /Users/admin/builder/spi-builder-workspace/.dependencies/checkouts/SwiftMath/Sources/Vector2.swift /Users/admin/builder/spi-builder-workspace/.dependencies/checkouts/SwiftMath/Sources/Vector3+nosimd.swift /Users/admin/builder/spi-builder-workspace/.dependencies/checkouts/SwiftMath/Sources/Vector3+simd.swift /Users/admin/builder/spi-builder-workspace/.dependencies/checkouts/SwiftMath/Sources/Vector3.swift /Users/admin/builder/spi-builder-workspace/.dependencies/checkouts/SwiftMath/Sources/Vector4+nosimd.swift /Users/admin/builder/spi-builder-workspace/.dependencies/checkouts/SwiftMath/Sources/Vector4+simd.swift /Users/admin/builder/spi-builder-workspace/.dependencies/checkouts/SwiftMath/Sources/Vector4.swift /Users/admin/builder/spi-builder-workspace/.dependencies/checkouts/SwiftMath/Sources/easing.swift /Users/admin/builder/spi-builder-workspace/.dependencies/checkouts/SwiftMath/Sources/functions.swift /Users/admin/builder/spi-builder-workspace/.dependencies/checkouts/SwiftMath/Sources/platform.swift /Users/admin/builder/spi-builder-workspace/.dependencies/checkouts/SwiftMath/Sources/random.swift /Users/admin/builder/spi-builder-workspace/.dependencies/checkouts/SwiftMath/Sources/utils.swift -target arm64-apple-xros1.0 -Xllvm -aarch64-use-tbi -enable-objc-interop -stack-check -sdk /Applications/Xcode-27.0.0-Release.Candidate.app/Contents/Developer/Platforms/XROS.platform/Developer/SDKs/XROS27.0.sdk -I /Users/admin/builder/spi-builder-workspace/.derivedData/Build/Products/Debug-xros -Isystem /Applications/Xcode-27.0.0-Release.Candidate.app/Contents/Developer/Platforms/XROS.platform/Developer/usr/lib -F /Users/admin/builder/spi-builder-workspace/.derivedData/Build/Products/Debug-xros -F /Applications/Xcode-27.0.0-Release.Candidate.app/Contents/Developer/Platforms/XROS.platform/Developer/Library/Frameworks -F /Applications/Xcode-27.0.0-Release.Candidate.app/Contents/Developer/Platforms/XROS.platform/Developer/SDKs/XROS27.0.sdk/Developer/Library/Frameworks -module-cache-path /Users/admin/builder/spi-builder-workspace/.derivedData/ModuleCache.noindex -no-color-diagnostics -Xcc -fno-color-diagnostics -enable-testing -g -debug-info-format\=dwarf -dwarf-version\=4 -suppress-warnings -swift-version 4 -Onone -D SWIFT_PACKAGE -D DEBUG -D SWIFT_MODULE_RESOURCE_BUNDLE_UNAVAILABLE -D Xcode -serialize-debugging-options -enable-experimental-feature DebugDescriptionMacro -empty-abi-descriptor -plugin-path /Applications/Xcode-27.0.0-Release.Candidate.app/Contents/Developer/Toolchains/XcodeDefault.xctoolchain/usr/lib/swift/host/plugins/testing -validate-clang-modules-once -clang-build-session-file /Users/admin/builder/spi-builder-workspace/.derivedData/ModuleCache.noindex/Session.modulevalidation -Xcc -working-directory -Xcc /Users/admin/builder/spi-builder-workspace/.swiftpm/xcode -enable-anonymous-context-mangled-names -file-compilation-dir /Users/admin/builder/spi-builder-workspace/.swiftpm/xcode -Xcc -D_LIBCPP_HARDENING_MODE\=_LIBCPP_HARDENING_MODE_DEBUG -Xcc -ivfsstatcache -Xcc /Users/admin/builder/spi-builder-workspace/.derivedData/SDKStatCaches.noindex/xros27.0-24M361-e829b21a6f8c9b70876ba0858053c044735bd543db762f57723cac368afd1ce4.sdkstatcache -Xcc -fmodules-prune-interval\=86400 -Xcc -fmodules-prune-after\=345600 -Xcc -I/Users/admin/builder/spi-builder-workspace/.derivedData/Build/Products/Debug-xros/include -Xcc -I/Users/admin/builder/spi-builder-workspace/.derivedData/Build/Intermediates.noindex/SwiftMath.build/Debug-xros/SwiftMath-t.build/DerivedSources-normal/arm64 -Xcc -I/Users/admin/builder/spi-builder-workspace/.derivedData/Build/Intermediates.noindex/SwiftMath.build/Debug-xros/SwiftMath-t.build/DerivedSources/arm64 -Xcc -I/Users/admin/builder/spi-builder-workspace/.derivedData/Build/Intermediates.noindex/SwiftMath.build/Debug-xros/SwiftMath-t.build/DerivedSources -Xcc -DSWIFT_PACKAGE -Xcc -DDEBUG\=1 -no-auto-bridging-header-chaining -module-name SwiftMath -const-gather-protocols-file /Users/admin/builder/spi-builder-workspace/.derivedData/Build/Intermediates.noindex/SwiftMath.build/Debug-xros/SwiftMath-t.build/Objects-normal/arm64/SwiftMath_const_extract_protocols.json -disable-clang-spi -target-sdk-version 27.0 -target-sdk-name xros27.0 -external-plugin-path /Applications/Xcode-27.0.0-Release.Candidate.app/Contents/Developer/Platforms/XROS.platform/Developer/usr/lib/swift/host/plugins\#/Applications/Xcode-27.0.0-Release.Candidate.app/Contents/Developer/Platforms/XROS.platform/Developer/usr/bin/swift-plugin-server -external-plugin-path /Applications/Xcode-27.0.0-Release.Candidate.app/Contents/Developer/Platforms/XROS.platform/Developer/usr/local/lib/swift/host/plugins\#/Applications/Xcode-27.0.0-Release.Candidate.app/Contents/Developer/Platforms/XROS.platform/Developer/usr/bin/swift-plugin-server -in-process-plugin-server-path /Applications/Xcode-27.0.0-Release.Candidate.app/Contents/Developer/Toolchains/XcodeDefault.xctoolchain/usr/lib/swift/host/libSwiftInProcPluginServer.dylib -plugin-path /Applications/Xcode-27.0.0-Release.Candidate.app/Contents/Developer/Toolchains/XcodeDefault.xctoolchain/usr/lib/swift/host/plugins -plugin-path /Applications/Xcode-27.0.0-Release.Candidate.app/Contents/Developer/Toolchains/XcodeDefault.xctoolchain/usr/local/lib/swift/host/plugins -emit-module-doc-path /Users/admin/builder/spi-builder-workspace/.derivedData/Build/Intermediates.noindex/SwiftMath.build/Debug-xros/SwiftMath-t.build/Objects-normal/arm64/SwiftMath.swiftdoc -emit-module-source-info-path /Users/admin/builder/spi-builder-workspace/.derivedData/Build/Intermediates.noindex/SwiftMath.build/Debug-xros/SwiftMath-t.build/Objects-normal/arm64/SwiftMath.swiftsourceinfo -emit-objc-header-path /Users/admin/builder/spi-builder-workspace/.derivedData/Build/Intermediates.noindex/SwiftMath.build/Debug-xros/SwiftMath-t.build/Objects-normal/arm64/SwiftMath-Swift.h -serialize-diagnostics-path /Users/admin/builder/spi-builder-workspace/.derivedData/Build/Intermediates.noindex/SwiftMath.build/Debug-xros/SwiftMath-t.build/Objects-normal/arm64/SwiftMath-primary-emit-module.dia -emit-dependencies-path /Users/admin/builder/spi-builder-workspace/.derivedData/Build/Intermediates.noindex/SwiftMath.build/Debug-xros/SwiftMath-t.build/Objects-normal/arm64/SwiftMath-primary-emit-module.d -parse-as-library -o /Users/admin/builder/spi-builder-workspace/.derivedData/Build/Intermediates.noindex/SwiftMath.build/Debug-xros/SwiftMath-t.build/Objects-normal/arm64/SwiftMath.swiftmodule -emit-abi-descriptor-path /Users/admin/builder/spi-builder-workspace/.derivedData/Build/Intermediates.noindex/SwiftMath.build/Debug-xros/SwiftMath-t.build/Objects-normal/arm64/SwiftMath.abi.json
SwiftCompile normal arm64 (in target 'SwiftMath' from project 'SwiftMath')
cd /Users/admin/builder/spi-builder-workspace/.swiftpm/xcode
SwiftCompile normal arm64 Compiling\ Vector3+simd.swift,\ Vector3.swift /Users/admin/builder/spi-builder-workspace/.dependencies/checkouts/SwiftMath/Sources/Vector3+simd.swift /Users/admin/builder/spi-builder-workspace/.dependencies/checkouts/SwiftMath/Sources/Vector3.swift (in target 'SwiftMath' from project 'SwiftMath')
SwiftCompile normal arm64 /Users/admin/builder/spi-builder-workspace/.dependencies/checkouts/SwiftMath/Sources/Vector3+simd.swift (in target 'SwiftMath' from project 'SwiftMath')
cd /Users/admin/builder/spi-builder-workspace/.swiftpm/xcode
builtin-SwiftPerFileCompile Vector3+simd.swift
SwiftCompile normal arm64 /Users/admin/builder/spi-builder-workspace/.dependencies/checkouts/SwiftMath/Sources/Vector3.swift (in target 'SwiftMath' from project 'SwiftMath')
cd /Users/admin/builder/spi-builder-workspace/.swiftpm/xcode
builtin-SwiftPerFileCompile Vector3.swift
SwiftCompile normal arm64 Compiling\ Vector4+nosimd.swift,\ Vector4+simd.swift /Users/admin/builder/spi-builder-workspace/.dependencies/checkouts/SwiftMath/Sources/Vector4+nosimd.swift /Users/admin/builder/spi-builder-workspace/.dependencies/checkouts/SwiftMath/Sources/Vector4+simd.swift (in target 'SwiftMath' from project 'SwiftMath')
SwiftCompile normal arm64 /Users/admin/builder/spi-builder-workspace/.dependencies/checkouts/SwiftMath/Sources/Vector4+nosimd.swift (in target 'SwiftMath' from project 'SwiftMath')
cd /Users/admin/builder/spi-builder-workspace/.swiftpm/xcode
builtin-SwiftPerFileCompile Vector4+nosimd.swift
SwiftCompile normal arm64 /Users/admin/builder/spi-builder-workspace/.dependencies/checkouts/SwiftMath/Sources/Vector4+simd.swift (in target 'SwiftMath' from project 'SwiftMath')
cd /Users/admin/builder/spi-builder-workspace/.swiftpm/xcode
builtin-SwiftPerFileCompile Vector4+simd.swift
SwiftCompile normal arm64 Compiling\ functions.swift,\ platform.swift /Users/admin/builder/spi-builder-workspace/.dependencies/checkouts/SwiftMath/Sources/functions.swift /Users/admin/builder/spi-builder-workspace/.dependencies/checkouts/SwiftMath/Sources/platform.swift (in target 'SwiftMath' from project 'SwiftMath')
SwiftCompile normal arm64 /Users/admin/builder/spi-builder-workspace/.dependencies/checkouts/SwiftMath/Sources/functions.swift (in target 'SwiftMath' from project 'SwiftMath')
cd /Users/admin/builder/spi-builder-workspace/.swiftpm/xcode
builtin-SwiftPerFileCompile functions.swift
SwiftCompile normal arm64 /Users/admin/builder/spi-builder-workspace/.dependencies/checkouts/SwiftMath/Sources/platform.swift (in target 'SwiftMath' from project 'SwiftMath')
cd /Users/admin/builder/spi-builder-workspace/.swiftpm/xcode
builtin-SwiftPerFileCompile platform.swift
SwiftCompile normal arm64 Compiling\ Vector4.swift,\ easing.swift /Users/admin/builder/spi-builder-workspace/.dependencies/checkouts/SwiftMath/Sources/Vector4.swift /Users/admin/builder/spi-builder-workspace/.dependencies/checkouts/SwiftMath/Sources/easing.swift (in target 'SwiftMath' from project 'SwiftMath')
SwiftCompile normal arm64 /Users/admin/builder/spi-builder-workspace/.dependencies/checkouts/SwiftMath/Sources/Vector4.swift (in target 'SwiftMath' from project 'SwiftMath')
cd /Users/admin/builder/spi-builder-workspace/.swiftpm/xcode
builtin-SwiftPerFileCompile Vector4.swift
SwiftCompile normal arm64 /Users/admin/builder/spi-builder-workspace/.dependencies/checkouts/SwiftMath/Sources/easing.swift (in target 'SwiftMath' from project 'SwiftMath')
cd /Users/admin/builder/spi-builder-workspace/.swiftpm/xcode
builtin-SwiftPerFileCompile easing.swift
SwiftCompile normal arm64 Compiling\ random.swift,\ utils.swift /Users/admin/builder/spi-builder-workspace/.dependencies/checkouts/SwiftMath/Sources/random.swift /Users/admin/builder/spi-builder-workspace/.dependencies/checkouts/SwiftMath/Sources/utils.swift (in target 'SwiftMath' from project 'SwiftMath')
SwiftCompile normal arm64 /Users/admin/builder/spi-builder-workspace/.dependencies/checkouts/SwiftMath/Sources/random.swift (in target 'SwiftMath' from project 'SwiftMath')
cd /Users/admin/builder/spi-builder-workspace/.swiftpm/xcode
builtin-SwiftPerFileCompile random.swift
SwiftCompile normal arm64 /Users/admin/builder/spi-builder-workspace/.dependencies/checkouts/SwiftMath/Sources/utils.swift (in target 'SwiftMath' from project 'SwiftMath')
cd /Users/admin/builder/spi-builder-workspace/.swiftpm/xcode
builtin-SwiftPerFileCompile utils.swift
PruneExplicitPrecompiledModules /Users/admin/builder/spi-builder-workspace/.derivedData/Build/Intermediates.noindex/SwiftExplicitPrecompiledModules
PruneExplicitPrecompiledModules /Users/admin/builder/spi-builder-workspace/.derivedData/Build/Intermediates.noindex/ExplicitPrecompiledModules
PruneExplicitPrecompiledModules /Users/admin/builder/spi-builder-workspace/.derivedData/SDKExplicitPrecompiledModules
2026-09-15 14:25:29.775 xcodebuild[961:6087] [MT] IDERunDestination: Supported platforms for the buildables in the current scheme is empty.
** BUILD FAILED **
The following build commands failed:
SwiftEmitModule normal arm64 Emitting\ module\ for\ SwiftMath (in target 'SwiftMath' from project 'SwiftMath')
SwiftCompile normal arm64 (in target 'SwiftMath' from project 'SwiftMath')
Building workspace SwiftBGFX with scheme SwiftBGFX
(3 failures)
BUILD FAILURE 6.4 visionOS