The Swift Package Index logo.Swift Package Index

Build Information

Failed to build OCMock, reference v3.9.4 (2c0bfd), with Swift 6.4 for Wasm on 20 Sep 2026 18:28:20 UTC.

Build Command

bash -c docker run --pull=always --rm -v "checkouts-54344845-0":/host -w "$PWD" -e JAVA_HOME="/root/.sdkman/candidates/java/current" -e SPI_BUILD="1" -e SPI_PROCESSING="1" registry.gitlab.com/saguaro1/spi-images:wasm-6.4-latest swift build --swift-sdk swift-6.4.x-DEVELOPMENT-SNAPSHOT-2026-09-04-a_wasm 2>&1

Build Log

========================================
RunAll
========================================
Builder version: 5.1.0
Interrupt handler set up.
========================================
Checkout
========================================
Clone URL: https://github.com/erikdoe/ocmock.git
Reference: v3.9.4
Initialized empty Git repository in /host/spi-builder-workspace/.git/
hint: Using 'master' as the name for the initial branch. This default branch name
hint: is subject to change. To configure the initial branch name to use in all
hint: of your new repositories, which will suppress this warning, call:
hint:
hint: 	git config --global init.defaultBranch <name>
hint:
hint: Names commonly chosen instead of 'master' are 'main', 'trunk' and
hint: 'development'. The just-created branch can be renamed via this command:
hint:
hint: 	git branch -m <name>
From https://github.com/erikdoe/ocmock
 * tag               v3.9.4     -> FETCH_HEAD
HEAD is now at 2c0bfd3 Preparation for 3.9.4 release.
Cloned https://github.com/erikdoe/ocmock.git
Revision (git rev-parse @):
2c0bfd373289f4a7716db5d6db471640f91a6507
SUCCESS checkout https://github.com/erikdoe/ocmock.git at v3.9.4
========================================
Build
========================================
Selected platform:         wasm
Swift version:             6.4
Building package at path:  $PWD
https://github.com/erikdoe/ocmock.git
Running build ...
bash -c docker run --pull=always --rm -v "checkouts-54344845-0":/host -w "$PWD" -e JAVA_HOME="/root/.sdkman/candidates/java/current" -e SPI_BUILD="1" -e SPI_PROCESSING="1" registry.gitlab.com/saguaro1/spi-images:wasm-6.4-latest swift build --swift-sdk swift-6.4.x-DEVELOPMENT-SNAPSHOT-2026-09-04-a_wasm 2>&1
wasm-6.4-latest: Pulling from saguaro1/spi-images
Digest: sha256:4328fdb43c680d205c1d6761b1e3267aa38277eefdda9ddfb17b6a0f1a77857a
Status: Image is up to date for registry.gitlab.com/saguaro1/spi-images:wasm-6.4-latest
warning: 'spi-builder-workspace': ignoring target 'objc-test' in package 'spi-builder-workspace'; C language in tests is not yet supported
warning: 'spi-builder-workspace': ignoring target 'objc-test' in package 'spi-builder-workspace'; C language in tests is not yet supported
Building for debugging...
[Planning deferred tasks]
/host/spi-builder-workspace/Source/OCMock/OCProtocolMockObject.m:17:9: fatal error: 'objc/runtime.h' file not found
   17 | #import <objc/runtime.h>
      |         ^~~~~~~~~~~~~~~~
1 error generated.
error: CompileC /host/spi-builder-workspace/.build/out/Intermediates.noindex/OCMock.build/Debug-webassembly-wasm32/OCMock-t.build/Objects-normal/wasm32/OCProtocolMockObject.o /host/spi-builder-workspace/Source/OCMock/OCProtocolMockObject.m normal wasm32 objective-c com.apple.compilers.llvm.clang.1_0.compiler failed with a nonzero exit code. Command line:     cd /host

    Using response file: /host/spi-builder-workspace/.build/out/Intermediates.noindex/OCMock.build/Debug-webassembly-wasm32/OCMock-t.build/Objects-normal/wasm32/6f95552a3397ee1cec971b90cf334075d5f321c3a3b0689ad55c3d1e24702600-common-args.resp

    /usr/bin/clang -x objective-c -target wasm32-unknown-wasip1 -fmessage-length\=0 -fdiagnostics-show-note-include-stack -fmacro-backtrace-limit\=0 -fcolor-diagnostics -Wno-trigraphs -Wno-missing-field-initializers -Wno-missing-prototypes -Wno-return-type -Wno-implicit-atomic-properties -Wno-objc-interface-ivars -Wno-arc-repeated-use-of-weak -Wno-missing-braces -Wparentheses -Wswitch -Wno-unused-function -Wno-unused-label -Wno-unused-parameter -Wno-unused-variable -Wunused-value -Wno-empty-body -Wno-uninitialized -Wno-unknown-pragmas -Wno-shadow -Wno-four-char-constants -Wno-conversion -Wno-constant-conversion -Wno-int-conversion -Wno-bool-conversion -Wno-enum-conversion -Wno-float-conversion -Wno-non-literal-null-conversion -Wno-objc-literal-conversion -Wno-shorten-64-to-32 -Wpointer-sign -Wno-newline-eof -Wno-selector -Wno-strict-selector-match -Wno-undeclared-selector -Wno-deprecated-implementations -Wno-implicit-fallthrough -fstrict-aliasing -Wprotocol -Wdeprecated-declarations -Wno-sign-conversion -Wno-infinite-recursion -Wno-comma -Wno-block-capture-autoreleasing -Wno-strict-prototypes -Wno-semicolon-before-method-body --sysroot /root/.swiftpm/swift-sdks/swift-6.4.x-DEVELOPMENT-SNAPSHOT-2026-09-04-a_wasm.artifactbundle/swift-6.4.x-DEVELOPMENT-SNAPSHOT-2026-09-04-a_wasm/wasm32-unknown-wasip1/WASI.sdk @/host/spi-builder-workspace/.build/out/Intermediates.noindex/OCMock.build/Debug-webassembly-wasm32/OCMock-t.build/Objects-normal/wasm32/6f95552a3397ee1cec971b90cf334075d5f321c3a3b0689ad55c3d1e24702600-common-args.resp -MMD -MT dependencies -MF /host/spi-builder-workspace/.build/out/Intermediates.noindex/OCMock.build/Debug-webassembly-wasm32/OCMock-t.build/Objects-normal/wasm32/OCProtocolMockObject.d --serialize-diagnostics /host/spi-builder-workspace/.build/out/Intermediates.noindex/OCMock.build/Debug-webassembly-wasm32/OCMock-t.build/Objects-normal/wasm32/OCProtocolMockObject.dia -c /host/spi-builder-workspace/Source/OCMock/OCProtocolMockObject.m -o /host/spi-builder-workspace/.build/out/Intermediates.noindex/OCMock.build/Debug-webassembly-wasm32/OCMock-t.build/Objects-normal/wasm32/OCProtocolMockObject.o
In file included from /host/spi-builder-workspace/Source/OCMock/OCMockObject.m:17:
/host/spi-builder-workspace/Source/OCMock/NSInvocation+OCMAdditions.h:17:9: fatal error: 'Foundation/Foundation.h' file not found
   17 | #import <Foundation/Foundation.h>
      |         ^~~~~~~~~~~~~~~~~~~~~~~~~
1 error generated.
error: CompileC /host/spi-builder-workspace/.build/out/Intermediates.noindex/OCMock.build/Debug-webassembly-wasm32/OCMock-t.build/Objects-normal/wasm32/OCMockObject.o /host/spi-builder-workspace/Source/OCMock/OCMockObject.m normal wasm32 objective-c com.apple.compilers.llvm.clang.1_0.compiler failed with a nonzero exit code. Command line:     cd /host

    Using response file: /host/spi-builder-workspace/.build/out/Intermediates.noindex/OCMock.build/Debug-webassembly-wasm32/OCMock-t.build/Objects-normal/wasm32/6f95552a3397ee1cec971b90cf334075d5f321c3a3b0689ad55c3d1e24702600-common-args.resp

    /usr/bin/clang -x objective-c -target wasm32-unknown-wasip1 -fmessage-length\=0 -fdiagnostics-show-note-include-stack -fmacro-backtrace-limit\=0 -fcolor-diagnostics -Wno-trigraphs -Wno-missing-field-initializers -Wno-missing-prototypes -Wno-return-type -Wno-implicit-atomic-properties -Wno-objc-interface-ivars -Wno-arc-repeated-use-of-weak -Wno-missing-braces -Wparentheses -Wswitch -Wno-unused-function -Wno-unused-label -Wno-unused-parameter -Wno-unused-variable -Wunused-value -Wno-empty-body -Wno-uninitialized -Wno-unknown-pragmas -Wno-shadow -Wno-four-char-constants -Wno-conversion -Wno-constant-conversion -Wno-int-conversion -Wno-bool-conversion -Wno-enum-conversion -Wno-float-conversion -Wno-non-literal-null-conversion -Wno-objc-literal-conversion -Wno-shorten-64-to-32 -Wpointer-sign -Wno-newline-eof -Wno-selector -Wno-strict-selector-match -Wno-undeclared-selector -Wno-deprecated-implementations -Wno-implicit-fallthrough -fstrict-aliasing -Wprotocol -Wdeprecated-declarations -Wno-sign-conversion -Wno-infinite-recursion -Wno-comma -Wno-block-capture-autoreleasing -Wno-strict-prototypes -Wno-semicolon-before-method-body --sysroot /root/.swiftpm/swift-sdks/swift-6.4.x-DEVELOPMENT-SNAPSHOT-2026-09-04-a_wasm.artifactbundle/swift-6.4.x-DEVELOPMENT-SNAPSHOT-2026-09-04-a_wasm/wasm32-unknown-wasip1/WASI.sdk @/host/spi-builder-workspace/.build/out/Intermediates.noindex/OCMock.build/Debug-webassembly-wasm32/OCMock-t.build/Objects-normal/wasm32/6f95552a3397ee1cec971b90cf334075d5f321c3a3b0689ad55c3d1e24702600-common-args.resp -MMD -MT dependencies -MF /host/spi-builder-workspace/.build/out/Intermediates.noindex/OCMock.build/Debug-webassembly-wasm32/OCMock-t.build/Objects-normal/wasm32/OCMockObject.d --serialize-diagnostics /host/spi-builder-workspace/.build/out/Intermediates.noindex/OCMock.build/Debug-webassembly-wasm32/OCMock-t.build/Objects-normal/wasm32/OCMockObject.dia -c /host/spi-builder-workspace/Source/OCMock/OCMockObject.m -o /host/spi-builder-workspace/.build/out/Intermediates.noindex/OCMock.build/Debug-webassembly-wasm32/OCMock-t.build/Objects-normal/wasm32/OCMockObject.o
In file included from /host/spi-builder-workspace/Source/OCMock/OCObserverMockObject.m:17:
/host/spi-builder-workspace/Source/OCMock/OCObserverMockObject.h:17:9: fatal error: 'Foundation/Foundation.h' file not found
   17 | #import <Foundation/Foundation.h>
      |         ^~~~~~~~~~~~~~~~~~~~~~~~~
1 error generated.
error: CompileC /host/spi-builder-workspace/.build/out/Intermediates.noindex/OCMock.build/Debug-webassembly-wasm32/OCMock-t.build/Objects-normal/wasm32/OCObserverMockObject.o /host/spi-builder-workspace/Source/OCMock/OCObserverMockObject.m normal wasm32 objective-c com.apple.compilers.llvm.clang.1_0.compiler failed with a nonzero exit code. Command line:     cd /host

    Using response file: /host/spi-builder-workspace/.build/out/Intermediates.noindex/OCMock.build/Debug-webassembly-wasm32/OCMock-t.build/Objects-normal/wasm32/6f95552a3397ee1cec971b90cf334075d5f321c3a3b0689ad55c3d1e24702600-common-args.resp

    /usr/bin/clang -x objective-c -target wasm32-unknown-wasip1 -fmessage-length\=0 -fdiagnostics-show-note-include-stack -fmacro-backtrace-limit\=0 -fcolor-diagnostics -Wno-trigraphs -Wno-missing-field-initializers -Wno-missing-prototypes -Wno-return-type -Wno-implicit-atomic-properties -Wno-objc-interface-ivars -Wno-arc-repeated-use-of-weak -Wno-missing-braces -Wparentheses -Wswitch -Wno-unused-function -Wno-unused-label -Wno-unused-parameter -Wno-unused-variable -Wunused-value -Wno-empty-body -Wno-uninitialized -Wno-unknown-pragmas -Wno-shadow -Wno-four-char-constants -Wno-conversion -Wno-constant-conversion -Wno-int-conversion -Wno-bool-conversion -Wno-enum-conversion -Wno-float-conversion -Wno-non-literal-null-conversion -Wno-objc-literal-conversion -Wno-shorten-64-to-32 -Wpointer-sign -Wno-newline-eof -Wno-selector -Wno-strict-selector-match -Wno-undeclared-selector -Wno-deprecated-implementations -Wno-implicit-fallthrough -fstrict-aliasing -Wprotocol -Wdeprecated-declarations -Wno-sign-conversion -Wno-infinite-recursion -Wno-comma -Wno-block-capture-autoreleasing -Wno-strict-prototypes -Wno-semicolon-before-method-body --sysroot /root/.swiftpm/swift-sdks/swift-6.4.x-DEVELOPMENT-SNAPSHOT-2026-09-04-a_wasm.artifactbundle/swift-6.4.x-DEVELOPMENT-SNAPSHOT-2026-09-04-a_wasm/wasm32-unknown-wasip1/WASI.sdk @/host/spi-builder-workspace/.build/out/Intermediates.noindex/OCMock.build/Debug-webassembly-wasm32/OCMock-t.build/Objects-normal/wasm32/6f95552a3397ee1cec971b90cf334075d5f321c3a3b0689ad55c3d1e24702600-common-args.resp -MMD -MT dependencies -MF /host/spi-builder-workspace/.build/out/Intermediates.noindex/OCMock.build/Debug-webassembly-wasm32/OCMock-t.build/Objects-normal/wasm32/OCObserverMockObject.d --serialize-diagnostics /host/spi-builder-workspace/.build/out/Intermediates.noindex/OCMock.build/Debug-webassembly-wasm32/OCMock-t.build/Objects-normal/wasm32/OCObserverMockObject.dia -c /host/spi-builder-workspace/Source/OCMock/OCObserverMockObject.m -o /host/spi-builder-workspace/.build/out/Intermediates.noindex/OCMock.build/Debug-webassembly-wasm32/OCMock-t.build/Objects-normal/wasm32/OCObserverMockObject.o
In file included from /host/spi-builder-workspace/Source/OCMock/OCMVerifier.m:17:
In file included from /host/spi-builder-workspace/Source/OCMock/OCMVerifier.h:17:
/host/spi-builder-workspace/Source/OCMock/OCMRecorder.h:17:9: fatal error: 'Foundation/Foundation.h' file not found
   17 | #import <Foundation/Foundation.h>
      |         ^~~~~~~~~~~~~~~~~~~~~~~~~
1 error generated.
error: CompileC /host/spi-builder-workspace/.build/out/Intermediates.noindex/OCMock.build/Debug-webassembly-wasm32/OCMock-t.build/Objects-normal/wasm32/OCMVerifier.o /host/spi-builder-workspace/Source/OCMock/OCMVerifier.m normal wasm32 objective-c com.apple.compilers.llvm.clang.1_0.compiler failed with a nonzero exit code. Command line:     cd /host

    Using response file: /host/spi-builder-workspace/.build/out/Intermediates.noindex/OCMock.build/Debug-webassembly-wasm32/OCMock-t.build/Objects-normal/wasm32/6f95552a3397ee1cec971b90cf334075d5f321c3a3b0689ad55c3d1e24702600-common-args.resp

    /usr/bin/clang -x objective-c -target wasm32-unknown-wasip1 -fmessage-length\=0 -fdiagnostics-show-note-include-stack -fmacro-backtrace-limit\=0 -fcolor-diagnostics -Wno-trigraphs -Wno-missing-field-initializers -Wno-missing-prototypes -Wno-return-type -Wno-implicit-atomic-properties -Wno-objc-interface-ivars -Wno-arc-repeated-use-of-weak -Wno-missing-braces -Wparentheses -Wswitch -Wno-unused-function -Wno-unused-label -Wno-unused-parameter -Wno-unused-variable -Wunused-value -Wno-empty-body -Wno-uninitialized -Wno-unknown-pragmas -Wno-shadow -Wno-four-char-constants -Wno-conversion -Wno-constant-conversion -Wno-int-conversion -Wno-bool-conversion -Wno-enum-conversion -Wno-float-conversion -Wno-non-literal-null-conversion -Wno-objc-literal-conversion -Wno-shorten-64-to-32 -Wpointer-sign -Wno-newline-eof -Wno-selector -Wno-strict-selector-match -Wno-undeclared-selector -Wno-deprecated-implementations -Wno-implicit-fallthrough -fstrict-aliasing -Wprotocol -Wdeprecated-declarations -Wno-sign-conversion -Wno-infinite-recursion -Wno-comma -Wno-block-capture-autoreleasing -Wno-strict-prototypes -Wno-semicolon-before-method-body --sysroot /root/.swiftpm/swift-sdks/swift-6.4.x-DEVELOPMENT-SNAPSHOT-2026-09-04-a_wasm.artifactbundle/swift-6.4.x-DEVELOPMENT-SNAPSHOT-2026-09-04-a_wasm/wasm32-unknown-wasip1/WASI.sdk @/host/spi-builder-workspace/.build/out/Intermediates.noindex/OCMock.build/Debug-webassembly-wasm32/OCMock-t.build/Objects-normal/wasm32/6f95552a3397ee1cec971b90cf334075d5f321c3a3b0689ad55c3d1e24702600-common-args.resp -MMD -MT dependencies -MF /host/spi-builder-workspace/.build/out/Intermediates.noindex/OCMock.build/Debug-webassembly-wasm32/OCMock-t.build/Objects-normal/wasm32/OCMVerifier.d --serialize-diagnostics /host/spi-builder-workspace/.build/out/Intermediates.noindex/OCMock.build/Debug-webassembly-wasm32/OCMock-t.build/Objects-normal/wasm32/OCMVerifier.dia -c /host/spi-builder-workspace/Source/OCMock/OCMVerifier.m -o /host/spi-builder-workspace/.build/out/Intermediates.noindex/OCMock.build/Debug-webassembly-wasm32/OCMock-t.build/Objects-normal/wasm32/OCMVerifier.o
In file included from /host/spi-builder-workspace/Source/OCMock/OCMStubRecorder.m:17:
In file included from /host/spi-builder-workspace/Source/OCMock/OCMStubRecorder.h:17:
/host/spi-builder-workspace/Source/OCMock/OCMFunctions.h:17:9: fatal error: 'Foundation/Foundation.h' file not found
   17 | #import <Foundation/Foundation.h>
      |         ^~~~~~~~~~~~~~~~~~~~~~~~~
1 error generated.
error: CompileC /host/spi-builder-workspace/.build/out/Intermediates.noindex/OCMock.build/Debug-webassembly-wasm32/OCMock-t.build/Objects-normal/wasm32/OCMStubRecorder.o /host/spi-builder-workspace/Source/OCMock/OCMStubRecorder.m normal wasm32 objective-c com.apple.compilers.llvm.clang.1_0.compiler failed with a nonzero exit code. Command line:     cd /host

    Using response file: /host/spi-builder-workspace/.build/out/Intermediates.noindex/OCMock.build/Debug-webassembly-wasm32/OCMock-t.build/Objects-normal/wasm32/6f95552a3397ee1cec971b90cf334075d5f321c3a3b0689ad55c3d1e24702600-common-args.resp

    /usr/bin/clang -x objective-c -target wasm32-unknown-wasip1 -fmessage-length\=0 -fdiagnostics-show-note-include-stack -fmacro-backtrace-limit\=0 -fcolor-diagnostics -Wno-trigraphs -Wno-missing-field-initializers -Wno-missing-prototypes -Wno-return-type -Wno-implicit-atomic-properties -Wno-objc-interface-ivars -Wno-arc-repeated-use-of-weak -Wno-missing-braces -Wparentheses -Wswitch -Wno-unused-function -Wno-unused-label -Wno-unused-parameter -Wno-unused-variable -Wunused-value -Wno-empty-body -Wno-uninitialized -Wno-unknown-pragmas -Wno-shadow -Wno-four-char-constants -Wno-conversion -Wno-constant-conversion -Wno-int-conversion -Wno-bool-conversion -Wno-enum-conversion -Wno-float-conversion -Wno-non-literal-null-conversion -Wno-objc-literal-conversion -Wno-shorten-64-to-32 -Wpointer-sign -Wno-newline-eof -Wno-selector -Wno-strict-selector-match -Wno-undeclared-selector -Wno-deprecated-implementations -Wno-implicit-fallthrough -fstrict-aliasing -Wprotocol -Wdeprecated-declarations -Wno-sign-conversion -Wno-infinite-recursion -Wno-comma -Wno-block-capture-autoreleasing -Wno-strict-prototypes -Wno-semicolon-before-method-body --sysroot /root/.swiftpm/swift-sdks/swift-6.4.x-DEVELOPMENT-SNAPSHOT-2026-09-04-a_wasm.artifactbundle/swift-6.4.x-DEVELOPMENT-SNAPSHOT-2026-09-04-a_wasm/wasm32-unknown-wasip1/WASI.sdk @/host/spi-builder-workspace/.build/out/Intermediates.noindex/OCMock.build/Debug-webassembly-wasm32/OCMock-t.build/Objects-normal/wasm32/6f95552a3397ee1cec971b90cf334075d5f321c3a3b0689ad55c3d1e24702600-common-args.resp -MMD -MT dependencies -MF /host/spi-builder-workspace/.build/out/Intermediates.noindex/OCMock.build/Debug-webassembly-wasm32/OCMock-t.build/Objects-normal/wasm32/OCMStubRecorder.d --serialize-diagnostics /host/spi-builder-workspace/.build/out/Intermediates.noindex/OCMock.build/Debug-webassembly-wasm32/OCMock-t.build/Objects-normal/wasm32/OCMStubRecorder.dia -c /host/spi-builder-workspace/Source/OCMock/OCMStubRecorder.m -o /host/spi-builder-workspace/.build/out/Intermediates.noindex/OCMock.build/Debug-webassembly-wasm32/OCMock-t.build/Objects-normal/wasm32/OCMStubRecorder.o
/host/spi-builder-workspace/Source/OCMock/OCPartialMockObject.m:17:9: fatal error: 'objc/runtime.h' file not found
   17 | #import <objc/runtime.h>
      |         ^~~~~~~~~~~~~~~~
1 error generated.
error: CompileC /host/spi-builder-workspace/.build/out/Intermediates.noindex/OCMock.build/Debug-webassembly-wasm32/OCMock-t.build/Objects-normal/wasm32/OCPartialMockObject.o /host/spi-builder-workspace/Source/OCMock/OCPartialMockObject.m normal wasm32 objective-c com.apple.compilers.llvm.clang.1_0.compiler failed with a nonzero exit code. Command line:     cd /host

    Using response file: /host/spi-builder-workspace/.build/out/Intermediates.noindex/OCMock.build/Debug-webassembly-wasm32/OCMock-t.build/Objects-normal/wasm32/6f95552a3397ee1cec971b90cf334075d5f321c3a3b0689ad55c3d1e24702600-common-args.resp

    /usr/bin/clang -x objective-c -target wasm32-unknown-wasip1 -fmessage-length\=0 -fdiagnostics-show-note-include-stack -fmacro-backtrace-limit\=0 -fcolor-diagnostics -Wno-trigraphs -Wno-missing-field-initializers -Wno-missing-prototypes -Wno-return-type -Wno-implicit-atomic-properties -Wno-objc-interface-ivars -Wno-arc-repeated-use-of-weak -Wno-missing-braces -Wparentheses -Wswitch -Wno-unused-function -Wno-unused-label -Wno-unused-parameter -Wno-unused-variable -Wunused-value -Wno-empty-body -Wno-uninitialized -Wno-unknown-pragmas -Wno-shadow -Wno-four-char-constants -Wno-conversion -Wno-constant-conversion -Wno-int-conversion -Wno-bool-conversion -Wno-enum-conversion -Wno-float-conversion -Wno-non-literal-null-conversion -Wno-objc-literal-conversion -Wno-shorten-64-to-32 -Wpointer-sign -Wno-newline-eof -Wno-selector -Wno-strict-selector-match -Wno-undeclared-selector -Wno-deprecated-implementations -Wno-implicit-fallthrough -fstrict-aliasing -Wprotocol -Wdeprecated-declarations -Wno-sign-conversion -Wno-infinite-recursion -Wno-comma -Wno-block-capture-autoreleasing -Wno-strict-prototypes -Wno-semicolon-before-method-body --sysroot /root/.swiftpm/swift-sdks/swift-6.4.x-DEVELOPMENT-SNAPSHOT-2026-09-04-a_wasm.artifactbundle/swift-6.4.x-DEVELOPMENT-SNAPSHOT-2026-09-04-a_wasm/wasm32-unknown-wasip1/WASI.sdk @/host/spi-builder-workspace/.build/out/Intermediates.noindex/OCMock.build/Debug-webassembly-wasm32/OCMock-t.build/Objects-normal/wasm32/6f95552a3397ee1cec971b90cf334075d5f321c3a3b0689ad55c3d1e24702600-common-args.resp -MMD -MT dependencies -MF /host/spi-builder-workspace/.build/out/Intermediates.noindex/OCMock.build/Debug-webassembly-wasm32/OCMock-t.build/Objects-normal/wasm32/OCPartialMockObject.d --serialize-diagnostics /host/spi-builder-workspace/.build/out/Intermediates.noindex/OCMock.build/Debug-webassembly-wasm32/OCMock-t.build/Objects-normal/wasm32/OCPartialMockObject.dia -c /host/spi-builder-workspace/Source/OCMock/OCPartialMockObject.m -o /host/spi-builder-workspace/.build/out/Intermediates.noindex/OCMock.build/Debug-webassembly-wasm32/OCMock-t.build/Objects-normal/wasm32/OCPartialMockObject.o
/host/spi-builder-workspace/Source/OCMock/OCMRecorder.m:18:9: fatal error: 'objc/runtime.h' file not found
   18 | #import <objc/runtime.h>
      |         ^~~~~~~~~~~~~~~~
1 error generated.
error: CompileC /host/spi-builder-workspace/.build/out/Intermediates.noindex/OCMock.build/Debug-webassembly-wasm32/OCMock-t.build/Objects-normal/wasm32/OCMRecorder.o /host/spi-builder-workspace/Source/OCMock/OCMRecorder.m normal wasm32 objective-c com.apple.compilers.llvm.clang.1_0.compiler failed with a nonzero exit code. Command line:     cd /host

    Using response file: /host/spi-builder-workspace/.build/out/Intermediates.noindex/OCMock.build/Debug-webassembly-wasm32/OCMock-t.build/Objects-normal/wasm32/6f95552a3397ee1cec971b90cf334075d5f321c3a3b0689ad55c3d1e24702600-common-args.resp

    /usr/bin/clang -x objective-c -target wasm32-unknown-wasip1 -fmessage-length\=0 -fdiagnostics-show-note-include-stack -fmacro-backtrace-limit\=0 -fcolor-diagnostics -Wno-trigraphs -Wno-missing-field-initializers -Wno-missing-prototypes -Wno-return-type -Wno-implicit-atomic-properties -Wno-objc-interface-ivars -Wno-arc-repeated-use-of-weak -Wno-missing-braces -Wparentheses -Wswitch -Wno-unused-function -Wno-unused-label -Wno-unused-parameter -Wno-unused-variable -Wunused-value -Wno-empty-body -Wno-uninitialized -Wno-unknown-pragmas -Wno-shadow -Wno-four-char-constants -Wno-conversion -Wno-constant-conversion -Wno-int-conversion -Wno-bool-conversion -Wno-enum-conversion -Wno-float-conversion -Wno-non-literal-null-conversion -Wno-objc-literal-conversion -Wno-shorten-64-to-32 -Wpointer-sign -Wno-newline-eof -Wno-selector -Wno-strict-selector-match -Wno-undeclared-selector -Wno-deprecated-implementations -Wno-implicit-fallthrough -fstrict-aliasing -Wprotocol -Wdeprecated-declarations -Wno-sign-conversion -Wno-infinite-recursion -Wno-comma -Wno-block-capture-autoreleasing -Wno-strict-prototypes -Wno-semicolon-before-method-body --sysroot /root/.swiftpm/swift-sdks/swift-6.4.x-DEVELOPMENT-SNAPSHOT-2026-09-04-a_wasm.artifactbundle/swift-6.4.x-DEVELOPMENT-SNAPSHOT-2026-09-04-a_wasm/wasm32-unknown-wasip1/WASI.sdk @/host/spi-builder-workspace/.build/out/Intermediates.noindex/OCMock.build/Debug-webassembly-wasm32/OCMock-t.build/Objects-normal/wasm32/6f95552a3397ee1cec971b90cf334075d5f321c3a3b0689ad55c3d1e24702600-common-args.resp -MMD -MT dependencies -MF /host/spi-builder-workspace/.build/out/Intermediates.noindex/OCMock.build/Debug-webassembly-wasm32/OCMock-t.build/Objects-normal/wasm32/OCMRecorder.d --serialize-diagnostics /host/spi-builder-workspace/.build/out/Intermediates.noindex/OCMock.build/Debug-webassembly-wasm32/OCMock-t.build/Objects-normal/wasm32/OCMRecorder.dia -c /host/spi-builder-workspace/Source/OCMock/OCMRecorder.m -o /host/spi-builder-workspace/.build/out/Intermediates.noindex/OCMock.build/Debug-webassembly-wasm32/OCMock-t.build/Objects-normal/wasm32/OCMRecorder.o
/host/spi-builder-workspace/Source/OCMock/OCMRealObjectForwarder.m:17:9: fatal error: 'objc/runtime.h' file not found
   17 | #import <objc/runtime.h>
      |         ^~~~~~~~~~~~~~~~
1 error generated.
error: CompileC /host/spi-builder-workspace/.build/out/Intermediates.noindex/OCMock.build/Debug-webassembly-wasm32/OCMock-t.build/Objects-normal/wasm32/OCMRealObjectForwarder.o /host/spi-builder-workspace/Source/OCMock/OCMRealObjectForwarder.m normal wasm32 objective-c com.apple.compilers.llvm.clang.1_0.compiler failed with a nonzero exit code. Command line:     cd /host

    Using response file: /host/spi-builder-workspace/.build/out/Intermediates.noindex/OCMock.build/Debug-webassembly-wasm32/OCMock-t.build/Objects-normal/wasm32/6f95552a3397ee1cec971b90cf334075d5f321c3a3b0689ad55c3d1e24702600-common-args.resp

    /usr/bin/clang -x objective-c -target wasm32-unknown-wasip1 -fmessage-length\=0 -fdiagnostics-show-note-include-stack -fmacro-backtrace-limit\=0 -fcolor-diagnostics -Wno-trigraphs -Wno-missing-field-initializers -Wno-missing-prototypes -Wno-return-type -Wno-implicit-atomic-properties -Wno-objc-interface-ivars -Wno-arc-repeated-use-of-weak -Wno-missing-braces -Wparentheses -Wswitch -Wno-unused-function -Wno-unused-label -Wno-unused-parameter -Wno-unused-variable -Wunused-value -Wno-empty-body -Wno-uninitialized -Wno-unknown-pragmas -Wno-shadow -Wno-four-char-constants -Wno-conversion -Wno-constant-conversion -Wno-int-conversion -Wno-bool-conversion -Wno-enum-conversion -Wno-float-conversion -Wno-non-literal-null-conversion -Wno-objc-literal-conversion -Wno-shorten-64-to-32 -Wpointer-sign -Wno-newline-eof -Wno-selector -Wno-strict-selector-match -Wno-undeclared-selector -Wno-deprecated-implementations -Wno-implicit-fallthrough -fstrict-aliasing -Wprotocol -Wdeprecated-declarations -Wno-sign-conversion -Wno-infinite-recursion -Wno-comma -Wno-block-capture-autoreleasing -Wno-strict-prototypes -Wno-semicolon-before-method-body --sysroot /root/.swiftpm/swift-sdks/swift-6.4.x-DEVELOPMENT-SNAPSHOT-2026-09-04-a_wasm.artifactbundle/swift-6.4.x-DEVELOPMENT-SNAPSHOT-2026-09-04-a_wasm/wasm32-unknown-wasip1/WASI.sdk @/host/spi-builder-workspace/.build/out/Intermediates.noindex/OCMock.build/Debug-webassembly-wasm32/OCMock-t.build/Objects-normal/wasm32/6f95552a3397ee1cec971b90cf334075d5f321c3a3b0689ad55c3d1e24702600-common-args.resp -MMD -MT dependencies -MF /host/spi-builder-workspace/.build/out/Intermediates.noindex/OCMock.build/Debug-webassembly-wasm32/OCMock-t.build/Objects-normal/wasm32/OCMRealObjectForwarder.d --serialize-diagnostics /host/spi-builder-workspace/.build/out/Intermediates.noindex/OCMock.build/Debug-webassembly-wasm32/OCMock-t.build/Objects-normal/wasm32/OCMRealObjectForwarder.dia -c /host/spi-builder-workspace/Source/OCMock/OCMRealObjectForwarder.m -o /host/spi-builder-workspace/.build/out/Intermediates.noindex/OCMock.build/Debug-webassembly-wasm32/OCMock-t.build/Objects-normal/wasm32/OCMRealObjectForwarder.o
error: Build failed
BUILD FAILURE 6.4 wasm