The Swift Package Index logo.Swift Package Index

Build Information

Failed to build Satin, reference 13.0.0 (06593c), with Swift 6.4 for Wasm on 19 Sep 2026 13:13:03 UTC.

Build Command

bash -c docker run --pull=always --rm -v "checkouts-54344843-0":/host -w "$PWD" -e JAVA_HOME="/root/.sdkman/candidates/java/current" -e SPI_BUILD="1" -e SPI_PROCESSING="1" registry.gitlab.com/saguaro1/spi-images:wasm-6.4-latest swift build --swift-sdk swift-6.4.x-DEVELOPMENT-SNAPSHOT-2026-09-04-a_wasm 2>&1

Build Log

========================================
RunAll
========================================
Builder version: 5.1.0
Interrupt handler set up.
========================================
Checkout
========================================
Clone URL: https://github.com/Hi-Rez/Satin.git
Reference: 13.0.0
Initialized empty Git repository in /host/spi-builder-workspace/.git/
hint: Using 'master' as the name for the initial branch. This default branch name
hint: is subject to change. To configure the initial branch name to use in all
hint: of your new repositories, which will suppress this warning, call:
hint:
hint: 	git config --global init.defaultBranch <name>
hint:
hint: Names commonly chosen instead of 'master' are 'main', 'trunk' and
hint: 'development'. The just-created branch can be renamed via this command:
hint:
hint: 	git branch -m <name>
From https://github.com/Hi-Rez/Satin
 * tag               13.0.0     -> FETCH_HEAD
HEAD is now at 06593c2 fixed ObjectTests
Cloned https://github.com/Hi-Rez/Satin.git
Revision (git rev-parse @):
06593c2762ae783cf19872eac1e4fcf12c8c21fb
SUCCESS checkout https://github.com/Hi-Rez/Satin.git at 13.0.0
========================================
Build
========================================
Selected platform:         wasm
Swift version:             6.4
Building package at path:  $PWD
https://github.com/Hi-Rez/Satin.git
Running build ...
bash -c docker run --pull=always --rm -v "checkouts-54344843-0":/host -w "$PWD" -e JAVA_HOME="/root/.sdkman/candidates/java/current" -e SPI_BUILD="1" -e SPI_PROCESSING="1" registry.gitlab.com/saguaro1/spi-images:wasm-6.4-latest swift build --swift-sdk swift-6.4.x-DEVELOPMENT-SNAPSHOT-2026-09-04-a_wasm 2>&1
wasm-6.4-latest: Pulling from saguaro1/spi-images
Digest: sha256:4328fdb43c680d205c1d6761b1e3267aa38277eefdda9ddfb17b6a0f1a77857a
Status: Image is up to date for registry.gitlab.com/saguaro1/spi-images:wasm-6.4-latest
Building for debugging...
[Pre-planning 1 / 154]
[Constructing 1 / 294]
In file included from /host/spi-builder-workspace/Sources/SatinCore/Hermite.mm:8:
In file included from /host/spi-builder-workspace/Sources/SatinCore/include/Hermite.h:11:
/host/spi-builder-workspace/Sources/SatinCore/include/Types.h:12:9: fatal error: 'simd/simd.h' file not found
   12 | #import <simd/simd.h>
      |         ^~~~~~~~~~~~~
1 error generated.
error: CompileC /host/spi-builder-workspace/.build/out/Intermediates.noindex/Satin.build/Debug-webassembly-wasm32/SatinCore-t.build/Objects-normal/wasm32/Hermite.o /host/spi-builder-workspace/Sources/SatinCore/Hermite.mm normal wasm32 objective-c++ com.apple.compilers.llvm.clang.1_0.compiler failed with a nonzero exit code. Command line:     cd /host

    Using response file: /host/spi-builder-workspace/.build/out/Intermediates.noindex/Satin.build/Debug-webassembly-wasm32/SatinCore-t.build/Objects-normal/wasm32/1327f19f0bcfdca2b0edc983f55b1f87bc6668d9b41defbef7b7987f2db570ad-common-args.resp

    /usr/bin/clang -x objective-c++ -target wasm32-unknown-wasip1 -fmessage-length\=0 -fdiagnostics-show-note-include-stack -fmacro-backtrace-limit\=0 -fcolor-diagnostics -Wno-trigraphs -Wno-missing-field-initializers -Wno-missing-prototypes -Wno-return-type -Wno-implicit-atomic-properties -Wno-objc-interface-ivars -Wno-arc-repeated-use-of-weak -Wno-non-virtual-dtor -Wno-overloaded-virtual -Wno-exit-time-destructors -Wno-missing-braces -Wparentheses -Wswitch -Wno-unused-function -Wno-unused-label -Wno-unused-parameter -Wno-unused-variable -Wunused-value -Wno-empty-body -Wno-uninitialized -Wno-unknown-pragmas -Wno-shadow -Wno-four-char-constants -Wno-conversion -Wno-constant-conversion -Wno-int-conversion -Wno-bool-conversion -Wno-enum-conversion -Wno-float-conversion -Wno-non-literal-null-conversion -Wno-objc-literal-conversion -Wno-shorten-64-to-32 -Wno-newline-eof -Wno-selector -Wno-strict-selector-match -Wno-undeclared-selector -Wno-deprecated-implementations -Wno-c++11-extensions -Wno-implicit-fallthrough -fstrict-aliasing -Wprotocol -Wdeprecated-declarations -Winvalid-offsetof -Wno-sign-conversion -Wno-infinite-recursion -Wno-move -Wno-comma -Wno-block-capture-autoreleasing -Wno-strict-prototypes -Wno-range-loop-analysis -Wno-semicolon-before-method-body --sysroot /root/.swiftpm/swift-sdks/swift-6.4.x-DEVELOPMENT-SNAPSHOT-2026-09-04-a_wasm.artifactbundle/swift-6.4.x-DEVELOPMENT-SNAPSHOT-2026-09-04-a_wasm/wasm32-unknown-wasip1/WASI.sdk @/host/spi-builder-workspace/.build/out/Intermediates.noindex/Satin.build/Debug-webassembly-wasm32/SatinCore-t.build/Objects-normal/wasm32/1327f19f0bcfdca2b0edc983f55b1f87bc6668d9b41defbef7b7987f2db570ad-common-args.resp -MMD -MT dependencies -MF /host/spi-builder-workspace/.build/out/Intermediates.noindex/Satin.build/Debug-webassembly-wasm32/SatinCore-t.build/Objects-normal/wasm32/Hermite.d --serialize-diagnostics /host/spi-builder-workspace/.build/out/Intermediates.noindex/Satin.build/Debug-webassembly-wasm32/SatinCore-t.build/Objects-normal/wasm32/Hermite.dia -c /host/spi-builder-workspace/Sources/SatinCore/Hermite.mm -o /host/spi-builder-workspace/.build/out/Intermediates.noindex/Satin.build/Debug-webassembly-wasm32/SatinCore-t.build/Objects-normal/wasm32/Hermite.o
In file included from /host/spi-builder-workspace/Sources/SatinCore/Transforms.mm:9:
/host/spi-builder-workspace/Sources/SatinCore/include/Transforms.h:11:9: fatal error: 'simd/simd.h' file not found
   11 | #import <simd/simd.h>
      |         ^~~~~~~~~~~~~
1 error generated.
error: CompileC /host/spi-builder-workspace/.build/out/Intermediates.noindex/Satin.build/Debug-webassembly-wasm32/SatinCore-t.build/Objects-normal/wasm32/Transforms.o /host/spi-builder-workspace/Sources/SatinCore/Transforms.mm normal wasm32 objective-c++ com.apple.compilers.llvm.clang.1_0.compiler failed with a nonzero exit code. Command line:     cd /host

    Using response file: /host/spi-builder-workspace/.build/out/Intermediates.noindex/Satin.build/Debug-webassembly-wasm32/SatinCore-t.build/Objects-normal/wasm32/1327f19f0bcfdca2b0edc983f55b1f87bc6668d9b41defbef7b7987f2db570ad-common-args.resp

    /usr/bin/clang -x objective-c++ -target wasm32-unknown-wasip1 -fmessage-length\=0 -fdiagnostics-show-note-include-stack -fmacro-backtrace-limit\=0 -fcolor-diagnostics -Wno-trigraphs -Wno-missing-field-initializers -Wno-missing-prototypes -Wno-return-type -Wno-implicit-atomic-properties -Wno-objc-interface-ivars -Wno-arc-repeated-use-of-weak -Wno-non-virtual-dtor -Wno-overloaded-virtual -Wno-exit-time-destructors -Wno-missing-braces -Wparentheses -Wswitch -Wno-unused-function -Wno-unused-label -Wno-unused-parameter -Wno-unused-variable -Wunused-value -Wno-empty-body -Wno-uninitialized -Wno-unknown-pragmas -Wno-shadow -Wno-four-char-constants -Wno-conversion -Wno-constant-conversion -Wno-int-conversion -Wno-bool-conversion -Wno-enum-conversion -Wno-float-conversion -Wno-non-literal-null-conversion -Wno-objc-literal-conversion -Wno-shorten-64-to-32 -Wno-newline-eof -Wno-selector -Wno-strict-selector-match -Wno-undeclared-selector -Wno-deprecated-implementations -Wno-c++11-extensions -Wno-implicit-fallthrough -fstrict-aliasing -Wprotocol -Wdeprecated-declarations -Winvalid-offsetof -Wno-sign-conversion -Wno-infinite-recursion -Wno-move -Wno-comma -Wno-block-capture-autoreleasing -Wno-strict-prototypes -Wno-range-loop-analysis -Wno-semicolon-before-method-body --sysroot /root/.swiftpm/swift-sdks/swift-6.4.x-DEVELOPMENT-SNAPSHOT-2026-09-04-a_wasm.artifactbundle/swift-6.4.x-DEVELOPMENT-SNAPSHOT-2026-09-04-a_wasm/wasm32-unknown-wasip1/WASI.sdk @/host/spi-builder-workspace/.build/out/Intermediates.noindex/Satin.build/Debug-webassembly-wasm32/SatinCore-t.build/Objects-normal/wasm32/1327f19f0bcfdca2b0edc983f55b1f87bc6668d9b41defbef7b7987f2db570ad-common-args.resp -MMD -MT dependencies -MF /host/spi-builder-workspace/.build/out/Intermediates.noindex/Satin.build/Debug-webassembly-wasm32/SatinCore-t.build/Objects-normal/wasm32/Transforms.d --serialize-diagnostics /host/spi-builder-workspace/.build/out/Intermediates.noindex/Satin.build/Debug-webassembly-wasm32/SatinCore-t.build/Objects-normal/wasm32/Transforms.dia -c /host/spi-builder-workspace/Sources/SatinCore/Transforms.mm -o /host/spi-builder-workspace/.build/out/Intermediates.noindex/Satin.build/Debug-webassembly-wasm32/SatinCore-t.build/Objects-normal/wasm32/Transforms.o
/host/spi-builder-workspace/Sources/SatinCore/Rectangle.mm:9:10: fatal error: 'simd/simd.h' file not found
    9 | #include <simd/simd.h>
      |          ^~~~~~~~~~~~~
1 error generated.
error: CompileC /host/spi-builder-workspace/.build/out/Intermediates.noindex/Satin.build/Debug-webassembly-wasm32/SatinCore-t.build/Objects-normal/wasm32/Rectangle.o /host/spi-builder-workspace/Sources/SatinCore/Rectangle.mm normal wasm32 objective-c++ com.apple.compilers.llvm.clang.1_0.compiler failed with a nonzero exit code. Command line:     cd /host

    Using response file: /host/spi-builder-workspace/.build/out/Intermediates.noindex/Satin.build/Debug-webassembly-wasm32/SatinCore-t.build/Objects-normal/wasm32/1327f19f0bcfdca2b0edc983f55b1f87bc6668d9b41defbef7b7987f2db570ad-common-args.resp

    /usr/bin/clang -x objective-c++ -target wasm32-unknown-wasip1 -fmessage-length\=0 -fdiagnostics-show-note-include-stack -fmacro-backtrace-limit\=0 -fcolor-diagnostics -Wno-trigraphs -Wno-missing-field-initializers -Wno-missing-prototypes -Wno-return-type -Wno-implicit-atomic-properties -Wno-objc-interface-ivars -Wno-arc-repeated-use-of-weak -Wno-non-virtual-dtor -Wno-overloaded-virtual -Wno-exit-time-destructors -Wno-missing-braces -Wparentheses -Wswitch -Wno-unused-function -Wno-unused-label -Wno-unused-parameter -Wno-unused-variable -Wunused-value -Wno-empty-body -Wno-uninitialized -Wno-unknown-pragmas -Wno-shadow -Wno-four-char-constants -Wno-conversion -Wno-constant-conversion -Wno-int-conversion -Wno-bool-conversion -Wno-enum-conversion -Wno-float-conversion -Wno-non-literal-null-conversion -Wno-objc-literal-conversion -Wno-shorten-64-to-32 -Wno-newline-eof -Wno-selector -Wno-strict-selector-match -Wno-undeclared-selector -Wno-deprecated-implementations -Wno-c++11-extensions -Wno-implicit-fallthrough -fstrict-aliasing -Wprotocol -Wdeprecated-declarations -Winvalid-offsetof -Wno-sign-conversion -Wno-infinite-recursion -Wno-move -Wno-comma -Wno-block-capture-autoreleasing -Wno-strict-prototypes -Wno-range-loop-analysis -Wno-semicolon-before-method-body --sysroot /root/.swiftpm/swift-sdks/swift-6.4.x-DEVELOPMENT-SNAPSHOT-2026-09-04-a_wasm.artifactbundle/swift-6.4.x-DEVELOPMENT-SNAPSHOT-2026-09-04-a_wasm/wasm32-unknown-wasip1/WASI.sdk @/host/spi-builder-workspace/.build/out/Intermediates.noindex/Satin.build/Debug-webassembly-wasm32/SatinCore-t.build/Objects-normal/wasm32/1327f19f0bcfdca2b0edc983f55b1f87bc6668d9b41defbef7b7987f2db570ad-common-args.resp -MMD -MT dependencies -MF /host/spi-builder-workspace/.build/out/Intermediates.noindex/Satin.build/Debug-webassembly-wasm32/SatinCore-t.build/Objects-normal/wasm32/Rectangle.d --serialize-diagnostics /host/spi-builder-workspace/.build/out/Intermediates.noindex/Satin.build/Debug-webassembly-wasm32/SatinCore-t.build/Objects-normal/wasm32/Rectangle.dia -c /host/spi-builder-workspace/Sources/SatinCore/Rectangle.mm -o /host/spi-builder-workspace/.build/out/Intermediates.noindex/Satin.build/Debug-webassembly-wasm32/SatinCore-t.build/Objects-normal/wasm32/Rectangle.o
/host/spi-builder-workspace/Sources/SatinCore/Types.mm:8:10: fatal error: 'malloc/_malloc.h' file not found
    8 | #include <malloc/_malloc.h>
      |          ^~~~~~~~~~~~~~~~~~
1 error generated.
error: CompileC /host/spi-builder-workspace/.build/out/Intermediates.noindex/Satin.build/Debug-webassembly-wasm32/SatinCore-t.build/Objects-normal/wasm32/Types.o /host/spi-builder-workspace/Sources/SatinCore/Types.mm normal wasm32 objective-c++ com.apple.compilers.llvm.clang.1_0.compiler failed with a nonzero exit code. Command line:     cd /host

    Using response file: /host/spi-builder-workspace/.build/out/Intermediates.noindex/Satin.build/Debug-webassembly-wasm32/SatinCore-t.build/Objects-normal/wasm32/1327f19f0bcfdca2b0edc983f55b1f87bc6668d9b41defbef7b7987f2db570ad-common-args.resp

    /usr/bin/clang -x objective-c++ -target wasm32-unknown-wasip1 -fmessage-length\=0 -fdiagnostics-show-note-include-stack -fmacro-backtrace-limit\=0 -fcolor-diagnostics -Wno-trigraphs -Wno-missing-field-initializers -Wno-missing-prototypes -Wno-return-type -Wno-implicit-atomic-properties -Wno-objc-interface-ivars -Wno-arc-repeated-use-of-weak -Wno-non-virtual-dtor -Wno-overloaded-virtual -Wno-exit-time-destructors -Wno-missing-braces -Wparentheses -Wswitch -Wno-unused-function -Wno-unused-label -Wno-unused-parameter -Wno-unused-variable -Wunused-value -Wno-empty-body -Wno-uninitialized -Wno-unknown-pragmas -Wno-shadow -Wno-four-char-constants -Wno-conversion -Wno-constant-conversion -Wno-int-conversion -Wno-bool-conversion -Wno-enum-conversion -Wno-float-conversion -Wno-non-literal-null-conversion -Wno-objc-literal-conversion -Wno-shorten-64-to-32 -Wno-newline-eof -Wno-selector -Wno-strict-selector-match -Wno-undeclared-selector -Wno-deprecated-implementations -Wno-c++11-extensions -Wno-implicit-fallthrough -fstrict-aliasing -Wprotocol -Wdeprecated-declarations -Winvalid-offsetof -Wno-sign-conversion -Wno-infinite-recursion -Wno-move -Wno-comma -Wno-block-capture-autoreleasing -Wno-strict-prototypes -Wno-range-loop-analysis -Wno-semicolon-before-method-body --sysroot /root/.swiftpm/swift-sdks/swift-6.4.x-DEVELOPMENT-SNAPSHOT-2026-09-04-a_wasm.artifactbundle/swift-6.4.x-DEVELOPMENT-SNAPSHOT-2026-09-04-a_wasm/wasm32-unknown-wasip1/WASI.sdk @/host/spi-builder-workspace/.build/out/Intermediates.noindex/Satin.build/Debug-webassembly-wasm32/SatinCore-t.build/Objects-normal/wasm32/1327f19f0bcfdca2b0edc983f55b1f87bc6668d9b41defbef7b7987f2db570ad-common-args.resp -MMD -MT dependencies -MF /host/spi-builder-workspace/.build/out/Intermediates.noindex/Satin.build/Debug-webassembly-wasm32/SatinCore-t.build/Objects-normal/wasm32/Types.d --serialize-diagnostics /host/spi-builder-workspace/.build/out/Intermediates.noindex/Satin.build/Debug-webassembly-wasm32/SatinCore-t.build/Objects-normal/wasm32/Types.dia -c /host/spi-builder-workspace/Sources/SatinCore/Types.mm -o /host/spi-builder-workspace/.build/out/Intermediates.noindex/Satin.build/Debug-webassembly-wasm32/SatinCore-t.build/Objects-normal/wasm32/Types.o
error: Build failed
BUILD FAILURE 6.4 wasm