Build Information
Failed to build OCCTSwiftViewport, reference v1.2.1 (ec6486), with Swift 6.4 for watchOS using Xcode 27.0 on 27 Sep 2026 04:50:14 UTC.
Build Command
env DEVELOPER_DIR=/Applications/Xcode-27.0.0-Release.Candidate.app xcrun xcodebuild -IDEClonedSourcePackagesDirPathOverride=$PWD/.dependencies -skipMacroValidation -skipPackagePluginValidation -derivedDataPath $PWD/.derivedData build -scheme OCCTSwiftViewport -destination generic/platform=watchOSBuild Log
========================================
RunAll
========================================
Builder version: 5.1.0
Interrupt handler set up.
========================================
Checkout
========================================
Clone URL: https://github.com/SecondMouseAU/OCCTSwiftViewport.git
Reference: v1.2.1
Initialized empty Git repository in /Users/admin/builder/spi-builder-workspace/.git/
From https://github.com/SecondMouseAU/OCCTSwiftViewport
* tag v1.2.1 -> FETCH_HEAD
HEAD is now at ec6486f Merge pull request #126 from SecondMouseAU/release/1.2.1
Cloned https://github.com/SecondMouseAU/OCCTSwiftViewport.git
Revision (git rev-parse @):
ec6486f5c8d7845fbeab0248153bef4dae149511
SPI manifest file found: $PWD/.spi.yml
SUCCESS checkout https://github.com/SecondMouseAU/OCCTSwiftViewport.git at v1.2.1
========================================
Build
========================================
Selected platform: watchOS
Swift version: 6.4
Building package at path: $PWD
https://github.com/SecondMouseAU/OCCTSwiftViewport.git
Command line invocation:
/Applications/Xcode-27.0.0-Release.Candidate.app/Contents/Developer/usr/bin/xcodebuild -IDEClonedSourcePackagesDirPathOverride=/Users/admin/builder/spi-builder-workspace/.dependencies -resolvePackageDependencies
Resolve Package Graph
Resolve Package Graph
Resolved source packages:
OCCTSwiftViewport: /Users/admin/builder/spi-builder-workspace
resolved source packages: OCCTSwiftViewport
2026-09-27 00:49:33.864 xcodebuild[563:3074] [MT] IDERunDestination: Supported platforms for the buildables in the current scheme is empty.
{
"dependencies" : [
],
"manifest_display_name" : "OCCTSwiftViewport",
"name" : "OCCTSwiftViewport",
"path" : "/Users/admin/builder/spi-builder-workspace",
"platforms" : [
{
"name" : "ios",
"version" : "18.0"
},
{
"name" : "macos",
"version" : "15.0"
},
{
"name" : "visionos",
"version" : "1.0"
}
],
"products" : [
{
"name" : "OCCTSwiftViewport",
"targets" : [
"OCCTSwiftViewport"
],
"type" : {
"library" : [
"automatic"
]
}
}
],
"targets" : [
{
"c99name" : "OCCTSwiftViewportTests",
"module_type" : "SwiftTarget",
"name" : "OCCTSwiftViewportTests",
"path" : "Tests/OCCTSwiftViewportTests",
"sources" : [
"BoundingBoxTests.swift",
"CameraControllerZoomTests.swift",
"CameraStateTests.swift",
"ClipPlaneTests.swift",
"CubeProbeTests.swift",
"DirectMeshRenderingTests.swift",
"FrustumTests.swift",
"HUDOverlayTests.swift",
"InputAbstractionTests.swift",
"MeasurementModeTests.swift",
"NavigationCubeTests.swift",
"NormalSmoothingTests.swift",
"OffscreenRendererMeasurementTests.swift",
"OffscreenTransformTests.swift",
"PickResultFilterTests.swift",
"PickResultTests.swift",
"PickabilityTests.swift",
"PivotStrategyTests.swift",
"RayTests.swift",
"RegionPickTests.swift",
"RendererSharedSetupTests.swift",
"SceneRaycastTests.swift",
"SurfaceTransparencyTests.swift",
"TriangleStyleTests.swift",
"UnlitColorTests.swift",
"ViewCubePositionTests.swift",
"ViewportArcTests.swift",
"ViewportConfigurationTests.swift",
"ViewportInputRouterTests.swift",
"ViewportPointCloudRenderingTests.swift",
"ViewportRendererHeadlessTests.swift"
],
"target_dependencies" : [
"OCCTSwiftViewport"
],
"type" : "test"
},
{
"c99name" : "OCCTSwiftViewport",
"module_type" : "SwiftTarget",
"name" : "OCCTSwiftViewport",
"path" : "Sources/OCCTSwiftViewport",
"product_memberships" : [
"OCCTSwiftViewport"
],
"resources" : [
{
"path" : "/Users/admin/builder/spi-builder-workspace/Sources/OCCTSwiftViewport/Renderer/Shaders.metal",
"rule" : {
"process" : {
}
}
}
],
"sources" : [
"Camera/CameraController.swift",
"Camera/CameraState+ClipPlanes.swift",
"Camera/CameraState.swift",
"Camera/PivotStrategy.swift",
"Camera/RotationStyle.swift",
"Camera/StandardView.swift",
"Configuration/ClipPlane.swift",
"Configuration/GestureConfiguration.swift",
"Configuration/MaterialLibrary.swift",
"Configuration/PBRMaterial.swift",
"Configuration/ViewportConfiguration.swift",
"Display/DisplayMode.swift",
"Display/LightingConfiguration.swift",
"HUD/CameraScale.swift",
"HUD/OrientationGnomon.swift",
"HUD/ScaleBarView.swift",
"Input/ViewportInputEvent.swift",
"Input/ViewportInputRouter.swift",
"Input/ViewportModifierKeys.swift",
"Math/BoundingBox.swift",
"Math/Frustum.swift",
"Math/MatrixUtils.swift",
"Math/ProjectionUtility.swift",
"Math/Ray.swift",
"Math/SceneRaycast.swift",
"OCCTSwiftViewport.swift",
"Picking/MeasurementPicking.swift",
"Picking/PickResult.swift",
"Picking/PickResultFilter.swift",
"Picking/PickTextureManager.swift",
"Picking/PickingConfiguration.swift",
"Renderer/EnvironmentMapManager.swift",
"Renderer/HDRLoader.swift",
"Renderer/MeasurementCompositor.swift",
"Renderer/MeshletBuilder.swift",
"Renderer/MetalViewRepresentable.swift",
"Renderer/NormalSmoothing.swift",
"Renderer/OffscreenRenderer.swift",
"Renderer/Primitives.swift",
"Renderer/RendererSharedBuffers.swift",
"Renderer/RendererSharedSetup.swift",
"Renderer/ShadowMapManager.swift",
"Renderer/TessellationManager.swift",
"Renderer/Uniforms+Scene.swift",
"Renderer/ViewportRenderer.swift",
"Renderer/ViewportRendererHeadless.swift",
"Types/Measurement.swift",
"Types/ViewportArc.swift",
"Types/ViewportBody.swift",
"ViewCube/NavigationCube.swift",
"ViewCube/NavigationCubeView.swift",
"ViewCube/ViewCubeRegion.swift",
"ViewCube/ViewCubeView.swift",
"Views/MeasurementOverlay.swift",
"Views/MetalViewportView.swift",
"Views/ViewportController.swift"
],
"type" : "library"
}
],
"tools_version" : "6.0"
}
{
"workspace" : {
"name" : "OCCTSwiftViewport",
"schemes" : [
"OCCTSwiftViewport"
]
}
}
2026-09-27 00:50:06.038 xcodebuild[660:3864] [MT] IDERunDestination: Supported platforms for the buildables in the current scheme is empty.
Running build ...
env DEVELOPER_DIR=/Applications/Xcode-27.0.0-Release.Candidate.app xcrun xcodebuild -IDEClonedSourcePackagesDirPathOverride=$PWD/.dependencies -skipMacroValidation -skipPackagePluginValidation -derivedDataPath $PWD/.derivedData build -scheme OCCTSwiftViewport -destination generic/platform=watchOS
Command line invocation:
/Applications/Xcode-27.0.0-Release.Candidate.app/Contents/Developer/usr/bin/xcodebuild -IDEClonedSourcePackagesDirPathOverride=/Users/admin/builder/spi-builder-workspace/.dependencies -skipMacroValidation -skipPackagePluginValidation -derivedDataPath /Users/admin/builder/spi-builder-workspace/.derivedData build -scheme OCCTSwiftViewport -destination generic/platform=watchOS
Resolve Package Graph
Resolved source packages:
OCCTSwiftViewport: /Users/admin/builder/spi-builder-workspace
ComputePackagePrebuildTargetDependencyGraph
Prepare packages
CreateBuildRequest
SendProjectDescription
CreateBuildOperation
ComputeTargetDependencyGraph
note: Building targets in dependency order
note: Target dependency graph (3 targets)
Target 'OCCTSwiftViewport-product' in project 'OCCTSwiftViewport'
➜ Explicit dependency on target 'OCCTSwiftViewport' in project 'OCCTSwiftViewport'
➜ Explicit dependency on target 'OCCTSwiftViewport_OCCTSwiftViewport' in project 'OCCTSwiftViewport'
Target 'OCCTSwiftViewport' in project 'OCCTSwiftViewport'
➜ Explicit dependency on target 'OCCTSwiftViewport_OCCTSwiftViewport' in project 'OCCTSwiftViewport'
Target 'OCCTSwiftViewport_OCCTSwiftViewport' in project 'OCCTSwiftViewport' (no dependencies)
GatherProvisioningInputs
CreateBuildDescription
ExecuteExternalTool /Applications/Xcode-27.0.0-Release.Candidate.app/Contents/Developer/Toolchains/XcodeDefault.xctoolchain/usr/bin/clang -v -E -dM -isysroot /Applications/Xcode-27.0.0-Release.Candidate.app/Contents/Developer/Platforms/WatchOS.platform/Developer/SDKs/WatchOS27.0.sdk -x c -c /dev/null
ExecuteExternalTool /Applications/Xcode-27.0.0-Release.Candidate.app/Contents/Developer/Toolchains/XcodeDefault.xctoolchain/usr/bin/swiftc --version
ExecuteExternalTool /Applications/Xcode-27.0.0-Release.Candidate.app/Contents/Developer/Toolchains/XcodeDefault.xctoolchain/usr/bin/ld -version_details
Build description signature: 617615bd6be02ee92e8b02d2a6c38974
Build description path: /Users/admin/builder/spi-builder-workspace/.derivedData/Build/Intermediates.noindex/XCBuildData/617615bd6be02ee92e8b02d2a6c38974.xcbuilddata
CreateBuildDirectory /Users/admin/builder/spi-builder-workspace/.derivedData/ModuleCache.noindex
cd /Users/admin/builder/spi-builder-workspace/.swiftpm/xcode
builtin-create-build-directory /Users/admin/builder/spi-builder-workspace/.derivedData/ModuleCache.noindex
CreateBuildDirectory /Users/admin/builder/spi-builder-workspace/.derivedData/SDKExplicitPrecompiledModules
cd /Users/admin/builder/spi-builder-workspace/.swiftpm/xcode
builtin-create-build-directory /Users/admin/builder/spi-builder-workspace/.derivedData/SDKExplicitPrecompiledModules
CreateBuildDirectory /Users/admin/builder/spi-builder-workspace/.derivedData/CompilationCache.noindex
cd /Users/admin/builder/spi-builder-workspace/.swiftpm/xcode
builtin-create-build-directory /Users/admin/builder/spi-builder-workspace/.derivedData/CompilationCache.noindex
ClangStatCache /Applications/Xcode-27.0.0-Release.Candidate.app/Contents/Developer/Toolchains/XcodeDefault.xctoolchain/usr/bin/clang-stat-cache /Applications/Xcode-27.0.0-Release.Candidate.app/Contents/Developer/Platforms/WatchOS.platform/Developer/SDKs/WatchOS27.0.sdk /Users/admin/builder/spi-builder-workspace/.derivedData/SDKStatCaches.noindex/watchos27.0-24R360-e829b21a6f8c9b70876ba0858053c04477534ef55a1706bf4c1112bbb242f0a2.sdkstatcache
cd /Users/admin/builder/spi-builder-workspace/.swiftpm/xcode
/Applications/Xcode-27.0.0-Release.Candidate.app/Contents/Developer/Toolchains/XcodeDefault.xctoolchain/usr/bin/clang-stat-cache /Applications/Xcode-27.0.0-Release.Candidate.app/Contents/Developer/Platforms/WatchOS.platform/Developer/SDKs/WatchOS27.0.sdk -o /Users/admin/builder/spi-builder-workspace/.derivedData/SDKStatCaches.noindex/watchos27.0-24R360-e829b21a6f8c9b70876ba0858053c04477534ef55a1706bf4c1112bbb242f0a2.sdkstatcache
CreateBuildDirectory /Users/admin/builder/spi-builder-workspace/.derivedData/Build/Products
cd /Users/admin/builder/spi-builder-workspace/.swiftpm/xcode
builtin-create-build-directory /Users/admin/builder/spi-builder-workspace/.derivedData/Build/Products
CreateBuildDirectory /Users/admin/builder/spi-builder-workspace/.derivedData/Build/Intermediates.noindex
cd /Users/admin/builder/spi-builder-workspace/.swiftpm/xcode
builtin-create-build-directory /Users/admin/builder/spi-builder-workspace/.derivedData/Build/Intermediates.noindex
CreateBuildDirectory /Users/admin/builder/spi-builder-workspace/.derivedData/Build/Intermediates.noindex/SwiftExplicitPrecompiledModules
cd /Users/admin/builder/spi-builder-workspace/.swiftpm/xcode
builtin-create-build-directory /Users/admin/builder/spi-builder-workspace/.derivedData/Build/Intermediates.noindex/SwiftExplicitPrecompiledModules
CreateBuildDirectory /Users/admin/builder/spi-builder-workspace/.derivedData/Build/Intermediates.noindex/ExplicitPrecompiledModules
cd /Users/admin/builder/spi-builder-workspace/.swiftpm/xcode
builtin-create-build-directory /Users/admin/builder/spi-builder-workspace/.derivedData/Build/Intermediates.noindex/ExplicitPrecompiledModules
CreateBuildDirectory /Users/admin/builder/spi-builder-workspace/.derivedData/Build/Intermediates.noindex/PrecompiledHeaders
cd /Users/admin/builder/spi-builder-workspace/.swiftpm/xcode
builtin-create-build-directory /Users/admin/builder/spi-builder-workspace/.derivedData/Build/Intermediates.noindex/PrecompiledHeaders
CreateBuildDirectory /Users/admin/builder/spi-builder-workspace/.derivedData/Build/Intermediates.noindex/EagerLinkingTBDs/Debug-watchos
cd /Users/admin/builder/spi-builder-workspace/.swiftpm/xcode
builtin-create-build-directory /Users/admin/builder/spi-builder-workspace/.derivedData/Build/Intermediates.noindex/EagerLinkingTBDs/Debug-watchos
CreateBuildDirectory /Users/admin/builder/spi-builder-workspace/.derivedData/Build/Products/Debug-watchos
cd /Users/admin/builder/spi-builder-workspace/.swiftpm/xcode
builtin-create-build-directory /Users/admin/builder/spi-builder-workspace/.derivedData/Build/Products/Debug-watchos
CreateBuildDirectory /Users/admin/builder/spi-builder-workspace/.derivedData/Build/Products/Debug-watchos/PackageFrameworks
cd /Users/admin/builder/spi-builder-workspace/.swiftpm/xcode
builtin-create-build-directory /Users/admin/builder/spi-builder-workspace/.derivedData/Build/Products/Debug-watchos/PackageFrameworks
MkDir /Users/admin/builder/spi-builder-workspace/.derivedData/Build/Products/Debug-watchos/OCCTSwiftViewport_OCCTSwiftViewport.bundle (in target 'OCCTSwiftViewport_OCCTSwiftViewport' from project 'OCCTSwiftViewport')
cd /Users/admin/builder/spi-builder-workspace
/bin/mkdir -p /Users/admin/builder/spi-builder-workspace/.derivedData/Build/Products/Debug-watchos/OCCTSwiftViewport_OCCTSwiftViewport.bundle
WriteAuxiliaryFile /Users/admin/builder/spi-builder-workspace/.derivedData/Build/Intermediates.noindex/OCCTSwiftViewport.build/Debug-watchos/OCCTSwiftViewport_OCCTSwiftViewport-b.build/OCCTSwiftViewport_OCCTSwiftViewport.DependencyStaticMetadataFileList (in target 'OCCTSwiftViewport_OCCTSwiftViewport' from project 'OCCTSwiftViewport')
cd /Users/admin/builder/spi-builder-workspace
write-file /Users/admin/builder/spi-builder-workspace/.derivedData/Build/Intermediates.noindex/OCCTSwiftViewport.build/Debug-watchos/OCCTSwiftViewport_OCCTSwiftViewport-b.build/OCCTSwiftViewport_OCCTSwiftViewport.DependencyStaticMetadataFileList
WriteAuxiliaryFile /Users/admin/builder/spi-builder-workspace/.derivedData/Build/Intermediates.noindex/OCCTSwiftViewport.build/Debug-watchos/OCCTSwiftViewport_OCCTSwiftViewport-b.build/OCCTSwiftViewport_OCCTSwiftViewport.DependencyMetadataFileList (in target 'OCCTSwiftViewport_OCCTSwiftViewport' from project 'OCCTSwiftViewport')
cd /Users/admin/builder/spi-builder-workspace
write-file /Users/admin/builder/spi-builder-workspace/.derivedData/Build/Intermediates.noindex/OCCTSwiftViewport.build/Debug-watchos/OCCTSwiftViewport_OCCTSwiftViewport-b.build/OCCTSwiftViewport_OCCTSwiftViewport.DependencyMetadataFileList
WriteAuxiliaryFile /Users/admin/builder/spi-builder-workspace/.derivedData/Build/Intermediates.noindex/OCCTSwiftViewport.build/Debug-watchos/OCCTSwiftViewport_OCCTSwiftViewport-b.build/empty-OCCTSwiftViewport_OCCTSwiftViewport.plist (in target 'OCCTSwiftViewport_OCCTSwiftViewport' from project 'OCCTSwiftViewport')
cd /Users/admin/builder/spi-builder-workspace
write-file /Users/admin/builder/spi-builder-workspace/.derivedData/Build/Intermediates.noindex/OCCTSwiftViewport.build/Debug-watchos/OCCTSwiftViewport_OCCTSwiftViewport-b.build/empty-OCCTSwiftViewport_OCCTSwiftViewport.plist
WriteAuxiliaryFile /Users/admin/builder/spi-builder-workspace/.derivedData/Build/Intermediates.noindex/OCCTSwiftViewport.build/Debug-watchos/OCCTSwiftViewport-t.build/Objects-normal/arm64_32/OCCTSwiftViewport.SwiftConstValuesFileList (in target 'OCCTSwiftViewport' from project 'OCCTSwiftViewport')
cd /Users/admin/builder/spi-builder-workspace
write-file /Users/admin/builder/spi-builder-workspace/.derivedData/Build/Intermediates.noindex/OCCTSwiftViewport.build/Debug-watchos/OCCTSwiftViewport-t.build/Objects-normal/arm64_32/OCCTSwiftViewport.SwiftConstValuesFileList
WriteAuxiliaryFile /Users/admin/builder/spi-builder-workspace/.derivedData/Build/Intermediates.noindex/OCCTSwiftViewport.build/Debug-watchos/OCCTSwiftViewport-t.build/Objects-normal/arm64_32/OCCTSwiftViewport.SwiftFileList (in target 'OCCTSwiftViewport' from project 'OCCTSwiftViewport')
cd /Users/admin/builder/spi-builder-workspace
write-file /Users/admin/builder/spi-builder-workspace/.derivedData/Build/Intermediates.noindex/OCCTSwiftViewport.build/Debug-watchos/OCCTSwiftViewport-t.build/Objects-normal/arm64_32/OCCTSwiftViewport.SwiftFileList
WriteAuxiliaryFile /Users/admin/builder/spi-builder-workspace/.derivedData/Build/Intermediates.noindex/OCCTSwiftViewport.build/Debug-watchos/OCCTSwiftViewport-t.build/Objects-normal/arm64_32/OCCTSwiftViewport.LinkFileList (in target 'OCCTSwiftViewport' from project 'OCCTSwiftViewport')
cd /Users/admin/builder/spi-builder-workspace
write-file /Users/admin/builder/spi-builder-workspace/.derivedData/Build/Intermediates.noindex/OCCTSwiftViewport.build/Debug-watchos/OCCTSwiftViewport-t.build/Objects-normal/arm64_32/OCCTSwiftViewport.LinkFileList
WriteAuxiliaryFile /Users/admin/builder/spi-builder-workspace/.derivedData/Build/Intermediates.noindex/OCCTSwiftViewport.build/Debug-watchos/OCCTSwiftViewport-t.build/Objects-normal/arm64_32/OCCTSwiftViewport-OutputFileMap.json (in target 'OCCTSwiftViewport' from project 'OCCTSwiftViewport')
cd /Users/admin/builder/spi-builder-workspace
write-file /Users/admin/builder/spi-builder-workspace/.derivedData/Build/Intermediates.noindex/OCCTSwiftViewport.build/Debug-watchos/OCCTSwiftViewport-t.build/Objects-normal/arm64_32/OCCTSwiftViewport-OutputFileMap.json
WriteAuxiliaryFile /Users/admin/builder/spi-builder-workspace/.derivedData/Build/Intermediates.noindex/OCCTSwiftViewport.build/Debug-watchos/OCCTSwiftViewport-t.build/Objects-normal/arm64_32/OCCTSwiftViewport_const_extract_protocols.json (in target 'OCCTSwiftViewport' from project 'OCCTSwiftViewport')
cd /Users/admin/builder/spi-builder-workspace
write-file /Users/admin/builder/spi-builder-workspace/.derivedData/Build/Intermediates.noindex/OCCTSwiftViewport.build/Debug-watchos/OCCTSwiftViewport-t.build/Objects-normal/arm64_32/OCCTSwiftViewport_const_extract_protocols.json
WriteAuxiliaryFile /Users/admin/builder/spi-builder-workspace/.derivedData/Build/Intermediates.noindex/OCCTSwiftViewport.build/Debug-watchos/OCCTSwiftViewport-t.build/Objects-normal/arm64/OCCTSwiftViewport_const_extract_protocols.json (in target 'OCCTSwiftViewport' from project 'OCCTSwiftViewport')
cd /Users/admin/builder/spi-builder-workspace
write-file /Users/admin/builder/spi-builder-workspace/.derivedData/Build/Intermediates.noindex/OCCTSwiftViewport.build/Debug-watchos/OCCTSwiftViewport-t.build/Objects-normal/arm64/OCCTSwiftViewport_const_extract_protocols.json
WriteAuxiliaryFile /Users/admin/builder/spi-builder-workspace/.derivedData/Build/Intermediates.noindex/OCCTSwiftViewport.build/Debug-watchos/OCCTSwiftViewport-t.build/Objects-normal/arm64/OCCTSwiftViewport.SwiftFileList (in target 'OCCTSwiftViewport' from project 'OCCTSwiftViewport')
cd /Users/admin/builder/spi-builder-workspace
write-file /Users/admin/builder/spi-builder-workspace/.derivedData/Build/Intermediates.noindex/OCCTSwiftViewport.build/Debug-watchos/OCCTSwiftViewport-t.build/Objects-normal/arm64/OCCTSwiftViewport.SwiftFileList
WriteAuxiliaryFile /Users/admin/builder/spi-builder-workspace/.derivedData/Build/Intermediates.noindex/OCCTSwiftViewport.build/Debug-watchos/OCCTSwiftViewport-t.build/Objects-normal/arm64/OCCTSwiftViewport.SwiftConstValuesFileList (in target 'OCCTSwiftViewport' from project 'OCCTSwiftViewport')
cd /Users/admin/builder/spi-builder-workspace
write-file /Users/admin/builder/spi-builder-workspace/.derivedData/Build/Intermediates.noindex/OCCTSwiftViewport.build/Debug-watchos/OCCTSwiftViewport-t.build/Objects-normal/arm64/OCCTSwiftViewport.SwiftConstValuesFileList
WriteAuxiliaryFile /Users/admin/builder/spi-builder-workspace/.derivedData/Build/Intermediates.noindex/OCCTSwiftViewport.build/Debug-watchos/OCCTSwiftViewport-t.build/Objects-normal/arm64/OCCTSwiftViewport.LinkFileList (in target 'OCCTSwiftViewport' from project 'OCCTSwiftViewport')
cd /Users/admin/builder/spi-builder-workspace
write-file /Users/admin/builder/spi-builder-workspace/.derivedData/Build/Intermediates.noindex/OCCTSwiftViewport.build/Debug-watchos/OCCTSwiftViewport-t.build/Objects-normal/arm64/OCCTSwiftViewport.LinkFileList
WriteAuxiliaryFile /Users/admin/builder/spi-builder-workspace/.derivedData/Build/Intermediates.noindex/OCCTSwiftViewport.build/Debug-watchos/OCCTSwiftViewport-t.build/Objects-normal/arm64/OCCTSwiftViewport-OutputFileMap.json (in target 'OCCTSwiftViewport' from project 'OCCTSwiftViewport')
cd /Users/admin/builder/spi-builder-workspace
write-file /Users/admin/builder/spi-builder-workspace/.derivedData/Build/Intermediates.noindex/OCCTSwiftViewport.build/Debug-watchos/OCCTSwiftViewport-t.build/Objects-normal/arm64/OCCTSwiftViewport-OutputFileMap.json
WriteAuxiliaryFile /Users/admin/builder/spi-builder-workspace/.derivedData/Build/Intermediates.noindex/OCCTSwiftViewport.build/Debug-watchos/OCCTSwiftViewport-t.build/OCCTSwiftViewport.modulemap (in target 'OCCTSwiftViewport' from project 'OCCTSwiftViewport')
cd /Users/admin/builder/spi-builder-workspace
write-file /Users/admin/builder/spi-builder-workspace/.derivedData/Build/Intermediates.noindex/OCCTSwiftViewport.build/Debug-watchos/OCCTSwiftViewport-t.build/OCCTSwiftViewport.modulemap
WriteAuxiliaryFile /Users/admin/builder/spi-builder-workspace/.derivedData/Build/Intermediates.noindex/OCCTSwiftViewport.build/Debug-watchos/OCCTSwiftViewport-t.build/OCCTSwiftViewport.DependencyStaticMetadataFileList (in target 'OCCTSwiftViewport' from project 'OCCTSwiftViewport')
cd /Users/admin/builder/spi-builder-workspace
write-file /Users/admin/builder/spi-builder-workspace/.derivedData/Build/Intermediates.noindex/OCCTSwiftViewport.build/Debug-watchos/OCCTSwiftViewport-t.build/OCCTSwiftViewport.DependencyStaticMetadataFileList
WriteAuxiliaryFile /Users/admin/builder/spi-builder-workspace/.derivedData/Build/Intermediates.noindex/OCCTSwiftViewport.build/Debug-watchos/OCCTSwiftViewport-t.build/OCCTSwiftViewport.DependencyMetadataFileList (in target 'OCCTSwiftViewport' from project 'OCCTSwiftViewport')
cd /Users/admin/builder/spi-builder-workspace
write-file /Users/admin/builder/spi-builder-workspace/.derivedData/Build/Intermediates.noindex/OCCTSwiftViewport.build/Debug-watchos/OCCTSwiftViewport-t.build/OCCTSwiftViewport.DependencyMetadataFileList
WriteAuxiliaryFile /Users/admin/builder/spi-builder-workspace/.derivedData/Build/Intermediates.noindex/OCCTSwiftViewport.build/Debug-watchos/OCCTSwiftViewport-t.build/DerivedSources/resource_bundle_accessor.swift (in target 'OCCTSwiftViewport' from project 'OCCTSwiftViewport')
cd /Users/admin/builder/spi-builder-workspace
write-file /Users/admin/builder/spi-builder-workspace/.derivedData/Build/Intermediates.noindex/OCCTSwiftViewport.build/Debug-watchos/OCCTSwiftViewport-t.build/DerivedSources/resource_bundle_accessor.swift
Copy /Users/admin/builder/spi-builder-workspace/.derivedData/Build/Intermediates.noindex/GeneratedModuleMaps-watchos/OCCTSwiftViewport.modulemap /Users/admin/builder/spi-builder-workspace/.derivedData/Build/Intermediates.noindex/OCCTSwiftViewport.build/Debug-watchos/OCCTSwiftViewport-t.build/OCCTSwiftViewport.modulemap (in target 'OCCTSwiftViewport' from project 'OCCTSwiftViewport')
cd /Users/admin/builder/spi-builder-workspace
builtin-copy -exclude .DS_Store -exclude CVS -exclude .svn -exclude .git -exclude .hg -resolve-src-symlinks /Users/admin/builder/spi-builder-workspace/.derivedData/Build/Intermediates.noindex/OCCTSwiftViewport.build/Debug-watchos/OCCTSwiftViewport-t.build/OCCTSwiftViewport.modulemap /Users/admin/builder/spi-builder-workspace/.derivedData/Build/Intermediates.noindex/GeneratedModuleMaps-watchos
ProcessInfoPlistFile /Users/admin/builder/spi-builder-workspace/.derivedData/Build/Products/Debug-watchos/OCCTSwiftViewport_OCCTSwiftViewport.bundle/Info.plist /Users/admin/builder/spi-builder-workspace/.derivedData/Build/Intermediates.noindex/OCCTSwiftViewport.build/Debug-watchos/OCCTSwiftViewport_OCCTSwiftViewport-b.build/empty-OCCTSwiftViewport_OCCTSwiftViewport.plist (in target 'OCCTSwiftViewport_OCCTSwiftViewport' from project 'OCCTSwiftViewport')
cd /Users/admin/builder/spi-builder-workspace
builtin-infoPlistUtility /Users/admin/builder/spi-builder-workspace/.derivedData/Build/Intermediates.noindex/OCCTSwiftViewport.build/Debug-watchos/OCCTSwiftViewport_OCCTSwiftViewport-b.build/empty-OCCTSwiftViewport_OCCTSwiftViewport.plist -producttype com.apple.product-type.bundle -expandbuildsettings -format binary -platform watchos -o /Users/admin/builder/spi-builder-workspace/.derivedData/Build/Products/Debug-watchos/OCCTSwiftViewport_OCCTSwiftViewport.bundle/Info.plist
CompileMetalFile /Users/admin/builder/spi-builder-workspace/Sources/OCCTSwiftViewport/Renderer/Shaders.metal (in target 'OCCTSwiftViewport_OCCTSwiftViewport' from project 'OCCTSwiftViewport')
cd /Users/admin/builder/spi-builder-workspace
/var/run/com.apple.security.cryptexd/mnt/com.apple.MobileAsset.MetalToolchain-v27.1.266.1.uZ0VXo/Metal.xctoolchain/usr/bin/metal -c -target air64-apple-watchos11.0 -I/Users/admin/builder/spi-builder-workspace/.derivedData/Build/Products/Debug-watchos/include -F/Users/admin/builder/spi-builder-workspace/.derivedData/Build/Products/Debug-watchos -isysroot /Applications/Xcode-27.0.0-Release.Candidate.app/Contents/Developer/Platforms/WatchOS.platform/Developer/SDKs/WatchOS27.0.sdk -fmetal-math-mode\=fast -fmetal-math-fp32-functions\=fast -serialize-diagnostics /Users/admin/builder/spi-builder-workspace/.derivedData/Build/Intermediates.noindex/OCCTSwiftViewport.build/Debug-watchos/OCCTSwiftViewport_OCCTSwiftViewport-b.build/Metal/Shaders.dia -o /Users/admin/builder/spi-builder-workspace/.derivedData/Build/Intermediates.noindex/OCCTSwiftViewport.build/Debug-watchos/OCCTSwiftViewport_OCCTSwiftViewport-b.build/Metal/Shaders.air -MMD -MT dependencies -MF /Users/admin/builder/spi-builder-workspace/.derivedData/Build/Intermediates.noindex/OCCTSwiftViewport.build/Debug-watchos/OCCTSwiftViewport_OCCTSwiftViewport-b.build/Metal/Shaders.dat /Users/admin/builder/spi-builder-workspace/Sources/OCCTSwiftViewport/Renderer/Shaders.metal
SwiftDriver OCCTSwiftViewport normal arm64 com.apple.xcode.tools.swift.compiler (in target 'OCCTSwiftViewport' from project 'OCCTSwiftViewport')
cd /Users/admin/builder/spi-builder-workspace/.swiftpm/xcode
builtin-SwiftDriver -- /Applications/Xcode-27.0.0-Release.Candidate.app/Contents/Developer/Toolchains/XcodeDefault.xctoolchain/usr/bin/swiftc -parse-as-library -module-name OCCTSwiftViewport -Onone @/Users/admin/builder/spi-builder-workspace/.derivedData/Build/Intermediates.noindex/OCCTSwiftViewport.build/Debug-watchos/OCCTSwiftViewport-t.build/Objects-normal/arm64/OCCTSwiftViewport.SwiftFileList -DSWIFT_PACKAGE -DDEBUG -DSWIFT_MODULE_RESOURCE_BUNDLE_AVAILABLE -DXcode -plugin-path /Applications/Xcode-27.0.0-Release.Candidate.app/Contents/Developer/Toolchains/XcodeDefault.xctoolchain/usr/lib/swift/host/plugins/testing -enable-experimental-feature DebugDescriptionMacro -sdk /Applications/Xcode-27.0.0-Release.Candidate.app/Contents/Developer/Platforms/WatchOS.platform/Developer/SDKs/WatchOS27.0.sdk -target arm64-apple-watchos11.0 -g -module-cache-path /Users/admin/builder/spi-builder-workspace/.derivedData/ModuleCache.noindex -Xfrontend -serialize-debugging-options -profile-coverage-mapping -profile-generate -enable-testing -index-store-path /Users/admin/builder/spi-builder-workspace/.derivedData/Index.noindex/DataStore -Xcc -D_LIBCPP_HARDENING_MODE\=_LIBCPP_HARDENING_MODE_DEBUG -swift-version 6 -I /Users/admin/builder/spi-builder-workspace/.derivedData/Build/Products/Debug-watchos -Isystem /Applications/Xcode-27.0.0-Release.Candidate.app/Contents/Developer/Platforms/WatchOS.platform/Developer/usr/lib -F /Users/admin/builder/spi-builder-workspace/.derivedData/Build/Products/Debug-watchos -F /Applications/Xcode-27.0.0-Release.Candidate.app/Contents/Developer/Platforms/WatchOS.platform/Developer/Library/Frameworks -F /Applications/Xcode-27.0.0-Release.Candidate.app/Contents/Developer/Platforms/WatchOS.platform/Developer/SDKs/WatchOS27.0.sdk/Developer/Library/Frameworks -c -j10 -enable-batch-mode -incremental -Xcc -ivfsstatcache -Xcc /Users/admin/builder/spi-builder-workspace/.derivedData/SDKStatCaches.noindex/watchos27.0-24R360-e829b21a6f8c9b70876ba0858053c04477534ef55a1706bf4c1112bbb242f0a2.sdkstatcache -output-file-map /Users/admin/builder/spi-builder-workspace/.derivedData/Build/Intermediates.noindex/OCCTSwiftViewport.build/Debug-watchos/OCCTSwiftViewport-t.build/Objects-normal/arm64/OCCTSwiftViewport-OutputFileMap.json -save-temps -no-color-diagnostics -explicit-module-build -module-cache-path /Users/admin/builder/spi-builder-workspace/.derivedData/Build/Intermediates.noindex/SwiftExplicitPrecompiledModules -clang-scanner-module-cache-path /Users/admin/builder/spi-builder-workspace/.derivedData/ModuleCache.noindex -sdk-module-cache-path /Users/admin/builder/spi-builder-workspace/.derivedData/SDKExplicitPrecompiledModules -emit-dependencies -emit-module -emit-module-path /Users/admin/builder/spi-builder-workspace/.derivedData/Build/Intermediates.noindex/OCCTSwiftViewport.build/Debug-watchos/OCCTSwiftViewport-t.build/Objects-normal/arm64/OCCTSwiftViewport.swiftmodule -serialize-diagnostics -dependency-scan-serialize-diagnostics-path /Users/admin/builder/spi-builder-workspace/.derivedData/Build/Intermediates.noindex/OCCTSwiftViewport.build/Debug-watchos/OCCTSwiftViewport-t.build/Objects-normal/arm64/OCCTSwiftViewport-dependency-scan.dia -validate-clang-modules-once -clang-build-session-file /Users/admin/builder/spi-builder-workspace/.derivedData/ModuleCache.noindex/Session.modulevalidation -Xcc -fmodules-prune-interval\=86400 -Xcc -fmodules-prune-after\=345600 -package-name spi_builder_workspace -emit-const-values -const-gather-protocols-list /Users/admin/builder/spi-builder-workspace/.derivedData/Build/Intermediates.noindex/OCCTSwiftViewport.build/Debug-watchos/OCCTSwiftViewport-t.build/Objects-normal/arm64/OCCTSwiftViewport_const_extract_protocols.json -Xcc -I/Users/admin/builder/spi-builder-workspace/.derivedData/Build/Products/Debug-watchos/include -Xcc -I/Users/admin/builder/spi-builder-workspace/.derivedData/Build/Intermediates.noindex/OCCTSwiftViewport.build/Debug-watchos/OCCTSwiftViewport-t.build/DerivedSources-normal/arm64 -Xcc -I/Users/admin/builder/spi-builder-workspace/.derivedData/Build/Intermediates.noindex/OCCTSwiftViewport.build/Debug-watchos/OCCTSwiftViewport-t.build/DerivedSources/arm64 -Xcc -I/Users/admin/builder/spi-builder-workspace/.derivedData/Build/Intermediates.noindex/OCCTSwiftViewport.build/Debug-watchos/OCCTSwiftViewport-t.build/DerivedSources -Xcc -DSWIFT_PACKAGE -Xcc -DDEBUG\=1 -emit-objc-header -emit-objc-header-path /Users/admin/builder/spi-builder-workspace/.derivedData/Build/Intermediates.noindex/OCCTSwiftViewport.build/Debug-watchos/OCCTSwiftViewport-t.build/Objects-normal/arm64/OCCTSwiftViewport-Swift.h -working-directory /Users/admin/builder/spi-builder-workspace/.swiftpm/xcode -experimental-emit-module-separately -disable-cmo
/Users/admin/builder/spi-builder-workspace/Sources/OCCTSwiftViewport/Picking/PickTextureManager.swift:6:8: error: Unable to resolve module dependency: 'Metal' (in target 'OCCTSwiftViewport' from project 'OCCTSwiftViewport')
note: A dependency of main module 'OCCTSwiftViewport'
/Users/admin/builder/spi-builder-workspace/Sources/OCCTSwiftViewport/Renderer/EnvironmentMapManager.swift:8:24: note: Also imported here
/Users/admin/builder/spi-builder-workspace/Sources/OCCTSwiftViewport/Renderer/MeshletBuilder.swift:8:24: note: Also imported here
/Users/admin/builder/spi-builder-workspace/Sources/OCCTSwiftViewport/Renderer/OffscreenRenderer.swift:9:24: note: Also imported here
/Users/admin/builder/spi-builder-workspace/Sources/OCCTSwiftViewport/Renderer/RendererSharedBuffers.swift:6:24: note: Also imported here
/Users/admin/builder/spi-builder-workspace/Sources/OCCTSwiftViewport/Renderer/RendererSharedSetup.swift:6:24: note: Also imported here
/Users/admin/builder/spi-builder-workspace/Sources/OCCTSwiftViewport/Renderer/ShadowMapManager.swift:6:8: note: Also imported here
/Users/admin/builder/spi-builder-workspace/Sources/OCCTSwiftViewport/Renderer/TessellationManager.swift:7:24: note: Also imported here
/Users/admin/builder/spi-builder-workspace/Sources/OCCTSwiftViewport/Renderer/ViewportRendererHeadless.swift:8:24: note: Also imported here
/Users/admin/builder/spi-builder-workspace/Sources/OCCTSwiftViewport/Renderer/MetalViewRepresentable.swift:6:8: error: Unable to resolve module dependency: 'MetalKit' (in target 'OCCTSwiftViewport' from project 'OCCTSwiftViewport')
note: A dependency of main module 'OCCTSwiftViewport'
/Users/admin/builder/spi-builder-workspace/Sources/OCCTSwiftViewport/Renderer/ViewportRenderer.swift:6:24: note: Also imported here
/Users/admin/builder/spi-builder-workspace/Sources/OCCTSwiftViewport/Picking/PickTextureManager.swift:6:8: note: A dependency of main module 'OCCTSwiftViewport'
import Metal
^ (in target 'OCCTSwiftViewport' from project 'OCCTSwiftViewport')
/Users/admin/builder/spi-builder-workspace/Sources/OCCTSwiftViewport/Renderer/EnvironmentMapManager.swift:8:24: note: Also imported here
@preconcurrency import Metal
^ (in target 'OCCTSwiftViewport' from project 'OCCTSwiftViewport')
/Users/admin/builder/spi-builder-workspace/Sources/OCCTSwiftViewport/Renderer/MeshletBuilder.swift:8:24: note: Also imported here
@preconcurrency import Metal
^ (in target 'OCCTSwiftViewport' from project 'OCCTSwiftViewport')
/Users/admin/builder/spi-builder-workspace/Sources/OCCTSwiftViewport/Renderer/OffscreenRenderer.swift:9:24: note: Also imported here
@preconcurrency import Metal
^ (in target 'OCCTSwiftViewport' from project 'OCCTSwiftViewport')
/Users/admin/builder/spi-builder-workspace/Sources/OCCTSwiftViewport/Renderer/RendererSharedBuffers.swift:6:24: note: Also imported here
@preconcurrency import Metal
^ (in target 'OCCTSwiftViewport' from project 'OCCTSwiftViewport')
/Users/admin/builder/spi-builder-workspace/Sources/OCCTSwiftViewport/Renderer/RendererSharedSetup.swift:6:24: note: Also imported here
@preconcurrency import Metal
^ (in target 'OCCTSwiftViewport' from project 'OCCTSwiftViewport')
/Users/admin/builder/spi-builder-workspace/Sources/OCCTSwiftViewport/Renderer/ShadowMapManager.swift:6:8: note: Also imported here
import Metal
^ (in target 'OCCTSwiftViewport' from project 'OCCTSwiftViewport')
/Users/admin/builder/spi-builder-workspace/Sources/OCCTSwiftViewport/Renderer/TessellationManager.swift:7:24: note: Also imported here
@preconcurrency import Metal
^ (in target 'OCCTSwiftViewport' from project 'OCCTSwiftViewport')
/Users/admin/builder/spi-builder-workspace/Sources/OCCTSwiftViewport/Renderer/ViewportRendererHeadless.swift:8:24: note: Also imported here
@preconcurrency import Metal
^ (in target 'OCCTSwiftViewport' from project 'OCCTSwiftViewport')
/Users/admin/builder/spi-builder-workspace/Sources/OCCTSwiftViewport/Renderer/MetalViewRepresentable.swift:6:8: note: A dependency of main module 'OCCTSwiftViewport'
import MetalKit
^ (in target 'OCCTSwiftViewport' from project 'OCCTSwiftViewport')
/Users/admin/builder/spi-builder-workspace/Sources/OCCTSwiftViewport/Renderer/ViewportRenderer.swift:6:24: note: Also imported here
@preconcurrency import MetalKit
^ (in target 'OCCTSwiftViewport' from project 'OCCTSwiftViewport')
SwiftDriver OCCTSwiftViewport normal arm64_32 com.apple.xcode.tools.swift.compiler (in target 'OCCTSwiftViewport' from project 'OCCTSwiftViewport')
cd /Users/admin/builder/spi-builder-workspace/.swiftpm/xcode
builtin-SwiftDriver -- /Applications/Xcode-27.0.0-Release.Candidate.app/Contents/Developer/Toolchains/XcodeDefault.xctoolchain/usr/bin/swiftc -parse-as-library -module-name OCCTSwiftViewport -Onone @/Users/admin/builder/spi-builder-workspace/.derivedData/Build/Intermediates.noindex/OCCTSwiftViewport.build/Debug-watchos/OCCTSwiftViewport-t.build/Objects-normal/arm64_32/OCCTSwiftViewport.SwiftFileList -DSWIFT_PACKAGE -DDEBUG -DSWIFT_MODULE_RESOURCE_BUNDLE_AVAILABLE -DXcode -plugin-path /Applications/Xcode-27.0.0-Release.Candidate.app/Contents/Developer/Toolchains/XcodeDefault.xctoolchain/usr/lib/swift/host/plugins/testing -enable-experimental-feature DebugDescriptionMacro -sdk /Applications/Xcode-27.0.0-Release.Candidate.app/Contents/Developer/Platforms/WatchOS.platform/Developer/SDKs/WatchOS27.0.sdk -target arm64_32-apple-watchos11.0 -g -module-cache-path /Users/admin/builder/spi-builder-workspace/.derivedData/ModuleCache.noindex -Xfrontend -serialize-debugging-options -profile-coverage-mapping -profile-generate -enable-testing -index-store-path /Users/admin/builder/spi-builder-workspace/.derivedData/Index.noindex/DataStore -Xcc -D_LIBCPP_HARDENING_MODE\=_LIBCPP_HARDENING_MODE_DEBUG -swift-version 6 -I /Users/admin/builder/spi-builder-workspace/.derivedData/Build/Products/Debug-watchos -Isystem /Applications/Xcode-27.0.0-Release.Candidate.app/Contents/Developer/Platforms/WatchOS.platform/Developer/usr/lib -F /Users/admin/builder/spi-builder-workspace/.derivedData/Build/Products/Debug-watchos -F /Applications/Xcode-27.0.0-Release.Candidate.app/Contents/Developer/Platforms/WatchOS.platform/Developer/Library/Frameworks -F /Applications/Xcode-27.0.0-Release.Candidate.app/Contents/Developer/Platforms/WatchOS.platform/Developer/SDKs/WatchOS27.0.sdk/Developer/Library/Frameworks -c -j10 -enable-batch-mode -incremental -Xcc -ivfsstatcache -Xcc /Users/admin/builder/spi-builder-workspace/.derivedData/SDKStatCaches.noindex/watchos27.0-24R360-e829b21a6f8c9b70876ba0858053c04477534ef55a1706bf4c1112bbb242f0a2.sdkstatcache -output-file-map /Users/admin/builder/spi-builder-workspace/.derivedData/Build/Intermediates.noindex/OCCTSwiftViewport.build/Debug-watchos/OCCTSwiftViewport-t.build/Objects-normal/arm64_32/OCCTSwiftViewport-OutputFileMap.json -save-temps -no-color-diagnostics -explicit-module-build -module-cache-path /Users/admin/builder/spi-builder-workspace/.derivedData/Build/Intermediates.noindex/SwiftExplicitPrecompiledModules -clang-scanner-module-cache-path /Users/admin/builder/spi-builder-workspace/.derivedData/ModuleCache.noindex -sdk-module-cache-path /Users/admin/builder/spi-builder-workspace/.derivedData/SDKExplicitPrecompiledModules -emit-dependencies -emit-module -emit-module-path /Users/admin/builder/spi-builder-workspace/.derivedData/Build/Intermediates.noindex/OCCTSwiftViewport.build/Debug-watchos/OCCTSwiftViewport-t.build/Objects-normal/arm64_32/OCCTSwiftViewport.swiftmodule -serialize-diagnostics -dependency-scan-serialize-diagnostics-path /Users/admin/builder/spi-builder-workspace/.derivedData/Build/Intermediates.noindex/OCCTSwiftViewport.build/Debug-watchos/OCCTSwiftViewport-t.build/Objects-normal/arm64_32/OCCTSwiftViewport-dependency-scan.dia -validate-clang-modules-once -clang-build-session-file /Users/admin/builder/spi-builder-workspace/.derivedData/ModuleCache.noindex/Session.modulevalidation -Xcc -fmodules-prune-interval\=86400 -Xcc -fmodules-prune-after\=345600 -package-name spi_builder_workspace -emit-const-values -const-gather-protocols-list /Users/admin/builder/spi-builder-workspace/.derivedData/Build/Intermediates.noindex/OCCTSwiftViewport.build/Debug-watchos/OCCTSwiftViewport-t.build/Objects-normal/arm64_32/OCCTSwiftViewport_const_extract_protocols.json -Xcc -I/Users/admin/builder/spi-builder-workspace/.derivedData/Build/Products/Debug-watchos/include -Xcc -I/Users/admin/builder/spi-builder-workspace/.derivedData/Build/Intermediates.noindex/OCCTSwiftViewport.build/Debug-watchos/OCCTSwiftViewport-t.build/DerivedSources-normal/arm64_32 -Xcc -I/Users/admin/builder/spi-builder-workspace/.derivedData/Build/Intermediates.noindex/OCCTSwiftViewport.build/Debug-watchos/OCCTSwiftViewport-t.build/DerivedSources/arm64_32 -Xcc -I/Users/admin/builder/spi-builder-workspace/.derivedData/Build/Intermediates.noindex/OCCTSwiftViewport.build/Debug-watchos/OCCTSwiftViewport-t.build/DerivedSources -Xcc -DSWIFT_PACKAGE -Xcc -DDEBUG\=1 -emit-objc-header -emit-objc-header-path /Users/admin/builder/spi-builder-workspace/.derivedData/Build/Intermediates.noindex/OCCTSwiftViewport.build/Debug-watchos/OCCTSwiftViewport-t.build/Objects-normal/arm64_32/OCCTSwiftViewport-Swift.h -working-directory /Users/admin/builder/spi-builder-workspace/.swiftpm/xcode -experimental-emit-module-separately -disable-cmo
/Users/admin/builder/spi-builder-workspace/Sources/OCCTSwiftViewport/Picking/PickTextureManager.swift:6:8: error: Unable to resolve module dependency: 'Metal' (in target 'OCCTSwiftViewport' from project 'OCCTSwiftViewport')
note: A dependency of main module 'OCCTSwiftViewport'
/Users/admin/builder/spi-builder-workspace/Sources/OCCTSwiftViewport/Renderer/EnvironmentMapManager.swift:8:24: note: Also imported here
/Users/admin/builder/spi-builder-workspace/Sources/OCCTSwiftViewport/Renderer/MeshletBuilder.swift:8:24: note: Also imported here
/Users/admin/builder/spi-builder-workspace/Sources/OCCTSwiftViewport/Renderer/OffscreenRenderer.swift:9:24: note: Also imported here
/Users/admin/builder/spi-builder-workspace/Sources/OCCTSwiftViewport/Renderer/RendererSharedBuffers.swift:6:24: note: Also imported here
/Users/admin/builder/spi-builder-workspace/Sources/OCCTSwiftViewport/Renderer/RendererSharedSetup.swift:6:24: note: Also imported here
/Users/admin/builder/spi-builder-workspace/Sources/OCCTSwiftViewport/Renderer/ShadowMapManager.swift:6:8: note: Also imported here
/Users/admin/builder/spi-builder-workspace/Sources/OCCTSwiftViewport/Renderer/TessellationManager.swift:7:24: note: Also imported here
/Users/admin/builder/spi-builder-workspace/Sources/OCCTSwiftViewport/Renderer/ViewportRendererHeadless.swift:8:24: note: Also imported here
/Users/admin/builder/spi-builder-workspace/Sources/OCCTSwiftViewport/Renderer/MetalViewRepresentable.swift:6:8: error: Unable to resolve module dependency: 'MetalKit' (in target 'OCCTSwiftViewport' from project 'OCCTSwiftViewport')
note: A dependency of main module 'OCCTSwiftViewport'
/Users/admin/builder/spi-builder-workspace/Sources/OCCTSwiftViewport/Renderer/ViewportRenderer.swift:6:24: note: Also imported here
/Users/admin/builder/spi-builder-workspace/Sources/OCCTSwiftViewport/Picking/PickTextureManager.swift:6:8: note: A dependency of main module 'OCCTSwiftViewport'
import Metal
^ (in target 'OCCTSwiftViewport' from project 'OCCTSwiftViewport')
/Users/admin/builder/spi-builder-workspace/Sources/OCCTSwiftViewport/Renderer/EnvironmentMapManager.swift:8:24: note: Also imported here
@preconcurrency import Metal
^ (in target 'OCCTSwiftViewport' from project 'OCCTSwiftViewport')
/Users/admin/builder/spi-builder-workspace/Sources/OCCTSwiftViewport/Renderer/MeshletBuilder.swift:8:24: note: Also imported here
@preconcurrency import Metal
^ (in target 'OCCTSwiftViewport' from project 'OCCTSwiftViewport')
/Users/admin/builder/spi-builder-workspace/Sources/OCCTSwiftViewport/Renderer/OffscreenRenderer.swift:9:24: note: Also imported here
@preconcurrency import Metal
^ (in target 'OCCTSwiftViewport' from project 'OCCTSwiftViewport')
/Users/admin/builder/spi-builder-workspace/Sources/OCCTSwiftViewport/Renderer/RendererSharedBuffers.swift:6:24: note: Also imported here
@preconcurrency import Metal
^ (in target 'OCCTSwiftViewport' from project 'OCCTSwiftViewport')
/Users/admin/builder/spi-builder-workspace/Sources/OCCTSwiftViewport/Renderer/RendererSharedSetup.swift:6:24: note: Also imported here
@preconcurrency import Metal
^ (in target 'OCCTSwiftViewport' from project 'OCCTSwiftViewport')
/Users/admin/builder/spi-builder-workspace/Sources/OCCTSwiftViewport/Renderer/ShadowMapManager.swift:6:8: note: Also imported here
import Metal
^ (in target 'OCCTSwiftViewport' from project 'OCCTSwiftViewport')
/Users/admin/builder/spi-builder-workspace/Sources/OCCTSwiftViewport/Renderer/TessellationManager.swift:7:24: note: Also imported here
@preconcurrency import Metal
^ (in target 'OCCTSwiftViewport' from project 'OCCTSwiftViewport')
/Users/admin/builder/spi-builder-workspace/Sources/OCCTSwiftViewport/Renderer/ViewportRendererHeadless.swift:8:24: note: Also imported here
@preconcurrency import Metal
^ (in target 'OCCTSwiftViewport' from project 'OCCTSwiftViewport')
/Users/admin/builder/spi-builder-workspace/Sources/OCCTSwiftViewport/Renderer/MetalViewRepresentable.swift:6:8: note: A dependency of main module 'OCCTSwiftViewport'
import MetalKit
^ (in target 'OCCTSwiftViewport' from project 'OCCTSwiftViewport')
/Users/admin/builder/spi-builder-workspace/Sources/OCCTSwiftViewport/Renderer/ViewportRenderer.swift:6:24: note: Also imported here
@preconcurrency import MetalKit
^ (in target 'OCCTSwiftViewport' from project 'OCCTSwiftViewport')
PruneExplicitPrecompiledModules /Users/admin/builder/spi-builder-workspace/.derivedData/Build/Intermediates.noindex/ExplicitPrecompiledModules
PruneExplicitPrecompiledModules /Users/admin/builder/spi-builder-workspace/.derivedData/Build/Intermediates.noindex/SwiftExplicitPrecompiledModules
PruneExplicitPrecompiledModules /Users/admin/builder/spi-builder-workspace/.derivedData/SDKExplicitPrecompiledModules
2026-09-27 00:50:07.590 xcodebuild[661:3906] [MT] IDERunDestination: Supported platforms for the buildables in the current scheme is empty.
** BUILD FAILED **
The following build commands failed:
SwiftDriver OCCTSwiftViewport normal arm64 com.apple.xcode.tools.swift.compiler (in target 'OCCTSwiftViewport' from project 'OCCTSwiftViewport')
SwiftDriver OCCTSwiftViewport normal arm64_32 com.apple.xcode.tools.swift.compiler (in target 'OCCTSwiftViewport' from project 'OCCTSwiftViewport')
Building workspace OCCTSwiftViewport with scheme OCCTSwiftViewport
(3 failures)
Command line invocation:
/Applications/Xcode-27.0.0-Release.Candidate.app/Contents/Developer/usr/bin/xcodebuild -IDEClonedSourcePackagesDirPathOverride=/Users/admin/builder/spi-builder-workspace/.dependencies -resolvePackageDependencies
Resolve Package Graph
Resolved source packages:
OCCTSwiftViewport: /Users/admin/builder/spi-builder-workspace
resolved source packages: OCCTSwiftViewport
2026-09-27 00:50:11.458 xcodebuild[711:4461] [MT] IDERunDestination: Supported platforms for the buildables in the current scheme is empty.
{
"dependencies" : [
],
"manifest_display_name" : "OCCTSwiftViewport",
"name" : "OCCTSwiftViewport",
"path" : "/Users/admin/builder/spi-builder-workspace",
"platforms" : [
{
"name" : "ios",
"version" : "18.0"
},
{
"name" : "macos",
"version" : "15.0"
},
{
"name" : "visionos",
"version" : "1.0"
}
],
"products" : [
{
"name" : "OCCTSwiftViewport",
"targets" : [
"OCCTSwiftViewport"
],
"type" : {
"library" : [
"automatic"
]
}
}
],
"targets" : [
{
"c99name" : "OCCTSwiftViewportTests",
"module_type" : "SwiftTarget",
"name" : "OCCTSwiftViewportTests",
"path" : "Tests/OCCTSwiftViewportTests",
"sources" : [
"BoundingBoxTests.swift",
"CameraControllerZoomTests.swift",
"CameraStateTests.swift",
"ClipPlaneTests.swift",
"CubeProbeTests.swift",
"DirectMeshRenderingTests.swift",
"FrustumTests.swift",
"HUDOverlayTests.swift",
"InputAbstractionTests.swift",
"MeasurementModeTests.swift",
"NavigationCubeTests.swift",
"NormalSmoothingTests.swift",
"OffscreenRendererMeasurementTests.swift",
"OffscreenTransformTests.swift",
"PickResultFilterTests.swift",
"PickResultTests.swift",
"PickabilityTests.swift",
"PivotStrategyTests.swift",
"RayTests.swift",
"RegionPickTests.swift",
"RendererSharedSetupTests.swift",
"SceneRaycastTests.swift",
"SurfaceTransparencyTests.swift",
"TriangleStyleTests.swift",
"UnlitColorTests.swift",
"ViewCubePositionTests.swift",
"ViewportArcTests.swift",
"ViewportConfigurationTests.swift",
"ViewportInputRouterTests.swift",
"ViewportPointCloudRenderingTests.swift",
"ViewportRendererHeadlessTests.swift"
],
"target_dependencies" : [
"OCCTSwiftViewport"
],
"type" : "test"
},
{
"c99name" : "OCCTSwiftViewport",
"module_type" : "SwiftTarget",
"name" : "OCCTSwiftViewport",
"path" : "Sources/OCCTSwiftViewport",
"product_memberships" : [
"OCCTSwiftViewport"
],
"resources" : [
{
"path" : "/Users/admin/builder/spi-builder-workspace/Sources/OCCTSwiftViewport/Renderer/Shaders.metal",
"rule" : {
"process" : {
}
}
}
],
"sources" : [
"Camera/CameraController.swift",
"Camera/CameraState+ClipPlanes.swift",
"Camera/CameraState.swift",
"Camera/PivotStrategy.swift",
"Camera/RotationStyle.swift",
"Camera/StandardView.swift",
"Configuration/ClipPlane.swift",
"Configuration/GestureConfiguration.swift",
"Configuration/MaterialLibrary.swift",
"Configuration/PBRMaterial.swift",
"Configuration/ViewportConfiguration.swift",
"Display/DisplayMode.swift",
"Display/LightingConfiguration.swift",
"HUD/CameraScale.swift",
"HUD/OrientationGnomon.swift",
"HUD/ScaleBarView.swift",
"Input/ViewportInputEvent.swift",
"Input/ViewportInputRouter.swift",
"Input/ViewportModifierKeys.swift",
"Math/BoundingBox.swift",
"Math/Frustum.swift",
"Math/MatrixUtils.swift",
"Math/ProjectionUtility.swift",
"Math/Ray.swift",
"Math/SceneRaycast.swift",
"OCCTSwiftViewport.swift",
"Picking/MeasurementPicking.swift",
"Picking/PickResult.swift",
"Picking/PickResultFilter.swift",
"Picking/PickTextureManager.swift",
"Picking/PickingConfiguration.swift",
"Renderer/EnvironmentMapManager.swift",
"Renderer/HDRLoader.swift",
"Renderer/MeasurementCompositor.swift",
"Renderer/MeshletBuilder.swift",
"Renderer/MetalViewRepresentable.swift",
"Renderer/NormalSmoothing.swift",
"Renderer/OffscreenRenderer.swift",
"Renderer/Primitives.swift",
"Renderer/RendererSharedBuffers.swift",
"Renderer/RendererSharedSetup.swift",
"Renderer/ShadowMapManager.swift",
"Renderer/TessellationManager.swift",
"Renderer/Uniforms+Scene.swift",
"Renderer/ViewportRenderer.swift",
"Renderer/ViewportRendererHeadless.swift",
"Types/Measurement.swift",
"Types/ViewportArc.swift",
"Types/ViewportBody.swift",
"ViewCube/NavigationCube.swift",
"ViewCube/NavigationCubeView.swift",
"ViewCube/ViewCubeRegion.swift",
"ViewCube/ViewCubeView.swift",
"Views/MeasurementOverlay.swift",
"Views/MetalViewportView.swift",
"Views/ViewportController.swift"
],
"type" : "library"
}
],
"tools_version" : "6.0"
}
{
"workspace" : {
"name" : "OCCTSwiftViewport",
"schemes" : [
"OCCTSwiftViewport"
]
}
}
2026-09-27 00:50:12.670 xcodebuild[723:4540] [MT] IDERunDestination: Supported platforms for the buildables in the current scheme is empty.
Running build ...
env DEVELOPER_DIR=/Applications/Xcode-27.0.0-Release.Candidate.app xcrun xcodebuild -IDEClonedSourcePackagesDirPathOverride=$PWD/.dependencies -skipMacroValidation -skipPackagePluginValidation -derivedDataPath $PWD/.derivedData build -scheme OCCTSwiftViewport -destination generic/platform=watchOS
Command line invocation:
/Applications/Xcode-27.0.0-Release.Candidate.app/Contents/Developer/usr/bin/xcodebuild -IDEClonedSourcePackagesDirPathOverride=/Users/admin/builder/spi-builder-workspace/.dependencies -skipMacroValidation -skipPackagePluginValidation -derivedDataPath /Users/admin/builder/spi-builder-workspace/.derivedData build -scheme OCCTSwiftViewport -destination generic/platform=watchOS
Resolve Package Graph
Resolved source packages:
OCCTSwiftViewport: /Users/admin/builder/spi-builder-workspace
ComputePackagePrebuildTargetDependencyGraph
Prepare packages
CreateBuildRequest
SendProjectDescription
CreateBuildOperation
ComputeTargetDependencyGraph
note: Building targets in dependency order
note: Target dependency graph (3 targets)
Target 'OCCTSwiftViewport-product' in project 'OCCTSwiftViewport'
➜ Explicit dependency on target 'OCCTSwiftViewport' in project 'OCCTSwiftViewport'
➜ Explicit dependency on target 'OCCTSwiftViewport_OCCTSwiftViewport' in project 'OCCTSwiftViewport'
Target 'OCCTSwiftViewport' in project 'OCCTSwiftViewport'
➜ Explicit dependency on target 'OCCTSwiftViewport_OCCTSwiftViewport' in project 'OCCTSwiftViewport'
Target 'OCCTSwiftViewport_OCCTSwiftViewport' in project 'OCCTSwiftViewport' (no dependencies)
GatherProvisioningInputs
CreateBuildDescription
ClangStatCache /Applications/Xcode-27.0.0-Release.Candidate.app/Contents/Developer/Toolchains/XcodeDefault.xctoolchain/usr/bin/clang-stat-cache /Applications/Xcode-27.0.0-Release.Candidate.app/Contents/Developer/Platforms/WatchOS.platform/Developer/SDKs/WatchOS27.0.sdk /Users/admin/builder/spi-builder-workspace/.derivedData/SDKStatCaches.noindex/watchos27.0-24R360-e829b21a6f8c9b70876ba0858053c04477534ef55a1706bf4c1112bbb242f0a2.sdkstatcache
cd /Users/admin/builder/spi-builder-workspace/.swiftpm/xcode
/Applications/Xcode-27.0.0-Release.Candidate.app/Contents/Developer/Toolchains/XcodeDefault.xctoolchain/usr/bin/clang-stat-cache /Applications/Xcode-27.0.0-Release.Candidate.app/Contents/Developer/Platforms/WatchOS.platform/Developer/SDKs/WatchOS27.0.sdk -o /Users/admin/builder/spi-builder-workspace/.derivedData/SDKStatCaches.noindex/watchos27.0-24R360-e829b21a6f8c9b70876ba0858053c04477534ef55a1706bf4c1112bbb242f0a2.sdkstatcache
CompileMetalFile /Users/admin/builder/spi-builder-workspace/Sources/OCCTSwiftViewport/Renderer/Shaders.metal (in target 'OCCTSwiftViewport_OCCTSwiftViewport' from project 'OCCTSwiftViewport')
cd /Users/admin/builder/spi-builder-workspace
/var/run/com.apple.security.cryptexd/mnt/com.apple.MobileAsset.MetalToolchain-v27.1.266.1.uZ0VXo/Metal.xctoolchain/usr/bin/metal -c -target air64-apple-watchos11.0 -I/Users/admin/builder/spi-builder-workspace/.derivedData/Build/Products/Debug-watchos/include -F/Users/admin/builder/spi-builder-workspace/.derivedData/Build/Products/Debug-watchos -isysroot /Applications/Xcode-27.0.0-Release.Candidate.app/Contents/Developer/Platforms/WatchOS.platform/Developer/SDKs/WatchOS27.0.sdk -fmetal-math-mode\=fast -fmetal-math-fp32-functions\=fast -serialize-diagnostics /Users/admin/builder/spi-builder-workspace/.derivedData/Build/Intermediates.noindex/OCCTSwiftViewport.build/Debug-watchos/OCCTSwiftViewport_OCCTSwiftViewport-b.build/Metal/Shaders.dia -o /Users/admin/builder/spi-builder-workspace/.derivedData/Build/Intermediates.noindex/OCCTSwiftViewport.build/Debug-watchos/OCCTSwiftViewport_OCCTSwiftViewport-b.build/Metal/Shaders.air -MMD -MT dependencies -MF /Users/admin/builder/spi-builder-workspace/.derivedData/Build/Intermediates.noindex/OCCTSwiftViewport.build/Debug-watchos/OCCTSwiftViewport_OCCTSwiftViewport-b.build/Metal/Shaders.dat /Users/admin/builder/spi-builder-workspace/Sources/OCCTSwiftViewport/Renderer/Shaders.metal
SwiftDriver OCCTSwiftViewport normal arm64_32 com.apple.xcode.tools.swift.compiler (in target 'OCCTSwiftViewport' from project 'OCCTSwiftViewport')
cd /Users/admin/builder/spi-builder-workspace/.swiftpm/xcode
builtin-SwiftDriver -- /Applications/Xcode-27.0.0-Release.Candidate.app/Contents/Developer/Toolchains/XcodeDefault.xctoolchain/usr/bin/swiftc -parse-as-library -module-name OCCTSwiftViewport -Onone @/Users/admin/builder/spi-builder-workspace/.derivedData/Build/Intermediates.noindex/OCCTSwiftViewport.build/Debug-watchos/OCCTSwiftViewport-t.build/Objects-normal/arm64_32/OCCTSwiftViewport.SwiftFileList -DSWIFT_PACKAGE -DDEBUG -DSWIFT_MODULE_RESOURCE_BUNDLE_AVAILABLE -DXcode -plugin-path /Applications/Xcode-27.0.0-Release.Candidate.app/Contents/Developer/Toolchains/XcodeDefault.xctoolchain/usr/lib/swift/host/plugins/testing -enable-experimental-feature DebugDescriptionMacro -sdk /Applications/Xcode-27.0.0-Release.Candidate.app/Contents/Developer/Platforms/WatchOS.platform/Developer/SDKs/WatchOS27.0.sdk -target arm64_32-apple-watchos11.0 -g -module-cache-path /Users/admin/builder/spi-builder-workspace/.derivedData/ModuleCache.noindex -Xfrontend -serialize-debugging-options -profile-coverage-mapping -profile-generate -enable-testing -index-store-path /Users/admin/builder/spi-builder-workspace/.derivedData/Index.noindex/DataStore -Xcc -D_LIBCPP_HARDENING_MODE\=_LIBCPP_HARDENING_MODE_DEBUG -swift-version 6 -I /Users/admin/builder/spi-builder-workspace/.derivedData/Build/Products/Debug-watchos -Isystem /Applications/Xcode-27.0.0-Release.Candidate.app/Contents/Developer/Platforms/WatchOS.platform/Developer/usr/lib -F /Users/admin/builder/spi-builder-workspace/.derivedData/Build/Products/Debug-watchos -F /Applications/Xcode-27.0.0-Release.Candidate.app/Contents/Developer/Platforms/WatchOS.platform/Developer/Library/Frameworks -F /Applications/Xcode-27.0.0-Release.Candidate.app/Contents/Developer/Platforms/WatchOS.platform/Developer/SDKs/WatchOS27.0.sdk/Developer/Library/Frameworks -c -j10 -enable-batch-mode -incremental -Xcc -ivfsstatcache -Xcc /Users/admin/builder/spi-builder-workspace/.derivedData/SDKStatCaches.noindex/watchos27.0-24R360-e829b21a6f8c9b70876ba0858053c04477534ef55a1706bf4c1112bbb242f0a2.sdkstatcache -output-file-map /Users/admin/builder/spi-builder-workspace/.derivedData/Build/Intermediates.noindex/OCCTSwiftViewport.build/Debug-watchos/OCCTSwiftViewport-t.build/Objects-normal/arm64_32/OCCTSwiftViewport-OutputFileMap.json -save-temps -no-color-diagnostics -explicit-module-build -module-cache-path /Users/admin/builder/spi-builder-workspace/.derivedData/Build/Intermediates.noindex/SwiftExplicitPrecompiledModules -clang-scanner-module-cache-path /Users/admin/builder/spi-builder-workspace/.derivedData/ModuleCache.noindex -sdk-module-cache-path /Users/admin/builder/spi-builder-workspace/.derivedData/SDKExplicitPrecompiledModules -emit-dependencies -emit-module -emit-module-path /Users/admin/builder/spi-builder-workspace/.derivedData/Build/Intermediates.noindex/OCCTSwiftViewport.build/Debug-watchos/OCCTSwiftViewport-t.build/Objects-normal/arm64_32/OCCTSwiftViewport.swiftmodule -serialize-diagnostics -dependency-scan-serialize-diagnostics-path /Users/admin/builder/spi-builder-workspace/.derivedData/Build/Intermediates.noindex/OCCTSwiftViewport.build/Debug-watchos/OCCTSwiftViewport-t.build/Objects-normal/arm64_32/OCCTSwiftViewport-dependency-scan.dia -validate-clang-modules-once -clang-build-session-file /Users/admin/builder/spi-builder-workspace/.derivedData/ModuleCache.noindex/Session.modulevalidation -Xcc -fmodules-prune-interval\=86400 -Xcc -fmodules-prune-after\=345600 -package-name spi_builder_workspace -emit-const-values -const-gather-protocols-list /Users/admin/builder/spi-builder-workspace/.derivedData/Build/Intermediates.noindex/OCCTSwiftViewport.build/Debug-watchos/OCCTSwiftViewport-t.build/Objects-normal/arm64_32/OCCTSwiftViewport_const_extract_protocols.json -Xcc -I/Users/admin/builder/spi-builder-workspace/.derivedData/Build/Products/Debug-watchos/include -Xcc -I/Users/admin/builder/spi-builder-workspace/.derivedData/Build/Intermediates.noindex/OCCTSwiftViewport.build/Debug-watchos/OCCTSwiftViewport-t.build/DerivedSources-normal/arm64_32 -Xcc -I/Users/admin/builder/spi-builder-workspace/.derivedData/Build/Intermediates.noindex/OCCTSwiftViewport.build/Debug-watchos/OCCTSwiftViewport-t.build/DerivedSources/arm64_32 -Xcc -I/Users/admin/builder/spi-builder-workspace/.derivedData/Build/Intermediates.noindex/OCCTSwiftViewport.build/Debug-watchos/OCCTSwiftViewport-t.build/DerivedSources -Xcc -DSWIFT_PACKAGE -Xcc -DDEBUG\=1 -emit-objc-header -emit-objc-header-path /Users/admin/builder/spi-builder-workspace/.derivedData/Build/Intermediates.noindex/OCCTSwiftViewport.build/Debug-watchos/OCCTSwiftViewport-t.build/Objects-normal/arm64_32/OCCTSwiftViewport-Swift.h -working-directory /Users/admin/builder/spi-builder-workspace/.swiftpm/xcode -experimental-emit-module-separately -disable-cmo
/Users/admin/builder/spi-builder-workspace/Sources/OCCTSwiftViewport/Picking/PickTextureManager.swift:6:8: error: Unable to resolve module dependency: 'Metal' (in target 'OCCTSwiftViewport' from project 'OCCTSwiftViewport')
note: A dependency of main module 'OCCTSwiftViewport'
/Users/admin/builder/spi-builder-workspace/Sources/OCCTSwiftViewport/Renderer/EnvironmentMapManager.swift:8:24: note: Also imported here
/Users/admin/builder/spi-builder-workspace/Sources/OCCTSwiftViewport/Renderer/MeshletBuilder.swift:8:24: note: Also imported here
/Users/admin/builder/spi-builder-workspace/Sources/OCCTSwiftViewport/Renderer/OffscreenRenderer.swift:9:24: note: Also imported here
/Users/admin/builder/spi-builder-workspace/Sources/OCCTSwiftViewport/Renderer/RendererSharedBuffers.swift:6:24: note: Also imported here
/Users/admin/builder/spi-builder-workspace/Sources/OCCTSwiftViewport/Renderer/RendererSharedSetup.swift:6:24: note: Also imported here
/Users/admin/builder/spi-builder-workspace/Sources/OCCTSwiftViewport/Renderer/ShadowMapManager.swift:6:8: note: Also imported here
/Users/admin/builder/spi-builder-workspace/Sources/OCCTSwiftViewport/Renderer/TessellationManager.swift:7:24: note: Also imported here
/Users/admin/builder/spi-builder-workspace/Sources/OCCTSwiftViewport/Renderer/ViewportRendererHeadless.swift:8:24: note: Also imported here
/Users/admin/builder/spi-builder-workspace/Sources/OCCTSwiftViewport/Renderer/MetalViewRepresentable.swift:6:8: error: Unable to resolve module dependency: 'MetalKit' (in target 'OCCTSwiftViewport' from project 'OCCTSwiftViewport')
note: A dependency of main module 'OCCTSwiftViewport'
/Users/admin/builder/spi-builder-workspace/Sources/OCCTSwiftViewport/Renderer/ViewportRenderer.swift:6:24: note: Also imported here
/Users/admin/builder/spi-builder-workspace/Sources/OCCTSwiftViewport/Picking/PickTextureManager.swift:6:8: note: A dependency of main module 'OCCTSwiftViewport'
import Metal
^ (in target 'OCCTSwiftViewport' from project 'OCCTSwiftViewport')
/Users/admin/builder/spi-builder-workspace/Sources/OCCTSwiftViewport/Renderer/EnvironmentMapManager.swift:8:24: note: Also imported here
@preconcurrency import Metal
^ (in target 'OCCTSwiftViewport' from project 'OCCTSwiftViewport')
/Users/admin/builder/spi-builder-workspace/Sources/OCCTSwiftViewport/Renderer/MeshletBuilder.swift:8:24: note: Also imported here
@preconcurrency import Metal
^ (in target 'OCCTSwiftViewport' from project 'OCCTSwiftViewport')
/Users/admin/builder/spi-builder-workspace/Sources/OCCTSwiftViewport/Renderer/OffscreenRenderer.swift:9:24: note: Also imported here
@preconcurrency import Metal
^ (in target 'OCCTSwiftViewport' from project 'OCCTSwiftViewport')
/Users/admin/builder/spi-builder-workspace/Sources/OCCTSwiftViewport/Renderer/RendererSharedBuffers.swift:6:24: note: Also imported here
@preconcurrency import Metal
^ (in target 'OCCTSwiftViewport' from project 'OCCTSwiftViewport')
/Users/admin/builder/spi-builder-workspace/Sources/OCCTSwiftViewport/Renderer/RendererSharedSetup.swift:6:24: note: Also imported here
@preconcurrency import Metal
^ (in target 'OCCTSwiftViewport' from project 'OCCTSwiftViewport')
/Users/admin/builder/spi-builder-workspace/Sources/OCCTSwiftViewport/Renderer/ShadowMapManager.swift:6:8: note: Also imported here
import Metal
^ (in target 'OCCTSwiftViewport' from project 'OCCTSwiftViewport')
/Users/admin/builder/spi-builder-workspace/Sources/OCCTSwiftViewport/Renderer/TessellationManager.swift:7:24: note: Also imported here
@preconcurrency import Metal
^ (in target 'OCCTSwiftViewport' from project 'OCCTSwiftViewport')
/Users/admin/builder/spi-builder-workspace/Sources/OCCTSwiftViewport/Renderer/ViewportRendererHeadless.swift:8:24: note: Also imported here
@preconcurrency import Metal
^ (in target 'OCCTSwiftViewport' from project 'OCCTSwiftViewport')
/Users/admin/builder/spi-builder-workspace/Sources/OCCTSwiftViewport/Renderer/MetalViewRepresentable.swift:6:8: note: A dependency of main module 'OCCTSwiftViewport'
import MetalKit
^ (in target 'OCCTSwiftViewport' from project 'OCCTSwiftViewport')
/Users/admin/builder/spi-builder-workspace/Sources/OCCTSwiftViewport/Renderer/ViewportRenderer.swift:6:24: note: Also imported here
@preconcurrency import MetalKit
^ (in target 'OCCTSwiftViewport' from project 'OCCTSwiftViewport')
SwiftDriver OCCTSwiftViewport normal arm64 com.apple.xcode.tools.swift.compiler (in target 'OCCTSwiftViewport' from project 'OCCTSwiftViewport')
cd /Users/admin/builder/spi-builder-workspace/.swiftpm/xcode
builtin-SwiftDriver -- /Applications/Xcode-27.0.0-Release.Candidate.app/Contents/Developer/Toolchains/XcodeDefault.xctoolchain/usr/bin/swiftc -parse-as-library -module-name OCCTSwiftViewport -Onone @/Users/admin/builder/spi-builder-workspace/.derivedData/Build/Intermediates.noindex/OCCTSwiftViewport.build/Debug-watchos/OCCTSwiftViewport-t.build/Objects-normal/arm64/OCCTSwiftViewport.SwiftFileList -DSWIFT_PACKAGE -DDEBUG -DSWIFT_MODULE_RESOURCE_BUNDLE_AVAILABLE -DXcode -plugin-path /Applications/Xcode-27.0.0-Release.Candidate.app/Contents/Developer/Toolchains/XcodeDefault.xctoolchain/usr/lib/swift/host/plugins/testing -enable-experimental-feature DebugDescriptionMacro -sdk /Applications/Xcode-27.0.0-Release.Candidate.app/Contents/Developer/Platforms/WatchOS.platform/Developer/SDKs/WatchOS27.0.sdk -target arm64-apple-watchos11.0 -g -module-cache-path /Users/admin/builder/spi-builder-workspace/.derivedData/ModuleCache.noindex -Xfrontend -serialize-debugging-options -profile-coverage-mapping -profile-generate -enable-testing -index-store-path /Users/admin/builder/spi-builder-workspace/.derivedData/Index.noindex/DataStore -Xcc -D_LIBCPP_HARDENING_MODE\=_LIBCPP_HARDENING_MODE_DEBUG -swift-version 6 -I /Users/admin/builder/spi-builder-workspace/.derivedData/Build/Products/Debug-watchos -Isystem /Applications/Xcode-27.0.0-Release.Candidate.app/Contents/Developer/Platforms/WatchOS.platform/Developer/usr/lib -F /Users/admin/builder/spi-builder-workspace/.derivedData/Build/Products/Debug-watchos -F /Applications/Xcode-27.0.0-Release.Candidate.app/Contents/Developer/Platforms/WatchOS.platform/Developer/Library/Frameworks -F /Applications/Xcode-27.0.0-Release.Candidate.app/Contents/Developer/Platforms/WatchOS.platform/Developer/SDKs/WatchOS27.0.sdk/Developer/Library/Frameworks -c -j10 -enable-batch-mode -incremental -Xcc -ivfsstatcache -Xcc /Users/admin/builder/spi-builder-workspace/.derivedData/SDKStatCaches.noindex/watchos27.0-24R360-e829b21a6f8c9b70876ba0858053c04477534ef55a1706bf4c1112bbb242f0a2.sdkstatcache -output-file-map /Users/admin/builder/spi-builder-workspace/.derivedData/Build/Intermediates.noindex/OCCTSwiftViewport.build/Debug-watchos/OCCTSwiftViewport-t.build/Objects-normal/arm64/OCCTSwiftViewport-OutputFileMap.json -save-temps -no-color-diagnostics -explicit-module-build -module-cache-path /Users/admin/builder/spi-builder-workspace/.derivedData/Build/Intermediates.noindex/SwiftExplicitPrecompiledModules -clang-scanner-module-cache-path /Users/admin/builder/spi-builder-workspace/.derivedData/ModuleCache.noindex -sdk-module-cache-path /Users/admin/builder/spi-builder-workspace/.derivedData/SDKExplicitPrecompiledModules -emit-dependencies -emit-module -emit-module-path /Users/admin/builder/spi-builder-workspace/.derivedData/Build/Intermediates.noindex/OCCTSwiftViewport.build/Debug-watchos/OCCTSwiftViewport-t.build/Objects-normal/arm64/OCCTSwiftViewport.swiftmodule -serialize-diagnostics -dependency-scan-serialize-diagnostics-path /Users/admin/builder/spi-builder-workspace/.derivedData/Build/Intermediates.noindex/OCCTSwiftViewport.build/Debug-watchos/OCCTSwiftViewport-t.build/Objects-normal/arm64/OCCTSwiftViewport-dependency-scan.dia -validate-clang-modules-once -clang-build-session-file /Users/admin/builder/spi-builder-workspace/.derivedData/ModuleCache.noindex/Session.modulevalidation -Xcc -fmodules-prune-interval\=86400 -Xcc -fmodules-prune-after\=345600 -package-name spi_builder_workspace -emit-const-values -const-gather-protocols-list /Users/admin/builder/spi-builder-workspace/.derivedData/Build/Intermediates.noindex/OCCTSwiftViewport.build/Debug-watchos/OCCTSwiftViewport-t.build/Objects-normal/arm64/OCCTSwiftViewport_const_extract_protocols.json -Xcc -I/Users/admin/builder/spi-builder-workspace/.derivedData/Build/Products/Debug-watchos/include -Xcc -I/Users/admin/builder/spi-builder-workspace/.derivedData/Build/Intermediates.noindex/OCCTSwiftViewport.build/Debug-watchos/OCCTSwiftViewport-t.build/DerivedSources-normal/arm64 -Xcc -I/Users/admin/builder/spi-builder-workspace/.derivedData/Build/Intermediates.noindex/OCCTSwiftViewport.build/Debug-watchos/OCCTSwiftViewport-t.build/DerivedSources/arm64 -Xcc -I/Users/admin/builder/spi-builder-workspace/.derivedData/Build/Intermediates.noindex/OCCTSwiftViewport.build/Debug-watchos/OCCTSwiftViewport-t.build/DerivedSources -Xcc -DSWIFT_PACKAGE -Xcc -DDEBUG\=1 -emit-objc-header -emit-objc-header-path /Users/admin/builder/spi-builder-workspace/.derivedData/Build/Intermediates.noindex/OCCTSwiftViewport.build/Debug-watchos/OCCTSwiftViewport-t.build/Objects-normal/arm64/OCCTSwiftViewport-Swift.h -working-directory /Users/admin/builder/spi-builder-workspace/.swiftpm/xcode -experimental-emit-module-separately -disable-cmo
/Users/admin/builder/spi-builder-workspace/Sources/OCCTSwiftViewport/Picking/PickTextureManager.swift:6:8: error: Unable to resolve module dependency: 'Metal' (in target 'OCCTSwiftViewport' from project 'OCCTSwiftViewport')
note: A dependency of main module 'OCCTSwiftViewport'
/Users/admin/builder/spi-builder-workspace/Sources/OCCTSwiftViewport/Renderer/EnvironmentMapManager.swift:8:24: note: Also imported here
/Users/admin/builder/spi-builder-workspace/Sources/OCCTSwiftViewport/Renderer/MeshletBuilder.swift:8:24: note: Also imported here
/Users/admin/builder/spi-builder-workspace/Sources/OCCTSwiftViewport/Renderer/OffscreenRenderer.swift:9:24: note: Also imported here
/Users/admin/builder/spi-builder-workspace/Sources/OCCTSwiftViewport/Renderer/RendererSharedBuffers.swift:6:24: note: Also imported here
/Users/admin/builder/spi-builder-workspace/Sources/OCCTSwiftViewport/Renderer/RendererSharedSetup.swift:6:24: note: Also imported here
/Users/admin/builder/spi-builder-workspace/Sources/OCCTSwiftViewport/Renderer/ShadowMapManager.swift:6:8: note: Also imported here
/Users/admin/builder/spi-builder-workspace/Sources/OCCTSwiftViewport/Renderer/TessellationManager.swift:7:24: note: Also imported here
/Users/admin/builder/spi-builder-workspace/Sources/OCCTSwiftViewport/Renderer/ViewportRendererHeadless.swift:8:24: note: Also imported here
/Users/admin/builder/spi-builder-workspace/Sources/OCCTSwiftViewport/Renderer/MetalViewRepresentable.swift:6:8: error: Unable to resolve module dependency: 'MetalKit' (in target 'OCCTSwiftViewport' from project 'OCCTSwiftViewport')
note: A dependency of main module 'OCCTSwiftViewport'
/Users/admin/builder/spi-builder-workspace/Sources/OCCTSwiftViewport/Renderer/ViewportRenderer.swift:6:24: note: Also imported here
/Users/admin/builder/spi-builder-workspace/Sources/OCCTSwiftViewport/Picking/PickTextureManager.swift:6:8: note: A dependency of main module 'OCCTSwiftViewport'
import Metal
^ (in target 'OCCTSwiftViewport' from project 'OCCTSwiftViewport')
/Users/admin/builder/spi-builder-workspace/Sources/OCCTSwiftViewport/Renderer/EnvironmentMapManager.swift:8:24: note: Also imported here
@preconcurrency import Metal
^ (in target 'OCCTSwiftViewport' from project 'OCCTSwiftViewport')
/Users/admin/builder/spi-builder-workspace/Sources/OCCTSwiftViewport/Renderer/MeshletBuilder.swift:8:24: note: Also imported here
@preconcurrency import Metal
^ (in target 'OCCTSwiftViewport' from project 'OCCTSwiftViewport')
/Users/admin/builder/spi-builder-workspace/Sources/OCCTSwiftViewport/Renderer/OffscreenRenderer.swift:9:24: note: Also imported here
@preconcurrency import Metal
^ (in target 'OCCTSwiftViewport' from project 'OCCTSwiftViewport')
/Users/admin/builder/spi-builder-workspace/Sources/OCCTSwiftViewport/Renderer/RendererSharedBuffers.swift:6:24: note: Also imported here
@preconcurrency import Metal
^ (in target 'OCCTSwiftViewport' from project 'OCCTSwiftViewport')
/Users/admin/builder/spi-builder-workspace/Sources/OCCTSwiftViewport/Renderer/RendererSharedSetup.swift:6:24: note: Also imported here
@preconcurrency import Metal
^ (in target 'OCCTSwiftViewport' from project 'OCCTSwiftViewport')
/Users/admin/builder/spi-builder-workspace/Sources/OCCTSwiftViewport/Renderer/ShadowMapManager.swift:6:8: note: Also imported here
import Metal
^ (in target 'OCCTSwiftViewport' from project 'OCCTSwiftViewport')
/Users/admin/builder/spi-builder-workspace/Sources/OCCTSwiftViewport/Renderer/TessellationManager.swift:7:24: note: Also imported here
@preconcurrency import Metal
^ (in target 'OCCTSwiftViewport' from project 'OCCTSwiftViewport')
/Users/admin/builder/spi-builder-workspace/Sources/OCCTSwiftViewport/Renderer/ViewportRendererHeadless.swift:8:24: note: Also imported here
@preconcurrency import Metal
^ (in target 'OCCTSwiftViewport' from project 'OCCTSwiftViewport')
/Users/admin/builder/spi-builder-workspace/Sources/OCCTSwiftViewport/Renderer/MetalViewRepresentable.swift:6:8: note: A dependency of main module 'OCCTSwiftViewport'
import MetalKit
^ (in target 'OCCTSwiftViewport' from project 'OCCTSwiftViewport')
/Users/admin/builder/spi-builder-workspace/Sources/OCCTSwiftViewport/Renderer/ViewportRenderer.swift:6:24: note: Also imported here
@preconcurrency import MetalKit
^ (in target 'OCCTSwiftViewport' from project 'OCCTSwiftViewport')
PruneExplicitPrecompiledModules /Users/admin/builder/spi-builder-workspace/.derivedData/Build/Intermediates.noindex/SwiftExplicitPrecompiledModules
PruneExplicitPrecompiledModules /Users/admin/builder/spi-builder-workspace/.derivedData/SDKExplicitPrecompiledModules
PruneExplicitPrecompiledModules /Users/admin/builder/spi-builder-workspace/.derivedData/Build/Intermediates.noindex/ExplicitPrecompiledModules
2026-09-27 00:50:13.636 xcodebuild[724:4563] [MT] IDERunDestination: Supported platforms for the buildables in the current scheme is empty.
** BUILD FAILED **
The following build commands failed:
SwiftDriver OCCTSwiftViewport normal arm64_32 com.apple.xcode.tools.swift.compiler (in target 'OCCTSwiftViewport' from project 'OCCTSwiftViewport')
SwiftDriver OCCTSwiftViewport normal arm64 com.apple.xcode.tools.swift.compiler (in target 'OCCTSwiftViewport' from project 'OCCTSwiftViewport')
Building workspace OCCTSwiftViewport with scheme OCCTSwiftViewport
(3 failures)
BUILD FAILURE 6.4 watchOS