Build Information
Failed to build ExtSwift, reference 2.1.0 (acc77c), with Swift 6.4 for tvOS using Xcode 27.0 on 20 Sep 2026 13:16:46 UTC.
Build Command
env DEVELOPER_DIR=/Applications/Xcode-27.0.0-Release.Candidate.app xcrun xcodebuild -IDEClonedSourcePackagesDirPathOverride=$PWD/.dependencies -skipMacroValidation -skipPackagePluginValidation -derivedDataPath $PWD/.derivedData build -scheme ExtSwift-Package -destination generic/platform=tvOSBuild Log
========================================
RunAll
========================================
Builder version: 5.1.0
Interrupt handler set up.
========================================
Checkout
========================================
Clone URL: https://github.com/iwill/ExtSwift.git
Reference: 2.1.0
Initialized empty Git repository in /Users/admin/builder/spi-builder-workspace/.git/
From https://github.com/iwill/ExtSwift
* tag 2.1.0 -> FETCH_HEAD
HEAD is now at acc77cc fix: error of Deploy to CocoaPods
Cloned https://github.com/iwill/ExtSwift.git
Revision (git rev-parse @):
acc77cc0c6edaabf21433174bfaacae7e3219a0a
SUCCESS checkout https://github.com/iwill/ExtSwift.git at 2.1.0
========================================
Build
========================================
Selected platform: tvOS
Swift version: 6.4
Building package at path: $PWD
https://github.com/iwill/ExtSwift.git
Command line invocation:
/Applications/Xcode-27.0.0-Release.Candidate.app/Contents/Developer/usr/bin/xcodebuild -IDEClonedSourcePackagesDirPathOverride=/Users/admin/builder/spi-builder-workspace/.dependencies -resolvePackageDependencies
Resolve Package Graph
Fetching from https://github.com/SnapKit/SnapKit
Creating working copy of package ‘SnapKit’
Checking out 5.7.1 of package ‘SnapKit’
Resolve Package Graph
Resolved source packages:
ExtSwift: /Users/admin/builder/spi-builder-workspace
SnapKit: https://github.com/SnapKit/SnapKit @ 5.7.1
resolved source packages: ExtSwift, SnapKit
2026-09-20 09:15:57.935 xcodebuild[528:3042] [MT] IDERunDestination: Supported platforms for the buildables in the current scheme is empty.
{
"dependencies" : [
{
"identity" : "snapkit",
"requirement" : {
"range" : [
{
"lower_bound" : "5.6.0",
"upper_bound" : "6.0.0"
}
]
},
"type" : "sourceControl",
"url" : "https://github.com/SnapKit/SnapKit"
}
],
"manifest_display_name" : "ExtSwift",
"name" : "ExtSwift",
"path" : "/Users/admin/builder/spi-builder-workspace",
"platforms" : [
{
"name" : "ios",
"version" : "13.0"
},
{
"name" : "macos",
"version" : "12.0"
}
],
"products" : [
{
"name" : "ExtSwift",
"targets" : [
"ExtSwift"
],
"type" : {
"library" : [
"automatic"
]
}
},
{
"name" : "ExtSwift-Dynamic",
"targets" : [
"ExtSwift"
],
"type" : {
"library" : [
"dynamic"
]
}
}
],
"swift_languages_versions" : [
"5"
],
"targets" : [
{
"c99name" : "ExtSwiftTests",
"module_type" : "SwiftTarget",
"name" : "ExtSwiftTests",
"path" : "Tests/ExtSwiftTests",
"sources" : [
"AnyEquatableTests.swift",
"ExtSwiftTests.swift",
"JSONTests.swift",
"KVOTests.swift",
"NameSpaceTests.swift",
"OperatorsTests.swift",
"SemanticVersionTests.swift",
"String+IntIndexTests.swift",
"ThemeTests.swift",
"TypesTests.swift",
"UIKitTests.swift",
"UIViewBuilderTests.swift",
"boolValueTests.swift",
"nonEmptyTests.swift",
"tryIndexTests.swift"
],
"target_dependencies" : [
"ExtSwift"
],
"type" : "test"
},
{
"c99name" : "ExtSwift",
"module_type" : "SwiftTarget",
"name" : "ExtSwift",
"path" : "Sources/ExtSwift",
"product_dependencies" : [
"SnapKit"
],
"product_memberships" : [
"ExtSwift",
"ExtSwift-Dynamic"
],
"sources" : [
"Foundation/ExtSwift.swift",
"Foundation/KVO.swift",
"Foundation/Mutable.swift",
"Foundation/NameSpace.swift",
"Foundation/Operators.swift",
"Foundation/Optional+opt.swift",
"Foundation/SemanticVersion.swift",
"Foundation/String+intIndex.swift",
"Foundation/Types.swift",
"Foundation/boolValue.swift",
"Foundation/nonEmpty.swift",
"Foundation/tryIndex.swift",
"UIKit/ESDiffableDataSource/ESCollectionViewDiffableDataSource.swift",
"UIKit/ESDiffableDataSource/ESDiffableDataSourceSnapshot.swift",
"UIKit/ESDiffableDataSource/ESDiffableDataSourceSnapshotBuilder.swift",
"UIKit/ESDiffableDataSource/ESTableViewDiffableDataSource.swift",
"UIKit/ESHitTestView.swift",
"UIKit/ESScrollViewController.swift",
"UIKit/ESTableViewController.swift",
"UIKit/SnapKit+superview.swift",
"UIKit/Theme.swift",
"UIKit/UIButton+.swift",
"UIKit/UIKit+addHandler.swift",
"UIKit/UIKit.swift",
"UIKit/UITableViewCell+style.swift",
"UIKit/UITextView+selectedIntRange.swift",
"UIKit/UIViewBuilder.swift",
"UIKit/UIViewController+.swift",
"unstable/AnyEquatable.swift",
"unstable/JSON.swift",
"unstable/WeakArray.swift"
],
"type" : "library"
}
],
"tools_version" : "5.10"
}
{
"workspace" : {
"name" : "ExtSwift",
"schemes" : [
"ExtSwift",
"ExtSwift-Dynamic",
"ExtSwift-Package"
]
}
}
2026-09-20 09:16:29.742 xcodebuild[663:4041] [MT] IDERunDestination: Supported platforms for the buildables in the current scheme is empty.
Running build ...
env DEVELOPER_DIR=/Applications/Xcode-27.0.0-Release.Candidate.app xcrun xcodebuild -IDEClonedSourcePackagesDirPathOverride=$PWD/.dependencies -skipMacroValidation -skipPackagePluginValidation -derivedDataPath $PWD/.derivedData build -scheme ExtSwift-Package -destination generic/platform=tvOS
Command line invocation:
/Applications/Xcode-27.0.0-Release.Candidate.app/Contents/Developer/usr/bin/xcodebuild -IDEClonedSourcePackagesDirPathOverride=/Users/admin/builder/spi-builder-workspace/.dependencies -skipMacroValidation -skipPackagePluginValidation -derivedDataPath /Users/admin/builder/spi-builder-workspace/.derivedData build -scheme ExtSwift-Package -destination generic/platform=tvOS
Resolve Package Graph
Resolve Package Graph
Resolved source packages:
ExtSwift: /Users/admin/builder/spi-builder-workspace
SnapKit: https://github.com/SnapKit/SnapKit @ 5.7.1
ComputePackagePrebuildTargetDependencyGraph
Prepare packages
CreateBuildRequest
SendProjectDescription
CreateBuildOperation
ComputeTargetDependencyGraph
note: Building targets in dependency order
note: Target dependency graph (6 targets)
Target 'ExtSwift-Dynamic-product' in project 'ExtSwift'
➜ Explicit dependency on target 'ExtSwift' in project 'ExtSwift'
➜ Explicit dependency on target 'SnapKit-product' in project 'SnapKit'
Target 'ExtSwift-product' in project 'ExtSwift'
➜ Explicit dependency on target 'ExtSwift' in project 'ExtSwift'
➜ Explicit dependency on target 'SnapKit-product' in project 'SnapKit'
Target 'ExtSwift' in project 'ExtSwift'
➜ Explicit dependency on target 'SnapKit-product' in project 'SnapKit'
Target 'SnapKit-product' in project 'SnapKit'
➜ Explicit dependency on target 'SnapKit' in project 'SnapKit'
➜ Explicit dependency on target 'SnapKit_SnapKit' in project 'SnapKit'
Target 'SnapKit' in project 'SnapKit'
➜ Explicit dependency on target 'SnapKit_SnapKit' in project 'SnapKit'
Target 'SnapKit_SnapKit' in project 'SnapKit' (no dependencies)
GatherProvisioningInputs
CreateBuildDescription
ExecuteExternalTool /Applications/Xcode-27.0.0-Release.Candidate.app/Contents/Developer/Toolchains/XcodeDefault.xctoolchain/usr/bin/clang -v -E -dM -isysroot /Applications/Xcode-27.0.0-Release.Candidate.app/Contents/Developer/Platforms/AppleTVOS.platform/Developer/SDKs/AppleTVOS27.0.sdk -x c -c /dev/null
ExecuteExternalTool /Applications/Xcode-27.0.0-Release.Candidate.app/Contents/Developer/Toolchains/XcodeDefault.xctoolchain/usr/bin/swiftc --version
ExecuteExternalTool /Applications/Xcode-27.0.0-Release.Candidate.app/Contents/Developer/Toolchains/XcodeDefault.xctoolchain/usr/bin/ld -version_details
Build description signature: b80c264ab0be7fc0612963789c1594c8
Build description path: /Users/admin/builder/spi-builder-workspace/.derivedData/Build/Intermediates.noindex/XCBuildData/b80c264ab0be7fc0612963789c1594c8.xcbuilddata
CreateBuildDirectory /Users/admin/builder/spi-builder-workspace/.derivedData/ModuleCache.noindex
cd /Users/admin/builder/spi-builder-workspace/.swiftpm/xcode
builtin-create-build-directory /Users/admin/builder/spi-builder-workspace/.derivedData/ModuleCache.noindex
CreateBuildDirectory /Users/admin/builder/spi-builder-workspace/.derivedData/CompilationCache.noindex
cd /Users/admin/builder/spi-builder-workspace/.swiftpm/xcode
builtin-create-build-directory /Users/admin/builder/spi-builder-workspace/.derivedData/CompilationCache.noindex
CreateBuildDirectory /Users/admin/builder/spi-builder-workspace/.derivedData/SDKExplicitPrecompiledModules
cd /Users/admin/builder/spi-builder-workspace/.swiftpm/xcode
builtin-create-build-directory /Users/admin/builder/spi-builder-workspace/.derivedData/SDKExplicitPrecompiledModules
ClangStatCache /Applications/Xcode-27.0.0-Release.Candidate.app/Contents/Developer/Toolchains/XcodeDefault.xctoolchain/usr/bin/clang-stat-cache /Applications/Xcode-27.0.0-Release.Candidate.app/Contents/Developer/Platforms/AppleTVOS.platform/Developer/SDKs/AppleTVOS27.0.sdk /Users/admin/builder/spi-builder-workspace/.derivedData/SDKStatCaches.noindex/appletvos27.0-24J360-e829b21a6f8c9b70876ba0858053c044b32bfd8d43560033f8d89884cdb90028.sdkstatcache
cd /Users/admin/builder/spi-builder-workspace/.swiftpm/xcode
/Applications/Xcode-27.0.0-Release.Candidate.app/Contents/Developer/Toolchains/XcodeDefault.xctoolchain/usr/bin/clang-stat-cache /Applications/Xcode-27.0.0-Release.Candidate.app/Contents/Developer/Platforms/AppleTVOS.platform/Developer/SDKs/AppleTVOS27.0.sdk -o /Users/admin/builder/spi-builder-workspace/.derivedData/SDKStatCaches.noindex/appletvos27.0-24J360-e829b21a6f8c9b70876ba0858053c044b32bfd8d43560033f8d89884cdb90028.sdkstatcache
CreateBuildDirectory /Users/admin/builder/spi-builder-workspace/.derivedData/Build/Intermediates.noindex
cd /Users/admin/builder/spi-builder-workspace/.swiftpm/xcode
builtin-create-build-directory /Users/admin/builder/spi-builder-workspace/.derivedData/Build/Intermediates.noindex
CreateBuildDirectory /Users/admin/builder/spi-builder-workspace/.derivedData/Build/Products
cd /Users/admin/builder/spi-builder-workspace/.swiftpm/xcode
builtin-create-build-directory /Users/admin/builder/spi-builder-workspace/.derivedData/Build/Products
CreateBuildDirectory /Users/admin/builder/spi-builder-workspace/.derivedData/Build/Intermediates.noindex/SwiftExplicitPrecompiledModules
cd /Users/admin/builder/spi-builder-workspace/.swiftpm/xcode
builtin-create-build-directory /Users/admin/builder/spi-builder-workspace/.derivedData/Build/Intermediates.noindex/SwiftExplicitPrecompiledModules
CreateBuildDirectory /Users/admin/builder/spi-builder-workspace/.derivedData/Build/Intermediates.noindex/ExplicitPrecompiledModules
cd /Users/admin/builder/spi-builder-workspace/.swiftpm/xcode
builtin-create-build-directory /Users/admin/builder/spi-builder-workspace/.derivedData/Build/Intermediates.noindex/ExplicitPrecompiledModules
CreateBuildDirectory /Users/admin/builder/spi-builder-workspace/.derivedData/Build/Intermediates.noindex/PrecompiledHeaders
cd /Users/admin/builder/spi-builder-workspace/.swiftpm/xcode
builtin-create-build-directory /Users/admin/builder/spi-builder-workspace/.derivedData/Build/Intermediates.noindex/PrecompiledHeaders
CreateBuildDirectory /Users/admin/builder/spi-builder-workspace/.derivedData/Build/Intermediates.noindex/EagerLinkingTBDs/Debug-appletvos
cd /Users/admin/builder/spi-builder-workspace/.swiftpm/xcode
builtin-create-build-directory /Users/admin/builder/spi-builder-workspace/.derivedData/Build/Intermediates.noindex/EagerLinkingTBDs/Debug-appletvos
CreateBuildDirectory /Users/admin/builder/spi-builder-workspace/.derivedData/Build/Products/Debug-appletvos
cd /Users/admin/builder/spi-builder-workspace/.swiftpm/xcode
builtin-create-build-directory /Users/admin/builder/spi-builder-workspace/.derivedData/Build/Products/Debug-appletvos
CreateBuildDirectory /Users/admin/builder/spi-builder-workspace/.derivedData/Build/Products/Debug-appletvos/PackageFrameworks
cd /Users/admin/builder/spi-builder-workspace/.swiftpm/xcode
builtin-create-build-directory /Users/admin/builder/spi-builder-workspace/.derivedData/Build/Products/Debug-appletvos/PackageFrameworks
WriteAuxiliaryFile /Users/admin/builder/spi-builder-workspace/.derivedData/Build/Intermediates.noindex/SnapKit.build/Debug-appletvos/SnapKit_SnapKit-b.build/empty-SnapKit_SnapKit.plist (in target 'SnapKit_SnapKit' from project 'SnapKit')
cd /Users/admin/builder/spi-builder-workspace/.dependencies/checkouts/SnapKit
write-file /Users/admin/builder/spi-builder-workspace/.derivedData/Build/Intermediates.noindex/SnapKit.build/Debug-appletvos/SnapKit_SnapKit-b.build/empty-SnapKit_SnapKit.plist
WriteAuxiliaryFile /Users/admin/builder/spi-builder-workspace/.derivedData/Build/Intermediates.noindex/SnapKit.build/Debug-appletvos/SnapKit_SnapKit-b.build/SnapKit_SnapKit.DependencyStaticMetadataFileList (in target 'SnapKit_SnapKit' from project 'SnapKit')
cd /Users/admin/builder/spi-builder-workspace/.dependencies/checkouts/SnapKit
write-file /Users/admin/builder/spi-builder-workspace/.derivedData/Build/Intermediates.noindex/SnapKit.build/Debug-appletvos/SnapKit_SnapKit-b.build/SnapKit_SnapKit.DependencyStaticMetadataFileList
WriteAuxiliaryFile /Users/admin/builder/spi-builder-workspace/.derivedData/Build/Intermediates.noindex/SnapKit.build/Debug-appletvos/SnapKit_SnapKit-b.build/SnapKit_SnapKit.DependencyMetadataFileList (in target 'SnapKit_SnapKit' from project 'SnapKit')
cd /Users/admin/builder/spi-builder-workspace/.dependencies/checkouts/SnapKit
write-file /Users/admin/builder/spi-builder-workspace/.derivedData/Build/Intermediates.noindex/SnapKit.build/Debug-appletvos/SnapKit_SnapKit-b.build/SnapKit_SnapKit.DependencyMetadataFileList
WriteAuxiliaryFile /Users/admin/builder/spi-builder-workspace/.derivedData/Build/Intermediates.noindex/SnapKit.build/Debug-appletvos/SnapKit-t.build/SnapKit.modulemap (in target 'SnapKit' from project 'SnapKit')
cd /Users/admin/builder/spi-builder-workspace/.dependencies/checkouts/SnapKit
write-file /Users/admin/builder/spi-builder-workspace/.derivedData/Build/Intermediates.noindex/SnapKit.build/Debug-appletvos/SnapKit-t.build/SnapKit.modulemap
WriteAuxiliaryFile /Users/admin/builder/spi-builder-workspace/.derivedData/Build/Intermediates.noindex/SnapKit.build/Debug-appletvos/SnapKit-t.build/SnapKit.DependencyStaticMetadataFileList (in target 'SnapKit' from project 'SnapKit')
cd /Users/admin/builder/spi-builder-workspace/.dependencies/checkouts/SnapKit
write-file /Users/admin/builder/spi-builder-workspace/.derivedData/Build/Intermediates.noindex/SnapKit.build/Debug-appletvos/SnapKit-t.build/SnapKit.DependencyStaticMetadataFileList
WriteAuxiliaryFile /Users/admin/builder/spi-builder-workspace/.derivedData/Build/Intermediates.noindex/SnapKit.build/Debug-appletvos/SnapKit-t.build/SnapKit.DependencyMetadataFileList (in target 'SnapKit' from project 'SnapKit')
cd /Users/admin/builder/spi-builder-workspace/.dependencies/checkouts/SnapKit
write-file /Users/admin/builder/spi-builder-workspace/.derivedData/Build/Intermediates.noindex/SnapKit.build/Debug-appletvos/SnapKit-t.build/SnapKit.DependencyMetadataFileList
WriteAuxiliaryFile /Users/admin/builder/spi-builder-workspace/.derivedData/Build/Intermediates.noindex/ExtSwift.build/Debug-appletvos/ExtSwift-Dynamic-product-t.build/empty-ExtSwift-Dynamic.plist (in target 'ExtSwift-Dynamic-product' from project 'ExtSwift')
cd /Users/admin/builder/spi-builder-workspace
write-file /Users/admin/builder/spi-builder-workspace/.derivedData/Build/Intermediates.noindex/ExtSwift.build/Debug-appletvos/ExtSwift-Dynamic-product-t.build/empty-ExtSwift-Dynamic.plist
WriteAuxiliaryFile /Users/admin/builder/spi-builder-workspace/.derivedData/Build/Intermediates.noindex/ExtSwift.build/Debug-appletvos/ExtSwift-Dynamic-product-t.build/Objects-normal/arm64/ExtSwift-Dynamic.LinkFileList (in target 'ExtSwift-Dynamic-product' from project 'ExtSwift')
cd /Users/admin/builder/spi-builder-workspace
write-file /Users/admin/builder/spi-builder-workspace/.derivedData/Build/Intermediates.noindex/ExtSwift.build/Debug-appletvos/ExtSwift-Dynamic-product-t.build/Objects-normal/arm64/ExtSwift-Dynamic.LinkFileList
WriteAuxiliaryFile /Users/admin/builder/spi-builder-workspace/.derivedData/Build/Intermediates.noindex/SnapKit.build/Debug-appletvos/SnapKit-t.build/Objects-normal/arm64/SnapKit_const_extract_protocols.json (in target 'SnapKit' from project 'SnapKit')
cd /Users/admin/builder/spi-builder-workspace/.dependencies/checkouts/SnapKit
write-file /Users/admin/builder/spi-builder-workspace/.derivedData/Build/Intermediates.noindex/SnapKit.build/Debug-appletvos/SnapKit-t.build/Objects-normal/arm64/SnapKit_const_extract_protocols.json
WriteAuxiliaryFile /Users/admin/builder/spi-builder-workspace/.derivedData/Build/Intermediates.noindex/SnapKit.build/Debug-appletvos/SnapKit-t.build/Objects-normal/arm64/SnapKit.SwiftFileList (in target 'SnapKit' from project 'SnapKit')
cd /Users/admin/builder/spi-builder-workspace/.dependencies/checkouts/SnapKit
write-file /Users/admin/builder/spi-builder-workspace/.derivedData/Build/Intermediates.noindex/SnapKit.build/Debug-appletvos/SnapKit-t.build/Objects-normal/arm64/SnapKit.SwiftFileList
WriteAuxiliaryFile /Users/admin/builder/spi-builder-workspace/.derivedData/Build/Intermediates.noindex/SnapKit.build/Debug-appletvos/SnapKit-t.build/Objects-normal/arm64/SnapKit.SwiftConstValuesFileList (in target 'SnapKit' from project 'SnapKit')
cd /Users/admin/builder/spi-builder-workspace/.dependencies/checkouts/SnapKit
write-file /Users/admin/builder/spi-builder-workspace/.derivedData/Build/Intermediates.noindex/SnapKit.build/Debug-appletvos/SnapKit-t.build/Objects-normal/arm64/SnapKit.SwiftConstValuesFileList
WriteAuxiliaryFile /Users/admin/builder/spi-builder-workspace/.derivedData/Build/Intermediates.noindex/SnapKit.build/Debug-appletvos/SnapKit-t.build/Objects-normal/arm64/SnapKit.LinkFileList (in target 'SnapKit' from project 'SnapKit')
cd /Users/admin/builder/spi-builder-workspace/.dependencies/checkouts/SnapKit
write-file /Users/admin/builder/spi-builder-workspace/.derivedData/Build/Intermediates.noindex/SnapKit.build/Debug-appletvos/SnapKit-t.build/Objects-normal/arm64/SnapKit.LinkFileList
WriteAuxiliaryFile /Users/admin/builder/spi-builder-workspace/.derivedData/Build/Intermediates.noindex/SnapKit.build/Debug-appletvos/SnapKit-t.build/Objects-normal/arm64/SnapKit-OutputFileMap.json (in target 'SnapKit' from project 'SnapKit')
cd /Users/admin/builder/spi-builder-workspace/.dependencies/checkouts/SnapKit
write-file /Users/admin/builder/spi-builder-workspace/.derivedData/Build/Intermediates.noindex/SnapKit.build/Debug-appletvos/SnapKit-t.build/Objects-normal/arm64/SnapKit-OutputFileMap.json
WriteAuxiliaryFile /Users/admin/builder/spi-builder-workspace/.derivedData/Build/Intermediates.noindex/SnapKit.build/Debug-appletvos/SnapKit-t.build/DerivedSources/resource_bundle_accessor.swift (in target 'SnapKit' from project 'SnapKit')
cd /Users/admin/builder/spi-builder-workspace/.dependencies/checkouts/SnapKit
write-file /Users/admin/builder/spi-builder-workspace/.derivedData/Build/Intermediates.noindex/SnapKit.build/Debug-appletvos/SnapKit-t.build/DerivedSources/resource_bundle_accessor.swift
Copy /Users/admin/builder/spi-builder-workspace/.derivedData/Build/Intermediates.noindex/GeneratedModuleMaps-appletvos/SnapKit.modulemap /Users/admin/builder/spi-builder-workspace/.derivedData/Build/Intermediates.noindex/SnapKit.build/Debug-appletvos/SnapKit-t.build/SnapKit.modulemap (in target 'SnapKit' from project 'SnapKit')
cd /Users/admin/builder/spi-builder-workspace/.dependencies/checkouts/SnapKit
builtin-copy -exclude .DS_Store -exclude CVS -exclude .svn -exclude .git -exclude .hg -resolve-src-symlinks /Users/admin/builder/spi-builder-workspace/.derivedData/Build/Intermediates.noindex/SnapKit.build/Debug-appletvos/SnapKit-t.build/SnapKit.modulemap /Users/admin/builder/spi-builder-workspace/.derivedData/Build/Intermediates.noindex/GeneratedModuleMaps-appletvos
WriteAuxiliaryFile /Users/admin/builder/spi-builder-workspace/.derivedData/Build/Intermediates.noindex/ExtSwift.build/Debug-appletvos/ExtSwift-t.build/Objects-normal/arm64/ExtSwift_const_extract_protocols.json (in target 'ExtSwift' from project 'ExtSwift')
cd /Users/admin/builder/spi-builder-workspace
write-file /Users/admin/builder/spi-builder-workspace/.derivedData/Build/Intermediates.noindex/ExtSwift.build/Debug-appletvos/ExtSwift-t.build/Objects-normal/arm64/ExtSwift_const_extract_protocols.json
WriteAuxiliaryFile /Users/admin/builder/spi-builder-workspace/.derivedData/Build/Intermediates.noindex/ExtSwift.build/Debug-appletvos/ExtSwift-t.build/Objects-normal/arm64/ExtSwift.SwiftFileList (in target 'ExtSwift' from project 'ExtSwift')
cd /Users/admin/builder/spi-builder-workspace
write-file /Users/admin/builder/spi-builder-workspace/.derivedData/Build/Intermediates.noindex/ExtSwift.build/Debug-appletvos/ExtSwift-t.build/Objects-normal/arm64/ExtSwift.SwiftFileList
WriteAuxiliaryFile /Users/admin/builder/spi-builder-workspace/.derivedData/Build/Intermediates.noindex/ExtSwift.build/Debug-appletvos/ExtSwift-t.build/Objects-normal/arm64/ExtSwift.SwiftConstValuesFileList (in target 'ExtSwift' from project 'ExtSwift')
cd /Users/admin/builder/spi-builder-workspace
write-file /Users/admin/builder/spi-builder-workspace/.derivedData/Build/Intermediates.noindex/ExtSwift.build/Debug-appletvos/ExtSwift-t.build/Objects-normal/arm64/ExtSwift.SwiftConstValuesFileList
WriteAuxiliaryFile /Users/admin/builder/spi-builder-workspace/.derivedData/Build/Intermediates.noindex/ExtSwift.build/Debug-appletvos/ExtSwift-t.build/Objects-normal/arm64/ExtSwift.LinkFileList (in target 'ExtSwift' from project 'ExtSwift')
cd /Users/admin/builder/spi-builder-workspace
write-file /Users/admin/builder/spi-builder-workspace/.derivedData/Build/Intermediates.noindex/ExtSwift.build/Debug-appletvos/ExtSwift-t.build/Objects-normal/arm64/ExtSwift.LinkFileList
WriteAuxiliaryFile /Users/admin/builder/spi-builder-workspace/.derivedData/Build/Intermediates.noindex/ExtSwift.build/Debug-appletvos/ExtSwift-t.build/Objects-normal/arm64/ExtSwift-OutputFileMap.json (in target 'ExtSwift' from project 'ExtSwift')
cd /Users/admin/builder/spi-builder-workspace
write-file /Users/admin/builder/spi-builder-workspace/.derivedData/Build/Intermediates.noindex/ExtSwift.build/Debug-appletvos/ExtSwift-t.build/Objects-normal/arm64/ExtSwift-OutputFileMap.json
WriteAuxiliaryFile /Users/admin/builder/spi-builder-workspace/.derivedData/Build/Intermediates.noindex/ExtSwift.build/Debug-appletvos/ExtSwift-t.build/ExtSwift.modulemap (in target 'ExtSwift' from project 'ExtSwift')
cd /Users/admin/builder/spi-builder-workspace
write-file /Users/admin/builder/spi-builder-workspace/.derivedData/Build/Intermediates.noindex/ExtSwift.build/Debug-appletvos/ExtSwift-t.build/ExtSwift.modulemap
WriteAuxiliaryFile /Users/admin/builder/spi-builder-workspace/.derivedData/Build/Intermediates.noindex/ExtSwift.build/Debug-appletvos/ExtSwift-t.build/ExtSwift.DependencyStaticMetadataFileList (in target 'ExtSwift' from project 'ExtSwift')
cd /Users/admin/builder/spi-builder-workspace
write-file /Users/admin/builder/spi-builder-workspace/.derivedData/Build/Intermediates.noindex/ExtSwift.build/Debug-appletvos/ExtSwift-t.build/ExtSwift.DependencyStaticMetadataFileList
WriteAuxiliaryFile /Users/admin/builder/spi-builder-workspace/.derivedData/Build/Intermediates.noindex/ExtSwift.build/Debug-appletvos/ExtSwift-t.build/ExtSwift.DependencyMetadataFileList (in target 'ExtSwift' from project 'ExtSwift')
cd /Users/admin/builder/spi-builder-workspace
write-file /Users/admin/builder/spi-builder-workspace/.derivedData/Build/Intermediates.noindex/ExtSwift.build/Debug-appletvos/ExtSwift-t.build/ExtSwift.DependencyMetadataFileList
WriteAuxiliaryFile /Users/admin/builder/spi-builder-workspace/.derivedData/Build/Intermediates.noindex/ExtSwift.build/Debug-appletvos/ExtSwift-Dynamic-product-t.build/ExtSwift-Dynamic.DependencyStaticMetadataFileList (in target 'ExtSwift-Dynamic-product' from project 'ExtSwift')
cd /Users/admin/builder/spi-builder-workspace
write-file /Users/admin/builder/spi-builder-workspace/.derivedData/Build/Intermediates.noindex/ExtSwift.build/Debug-appletvos/ExtSwift-Dynamic-product-t.build/ExtSwift-Dynamic.DependencyStaticMetadataFileList
WriteAuxiliaryFile /Users/admin/builder/spi-builder-workspace/.derivedData/Build/Intermediates.noindex/ExtSwift.build/Debug-appletvos/ExtSwift-Dynamic-product-t.build/ExtSwift-Dynamic.DependencyMetadataFileList (in target 'ExtSwift-Dynamic-product' from project 'ExtSwift')
cd /Users/admin/builder/spi-builder-workspace
write-file /Users/admin/builder/spi-builder-workspace/.derivedData/Build/Intermediates.noindex/ExtSwift.build/Debug-appletvos/ExtSwift-Dynamic-product-t.build/ExtSwift-Dynamic.DependencyMetadataFileList
MkDir /Users/admin/builder/spi-builder-workspace/.derivedData/Build/Products/Debug-appletvos/SnapKit_SnapKit.bundle (in target 'SnapKit_SnapKit' from project 'SnapKit')
cd /Users/admin/builder/spi-builder-workspace/.dependencies/checkouts/SnapKit
/bin/mkdir -p /Users/admin/builder/spi-builder-workspace/.derivedData/Build/Products/Debug-appletvos/SnapKit_SnapKit.bundle
MkDir /Users/admin/builder/spi-builder-workspace/.derivedData/Build/Products/Debug-appletvos/PackageFrameworks/ExtSwift-Dynamic.framework (in target 'ExtSwift-Dynamic-product' from project 'ExtSwift')
cd /Users/admin/builder/spi-builder-workspace
/bin/mkdir -p /Users/admin/builder/spi-builder-workspace/.derivedData/Build/Products/Debug-appletvos/PackageFrameworks/ExtSwift-Dynamic.framework
Copy /Users/admin/builder/spi-builder-workspace/.derivedData/Build/Intermediates.noindex/GeneratedModuleMaps-appletvos/ExtSwift.modulemap /Users/admin/builder/spi-builder-workspace/.derivedData/Build/Intermediates.noindex/ExtSwift.build/Debug-appletvos/ExtSwift-t.build/ExtSwift.modulemap (in target 'ExtSwift' from project 'ExtSwift')
cd /Users/admin/builder/spi-builder-workspace
builtin-copy -exclude .DS_Store -exclude CVS -exclude .svn -exclude .git -exclude .hg -resolve-src-symlinks /Users/admin/builder/spi-builder-workspace/.derivedData/Build/Intermediates.noindex/ExtSwift.build/Debug-appletvos/ExtSwift-t.build/ExtSwift.modulemap /Users/admin/builder/spi-builder-workspace/.derivedData/Build/Intermediates.noindex/GeneratedModuleMaps-appletvos
ProcessInfoPlistFile /Users/admin/builder/spi-builder-workspace/.derivedData/Build/Products/Debug-appletvos/SnapKit_SnapKit.bundle/Info.plist /Users/admin/builder/spi-builder-workspace/.derivedData/Build/Intermediates.noindex/SnapKit.build/Debug-appletvos/SnapKit_SnapKit-b.build/empty-SnapKit_SnapKit.plist (in target 'SnapKit_SnapKit' from project 'SnapKit')
cd /Users/admin/builder/spi-builder-workspace/.dependencies/checkouts/SnapKit
builtin-infoPlistUtility /Users/admin/builder/spi-builder-workspace/.derivedData/Build/Intermediates.noindex/SnapKit.build/Debug-appletvos/SnapKit_SnapKit-b.build/empty-SnapKit_SnapKit.plist -producttype com.apple.product-type.bundle -expandbuildsettings -format binary -platform appletvos -o /Users/admin/builder/spi-builder-workspace/.derivedData/Build/Products/Debug-appletvos/SnapKit_SnapKit.bundle/Info.plist
CpResource /Users/admin/builder/spi-builder-workspace/.derivedData/Build/Products/Debug-appletvos/SnapKit_SnapKit.bundle/PrivacyInfo.xcprivacy /Users/admin/builder/spi-builder-workspace/.dependencies/checkouts/SnapKit/Sources/PrivacyInfo.xcprivacy (in target 'SnapKit_SnapKit' from project 'SnapKit')
cd /Users/admin/builder/spi-builder-workspace/.dependencies/checkouts/SnapKit
builtin-copy -exclude .DS_Store -exclude CVS -exclude .svn -exclude .git -exclude .hg -resolve-src-symlinks /Users/admin/builder/spi-builder-workspace/.dependencies/checkouts/SnapKit/Sources/PrivacyInfo.xcprivacy /Users/admin/builder/spi-builder-workspace/.derivedData/Build/Products/Debug-appletvos/SnapKit_SnapKit.bundle
RegisterExecutionPolicyException /Users/admin/builder/spi-builder-workspace/.derivedData/Build/Products/Debug-appletvos/SnapKit_SnapKit.bundle (in target 'SnapKit_SnapKit' from project 'SnapKit')
cd /Users/admin/builder/spi-builder-workspace/.dependencies/checkouts/SnapKit
builtin-RegisterExecutionPolicyException /Users/admin/builder/spi-builder-workspace/.derivedData/Build/Products/Debug-appletvos/SnapKit_SnapKit.bundle
Touch /Users/admin/builder/spi-builder-workspace/.derivedData/Build/Products/Debug-appletvos/SnapKit_SnapKit.bundle (in target 'SnapKit_SnapKit' from project 'SnapKit')
cd /Users/admin/builder/spi-builder-workspace/.dependencies/checkouts/SnapKit
/usr/bin/touch -c /Users/admin/builder/spi-builder-workspace/.derivedData/Build/Products/Debug-appletvos/SnapKit_SnapKit.bundle
SwiftDriver SnapKit normal arm64 com.apple.xcode.tools.swift.compiler (in target 'SnapKit' from project 'SnapKit')
cd /Users/admin/builder/spi-builder-workspace/.swiftpm/xcode
builtin-SwiftDriver -- /Applications/Xcode-27.0.0-Release.Candidate.app/Contents/Developer/Toolchains/XcodeDefault.xctoolchain/usr/bin/swiftc -parse-as-library -module-name SnapKit -Onone @/Users/admin/builder/spi-builder-workspace/.derivedData/Build/Intermediates.noindex/SnapKit.build/Debug-appletvos/SnapKit-t.build/Objects-normal/arm64/SnapKit.SwiftFileList -DSWIFT_PACKAGE -DDEBUG -DSWIFT_MODULE_RESOURCE_BUNDLE_AVAILABLE -DXcode -plugin-path /Applications/Xcode-27.0.0-Release.Candidate.app/Contents/Developer/Toolchains/XcodeDefault.xctoolchain/usr/lib/swift/host/plugins/testing -enable-experimental-feature DebugDescriptionMacro -sdk /Applications/Xcode-27.0.0-Release.Candidate.app/Contents/Developer/Platforms/AppleTVOS.platform/Developer/SDKs/AppleTVOS27.0.sdk -target arm64-apple-tvos15.0 -g -module-cache-path /Users/admin/builder/spi-builder-workspace/.derivedData/ModuleCache.noindex -Xfrontend -serialize-debugging-options -profile-coverage-mapping -profile-generate -enable-testing -suppress-warnings -index-store-path /Users/admin/builder/spi-builder-workspace/.derivedData/Index.noindex/DataStore -Xcc -D_LIBCPP_HARDENING_MODE\=_LIBCPP_HARDENING_MODE_DEBUG -swift-version 5 -I /Users/admin/builder/spi-builder-workspace/.derivedData/Build/Products/Debug-appletvos -Isystem /Applications/Xcode-27.0.0-Release.Candidate.app/Contents/Developer/Platforms/AppleTVOS.platform/Developer/usr/lib -F /Users/admin/builder/spi-builder-workspace/.derivedData/Build/Products/Debug-appletvos -F /Applications/Xcode-27.0.0-Release.Candidate.app/Contents/Developer/Platforms/AppleTVOS.platform/Developer/Library/Frameworks -F /Applications/Xcode-27.0.0-Release.Candidate.app/Contents/Developer/Platforms/AppleTVOS.platform/Developer/SDKs/AppleTVOS27.0.sdk/Developer/Library/Frameworks -c -j10 -enable-batch-mode -incremental -Xcc -ivfsstatcache -Xcc /Users/admin/builder/spi-builder-workspace/.derivedData/SDKStatCaches.noindex/appletvos27.0-24J360-e829b21a6f8c9b70876ba0858053c044b32bfd8d43560033f8d89884cdb90028.sdkstatcache -output-file-map /Users/admin/builder/spi-builder-workspace/.derivedData/Build/Intermediates.noindex/SnapKit.build/Debug-appletvos/SnapKit-t.build/Objects-normal/arm64/SnapKit-OutputFileMap.json -save-temps -no-color-diagnostics -explicit-module-build -module-cache-path /Users/admin/builder/spi-builder-workspace/.derivedData/Build/Intermediates.noindex/SwiftExplicitPrecompiledModules -clang-scanner-module-cache-path /Users/admin/builder/spi-builder-workspace/.derivedData/ModuleCache.noindex -sdk-module-cache-path /Users/admin/builder/spi-builder-workspace/.derivedData/SDKExplicitPrecompiledModules -emit-dependencies -emit-module -emit-module-path /Users/admin/builder/spi-builder-workspace/.derivedData/Build/Intermediates.noindex/SnapKit.build/Debug-appletvos/SnapKit-t.build/Objects-normal/arm64/SnapKit.swiftmodule -serialize-diagnostics -dependency-scan-serialize-diagnostics-path /Users/admin/builder/spi-builder-workspace/.derivedData/Build/Intermediates.noindex/SnapKit.build/Debug-appletvos/SnapKit-t.build/Objects-normal/arm64/SnapKit-dependency-scan.dia -validate-clang-modules-once -clang-build-session-file /Users/admin/builder/spi-builder-workspace/.derivedData/ModuleCache.noindex/Session.modulevalidation -Xcc -fmodules-prune-interval\=86400 -Xcc -fmodules-prune-after\=345600 -emit-const-values -const-gather-protocols-list /Users/admin/builder/spi-builder-workspace/.derivedData/Build/Intermediates.noindex/SnapKit.build/Debug-appletvos/SnapKit-t.build/Objects-normal/arm64/SnapKit_const_extract_protocols.json -Xcc -I/Users/admin/builder/spi-builder-workspace/.derivedData/Build/Products/Debug-appletvos/include -Xcc -I/Users/admin/builder/spi-builder-workspace/.derivedData/Build/Intermediates.noindex/SnapKit.build/Debug-appletvos/SnapKit-t.build/DerivedSources-normal/arm64 -Xcc -I/Users/admin/builder/spi-builder-workspace/.derivedData/Build/Intermediates.noindex/SnapKit.build/Debug-appletvos/SnapKit-t.build/DerivedSources/arm64 -Xcc -I/Users/admin/builder/spi-builder-workspace/.derivedData/Build/Intermediates.noindex/SnapKit.build/Debug-appletvos/SnapKit-t.build/DerivedSources -Xcc -DSWIFT_PACKAGE -Xcc -DDEBUG\=1 -emit-objc-header -emit-objc-header-path /Users/admin/builder/spi-builder-workspace/.derivedData/Build/Intermediates.noindex/SnapKit.build/Debug-appletvos/SnapKit-t.build/Objects-normal/arm64/SnapKit-Swift.h -working-directory /Users/admin/builder/spi-builder-workspace/.swiftpm/xcode -experimental-emit-module-separately -disable-cmo
SwiftExplicitDependencyGeneratePcm arm64 /Users/admin/builder/spi-builder-workspace/.derivedData/SDKExplicitPrecompiledModules/_Builtin_float-8ZJAYZ85YBOAOP52Y9H6IUNP3.pcm
SwiftExplicitDependencyGeneratePcm arm64 /Users/admin/builder/spi-builder-workspace/.derivedData/SDKExplicitPrecompiledModules/SwiftShims-8N4EXJ4RUJTR8K9OO3CMOH1EP.pcm
SwiftExplicitDependencyGeneratePcm arm64 /Users/admin/builder/spi-builder-workspace/.derivedData/SDKExplicitPrecompiledModules/DeveloperToolsSupport-B1X8RI63V48AJRTH2RK6JAARV.pcm
SwiftExplicitDependencyGeneratePcm arm64 /Users/admin/builder/spi-builder-workspace/.derivedData/SDKExplicitPrecompiledModules/_Builtin_stdbool-AHRDH5EKLY6D04C5E42F3VCQI.pcm
SwiftExplicitDependencyGeneratePcm arm64 /Users/admin/builder/spi-builder-workspace/.derivedData/SDKExplicitPrecompiledModules/_Builtin_stdarg-BO2OCAUYVAXDRVQWQ8ISKGNUQ.pcm
SwiftExplicitDependencyGeneratePcm arm64 /Users/admin/builder/spi-builder-workspace/.derivedData/SDKExplicitPrecompiledModules/ptrcheck-2AZ6B5IBYD3RRRTFWN2ONASY3.pcm
SwiftExplicitDependencyGeneratePcm arm64 /Users/admin/builder/spi-builder-workspace/.derivedData/SDKExplicitPrecompiledModules/_SwiftConcurrencyShims-BY5PD8KF1L5KF6F4Q69HE3TJ4.pcm
SwiftExplicitDependencyGeneratePcm arm64 /Users/admin/builder/spi-builder-workspace/.derivedData/SDKExplicitPrecompiledModules/ptrauth-8X2KEPL7CTRPS40TUB9APHPK6.pcm
SwiftExplicitDependencyGeneratePcm arm64 /Users/admin/builder/spi-builder-workspace/.derivedData/SDKExplicitPrecompiledModules/_AvailabilityInternal-BV2EDDP0MI5QJDDPEEV4D9D3V.pcm
SwiftExplicitDependencyGeneratePcm arm64 /Users/admin/builder/spi-builder-workspace/.derivedData/SDKExplicitPrecompiledModules/_Builtin_stddef-9ZJZ6FDEZNKTZU8YLPMFT9RAQ.pcm
SwiftExplicitDependencyGeneratePcm arm64 /Users/admin/builder/spi-builder-workspace/.derivedData/SDKExplicitPrecompiledModules/_DarwinFoundation1-JOTYMOA1YZCIJ2NON6FQ848O.pcm
SwiftExplicitDependencyGeneratePcm arm64 /Users/admin/builder/spi-builder-workspace/.derivedData/SDKExplicitPrecompiledModules/_DarwinFoundation2-AOGAN1O02NKXRJN5V73AV3V3M.pcm
SwiftExplicitDependencyGeneratePcm arm64 /Users/admin/builder/spi-builder-workspace/.derivedData/SDKExplicitPrecompiledModules/_Builtin_limits-7JU2HP127LIT1X9E2V3D8WZ1.pcm
SwiftExplicitDependencyGeneratePcm arm64 /Users/admin/builder/spi-builder-workspace/.derivedData/SDKExplicitPrecompiledModules/sys_types-8GCAV1YMG5UUGHUID3CA20TCH.pcm
SwiftExplicitDependencyGeneratePcm arm64 /Users/admin/builder/spi-builder-workspace/.derivedData/SDKExplicitPrecompiledModules/string_h-6EVHP7A717OUS5DMC78F79HWO.pcm
SwiftExplicitDependencyGeneratePcm arm64 /Users/admin/builder/spi-builder-workspace/.derivedData/SDKExplicitPrecompiledModules/_Builtin_tgmath-7ULT1EUHDHW4OZPSTT33H6QGE.pcm
SwiftExplicitDependencyGeneratePcm arm64 /Users/admin/builder/spi-builder-workspace/.derivedData/SDKExplicitPrecompiledModules/_Builtin_stdint-6NFTB6IBKS143IVPGT1EKB7HO.pcm
SwiftExplicitDependencyGeneratePcm arm64 /Users/admin/builder/spi-builder-workspace/.derivedData/SDKExplicitPrecompiledModules/_Builtin_intrinsics-437O2R2NID4WAQVENR63GR82C.pcm
SwiftExplicitDependencyGeneratePcm arm64 /Users/admin/builder/spi-builder-workspace/.derivedData/SDKExplicitPrecompiledModules/_DarwinFoundation3-8SR3855WDFHQPR6G9GHOI2C07.pcm
SwiftExplicitDependencyGeneratePcm arm64 /Users/admin/builder/spi-builder-workspace/.derivedData/SDKExplicitPrecompiledModules/_Builtin_stdatomic-3YXHN678NGYM3NL9POJ2HVEIF.pcm
SwiftExplicitDependencyGeneratePcm arm64 /Users/admin/builder/spi-builder-workspace/.derivedData/SDKExplicitPrecompiledModules/_Builtin_inttypes-6X1IQ3QK9KEVKXOK9Y79EW7J3.pcm
SwiftExplicitDependencyGeneratePcm arm64 /Users/admin/builder/spi-builder-workspace/.derivedData/SDKExplicitPrecompiledModules/Darwin-DBSQAVBBPC3D2OMU5ZI2RXMST.pcm
SwiftExplicitDependencyGeneratePcm arm64 /Users/admin/builder/spi-builder-workspace/.derivedData/SDKExplicitPrecompiledModules/simd-117QUXEUT3Z7UQCUYWV2UA228.pcm
SwiftExplicitDependencyGeneratePcm arm64 /Users/admin/builder/spi-builder-workspace/.derivedData/SDKExplicitPrecompiledModules/MachO-EH3F5PJCIZG05NO51CEFSZYPW.pcm
SwiftExplicitDependencyGeneratePcm arm64 /Users/admin/builder/spi-builder-workspace/.derivedData/SDKExplicitPrecompiledModules/ObjectiveC-5250FDCE56N8508OR6XUYDKZM.pcm
SwiftExplicitDependencyGeneratePcm arm64 /Users/admin/builder/spi-builder-workspace/.derivedData/SDKExplicitPrecompiledModules/os_object-E2DGZ0SX0TULQHULZRPO6OKNW.pcm
SwiftExplicitDependencyGeneratePcm arm64 /Users/admin/builder/spi-builder-workspace/.derivedData/SDKExplicitPrecompiledModules/os_workgroup-DBUFF7811DKMX7VPBOJPGGF1U.pcm
SwiftExplicitDependencyGeneratePcm arm64 /Users/admin/builder/spi-builder-workspace/.derivedData/SDKExplicitPrecompiledModules/Dispatch-1QL58A0V50C39KVAIC6C38SHL.pcm
SwiftExplicitDependencyGeneratePcm arm64 /Users/admin/builder/spi-builder-workspace/.derivedData/SDKExplicitPrecompiledModules/Spatial-7U8NLEFXSB8BR7PJQGVMF5A4Q.pcm
SwiftExplicitDependencyGeneratePcm arm64 /Users/admin/builder/spi-builder-workspace/.derivedData/SDKExplicitPrecompiledModules/XPC-6O2DJFT3QUJ7QKTD3SNUB6PCR.pcm
SwiftExplicitDependencyGeneratePcm arm64 /Users/admin/builder/spi-builder-workspace/.derivedData/SDKExplicitPrecompiledModules/CoreFoundation-7TPJ7ENDC4L1A1ESHYI9TXS0D.pcm
SwiftExplicitDependencyGeneratePcm arm64 /Users/admin/builder/spi-builder-workspace/.derivedData/SDKExplicitPrecompiledModules/os-3GJI8H0BNAEZPQPQ1V0VVY3FY.pcm
SwiftExplicitDependencyGeneratePcm arm64 /Users/admin/builder/spi-builder-workspace/.derivedData/SDKExplicitPrecompiledModules/CoreGraphics-CWSP3J98S2658BYCVL6RP99T3.pcm
SwiftExplicitDependencyGeneratePcm arm64 /Users/admin/builder/spi-builder-workspace/.derivedData/SDKExplicitPrecompiledModules/CFNetwork-2CUR2VK9S3S3WPFXPNXNUWYGN.pcm
SwiftExplicitDependencyGeneratePcm arm64 /Users/admin/builder/spi-builder-workspace/.derivedData/SDKExplicitPrecompiledModules/Security-8VMXEKVDA3MHUH9AOTP905DID.pcm
SwiftExplicitDependencyGeneratePcm arm64 /Users/admin/builder/spi-builder-workspace/.derivedData/SDKExplicitPrecompiledModules/Foundation-BSSIP64DIGUKMAYJOG1WPQ78X.pcm
SwiftExplicitDependencyGeneratePcm arm64 /Users/admin/builder/spi-builder-workspace/.derivedData/SDKExplicitPrecompiledModules/CoreText-59NY7PABM0I4V978161FOC04A.pcm
SwiftExplicitDependencyGeneratePcm arm64 /Users/admin/builder/spi-builder-workspace/.derivedData/SDKExplicitPrecompiledModules/ImageIO-88D4CLEBD4CLWQKT78PZ6H1O8.pcm
SwiftExplicitDependencyGeneratePcm arm64 /Users/admin/builder/spi-builder-workspace/.derivedData/SDKExplicitPrecompiledModules/UserNotifications-E9ZW5TH066WIJWH9080RC5NG4.pcm
SwiftExplicitDependencyGeneratePcm arm64 /Users/admin/builder/spi-builder-workspace/.derivedData/SDKExplicitPrecompiledModules/OSLog-7OT6HHTMY0ZFEQJ095LJZ6NLC.pcm
SwiftExplicitDependencyGeneratePcm arm64 /Users/admin/builder/spi-builder-workspace/.derivedData/SDKExplicitPrecompiledModules/_LocationEssentials-ETSJ65FELPWR8WH8G49R1DF2E.pcm
SwiftExplicitDependencyGeneratePcm arm64 /Users/admin/builder/spi-builder-workspace/.derivedData/SDKExplicitPrecompiledModules/UIUtilities-6ZFJ1AK4H8IBGEBMYQBWGBYLK.pcm
SwiftExplicitDependencyGeneratePcm arm64 /Users/admin/builder/spi-builder-workspace/.derivedData/SDKExplicitPrecompiledModules/UniformTypeIdentifiers-95CC8U42ZA9STP5K6GP9ZVJS5.pcm
SwiftExplicitDependencyGeneratePcm arm64 /Users/admin/builder/spi-builder-workspace/.derivedData/SDKExplicitPrecompiledModules/IOSurface-38FJ1CKX9FV2RD97O64Z7QB17.pcm
SwiftExplicitDependencyGeneratePcm arm64 /Users/admin/builder/spi-builder-workspace/.derivedData/SDKExplicitPrecompiledModules/CoreTransferable-7V4O8DATEQ9F7SDNTCW8YWLG3.pcm
SwiftExplicitDependencyGeneratePcm arm64 /Users/admin/builder/spi-builder-workspace/.derivedData/SDKExplicitPrecompiledModules/Symbols-B5AU9VM9Y7NU79RLMH13Z4IFM.pcm
SwiftExplicitDependencyGeneratePcm arm64 /Users/admin/builder/spi-builder-workspace/.derivedData/SDKExplicitPrecompiledModules/Accessibility-B6BODGZ4MQQTY0PBC4SHRP009.pcm
SwiftExplicitDependencyGeneratePcm arm64 /Users/admin/builder/spi-builder-workspace/.derivedData/SDKExplicitPrecompiledModules/DataDetection-37JIYZ2GWDA1L166PP1D9JKAF.pcm
SwiftExplicitDependencyGeneratePcm arm64 /Users/admin/builder/spi-builder-workspace/.derivedData/SDKExplicitPrecompiledModules/CoreLocation-YVXXAOMVX0JH2KO1XTTKTY51.pcm
SwiftExplicitDependencyGeneratePcm arm64 /Users/admin/builder/spi-builder-workspace/.derivedData/SDKExplicitPrecompiledModules/Metal-2KYBS7IML1SD788M91YV7Q0CC.pcm
SwiftExplicitDependencyGeneratePcm arm64 /Users/admin/builder/spi-builder-workspace/.derivedData/SDKExplicitPrecompiledModules/OpenGLES-4NY99CNDU9WUNUYEIXSS1QFGE.pcm
SwiftExplicitDependencyGeneratePcm arm64 /Users/admin/builder/spi-builder-workspace/.derivedData/SDKExplicitPrecompiledModules/CoreVideo-DPU0PB5X0XLSVA2ETRGI6FJBM.pcm
SwiftExplicitDependencyGeneratePcm arm64 /Users/admin/builder/spi-builder-workspace/.derivedData/SDKExplicitPrecompiledModules/CoreImage-7S2AFJ8EIY3DUFYLEAX1JR1QV.pcm
SwiftExplicitDependencyGeneratePcm arm64 /Users/admin/builder/spi-builder-workspace/.derivedData/SDKExplicitPrecompiledModules/QuartzCore-DJSYAWKXFGVSAK5CQMOB3JSR.pcm
SwiftExplicitDependencyGeneratePcm arm64 /Users/admin/builder/spi-builder-workspace/.derivedData/SDKExplicitPrecompiledModules/SwiftUICore-543QU5V2NHKUFCYFJDKUJ7NYG.pcm
SwiftExplicitDependencyGeneratePcm arm64 /Users/admin/builder/spi-builder-workspace/.derivedData/SDKExplicitPrecompiledModules/UIKit-1TKWN7VC2X6N3ITMRVA2G0EB2.pcm
SwiftEmitModule normal arm64 Emitting\ module\ for\ SnapKit (in target 'SnapKit' from project 'SnapKit')
SwiftCompile normal arm64 (in target 'SnapKit' from project 'SnapKit')
cd /Users/admin/builder/spi-builder-workspace/.swiftpm/xcode
SwiftCompile normal arm64 Compiling\ ConstraintMultiplierTarget.swift,\ ConstraintOffsetTarget.swift,\ ConstraintPriority.swift,\ ConstraintPriorityTarget.swift /Users/admin/builder/spi-builder-workspace/.dependencies/checkouts/SnapKit/Sources/ConstraintMultiplierTarget.swift /Users/admin/builder/spi-builder-workspace/.dependencies/checkouts/SnapKit/Sources/ConstraintOffsetTarget.swift /Users/admin/builder/spi-builder-workspace/.dependencies/checkouts/SnapKit/Sources/ConstraintPriority.swift /Users/admin/builder/spi-builder-workspace/.dependencies/checkouts/SnapKit/Sources/ConstraintPriorityTarget.swift (in target 'SnapKit' from project 'SnapKit')
SwiftCompile normal arm64 /Users/admin/builder/spi-builder-workspace/.dependencies/checkouts/SnapKit/Sources/ConstraintMultiplierTarget.swift (in target 'SnapKit' from project 'SnapKit')
cd /Users/admin/builder/spi-builder-workspace/.swiftpm/xcode
builtin-SwiftPerFileCompile ConstraintMultiplierTarget.swift
SwiftCompile normal arm64 /Users/admin/builder/spi-builder-workspace/.dependencies/checkouts/SnapKit/Sources/ConstraintOffsetTarget.swift (in target 'SnapKit' from project 'SnapKit')
cd /Users/admin/builder/spi-builder-workspace/.swiftpm/xcode
builtin-SwiftPerFileCompile ConstraintOffsetTarget.swift
SwiftCompile normal arm64 /Users/admin/builder/spi-builder-workspace/.dependencies/checkouts/SnapKit/Sources/ConstraintPriority.swift (in target 'SnapKit' from project 'SnapKit')
cd /Users/admin/builder/spi-builder-workspace/.swiftpm/xcode
builtin-SwiftPerFileCompile ConstraintPriority.swift
SwiftCompile normal arm64 /Users/admin/builder/spi-builder-workspace/.dependencies/checkouts/SnapKit/Sources/ConstraintPriorityTarget.swift (in target 'SnapKit' from project 'SnapKit')
cd /Users/admin/builder/spi-builder-workspace/.swiftpm/xcode
builtin-SwiftPerFileCompile ConstraintPriorityTarget.swift
SwiftCompile normal arm64 Compiling\ ConstraintLayoutGuide+Extensions.swift,\ ConstraintLayoutGuide.swift,\ ConstraintLayoutGuideDSL.swift,\ ConstraintLayoutSupport.swift /Users/admin/builder/spi-builder-workspace/.dependencies/checkouts/SnapKit/Sources/ConstraintLayoutGuide+Extensions.swift /Users/admin/builder/spi-builder-workspace/.dependencies/checkouts/SnapKit/Sources/ConstraintLayoutGuide.swift /Users/admin/builder/spi-builder-workspace/.dependencies/checkouts/SnapKit/Sources/ConstraintLayoutGuideDSL.swift /Users/admin/builder/spi-builder-workspace/.dependencies/checkouts/SnapKit/Sources/ConstraintLayoutSupport.swift (in target 'SnapKit' from project 'SnapKit')
SwiftCompile normal arm64 /Users/admin/builder/spi-builder-workspace/.dependencies/checkouts/SnapKit/Sources/ConstraintLayoutGuide+Extensions.swift (in target 'SnapKit' from project 'SnapKit')
cd /Users/admin/builder/spi-builder-workspace/.swiftpm/xcode
builtin-SwiftPerFileCompile ConstraintLayoutGuide+Extensions.swift
SwiftCompile normal arm64 /Users/admin/builder/spi-builder-workspace/.dependencies/checkouts/SnapKit/Sources/ConstraintLayoutGuide.swift (in target 'SnapKit' from project 'SnapKit')
cd /Users/admin/builder/spi-builder-workspace/.swiftpm/xcode
builtin-SwiftPerFileCompile ConstraintLayoutGuide.swift
SwiftCompile normal arm64 /Users/admin/builder/spi-builder-workspace/.dependencies/checkouts/SnapKit/Sources/ConstraintLayoutGuideDSL.swift (in target 'SnapKit' from project 'SnapKit')
cd /Users/admin/builder/spi-builder-workspace/.swiftpm/xcode
builtin-SwiftPerFileCompile ConstraintLayoutGuideDSL.swift
SwiftCompile normal arm64 /Users/admin/builder/spi-builder-workspace/.dependencies/checkouts/SnapKit/Sources/ConstraintLayoutSupport.swift (in target 'SnapKit' from project 'SnapKit')
cd /Users/admin/builder/spi-builder-workspace/.swiftpm/xcode
builtin-SwiftPerFileCompile ConstraintLayoutSupport.swift
SwiftCompile normal arm64 Compiling\ ConstraintMakerFinalizable.swift,\ ConstraintMakerPrioritizable.swift,\ ConstraintMakerRelatable+Extensions.swift,\ ConstraintMakerRelatable.swift /Users/admin/builder/spi-builder-workspace/.dependencies/checkouts/SnapKit/Sources/ConstraintMakerFinalizable.swift /Users/admin/builder/spi-builder-workspace/.dependencies/checkouts/SnapKit/Sources/ConstraintMakerPrioritizable.swift /Users/admin/builder/spi-builder-workspace/.dependencies/checkouts/SnapKit/Sources/ConstraintMakerRelatable+Extensions.swift /Users/admin/builder/spi-builder-workspace/.dependencies/checkouts/SnapKit/Sources/ConstraintMakerRelatable.swift (in target 'SnapKit' from project 'SnapKit')
SwiftCompile normal arm64 /Users/admin/builder/spi-builder-workspace/.dependencies/checkouts/SnapKit/Sources/ConstraintMakerFinalizable.swift (in target 'SnapKit' from project 'SnapKit')
cd /Users/admin/builder/spi-builder-workspace/.swiftpm/xcode
builtin-SwiftPerFileCompile ConstraintMakerFinalizable.swift
SwiftCompile normal arm64 /Users/admin/builder/spi-builder-workspace/.dependencies/checkouts/SnapKit/Sources/ConstraintMakerPrioritizable.swift (in target 'SnapKit' from project 'SnapKit')
cd /Users/admin/builder/spi-builder-workspace/.swiftpm/xcode
builtin-SwiftPerFileCompile ConstraintMakerPrioritizable.swift
SwiftCompile normal arm64 /Users/admin/builder/spi-builder-workspace/.dependencies/checkouts/SnapKit/Sources/ConstraintMakerRelatable+Extensions.swift (in target 'SnapKit' from project 'SnapKit')
cd /Users/admin/builder/spi-builder-workspace/.swiftpm/xcode
builtin-SwiftPerFileCompile ConstraintMakerRelatable+Extensions.swift
SwiftCompile normal arm64 /Users/admin/builder/spi-builder-workspace/.dependencies/checkouts/SnapKit/Sources/ConstraintMakerRelatable.swift (in target 'SnapKit' from project 'SnapKit')
cd /Users/admin/builder/spi-builder-workspace/.swiftpm/xcode
builtin-SwiftPerFileCompile ConstraintMakerRelatable.swift
SwiftCompile normal arm64 Compiling\ ConstraintRelatableTarget.swift,\ ConstraintRelation.swift,\ ConstraintView+Extensions.swift,\ ConstraintView.swift /Users/admin/builder/spi-builder-workspace/.dependencies/checkouts/SnapKit/Sources/ConstraintRelatableTarget.swift /Users/admin/builder/spi-builder-workspace/.dependencies/checkouts/SnapKit/Sources/ConstraintRelation.swift /Users/admin/builder/spi-builder-workspace/.dependencies/checkouts/SnapKit/Sources/ConstraintView+Extensions.swift /Users/admin/builder/spi-builder-workspace/.dependencies/checkouts/SnapKit/Sources/ConstraintView.swift (in target 'SnapKit' from project 'SnapKit')
SwiftCompile normal arm64 /Users/admin/builder/spi-builder-workspace/.dependencies/checkouts/SnapKit/Sources/ConstraintRelatableTarget.swift (in target 'SnapKit' from project 'SnapKit')
cd /Users/admin/builder/spi-builder-workspace/.swiftpm/xcode
builtin-SwiftPerFileCompile ConstraintRelatableTarget.swift
SwiftCompile normal arm64 /Users/admin/builder/spi-builder-workspace/.dependencies/checkouts/SnapKit/Sources/ConstraintRelation.swift (in target 'SnapKit' from project 'SnapKit')
cd /Users/admin/builder/spi-builder-workspace/.swiftpm/xcode
builtin-SwiftPerFileCompile ConstraintRelation.swift
SwiftCompile normal arm64 /Users/admin/builder/spi-builder-workspace/.dependencies/checkouts/SnapKit/Sources/ConstraintView+Extensions.swift (in target 'SnapKit' from project 'SnapKit')
cd /Users/admin/builder/spi-builder-workspace/.swiftpm/xcode
builtin-SwiftPerFileCompile ConstraintView+Extensions.swift
SwiftCompile normal arm64 /Users/admin/builder/spi-builder-workspace/.dependencies/checkouts/SnapKit/Sources/ConstraintView.swift (in target 'SnapKit' from project 'SnapKit')
cd /Users/admin/builder/spi-builder-workspace/.swiftpm/xcode
builtin-SwiftPerFileCompile ConstraintView.swift
SwiftCompile normal arm64 Compiling\ resource_bundle_accessor.swift,\ Constraint.swift,\ ConstraintAttributes.swift,\ ConstraintConfig.swift /Users/admin/builder/spi-builder-workspace/.derivedData/Build/Intermediates.noindex/SnapKit.build/Debug-appletvos/SnapKit-t.build/DerivedSources/resource_bundle_accessor.swift /Users/admin/builder/spi-builder-workspace/.dependencies/checkouts/SnapKit/Sources/Constraint.swift /Users/admin/builder/spi-builder-workspace/.dependencies/checkouts/SnapKit/Sources/ConstraintAttributes.swift /Users/admin/builder/spi-builder-workspace/.dependencies/checkouts/SnapKit/Sources/ConstraintConfig.swift (in target 'SnapKit' from project 'SnapKit')
SwiftCompile normal arm64 /Users/admin/builder/spi-builder-workspace/.derivedData/Build/Intermediates.noindex/SnapKit.build/Debug-appletvos/SnapKit-t.build/DerivedSources/resource_bundle_accessor.swift (in target 'SnapKit' from project 'SnapKit')
cd /Users/admin/builder/spi-builder-workspace/.swiftpm/xcode
builtin-SwiftPerFileCompile resource_bundle_accessor.swift
SwiftCompile normal arm64 /Users/admin/builder/spi-builder-workspace/.dependencies/checkouts/SnapKit/Sources/Constraint.swift (in target 'SnapKit' from project 'SnapKit')
cd /Users/admin/builder/spi-builder-workspace/.swiftpm/xcode
builtin-SwiftPerFileCompile Constraint.swift
SwiftCompile normal arm64 /Users/admin/builder/spi-builder-workspace/.dependencies/checkouts/SnapKit/Sources/ConstraintAttributes.swift (in target 'SnapKit' from project 'SnapKit')
cd /Users/admin/builder/spi-builder-workspace/.swiftpm/xcode
builtin-SwiftPerFileCompile ConstraintAttributes.swift
SwiftCompile normal arm64 /Users/admin/builder/spi-builder-workspace/.dependencies/checkouts/SnapKit/Sources/ConstraintConfig.swift (in target 'SnapKit' from project 'SnapKit')
cd /Users/admin/builder/spi-builder-workspace/.swiftpm/xcode
builtin-SwiftPerFileCompile ConstraintConfig.swift
SwiftCompile normal arm64 Compiling\ LayoutConstraintItem.swift,\ Typealiases.swift,\ UILayoutSupport+Extensions.swift /Users/admin/builder/spi-builder-workspace/.dependencies/checkouts/SnapKit/Sources/LayoutConstraintItem.swift /Users/admin/builder/spi-builder-workspace/.dependencies/checkouts/SnapKit/Sources/Typealiases.swift /Users/admin/builder/spi-builder-workspace/.dependencies/checkouts/SnapKit/Sources/UILayoutSupport+Extensions.swift (in target 'SnapKit' from project 'SnapKit')
SwiftCompile normal arm64 /Users/admin/builder/spi-builder-workspace/.dependencies/checkouts/SnapKit/Sources/LayoutConstraintItem.swift (in target 'SnapKit' from project 'SnapKit')
cd /Users/admin/builder/spi-builder-workspace/.swiftpm/xcode
builtin-SwiftPerFileCompile LayoutConstraintItem.swift
SwiftCompile normal arm64 /Users/admin/builder/spi-builder-workspace/.dependencies/checkouts/SnapKit/Sources/Typealiases.swift (in target 'SnapKit' from project 'SnapKit')
cd /Users/admin/builder/spi-builder-workspace/.swiftpm/xcode
builtin-SwiftPerFileCompile Typealiases.swift
SwiftCompile normal arm64 /Users/admin/builder/spi-builder-workspace/.dependencies/checkouts/SnapKit/Sources/UILayoutSupport+Extensions.swift (in target 'SnapKit' from project 'SnapKit')
cd /Users/admin/builder/spi-builder-workspace/.swiftpm/xcode
builtin-SwiftPerFileCompile UILayoutSupport+Extensions.swift
SwiftCompile normal arm64 Compiling\ ConstraintDirectionalInsets.swift,\ ConstraintInsetTarget.swift,\ ConstraintInsets.swift,\ ConstraintItem.swift /Users/admin/builder/spi-builder-workspace/.dependencies/checkouts/SnapKit/Sources/ConstraintDirectionalInsets.swift /Users/admin/builder/spi-builder-workspace/.dependencies/checkouts/SnapKit/Sources/ConstraintInsetTarget.swift /Users/admin/builder/spi-builder-workspace/.dependencies/checkouts/SnapKit/Sources/ConstraintInsets.swift /Users/admin/builder/spi-builder-workspace/.dependencies/checkouts/SnapKit/Sources/ConstraintItem.swift (in target 'SnapKit' from project 'SnapKit')
SwiftCompile normal arm64 /Users/admin/builder/spi-builder-workspace/.dependencies/checkouts/SnapKit/Sources/ConstraintDirectionalInsets.swift (in target 'SnapKit' from project 'SnapKit')
cd /Users/admin/builder/spi-builder-workspace/.swiftpm/xcode
builtin-SwiftPerFileCompile ConstraintDirectionalInsets.swift
SwiftCompile normal arm64 /Users/admin/builder/spi-builder-workspace/.dependencies/checkouts/SnapKit/Sources/ConstraintInsetTarget.swift (in target 'SnapKit' from project 'SnapKit')
cd /Users/admin/builder/spi-builder-workspace/.swiftpm/xcode
builtin-SwiftPerFileCompile ConstraintInsetTarget.swift
SwiftCompile normal arm64 /Users/admin/builder/spi-builder-workspace/.dependencies/checkouts/SnapKit/Sources/ConstraintInsets.swift (in target 'SnapKit' from project 'SnapKit')
cd /Users/admin/builder/spi-builder-workspace/.swiftpm/xcode
builtin-SwiftPerFileCompile ConstraintInsets.swift
SwiftCompile normal arm64 /Users/admin/builder/spi-builder-workspace/.dependencies/checkouts/SnapKit/Sources/ConstraintItem.swift (in target 'SnapKit' from project 'SnapKit')
cd /Users/admin/builder/spi-builder-workspace/.swiftpm/xcode
builtin-SwiftPerFileCompile ConstraintItem.swift
SwiftCompile normal arm64 Compiling\ ConstraintConstantTarget.swift,\ ConstraintDSL.swift,\ ConstraintDescription.swift,\ ConstraintDirectionalInsetTarget.swift /Users/admin/builder/spi-builder-workspace/.dependencies/checkouts/SnapKit/Sources/ConstraintConstantTarget.swift /Users/admin/builder/spi-builder-workspace/.dependencies/checkouts/SnapKit/Sources/ConstraintDSL.swift /Users/admin/builder/spi-builder-workspace/.dependencies/checkouts/SnapKit/Sources/ConstraintDescription.swift /Users/admin/builder/spi-builder-workspace/.dependencies/checkouts/SnapKit/Sources/ConstraintDirectionalInsetTarget.swift (in target 'SnapKit' from project 'SnapKit')
SwiftCompile normal arm64 /Users/admin/builder/spi-builder-workspace/.dependencies/checkouts/SnapKit/Sources/ConstraintConstantTarget.swift (in target 'SnapKit' from project 'SnapKit')
cd /Users/admin/builder/spi-builder-workspace/.swiftpm/xcode
builtin-SwiftPerFileCompile ConstraintConstantTarget.swift
SwiftCompile normal arm64 /Users/admin/builder/spi-builder-workspace/.dependencies/checkouts/SnapKit/Sources/ConstraintDSL.swift (in target 'SnapKit' from project 'SnapKit')
cd /Users/admin/builder/spi-builder-workspace/.swiftpm/xcode
builtin-SwiftPerFileCompile ConstraintDSL.swift
SwiftCompile normal arm64 /Users/admin/builder/spi-builder-workspace/.dependencies/checkouts/SnapKit/Sources/ConstraintDescription.swift (in target 'SnapKit' from project 'SnapKit')
cd /Users/admin/builder/spi-builder-workspace/.swiftpm/xcode
builtin-SwiftPerFileCompile ConstraintDescription.swift
SwiftCompile normal arm64 /Users/admin/builder/spi-builder-workspace/.dependencies/checkouts/SnapKit/Sources/ConstraintDirectionalInsetTarget.swift (in target 'SnapKit' from project 'SnapKit')
cd /Users/admin/builder/spi-builder-workspace/.swiftpm/xcode
builtin-SwiftPerFileCompile ConstraintDirectionalInsetTarget.swift
SwiftCompile normal arm64 Compiling\ ConstraintLayoutSupportDSL.swift,\ ConstraintMaker.swift,\ ConstraintMakerEditable.swift,\ ConstraintMakerExtendable.swift /Users/admin/builder/spi-builder-workspace/.dependencies/checkouts/SnapKit/Sources/ConstraintLayoutSupportDSL.swift /Users/admin/builder/spi-builder-workspace/.dependencies/checkouts/SnapKit/Sources/ConstraintMaker.swift /Users/admin/builder/spi-builder-workspace/.dependencies/checkouts/SnapKit/Sources/ConstraintMakerEditable.swift /Users/admin/builder/spi-builder-workspace/.dependencies/checkouts/SnapKit/Sources/ConstraintMakerExtendable.swift (in target 'SnapKit' from project 'SnapKit')
SwiftCompile normal arm64 /Users/admin/builder/spi-builder-workspace/.dependencies/checkouts/SnapKit/Sources/ConstraintLayoutSupportDSL.swift (in target 'SnapKit' from project 'SnapKit')
cd /Users/admin/builder/spi-builder-workspace/.swiftpm/xcode
builtin-SwiftPerFileCompile ConstraintLayoutSupportDSL.swift
SwiftCompile normal arm64 /Users/admin/builder/spi-builder-workspace/.dependencies/checkouts/SnapKit/Sources/ConstraintMaker.swift (in target 'SnapKit' from project 'SnapKit')
cd /Users/admin/builder/spi-builder-workspace/.swiftpm/xcode
builtin-SwiftPerFileCompile ConstraintMaker.swift
SwiftCompile normal arm64 /Users/admin/builder/spi-builder-workspace/.dependencies/checkouts/SnapKit/Sources/ConstraintMakerEditable.swift (in target 'SnapKit' from project 'SnapKit')
cd /Users/admin/builder/spi-builder-workspace/.swiftpm/xcode
builtin-SwiftPerFileCompile ConstraintMakerEditable.swift
SwiftCompile normal arm64 /Users/admin/builder/spi-builder-workspace/.dependencies/checkouts/SnapKit/Sources/ConstraintMakerExtendable.swift (in target 'SnapKit' from project 'SnapKit')
cd /Users/admin/builder/spi-builder-workspace/.swiftpm/xcode
builtin-SwiftPerFileCompile ConstraintMakerExtendable.swift
SwiftCompile normal arm64 Compiling\ ConstraintViewDSL.swift,\ Debugging.swift,\ LayoutConstraint.swift /Users/admin/builder/spi-builder-workspace/.dependencies/checkouts/SnapKit/Sources/ConstraintViewDSL.swift /Users/admin/builder/spi-builder-workspace/.dependencies/checkouts/SnapKit/Sources/Debugging.swift /Users/admin/builder/spi-builder-workspace/.dependencies/checkouts/SnapKit/Sources/LayoutConstraint.swift (in target 'SnapKit' from project 'SnapKit')
SwiftCompile normal arm64 /Users/admin/builder/spi-builder-workspace/.dependencies/checkouts/SnapKit/Sources/ConstraintViewDSL.swift (in target 'SnapKit' from project 'SnapKit')
cd /Users/admin/builder/spi-builder-workspace/.swiftpm/xcode
builtin-SwiftPerFileCompile ConstraintViewDSL.swift
SwiftCompile normal arm64 /Users/admin/builder/spi-builder-workspace/.dependencies/checkouts/SnapKit/Sources/Debugging.swift (in target 'SnapKit' from project 'SnapKit')
cd /Users/admin/builder/spi-builder-workspace/.swiftpm/xcode
builtin-SwiftPerFileCompile Debugging.swift
SwiftCompile normal arm64 /Users/admin/builder/spi-builder-workspace/.dependencies/checkouts/SnapKit/Sources/LayoutConstraint.swift (in target 'SnapKit' from project 'SnapKit')
cd /Users/admin/builder/spi-builder-workspace/.swiftpm/xcode
builtin-SwiftPerFileCompile LayoutConstraint.swift
SwiftDriverJobDiscovery normal arm64 Emitting module for SnapKit (in target 'SnapKit' from project 'SnapKit')
SwiftDriver\ Compilation\ Requirements SnapKit normal arm64 com.apple.xcode.tools.swift.compiler (in target 'SnapKit' from project 'SnapKit')
cd /Users/admin/builder/spi-builder-workspace/.swiftpm/xcode
builtin-Swift-Compilation-Requirements -- /Applications/Xcode-27.0.0-Release.Candidate.app/Contents/Developer/Toolchains/XcodeDefault.xctoolchain/usr/bin/swiftc -parse-as-library -module-name SnapKit -Onone @/Users/admin/builder/spi-builder-workspace/.derivedData/Build/Intermediates.noindex/SnapKit.build/Debug-appletvos/SnapKit-t.build/Objects-normal/arm64/SnapKit.SwiftFileList -DSWIFT_PACKAGE -DDEBUG -DSWIFT_MODULE_RESOURCE_BUNDLE_AVAILABLE -DXcode -plugin-path /Applications/Xcode-27.0.0-Release.Candidate.app/Contents/Developer/Toolchains/XcodeDefault.xctoolchain/usr/lib/swift/host/plugins/testing -enable-experimental-feature DebugDescriptionMacro -sdk /Applications/Xcode-27.0.0-Release.Candidate.app/Contents/Developer/Platforms/AppleTVOS.platform/Developer/SDKs/AppleTVOS27.0.sdk -target arm64-apple-tvos15.0 -g -module-cache-path /Users/admin/builder/spi-builder-workspace/.derivedData/ModuleCache.noindex -Xfrontend -serialize-debugging-options -profile-coverage-mapping -profile-generate -enable-testing -suppress-warnings -index-store-path /Users/admin/builder/spi-builder-workspace/.derivedData/Index.noindex/DataStore -Xcc -D_LIBCPP_HARDENING_MODE\=_LIBCPP_HARDENING_MODE_DEBUG -swift-version 5 -I /Users/admin/builder/spi-builder-workspace/.derivedData/Build/Products/Debug-appletvos -Isystem /Applications/Xcode-27.0.0-Release.Candidate.app/Contents/Developer/Platforms/AppleTVOS.platform/Developer/usr/lib -F /Users/admin/builder/spi-builder-workspace/.derivedData/Build/Products/Debug-appletvos -F /Applications/Xcode-27.0.0-Release.Candidate.app/Contents/Developer/Platforms/AppleTVOS.platform/Developer/Library/Frameworks -F /Applications/Xcode-27.0.0-Release.Candidate.app/Contents/Developer/Platforms/AppleTVOS.platform/Developer/SDKs/AppleTVOS27.0.sdk/Developer/Library/Frameworks -c -j10 -enable-batch-mode -incremental -Xcc -ivfsstatcache -Xcc /Users/admin/builder/spi-builder-workspace/.derivedData/SDKStatCaches.noindex/appletvos27.0-24J360-e829b21a6f8c9b70876ba0858053c044b32bfd8d43560033f8d89884cdb90028.sdkstatcache -output-file-map /Users/admin/builder/spi-builder-workspace/.derivedData/Build/Intermediates.noindex/SnapKit.build/Debug-appletvos/SnapKit-t.build/Objects-normal/arm64/SnapKit-OutputFileMap.json -save-temps -no-color-diagnostics -explicit-module-build -module-cache-path /Users/admin/builder/spi-builder-workspace/.derivedData/Build/Intermediates.noindex/SwiftExplicitPrecompiledModules -clang-scanner-module-cache-path /Users/admin/builder/spi-builder-workspace/.derivedData/ModuleCache.noindex -sdk-module-cache-path /Users/admin/builder/spi-builder-workspace/.derivedData/SDKExplicitPrecompiledModules -emit-dependencies -emit-module -emit-module-path /Users/admin/builder/spi-builder-workspace/.derivedData/Build/Intermediates.noindex/SnapKit.build/Debug-appletvos/SnapKit-t.build/Objects-normal/arm64/SnapKit.swiftmodule -serialize-diagnostics -dependency-scan-serialize-diagnostics-path /Users/admin/builder/spi-builder-workspace/.derivedData/Build/Intermediates.noindex/SnapKit.build/Debug-appletvos/SnapKit-t.build/Objects-normal/arm64/SnapKit-dependency-scan.dia -validate-clang-modules-once -clang-build-session-file /Users/admin/builder/spi-builder-workspace/.derivedData/ModuleCache.noindex/Session.modulevalidation -Xcc -fmodules-prune-interval\=86400 -Xcc -fmodules-prune-after\=345600 -emit-const-values -const-gather-protocols-list /Users/admin/builder/spi-builder-workspace/.derivedData/Build/Intermediates.noindex/SnapKit.build/Debug-appletvos/SnapKit-t.build/Objects-normal/arm64/SnapKit_const_extract_protocols.json -Xcc -I/Users/admin/builder/spi-builder-workspace/.derivedData/Build/Products/Debug-appletvos/include -Xcc -I/Users/admin/builder/spi-builder-workspace/.derivedData/Build/Intermediates.noindex/SnapKit.build/Debug-appletvos/SnapKit-t.build/DerivedSources-normal/arm64 -Xcc -I/Users/admin/builder/spi-builder-workspace/.derivedData/Build/Intermediates.noindex/SnapKit.build/Debug-appletvos/SnapKit-t.build/DerivedSources/arm64 -Xcc -I/Users/admin/builder/spi-builder-workspace/.derivedData/Build/Intermediates.noindex/SnapKit.build/Debug-appletvos/SnapKit-t.build/DerivedSources -Xcc -DSWIFT_PACKAGE -Xcc -DDEBUG\=1 -emit-objc-header -emit-objc-header-path /Users/admin/builder/spi-builder-workspace/.derivedData/Build/Intermediates.noindex/SnapKit.build/Debug-appletvos/SnapKit-t.build/Objects-normal/arm64/SnapKit-Swift.h -working-directory /Users/admin/builder/spi-builder-workspace/.swiftpm/xcode -experimental-emit-module-separately -disable-cmo
SwiftDriverJobDiscovery normal arm64 Compiling LayoutConstraintItem.swift, Typealiases.swift, UILayoutSupport+Extensions.swift (in target 'SnapKit' from project 'SnapKit')
SwiftDriverJobDiscovery normal arm64 Compiling ConstraintViewDSL.swift, Debugging.swift, LayoutConstraint.swift (in target 'SnapKit' from project 'SnapKit')
SwiftDriverJobDiscovery normal arm64 Compiling ConstraintLayoutGuide+Extensions.swift, ConstraintLayoutGuide.swift, ConstraintLayoutGuideDSL.swift, ConstraintLayoutSupport.swift (in target 'SnapKit' from project 'SnapKit')
SwiftDriverJobDiscovery normal arm64 Compiling ConstraintDirectionalInsets.swift, ConstraintInsetTarget.swift, ConstraintInsets.swift, ConstraintItem.swift (in target 'SnapKit' from project 'SnapKit')
SwiftDriverJobDiscovery normal arm64 Compiling ConstraintRelatableTarget.swift, ConstraintRelation.swift, ConstraintView+Extensions.swift, ConstraintView.swift (in target 'SnapKit' from project 'SnapKit')
SwiftDriverJobDiscovery normal arm64 Compiling resource_bundle_accessor.swift, Constraint.swift, ConstraintAttributes.swift, ConstraintConfig.swift (in target 'SnapKit' from project 'SnapKit')
SwiftDriverJobDiscovery normal arm64 Compiling ConstraintMakerFinalizable.swift, ConstraintMakerPrioritizable.swift, ConstraintMakerRelatable+Extensions.swift, ConstraintMakerRelatable.swift (in target 'SnapKit' from project 'SnapKit')
SwiftDriverJobDiscovery normal arm64 Compiling ConstraintLayoutSupportDSL.swift, ConstraintMaker.swift, ConstraintMakerEditable.swift, ConstraintMakerExtendable.swift (in target 'SnapKit' from project 'SnapKit')
SwiftDriverJobDiscovery normal arm64 Compiling ConstraintMultiplierTarget.swift, ConstraintOffsetTarget.swift, ConstraintPriority.swift, ConstraintPriorityTarget.swift (in target 'SnapKit' from project 'SnapKit')
SwiftDriverJobDiscovery normal arm64 Compiling ConstraintConstantTarget.swift, ConstraintDSL.swift, ConstraintDescription.swift, ConstraintDirectionalInsetTarget.swift (in target 'SnapKit' from project 'SnapKit')
SwiftMergeGeneratedHeaders /Users/admin/builder/spi-builder-workspace/.derivedData/Build/Intermediates.noindex/GeneratedModuleMaps-appletvos/SnapKit-Swift.h /Users/admin/builder/spi-builder-workspace/.derivedData/Build/Intermediates.noindex/SnapKit.build/Debug-appletvos/SnapKit-t.build/Objects-normal/arm64/SnapKit-Swift.h (in target 'SnapKit' from project 'SnapKit')
cd /Users/admin/builder/spi-builder-workspace/.dependencies/checkouts/SnapKit
builtin-swiftHeaderTool -arch arm64 /Users/admin/builder/spi-builder-workspace/.derivedData/Build/Intermediates.noindex/SnapKit.build/Debug-appletvos/SnapKit-t.build/Objects-normal/arm64/SnapKit-Swift.h -o /Users/admin/builder/spi-builder-workspace/.derivedData/Build/Intermediates.noindex/GeneratedModuleMaps-appletvos/SnapKit-Swift.h
Copy /Users/admin/builder/spi-builder-workspace/.derivedData/Build/Products/Debug-appletvos/SnapKit.swiftmodule/arm64-apple-tvos.swiftmodule /Users/admin/builder/spi-builder-workspace/.derivedData/Build/Intermediates.noindex/SnapKit.build/Debug-appletvos/SnapKit-t.build/Objects-normal/arm64/SnapKit.swiftmodule (in target 'SnapKit' from project 'SnapKit')
cd /Users/admin/builder/spi-builder-workspace/.dependencies/checkouts/SnapKit
builtin-copy -exclude .DS_Store -exclude CVS -exclude .svn -exclude .git -exclude .hg -resolve-src-symlinks -rename /Users/admin/builder/spi-builder-workspace/.derivedData/Build/Intermediates.noindex/SnapKit.build/Debug-appletvos/SnapKit-t.build/Objects-normal/arm64/SnapKit.swiftmodule /Users/admin/builder/spi-builder-workspace/.derivedData/Build/Products/Debug-appletvos/SnapKit.swiftmodule/arm64-apple-tvos.swiftmodule
Copy /Users/admin/builder/spi-builder-workspace/.derivedData/Build/Products/Debug-appletvos/SnapKit.swiftmodule/arm64-apple-tvos.abi.json /Users/admin/builder/spi-builder-workspace/.derivedData/Build/Intermediates.noindex/SnapKit.build/Debug-appletvos/SnapKit-t.build/Objects-normal/arm64/SnapKit.abi.json (in target 'SnapKit' from project 'SnapKit')
cd /Users/admin/builder/spi-builder-workspace/.dependencies/checkouts/SnapKit
builtin-copy -exclude .DS_Store -exclude CVS -exclude .svn -exclude .git -exclude .hg -resolve-src-symlinks -rename /Users/admin/builder/spi-builder-workspace/.derivedData/Build/Intermediates.noindex/SnapKit.build/Debug-appletvos/SnapKit-t.build/Objects-normal/arm64/SnapKit.abi.json /Users/admin/builder/spi-builder-workspace/.derivedData/Build/Products/Debug-appletvos/SnapKit.swiftmodule/arm64-apple-tvos.abi.json
Copy /Users/admin/builder/spi-builder-workspace/.derivedData/Build/Products/Debug-appletvos/SnapKit.swiftmodule/arm64-apple-tvos.swiftdoc /Users/admin/builder/spi-builder-workspace/.derivedData/Build/Intermediates.noindex/SnapKit.build/Debug-appletvos/SnapKit-t.build/Objects-normal/arm64/SnapKit.swiftdoc (in target 'SnapKit' from project 'SnapKit')
cd /Users/admin/builder/spi-builder-workspace/.dependencies/checkouts/SnapKit
builtin-copy -exclude .DS_Store -exclude CVS -exclude .svn -exclude .git -exclude .hg -resolve-src-symlinks -rename /Users/admin/builder/spi-builder-workspace/.derivedData/Build/Intermediates.noindex/SnapKit.build/Debug-appletvos/SnapKit-t.build/Objects-normal/arm64/SnapKit.swiftdoc /Users/admin/builder/spi-builder-workspace/.derivedData/Build/Products/Debug-appletvos/SnapKit.swiftmodule/arm64-apple-tvos.swiftdoc
Copy /Users/admin/builder/spi-builder-workspace/.derivedData/Build/Products/Debug-appletvos/SnapKit.swiftmodule/Project/arm64-apple-tvos.swiftsourceinfo /Users/admin/builder/spi-builder-workspace/.derivedData/Build/Intermediates.noindex/SnapKit.build/Debug-appletvos/SnapKit-t.build/Objects-normal/arm64/SnapKit.swiftsourceinfo (in target 'SnapKit' from project 'SnapKit')
cd /Users/admin/builder/spi-builder-workspace/.dependencies/checkouts/SnapKit
builtin-copy -exclude .DS_Store -exclude CVS -exclude .svn -exclude .git -exclude .hg -resolve-src-symlinks -rename /Users/admin/builder/spi-builder-workspace/.derivedData/Build/Intermediates.noindex/SnapKit.build/Debug-appletvos/SnapKit-t.build/Objects-normal/arm64/SnapKit.swiftsourceinfo /Users/admin/builder/spi-builder-workspace/.derivedData/Build/Products/Debug-appletvos/SnapKit.swiftmodule/Project/arm64-apple-tvos.swiftsourceinfo
SwiftDriver\ Compilation SnapKit normal arm64 com.apple.xcode.tools.swift.compiler (in target 'SnapKit' from project 'SnapKit')
cd /Users/admin/builder/spi-builder-workspace/.swiftpm/xcode
builtin-Swift-Compilation -- /Applications/Xcode-27.0.0-Release.Candidate.app/Contents/Developer/Toolchains/XcodeDefault.xctoolchain/usr/bin/swiftc -parse-as-library -module-name SnapKit -Onone @/Users/admin/builder/spi-builder-workspace/.derivedData/Build/Intermediates.noindex/SnapKit.build/Debug-appletvos/SnapKit-t.build/Objects-normal/arm64/SnapKit.SwiftFileList -DSWIFT_PACKAGE -DDEBUG -DSWIFT_MODULE_RESOURCE_BUNDLE_AVAILABLE -DXcode -plugin-path /Applications/Xcode-27.0.0-Release.Candidate.app/Contents/Developer/Toolchains/XcodeDefault.xctoolchain/usr/lib/swift/host/plugins/testing -enable-experimental-feature DebugDescriptionMacro -sdk /Applications/Xcode-27.0.0-Release.Candidate.app/Contents/Developer/Platforms/AppleTVOS.platform/Developer/SDKs/AppleTVOS27.0.sdk -target arm64-apple-tvos15.0 -g -module-cache-path /Users/admin/builder/spi-builder-workspace/.derivedData/ModuleCache.noindex -Xfrontend -serialize-debugging-options -profile-coverage-mapping -profile-generate -enable-testing -suppress-warnings -index-store-path /Users/admin/builder/spi-builder-workspace/.derivedData/Index.noindex/DataStore -Xcc -D_LIBCPP_HARDENING_MODE\=_LIBCPP_HARDENING_MODE_DEBUG -swift-version 5 -I /Users/admin/builder/spi-builder-workspace/.derivedData/Build/Products/Debug-appletvos -Isystem /Applications/Xcode-27.0.0-Release.Candidate.app/Contents/Developer/Platforms/AppleTVOS.platform/Developer/usr/lib -F /Users/admin/builder/spi-builder-workspace/.derivedData/Build/Products/Debug-appletvos -F /Applications/Xcode-27.0.0-Release.Candidate.app/Contents/Developer/Platforms/AppleTVOS.platform/Developer/Library/Frameworks -F /Applications/Xcode-27.0.0-Release.Candidate.app/Contents/Developer/Platforms/AppleTVOS.platform/Developer/SDKs/AppleTVOS27.0.sdk/Developer/Library/Frameworks -c -j10 -enable-batch-mode -incremental -Xcc -ivfsstatcache -Xcc /Users/admin/builder/spi-builder-workspace/.derivedData/SDKStatCaches.noindex/appletvos27.0-24J360-e829b21a6f8c9b70876ba0858053c044b32bfd8d43560033f8d89884cdb90028.sdkstatcache -output-file-map /Users/admin/builder/spi-builder-workspace/.derivedData/Build/Intermediates.noindex/SnapKit.build/Debug-appletvos/SnapKit-t.build/Objects-normal/arm64/SnapKit-OutputFileMap.json -save-temps -no-color-diagnostics -explicit-module-build -module-cache-path /Users/admin/builder/spi-builder-workspace/.derivedData/Build/Intermediates.noindex/SwiftExplicitPrecompiledModules -clang-scanner-module-cache-path /Users/admin/builder/spi-builder-workspace/.derivedData/ModuleCache.noindex -sdk-module-cache-path /Users/admin/builder/spi-builder-workspace/.derivedData/SDKExplicitPrecompiledModules -emit-dependencies -emit-module -emit-module-path /Users/admin/builder/spi-builder-workspace/.derivedData/Build/Intermediates.noindex/SnapKit.build/Debug-appletvos/SnapKit-t.build/Objects-normal/arm64/SnapKit.swiftmodule -serialize-diagnostics -dependency-scan-serialize-diagnostics-path /Users/admin/builder/spi-builder-workspace/.derivedData/Build/Intermediates.noindex/SnapKit.build/Debug-appletvos/SnapKit-t.build/Objects-normal/arm64/SnapKit-dependency-scan.dia -validate-clang-modules-once -clang-build-session-file /Users/admin/builder/spi-builder-workspace/.derivedData/ModuleCache.noindex/Session.modulevalidation -Xcc -fmodules-prune-interval\=86400 -Xcc -fmodules-prune-after\=345600 -emit-const-values -const-gather-protocols-list /Users/admin/builder/spi-builder-workspace/.derivedData/Build/Intermediates.noindex/SnapKit.build/Debug-appletvos/SnapKit-t.build/Objects-normal/arm64/SnapKit_const_extract_protocols.json -Xcc -I/Users/admin/builder/spi-builder-workspace/.derivedData/Build/Products/Debug-appletvos/include -Xcc -I/Users/admin/builder/spi-builder-workspace/.derivedData/Build/Intermediates.noindex/SnapKit.build/Debug-appletvos/SnapKit-t.build/DerivedSources-normal/arm64 -Xcc -I/Users/admin/builder/spi-builder-workspace/.derivedData/Build/Intermediates.noindex/SnapKit.build/Debug-appletvos/SnapKit-t.build/DerivedSources/arm64 -Xcc -I/Users/admin/builder/spi-builder-workspace/.derivedData/Build/Intermediates.noindex/SnapKit.build/Debug-appletvos/SnapKit-t.build/DerivedSources -Xcc -DSWIFT_PACKAGE -Xcc -DDEBUG\=1 -emit-objc-header -emit-objc-header-path /Users/admin/builder/spi-builder-workspace/.derivedData/Build/Intermediates.noindex/SnapKit.build/Debug-appletvos/SnapKit-t.build/Objects-normal/arm64/SnapKit-Swift.h -working-directory /Users/admin/builder/spi-builder-workspace/.swiftpm/xcode -experimental-emit-module-separately -disable-cmo
Ld /Users/admin/builder/spi-builder-workspace/.derivedData/Build/Products/Debug-appletvos/SnapKit.o normal (in target 'SnapKit' from project 'SnapKit')
cd /Users/admin/builder/spi-builder-workspace/.dependencies/checkouts/SnapKit
/Applications/Xcode-27.0.0-Release.Candidate.app/Contents/Developer/Toolchains/XcodeDefault.xctoolchain/usr/bin/clang -Xlinker -reproducible -target arm64-apple-tvos15.0 -r -isysroot /Applications/Xcode-27.0.0-Release.Candidate.app/Contents/Developer/Platforms/AppleTVOS.platform/Developer/SDKs/AppleTVOS27.0.sdk -O0 -w -Xlinker -no_warn_duplicate_libraries -F/Users/admin/builder/spi-builder-workspace/.derivedData/Build/Intermediates.noindex/EagerLinkingTBDs/Debug-appletvos -F/Users/admin/builder/spi-builder-workspace/.derivedData/Build/Products/Debug-appletvos -iframework /Applications/Xcode-27.0.0-Release.Candidate.app/Contents/Developer/Platforms/AppleTVOS.platform/Developer/Library/Frameworks -iframework /Applications/Xcode-27.0.0-Release.Candidate.app/Contents/Developer/Platforms/AppleTVOS.platform/Developer/SDKs/AppleTVOS27.0.sdk/Developer/Library/Frameworks -filelist /Users/admin/builder/spi-builder-workspace/.derivedData/Build/Intermediates.noindex/SnapKit.build/Debug-appletvos/SnapKit-t.build/Objects-normal/arm64/SnapKit.LinkFileList -nostdlib -Xlinker -object_path_lto -Xlinker /Users/admin/builder/spi-builder-workspace/.derivedData/Build/Intermediates.noindex/SnapKit.build/Debug-appletvos/SnapKit-t.build/Objects-normal/arm64/SnapKit_lto.o -Xlinker -no_deduplicate -Xlinker -debug_variant -Xlinker -dependency_info -Xlinker /Users/admin/builder/spi-builder-workspace/.derivedData/Build/Intermediates.noindex/SnapKit.build/Debug-appletvos/SnapKit-t.build/Objects-normal/arm64/SnapKit_dependency_info.dat -fobjc-link-runtime -L/Applications/Xcode-27.0.0-Release.Candidate.app/Contents/Developer/Toolchains/XcodeDefault.xctoolchain/usr/lib/swift/appletvos -L/usr/lib/swift -Xlinker -add_ast_path -Xlinker /Users/admin/builder/spi-builder-workspace/.derivedData/Build/Intermediates.noindex/SnapKit.build/Debug-appletvos/SnapKit-t.build/Objects-normal/arm64/SnapKit.swiftmodule -o /Users/admin/builder/spi-builder-workspace/.derivedData/Build/Products/Debug-appletvos/SnapKit.o
SwiftDriver ExtSwift normal arm64 com.apple.xcode.tools.swift.compiler (in target 'ExtSwift' from project 'ExtSwift')
cd /Users/admin/builder/spi-builder-workspace/.swiftpm/xcode
builtin-SwiftDriver -- /Applications/Xcode-27.0.0-Release.Candidate.app/Contents/Developer/Toolchains/XcodeDefault.xctoolchain/usr/bin/swiftc -parse-as-library -module-name ExtSwift -Onone @/Users/admin/builder/spi-builder-workspace/.derivedData/Build/Intermediates.noindex/ExtSwift.build/Debug-appletvos/ExtSwift-t.build/Objects-normal/arm64/ExtSwift.SwiftFileList -DSWIFT_PACKAGE -DDEBUG -DSWIFT_MODULE_RESOURCE_BUNDLE_UNAVAILABLE -DXcode -plugin-path /Applications/Xcode-27.0.0-Release.Candidate.app/Contents/Developer/Toolchains/XcodeDefault.xctoolchain/usr/lib/swift/host/plugins/testing -enable-experimental-feature DebugDescriptionMacro -sdk /Applications/Xcode-27.0.0-Release.Candidate.app/Contents/Developer/Platforms/AppleTVOS.platform/Developer/SDKs/AppleTVOS27.0.sdk -target arm64-apple-tvos15.0 -g -module-cache-path /Users/admin/builder/spi-builder-workspace/.derivedData/ModuleCache.noindex -Xfrontend -serialize-debugging-options -profile-coverage-mapping -profile-generate -enable-testing -index-store-path /Users/admin/builder/spi-builder-workspace/.derivedData/Index.noindex/DataStore -Xcc -D_LIBCPP_HARDENING_MODE\=_LIBCPP_HARDENING_MODE_DEBUG -swift-version 5 -I /Users/admin/builder/spi-builder-workspace/.derivedData/Build/Products/Debug-appletvos -Isystem /Applications/Xcode-27.0.0-Release.Candidate.app/Contents/Developer/Platforms/AppleTVOS.platform/Developer/usr/lib -F /Users/admin/builder/spi-builder-workspace/.derivedData/Build/Products/Debug-appletvos/PackageFrameworks -F /Users/admin/builder/spi-builder-workspace/.derivedData/Build/Products/Debug-appletvos -F /Applications/Xcode-27.0.0-Release.Candidate.app/Contents/Developer/Platforms/AppleTVOS.platform/Developer/Library/Frameworks -F /Applications/Xcode-27.0.0-Release.Candidate.app/Contents/Developer/Platforms/AppleTVOS.platform/Developer/SDKs/AppleTVOS27.0.sdk/Developer/Library/Frameworks -c -j10 -enable-batch-mode -incremental -Xcc -ivfsstatcache -Xcc /Users/admin/builder/spi-builder-workspace/.derivedData/SDKStatCaches.noindex/appletvos27.0-24J360-e829b21a6f8c9b70876ba0858053c044b32bfd8d43560033f8d89884cdb90028.sdkstatcache -output-file-map /Users/admin/builder/spi-builder-workspace/.derivedData/Build/Intermediates.noindex/ExtSwift.build/Debug-appletvos/ExtSwift-t.build/Objects-normal/arm64/ExtSwift-OutputFileMap.json -save-temps -no-color-diagnostics -explicit-module-build -module-cache-path /Users/admin/builder/spi-builder-workspace/.derivedData/Build/Intermediates.noindex/SwiftExplicitPrecompiledModules -clang-scanner-module-cache-path /Users/admin/builder/spi-builder-workspace/.derivedData/ModuleCache.noindex -sdk-module-cache-path /Users/admin/builder/spi-builder-workspace/.derivedData/SDKExplicitPrecompiledModules -emit-dependencies -emit-module -emit-module-path /Users/admin/builder/spi-builder-workspace/.derivedData/Build/Intermediates.noindex/ExtSwift.build/Debug-appletvos/ExtSwift-t.build/Objects-normal/arm64/ExtSwift.swiftmodule -serialize-diagnostics -dependency-scan-serialize-diagnostics-path /Users/admin/builder/spi-builder-workspace/.derivedData/Build/Intermediates.noindex/ExtSwift.build/Debug-appletvos/ExtSwift-t.build/Objects-normal/arm64/ExtSwift-dependency-scan.dia -validate-clang-modules-once -clang-build-session-file /Users/admin/builder/spi-builder-workspace/.derivedData/ModuleCache.noindex/Session.modulevalidation -Xcc -fmodules-prune-interval\=86400 -Xcc -fmodules-prune-after\=345600 -package-name spi_builder_workspace -emit-const-values -const-gather-protocols-list /Users/admin/builder/spi-builder-workspace/.derivedData/Build/Intermediates.noindex/ExtSwift.build/Debug-appletvos/ExtSwift-t.build/Objects-normal/arm64/ExtSwift_const_extract_protocols.json -Xcc -I/Users/admin/builder/spi-builder-workspace/.derivedData/Build/Products/Debug-appletvos/include -Xcc -I/Users/admin/builder/spi-builder-workspace/.derivedData/Build/Intermediates.noindex/ExtSwift.build/Debug-appletvos/ExtSwift-t.build/DerivedSources-normal/arm64 -Xcc -I/Users/admin/builder/spi-builder-workspace/.derivedData/Build/Intermediates.noindex/ExtSwift.build/Debug-appletvos/ExtSwift-t.build/DerivedSources/arm64 -Xcc -I/Users/admin/builder/spi-builder-workspace/.derivedData/Build/Intermediates.noindex/ExtSwift.build/Debug-appletvos/ExtSwift-t.build/DerivedSources -Xcc -DSWIFT_PACKAGE -Xcc -DDEBUG\=1 -emit-objc-header -emit-objc-header-path /Users/admin/builder/spi-builder-workspace/.derivedData/Build/Intermediates.noindex/ExtSwift.build/Debug-appletvos/ExtSwift-t.build/Objects-normal/arm64/ExtSwift-Swift.h -working-directory /Users/admin/builder/spi-builder-workspace/.swiftpm/xcode -experimental-emit-module-separately -disable-cmo
ExtractAppIntentsMetadata (in target 'SnapKit' from project 'SnapKit')
cd /Users/admin/builder/spi-builder-workspace/.dependencies/checkouts/SnapKit
/Applications/Xcode-27.0.0-Release.Candidate.app/Contents/Developer/Toolchains/XcodeDefault.xctoolchain/usr/bin/appintentsmetadataprocessor --toolchain-dir /var/run/com.apple.security.cryptexd/mnt/com.apple.MobileAsset.MetalToolchain-v27.1.266.1.jJe0h3/Metal.xctoolchain --module-name SnapKit --sdk-root /Applications/Xcode-27.0.0-Release.Candidate.app/Contents/Developer/Platforms/AppleTVOS.platform/Developer/SDKs/AppleTVOS27.0.sdk --xcode-version 27A266a --platform-family tvOS --deployment-target 15.0 --bundle-identifier snapkit.SnapKit --output /Users/admin/builder/spi-builder-workspace/.derivedData/Build/Products/Debug-appletvos/SnapKit.appintents --target-triple arm64-apple-tvos15.0 --binary-file /Users/admin/builder/spi-builder-workspace/.derivedData/Build/Products/Debug-appletvos/SnapKit.o --dependency-file /Users/admin/builder/spi-builder-workspace/.derivedData/Build/Intermediates.noindex/SnapKit.build/Debug-appletvos/SnapKit-t.build/Objects-normal/arm64/SnapKit_dependency_info.dat --stringsdata-file /Users/admin/builder/spi-builder-workspace/.derivedData/Build/Intermediates.noindex/SnapKit.build/Debug-appletvos/SnapKit-t.build/Objects-normal/arm64/ExtractedAppShortcutsMetadata.stringsdata --source-file-list /Users/admin/builder/spi-builder-workspace/.derivedData/Build/Intermediates.noindex/SnapKit.build/Debug-appletvos/SnapKit-t.build/Objects-normal/arm64/SnapKit.SwiftFileList --metadata-file-list /Users/admin/builder/spi-builder-workspace/.derivedData/Build/Intermediates.noindex/SnapKit.build/Debug-appletvos/SnapKit-t.build/SnapKit.DependencyMetadataFileList --static-metadata-file-list /Users/admin/builder/spi-builder-workspace/.derivedData/Build/Intermediates.noindex/SnapKit.build/Debug-appletvos/SnapKit-t.build/SnapKit.DependencyStaticMetadataFileList --swift-const-vals-list /Users/admin/builder/spi-builder-workspace/.derivedData/Build/Intermediates.noindex/SnapKit.build/Debug-appletvos/SnapKit-t.build/Objects-normal/arm64/SnapKit.SwiftConstValuesFileList --force --compile-time-extraction --deployment-aware-processing --no-app-shortcuts-localization
2026-09-20 09:16:40.995 appintentsmetadataprocessor[778:4670] Starting appintentsmetadataprocessor export
2026-09-20 09:16:41.091 appintentsmetadataprocessor[778:4670] Extracted no relevant App Intents symbols, skipping writing output
SwiftCompile normal arm64 Compiling\ Operators.swift,\ Optional+opt.swift,\ SemanticVersion.swift /Users/admin/builder/spi-builder-workspace/Sources/ExtSwift/Foundation/Operators.swift /Users/admin/builder/spi-builder-workspace/Sources/ExtSwift/Foundation/Optional+opt.swift /Users/admin/builder/spi-builder-workspace/Sources/ExtSwift/Foundation/SemanticVersion.swift (in target 'ExtSwift' from project 'ExtSwift')
SwiftCompile normal arm64 /Users/admin/builder/spi-builder-workspace/Sources/ExtSwift/Foundation/Operators.swift (in target 'ExtSwift' from project 'ExtSwift')
cd /Users/admin/builder/spi-builder-workspace/.swiftpm/xcode
builtin-SwiftPerFileCompile Operators.swift
SwiftCompile normal arm64 /Users/admin/builder/spi-builder-workspace/Sources/ExtSwift/Foundation/Optional+opt.swift (in target 'ExtSwift' from project 'ExtSwift')
cd /Users/admin/builder/spi-builder-workspace/.swiftpm/xcode
builtin-SwiftPerFileCompile Optional+opt.swift
SwiftCompile normal arm64 /Users/admin/builder/spi-builder-workspace/Sources/ExtSwift/Foundation/SemanticVersion.swift (in target 'ExtSwift' from project 'ExtSwift')
cd /Users/admin/builder/spi-builder-workspace/.swiftpm/xcode
builtin-SwiftPerFileCompile SemanticVersion.swift
SwiftCompile normal arm64 Compiling\ UITextView+selectedIntRange.swift,\ UIViewBuilder.swift,\ UIViewController+.swift /Users/admin/builder/spi-builder-workspace/Sources/ExtSwift/UIKit/UITextView+selectedIntRange.swift /Users/admin/builder/spi-builder-workspace/Sources/ExtSwift/UIKit/UIViewBuilder.swift /Users/admin/builder/spi-builder-workspace/Sources/ExtSwift/UIKit/UIViewController+.swift (in target 'ExtSwift' from project 'ExtSwift')
SwiftCompile normal arm64 /Users/admin/builder/spi-builder-workspace/Sources/ExtSwift/UIKit/UITextView+selectedIntRange.swift (in target 'ExtSwift' from project 'ExtSwift')
cd /Users/admin/builder/spi-builder-workspace/.swiftpm/xcode
builtin-SwiftPerFileCompile UITextView+selectedIntRange.swift
SwiftCompile normal arm64 /Users/admin/builder/spi-builder-workspace/Sources/ExtSwift/UIKit/UIViewBuilder.swift (in target 'ExtSwift' from project 'ExtSwift')
cd /Users/admin/builder/spi-builder-workspace/.swiftpm/xcode
builtin-SwiftPerFileCompile UIViewBuilder.swift
SwiftCompile normal arm64 /Users/admin/builder/spi-builder-workspace/Sources/ExtSwift/UIKit/UIViewController+.swift (in target 'ExtSwift' from project 'ExtSwift')
cd /Users/admin/builder/spi-builder-workspace/.swiftpm/xcode
builtin-SwiftPerFileCompile UIViewController+.swift
SwiftCompile normal arm64 Compiling\ UIKit+addHandler.swift,\ UIKit.swift,\ UITableViewCell+style.swift /Users/admin/builder/spi-builder-workspace/Sources/ExtSwift/UIKit/UIKit+addHandler.swift /Users/admin/builder/spi-builder-workspace/Sources/ExtSwift/UIKit/UIKit.swift /Users/admin/builder/spi-builder-workspace/Sources/ExtSwift/UIKit/UITableViewCell+style.swift (in target 'ExtSwift' from project 'ExtSwift')
SwiftCompile normal arm64 /Users/admin/builder/spi-builder-workspace/Sources/ExtSwift/UIKit/UIKit+addHandler.swift (in target 'ExtSwift' from project 'ExtSwift')
cd /Users/admin/builder/spi-builder-workspace/.swiftpm/xcode
builtin-SwiftPerFileCompile UIKit+addHandler.swift
SwiftCompile normal arm64 /Users/admin/builder/spi-builder-workspace/Sources/ExtSwift/UIKit/UIKit.swift (in target 'ExtSwift' from project 'ExtSwift')
cd /Users/admin/builder/spi-builder-workspace/.swiftpm/xcode
builtin-SwiftPerFileCompile UIKit.swift
SwiftCompile normal arm64 /Users/admin/builder/spi-builder-workspace/Sources/ExtSwift/UIKit/UITableViewCell+style.swift (in target 'ExtSwift' from project 'ExtSwift')
cd /Users/admin/builder/spi-builder-workspace/.swiftpm/xcode
builtin-SwiftPerFileCompile UITableViewCell+style.swift
SwiftCompile normal arm64 Compiling\ nonEmpty.swift,\ tryIndex.swift,\ ESCollectionViewDiffableDataSource.swift /Users/admin/builder/spi-builder-workspace/Sources/ExtSwift/Foundation/nonEmpty.swift /Users/admin/builder/spi-builder-workspace/Sources/ExtSwift/Foundation/tryIndex.swift /Users/admin/builder/spi-builder-workspace/Sources/ExtSwift/UIKit/ESDiffableDataSource/ESCollectionViewDiffableDataSource.swift (in target 'ExtSwift' from project 'ExtSwift')
SwiftCompile normal arm64 /Users/admin/builder/spi-builder-workspace/Sources/ExtSwift/Foundation/nonEmpty.swift (in target 'ExtSwift' from project 'ExtSwift')
cd /Users/admin/builder/spi-builder-workspace/.swiftpm/xcode
builtin-SwiftPerFileCompile nonEmpty.swift
SwiftCompile normal arm64 /Users/admin/builder/spi-builder-workspace/Sources/ExtSwift/Foundation/tryIndex.swift (in target 'ExtSwift' from project 'ExtSwift')
cd /Users/admin/builder/spi-builder-workspace/.swiftpm/xcode
builtin-SwiftPerFileCompile tryIndex.swift
SwiftCompile normal arm64 /Users/admin/builder/spi-builder-workspace/Sources/ExtSwift/UIKit/ESDiffableDataSource/ESCollectionViewDiffableDataSource.swift (in target 'ExtSwift' from project 'ExtSwift')
cd /Users/admin/builder/spi-builder-workspace/.swiftpm/xcode
builtin-SwiftPerFileCompile ESCollectionViewDiffableDataSource.swift
SwiftCompile normal arm64 Compiling\ SnapKit+superview.swift,\ Theme.swift,\ UIButton+.swift /Users/admin/builder/spi-builder-workspace/Sources/ExtSwift/UIKit/SnapKit+superview.swift /Users/admin/builder/spi-builder-workspace/Sources/ExtSwift/UIKit/Theme.swift /Users/admin/builder/spi-builder-workspace/Sources/ExtSwift/UIKit/UIButton+.swift (in target 'ExtSwift' from project 'ExtSwift')
SwiftCompile normal arm64 /Users/admin/builder/spi-builder-workspace/Sources/ExtSwift/UIKit/SnapKit+superview.swift (in target 'ExtSwift' from project 'ExtSwift')
cd /Users/admin/builder/spi-builder-workspace/.swiftpm/xcode
builtin-SwiftPerFileCompile SnapKit+superview.swift
SwiftCompile normal arm64 /Users/admin/builder/spi-builder-workspace/Sources/ExtSwift/UIKit/Theme.swift (in target 'ExtSwift' from project 'ExtSwift')
cd /Users/admin/builder/spi-builder-workspace/.swiftpm/xcode
builtin-SwiftPerFileCompile Theme.swift
SwiftCompile normal arm64 /Users/admin/builder/spi-builder-workspace/Sources/ExtSwift/UIKit/UIButton+.swift (in target 'ExtSwift' from project 'ExtSwift')
cd /Users/admin/builder/spi-builder-workspace/.swiftpm/xcode
builtin-SwiftPerFileCompile UIButton+.swift
SwiftCompile normal arm64 Compiling\ ESDiffableDataSourceSnapshot.swift,\ ESDiffableDataSourceSnapshotBuilder.swift,\ ESTableViewDiffableDataSource.swift /Users/admin/builder/spi-builder-workspace/Sources/ExtSwift/UIKit/ESDiffableDataSource/ESDiffableDataSourceSnapshot.swift /Users/admin/builder/spi-builder-workspace/Sources/ExtSwift/UIKit/ESDiffableDataSource/ESDiffableDataSourceSnapshotBuilder.swift /Users/admin/builder/spi-builder-workspace/Sources/ExtSwift/UIKit/ESDiffableDataSource/ESTableViewDiffableDataSource.swift (in target 'ExtSwift' from project 'ExtSwift')
SwiftCompile normal arm64 /Users/admin/builder/spi-builder-workspace/Sources/ExtSwift/UIKit/ESDiffableDataSource/ESDiffableDataSourceSnapshot.swift (in target 'ExtSwift' from project 'ExtSwift')
cd /Users/admin/builder/spi-builder-workspace/.swiftpm/xcode
builtin-SwiftPerFileCompile ESDiffableDataSourceSnapshot.swift
SwiftCompile normal arm64 /Users/admin/builder/spi-builder-workspace/Sources/ExtSwift/UIKit/ESDiffableDataSource/ESDiffableDataSourceSnapshotBuilder.swift (in target 'ExtSwift' from project 'ExtSwift')
cd /Users/admin/builder/spi-builder-workspace/.swiftpm/xcode
builtin-SwiftPerFileCompile ESDiffableDataSourceSnapshotBuilder.swift
SwiftCompile normal arm64 /Users/admin/builder/spi-builder-workspace/Sources/ExtSwift/UIKit/ESDiffableDataSource/ESTableViewDiffableDataSource.swift (in target 'ExtSwift' from project 'ExtSwift')
cd /Users/admin/builder/spi-builder-workspace/.swiftpm/xcode
builtin-SwiftPerFileCompile ESTableViewDiffableDataSource.swift
SwiftCompile normal arm64 Compiling\ ESHitTestView.swift,\ ESScrollViewController.swift,\ ESTableViewController.swift /Users/admin/builder/spi-builder-workspace/Sources/ExtSwift/UIKit/ESHitTestView.swift /Users/admin/builder/spi-builder-workspace/Sources/ExtSwift/UIKit/ESScrollViewController.swift /Users/admin/builder/spi-builder-workspace/Sources/ExtSwift/UIKit/ESTableViewController.swift (in target 'ExtSwift' from project 'ExtSwift')
/Users/admin/builder/spi-builder-workspace/Sources/ExtSwift/UIKit/ESScrollViewController.swift:29:30: error: 'UIRefreshControl' is unavailable in tvOS
27 | open private(set) var scrollView: UIScrollView! // use `scrollView.snp.removeAllConstraints()` to remove default constraints
28 |
29 | open var refreshControl: UIRefreshControl? {
| `- error: 'UIRefreshControl' is unavailable in tvOS
30 | willSet {
31 | if refreshControl != nil {
/Applications/Xcode-27.0.0-Release.Candidate.app/Contents/Developer/Platforms/AppleTVOS.platform/Developer/SDKs/AppleTVOS27.0.sdk/System/Library/Frameworks/UIKit.framework/Headers/UIRefreshControl.h:16:12: note: 'UIRefreshControl' has been explicitly marked unavailable here
14 |
15 | UIKIT_EXTERN API_AVAILABLE(ios(6.0)) API_UNAVAILABLE(tvos, watchos) NS_SWIFT_UI_ACTOR
16 | @interface UIRefreshControl : UIControl
| `- note: 'UIRefreshControl' has been explicitly marked unavailable here
17 |
18 | /* The designated initializer
/Users/admin/builder/spi-builder-workspace/Sources/ExtSwift/UIKit/ESTableViewController.swift:18:30: error: 'UIRefreshControl' is unavailable in tvOS
16 | open private(set) var tableView: UITableView! // use `tableView.snp.removeAllConstraints()` to remove default constraints
17 |
18 | open var refreshControl: UIRefreshControl? {
| `- error: 'UIRefreshControl' is unavailable in tvOS
19 | willSet {
20 | if refreshControl != nil {
/Applications/Xcode-27.0.0-Release.Candidate.app/Contents/Developer/Platforms/AppleTVOS.platform/Developer/SDKs/AppleTVOS27.0.sdk/System/Library/Frameworks/UIKit.framework/Headers/UIRefreshControl.h:16:12: note: 'UIRefreshControl' has been explicitly marked unavailable here
14 |
15 | UIKIT_EXTERN API_AVAILABLE(ios(6.0)) API_UNAVAILABLE(tvos, watchos) NS_SWIFT_UI_ACTOR
16 | @interface UIRefreshControl : UIControl
| `- note: 'UIRefreshControl' has been explicitly marked unavailable here
17 |
18 | /* The designated initializer
Failed frontend command:
/Applications/Xcode-27.0.0-Release.Candidate.app/Contents/Developer/Toolchains/XcodeDefault.xctoolchain/usr/bin/swift-frontend -frontend -c /Users/admin/builder/spi-builder-workspace/Sources/ExtSwift/Foundation/ExtSwift.swift /Users/admin/builder/spi-builder-workspace/Sources/ExtSwift/Foundation/KVO.swift /Users/admin/builder/spi-builder-workspace/Sources/ExtSwift/Foundation/Mutable.swift /Users/admin/builder/spi-builder-workspace/Sources/ExtSwift/Foundation/NameSpace.swift /Users/admin/builder/spi-builder-workspace/Sources/ExtSwift/Foundation/Operators.swift /Users/admin/builder/spi-builder-workspace/Sources/ExtSwift/Foundation/Optional+opt.swift /Users/admin/builder/spi-builder-workspace/Sources/ExtSwift/Foundation/SemanticVersion.swift /Users/admin/builder/spi-builder-workspace/Sources/ExtSwift/Foundation/String+intIndex.swift /Users/admin/builder/spi-builder-workspace/Sources/ExtSwift/Foundation/Types.swift /Users/admin/builder/spi-builder-workspace/Sources/ExtSwift/Foundation/boolValue.swift /Users/admin/builder/spi-builder-workspace/Sources/ExtSwift/Foundation/nonEmpty.swift /Users/admin/builder/spi-builder-workspace/Sources/ExtSwift/Foundation/tryIndex.swift /Users/admin/builder/spi-builder-workspace/Sources/ExtSwift/UIKit/ESDiffableDataSource/ESCollectionViewDiffableDataSource.swift /Users/admin/builder/spi-builder-workspace/Sources/ExtSwift/UIKit/ESDiffableDataSource/ESDiffableDataSourceSnapshot.swift /Users/admin/builder/spi-builder-workspace/Sources/ExtSwift/UIKit/ESDiffableDataSource/ESDiffableDataSourceSnapshotBuilder.swift /Users/admin/builder/spi-builder-workspace/Sources/ExtSwift/UIKit/ESDiffableDataSource/ESTableViewDiffableDataSource.swift -primary-file /Users/admin/builder/spi-builder-workspace/Sources/ExtSwift/UIKit/ESHitTestView.swift -primary-file /Users/admin/builder/spi-builder-workspace/Sources/ExtSwift/UIKit/ESScrollViewController.swift -primary-file /Users/admin/builder/spi-builder-workspace/Sources/ExtSwift/UIKit/ESTableViewController.swift /Users/admin/builder/spi-builder-workspace/Sources/ExtSwift/UIKit/SnapKit+superview.swift /Users/admin/builder/spi-builder-workspace/Sources/ExtSwift/UIKit/Theme.swift /Users/admin/builder/spi-builder-workspace/Sources/ExtSwift/UIKit/UIButton+.swift /Users/admin/builder/spi-builder-workspace/Sources/ExtSwift/UIKit/UIKit+addHandler.swift /Users/admin/builder/spi-builder-workspace/Sources/ExtSwift/UIKit/UIKit.swift /Users/admin/builder/spi-builder-workspace/Sources/ExtSwift/UIKit/UITableViewCell+style.swift /Users/admin/builder/spi-builder-workspace/Sources/ExtSwift/UIKit/UITextView+selectedIntRange.swift /Users/admin/builder/spi-builder-workspace/Sources/ExtSwift/UIKit/UIViewBuilder.swift /Users/admin/builder/spi-builder-workspace/Sources/ExtSwift/UIKit/UIViewController+.swift /Users/admin/builder/spi-builder-workspace/Sources/ExtSwift/unstable/AnyEquatable.swift /Users/admin/builder/spi-builder-workspace/Sources/ExtSwift/unstable/JSON.swift /Users/admin/builder/spi-builder-workspace/Sources/ExtSwift/unstable/WeakArray.swift -supplementary-output-file-map /Users/admin/builder/spi-builder-workspace/.derivedData/Build/Intermediates.noindex/ExtSwift.build/Debug-appletvos/ExtSwift-t.build/Objects-normal/arm64/supplementaryOutputs-16 -target arm64-apple-tvos15.0 -module-can-import-version CoreGraphics 2049 2049.0.0 -module-can-import-version UIKit 9127.0.84.1 9127.0.84 -disable-cross-import-overlay-search -load-resolved-plugin /Applications/Xcode-27.0.0-Release.Candidate.app/Contents/Developer/Platforms/AppleTVOS.platform/Developer/usr/lib/swift/host/plugins/libFoundationMacros.dylib\#/Applications/Xcode-27.0.0-Release.Candidate.app/Contents/Developer/Platforms/AppleTVOS.platform/Developer/usr/bin/swift-plugin-server\#FoundationMacros -load-resolved-plugin /Applications/Xcode-27.0.0-Release.Candidate.app/Contents/Developer/Platforms/AppleTVOS.platform/Developer/usr/lib/swift/host/plugins/libObservationMacros.dylib\#/Applications/Xcode-27.0.0-Release.Candidate.app/Contents/Developer/Platforms/AppleTVOS.platform/Developer/usr/bin/swift-plugin-server\#ObservationMacros -load-resolved-plugin /Applications/Xcode-27.0.0-Release.Candidate.app/Contents/Developer/Platforms/AppleTVOS.platform/Developer/usr/lib/swift/host/plugins/libPreviewsMacros.dylib\#/Applications/Xcode-27.0.0-Release.Candidate.app/Contents/Developer/Platforms/AppleTVOS.platform/Developer/usr/bin/swift-plugin-server\#PreviewsMacros -load-resolved-plugin /Applications/Xcode-27.0.0-Release.Candidate.app/Contents/Developer/Platforms/AppleTVOS.platform/Developer/usr/lib/swift/host/plugins/libSwiftMacros.dylib\#/Applications/Xcode-27.0.0-Release.Candidate.app/Contents/Developer/Platforms/AppleTVOS.platform/Developer/usr/bin/swift-plugin-server\#SwiftMacros -load-resolved-plugin /Applications/Xcode-27.0.0-Release.Candidate.app/Contents/Developer/Platforms/AppleTVOS.platform/Developer/usr/lib/swift/host/plugins/libSwiftUIMacros.dylib\#/Applications/Xcode-27.0.0-Release.Candidate.app/Contents/Developer/Platforms/AppleTVOS.platform/Developer/usr/bin/swift-plugin-server\#SwiftUIMacros -disable-implicit-swift-modules -Xcc -fno-implicit-modules -Xcc -fno-implicit-module-maps -explicit-swift-module-map-file /Users/admin/builder/spi-builder-workspace/.derivedData/Build/Intermediates.noindex/ExtSwift.build/Debug-appletvos/ExtSwift-t.build/Objects-normal/arm64/ExtSwift-dependencies-1.json -Xllvm -aarch64-use-tbi -enable-objc-interop -stack-check -sdk /Applications/Xcode-27.0.0-Release.Candidate.app/Contents/Developer/Platforms/AppleTVOS.platform/Developer/SDKs/AppleTVOS27.0.sdk -I /Users/admin/builder/spi-builder-workspace/.derivedData/Build/Products/Debug-appletvos -Isystem /Applications/Xcode-27.0.0-Release.Candidate.app/Contents/Developer/Platforms/AppleTVOS.platform/Developer/usr/lib -F /Users/admin/builder/spi-builder-workspace/.derivedData/Build/Products/Debug-appletvos/PackageFrameworks -F /Users/admin/builder/spi-builder-workspace/.derivedData/Build/Products/Debug-appletvos -F /Applications/Xcode-27.0.0-Release.Candidate.app/Contents/Developer/Platforms/AppleTVOS.platform/Developer/Library/Frameworks -F /Applications/Xcode-27.0.0-Release.Candidate.app/Contents/Developer/Platforms/AppleTVOS.platform/Developer/SDKs/AppleTVOS27.0.sdk/Developer/Library/Frameworks -module-cache-path /Users/admin/builder/spi-builder-workspace/.derivedData/Build/Intermediates.noindex/SwiftExplicitPrecompiledModules -no-color-diagnostics -Xcc -fno-color-diagnostics -enable-testing -g -debug-info-format\=dwarf -dwarf-version\=4 -profile-generate -profile-coverage-mapping -swift-version 5 -Onone -D SWIFT_PACKAGE -D DEBUG -D SWIFT_MODULE_RESOURCE_BUNDLE_UNAVAILABLE -D Xcode -serialize-debugging-options -enable-experimental-feature DebugDescriptionMacro -empty-abi-descriptor -validate-clang-modules-once -clang-build-session-file /Users/admin/builder/spi-builder-workspace/.derivedData/ModuleCache.noindex/Session.modulevalidation -Xcc -working-directory -Xcc /Users/admin/builder/spi-builder-workspace/.swiftpm/xcode -enable-anonymous-context-mangled-names -file-compilation-dir /Users/admin/builder/spi-builder-workspace/.swiftpm/xcode -Xcc -D_LIBCPP_HARDENING_MODE\=_LIBCPP_HARDENING_MODE_DEBUG -Xcc -ivfsstatcache -Xcc /Users/admin/builder/spi-builder-workspace/.derivedData/SDKStatCaches.noindex/appletvos27.0-24J360-e829b21a6f8c9b70876ba0858053c044b32bfd8d43560033f8d89884cdb90028.sdkstatcache -Xcc -fmodules-prune-interval\=86400 -Xcc -fmodules-prune-after\=345600 -Xcc -I/Users/admin/builder/spi-builder-workspace/.derivedData/Build/Products/Debug-appletvos/include -Xcc -I/Users/admin/builder/spi-builder-workspace/.derivedData/Build/Intermediates.noindex/ExtSwift.build/Debug-appletvos/ExtSwift-t.build/DerivedSources-normal/arm64 -Xcc -I/Users/admin/builder/spi-builder-workspace/.derivedData/Build/Intermediates.noindex/ExtSwift.build/Debug-appletvos/ExtSwift-t.build/DerivedSources/arm64 -Xcc -I/Users/admin/builder/spi-builder-workspace/.derivedData/Build/Intermediates.noindex/ExtSwift.build/Debug-appletvos/ExtSwift-t.build/DerivedSources -Xcc -DSWIFT_PACKAGE -Xcc -DDEBUG\=1 -no-auto-bridging-header-chaining -module-name ExtSwift -package-name spi_builder_workspace -const-gather-protocols-file /Users/admin/builder/spi-builder-workspace/.derivedData/Build/Intermediates.noindex/ExtSwift.build/Debug-appletvos/ExtSwift-t.build/Objects-normal/arm64/ExtSwift_const_extract_protocols.json -disable-clang-spi -clang-target arm64-apple-tvos27.0 -target-sdk-version 27.0 -target-sdk-name appletvos27.0 -in-process-plugin-server-path /Applications/Xcode-27.0.0-Release.Candidate.app/Contents/Developer/Toolchains/XcodeDefault.xctoolchain/usr/lib/swift/host/libSwiftInProcPluginServer.dylib -parse-as-library -o /Users/admin/builder/spi-builder-workspace/.derivedData/Build/Intermediates.noindex/ExtSwift.build/Debug-appletvos/ExtSwift-t.build/Objects-normal/arm64/ESHitTestView.o -o /Users/admin/builder/spi-builder-workspace/.derivedData/Build/Intermediates.noindex/ExtSwift.build/Debug-appletvos/ExtSwift-t.build/Objects-normal/arm64/ESScrollViewController.o -o /Users/admin/builder/spi-builder-workspace/.derivedData/Build/Intermediates.noindex/ExtSwift.build/Debug-appletvos/ExtSwift-t.build/Objects-normal/arm64/ESTableViewController.o -debug-module-path /Users/admin/builder/spi-builder-workspace/.derivedData/Build/Intermediates.noindex/ExtSwift.build/Debug-appletvos/ExtSwift-t.build/Objects-normal/arm64/ExtSwift.swiftmodule -index-unit-output-path /ExtSwift.build/Debug-appletvos/ExtSwift-t.build/Objects-normal/arm64/ESHitTestView.o -index-unit-output-path /ExtSwift.build/Debug-appletvos/ExtSwift-t.build/Objects-normal/arm64/ESScrollViewController.o -index-unit-output-path /ExtSwift.build/Debug-appletvos/ExtSwift-t.build/Objects-normal/arm64/ESTableViewController.o -index-store-path /Users/admin/builder/spi-builder-workspace/.derivedData/Index.noindex/DataStore -index-system-modules
SwiftCompile normal arm64 /Users/admin/builder/spi-builder-workspace/Sources/ExtSwift/UIKit/ESHitTestView.swift (in target 'ExtSwift' from project 'ExtSwift')
cd /Users/admin/builder/spi-builder-workspace/.swiftpm/xcode
builtin-SwiftPerFileCompile ESHitTestView.swift
SwiftCompile normal arm64 /Users/admin/builder/spi-builder-workspace/Sources/ExtSwift/UIKit/ESScrollViewController.swift (in target 'ExtSwift' from project 'ExtSwift')
cd /Users/admin/builder/spi-builder-workspace/.swiftpm/xcode
builtin-SwiftPerFileCompile ESScrollViewController.swift
SwiftCompile normal arm64 /Users/admin/builder/spi-builder-workspace/Sources/ExtSwift/UIKit/ESTableViewController.swift (in target 'ExtSwift' from project 'ExtSwift')
cd /Users/admin/builder/spi-builder-workspace/.swiftpm/xcode
builtin-SwiftPerFileCompile ESTableViewController.swift
SwiftEmitModule normal arm64 Emitting\ module\ for\ ExtSwift (in target 'ExtSwift' from project 'ExtSwift')
SwiftCompile normal arm64 (in target 'ExtSwift' from project 'ExtSwift')
cd /Users/admin/builder/spi-builder-workspace/.swiftpm/xcode
SwiftCompile normal arm64 Compiling\ AnyEquatable.swift,\ JSON.swift,\ WeakArray.swift /Users/admin/builder/spi-builder-workspace/Sources/ExtSwift/unstable/AnyEquatable.swift /Users/admin/builder/spi-builder-workspace/Sources/ExtSwift/unstable/JSON.swift /Users/admin/builder/spi-builder-workspace/Sources/ExtSwift/unstable/WeakArray.swift (in target 'ExtSwift' from project 'ExtSwift')
SwiftCompile normal arm64 /Users/admin/builder/spi-builder-workspace/Sources/ExtSwift/unstable/AnyEquatable.swift (in target 'ExtSwift' from project 'ExtSwift')
cd /Users/admin/builder/spi-builder-workspace/.swiftpm/xcode
builtin-SwiftPerFileCompile AnyEquatable.swift
SwiftCompile normal arm64 /Users/admin/builder/spi-builder-workspace/Sources/ExtSwift/unstable/JSON.swift (in target 'ExtSwift' from project 'ExtSwift')
cd /Users/admin/builder/spi-builder-workspace/.swiftpm/xcode
builtin-SwiftPerFileCompile JSON.swift
SwiftCompile normal arm64 /Users/admin/builder/spi-builder-workspace/Sources/ExtSwift/unstable/WeakArray.swift (in target 'ExtSwift' from project 'ExtSwift')
cd /Users/admin/builder/spi-builder-workspace/.swiftpm/xcode
builtin-SwiftPerFileCompile WeakArray.swift
SwiftCompile normal arm64 Compiling\ ExtSwift.swift,\ KVO.swift,\ Mutable.swift,\ NameSpace.swift /Users/admin/builder/spi-builder-workspace/Sources/ExtSwift/Foundation/ExtSwift.swift /Users/admin/builder/spi-builder-workspace/Sources/ExtSwift/Foundation/KVO.swift /Users/admin/builder/spi-builder-workspace/Sources/ExtSwift/Foundation/Mutable.swift /Users/admin/builder/spi-builder-workspace/Sources/ExtSwift/Foundation/NameSpace.swift (in target 'ExtSwift' from project 'ExtSwift')
SwiftCompile normal arm64 /Users/admin/builder/spi-builder-workspace/Sources/ExtSwift/Foundation/ExtSwift.swift (in target 'ExtSwift' from project 'ExtSwift')
cd /Users/admin/builder/spi-builder-workspace/.swiftpm/xcode
builtin-SwiftPerFileCompile ExtSwift.swift
SwiftCompile normal arm64 /Users/admin/builder/spi-builder-workspace/Sources/ExtSwift/Foundation/KVO.swift (in target 'ExtSwift' from project 'ExtSwift')
cd /Users/admin/builder/spi-builder-workspace/.swiftpm/xcode
builtin-SwiftPerFileCompile KVO.swift
SwiftCompile normal arm64 /Users/admin/builder/spi-builder-workspace/Sources/ExtSwift/Foundation/Mutable.swift (in target 'ExtSwift' from project 'ExtSwift')
cd /Users/admin/builder/spi-builder-workspace/.swiftpm/xcode
builtin-SwiftPerFileCompile Mutable.swift
SwiftCompile normal arm64 /Users/admin/builder/spi-builder-workspace/Sources/ExtSwift/Foundation/NameSpace.swift (in target 'ExtSwift' from project 'ExtSwift')
cd /Users/admin/builder/spi-builder-workspace/.swiftpm/xcode
builtin-SwiftPerFileCompile NameSpace.swift
SwiftCompile normal arm64 Compiling\ String+intIndex.swift,\ Types.swift,\ boolValue.swift /Users/admin/builder/spi-builder-workspace/Sources/ExtSwift/Foundation/String+intIndex.swift /Users/admin/builder/spi-builder-workspace/Sources/ExtSwift/Foundation/Types.swift /Users/admin/builder/spi-builder-workspace/Sources/ExtSwift/Foundation/boolValue.swift (in target 'ExtSwift' from project 'ExtSwift')
SwiftCompile normal arm64 /Users/admin/builder/spi-builder-workspace/Sources/ExtSwift/Foundation/String+intIndex.swift (in target 'ExtSwift' from project 'ExtSwift')
cd /Users/admin/builder/spi-builder-workspace/.swiftpm/xcode
builtin-SwiftPerFileCompile String+intIndex.swift
SwiftCompile normal arm64 /Users/admin/builder/spi-builder-workspace/Sources/ExtSwift/Foundation/Types.swift (in target 'ExtSwift' from project 'ExtSwift')
cd /Users/admin/builder/spi-builder-workspace/.swiftpm/xcode
builtin-SwiftPerFileCompile Types.swift
SwiftCompile normal arm64 /Users/admin/builder/spi-builder-workspace/Sources/ExtSwift/Foundation/boolValue.swift (in target 'ExtSwift' from project 'ExtSwift')
cd /Users/admin/builder/spi-builder-workspace/.swiftpm/xcode
builtin-SwiftPerFileCompile boolValue.swift
PruneExplicitPrecompiledModules /Users/admin/builder/spi-builder-workspace/.derivedData/Build/Intermediates.noindex/ExplicitPrecompiledModules
PruneExplicitPrecompiledModules /Users/admin/builder/spi-builder-workspace/.derivedData/Build/Intermediates.noindex/SwiftExplicitPrecompiledModules
PruneExplicitPrecompiledModules /Users/admin/builder/spi-builder-workspace/.derivedData/SDKExplicitPrecompiledModules
2026-09-20 09:16:32.035 xcodebuild[683:4230] [MT] IDERunDestination: Supported platforms for the buildables in the current scheme is empty.
** BUILD FAILED **
The following build commands failed:
SwiftCompile normal arm64 Compiling\ ESHitTestView.swift,\ ESScrollViewController.swift,\ ESTableViewController.swift /Users/admin/builder/spi-builder-workspace/Sources/ExtSwift/UIKit/ESHitTestView.swift /Users/admin/builder/spi-builder-workspace/Sources/ExtSwift/UIKit/ESScrollViewController.swift /Users/admin/builder/spi-builder-workspace/Sources/ExtSwift/UIKit/ESTableViewController.swift (in target 'ExtSwift' from project 'ExtSwift')
SwiftCompile normal arm64 /Users/admin/builder/spi-builder-workspace/Sources/ExtSwift/UIKit/ESScrollViewController.swift (in target 'ExtSwift' from project 'ExtSwift')
SwiftCompile normal arm64 /Users/admin/builder/spi-builder-workspace/Sources/ExtSwift/UIKit/ESTableViewController.swift (in target 'ExtSwift' from project 'ExtSwift')
Building workspace ExtSwift with scheme ExtSwift-Package
(4 failures)
Command line invocation:
/Applications/Xcode-27.0.0-Release.Candidate.app/Contents/Developer/usr/bin/xcodebuild -IDEClonedSourcePackagesDirPathOverride=/Users/admin/builder/spi-builder-workspace/.dependencies -resolvePackageDependencies
Resolve Package Graph
Resolved source packages:
SnapKit: https://github.com/SnapKit/SnapKit @ 5.7.1
ExtSwift: /Users/admin/builder/spi-builder-workspace
resolved source packages: SnapKit, ExtSwift
2026-09-20 09:16:42.668 xcodebuild[789:4797] [MT] IDERunDestination: Supported platforms for the buildables in the current scheme is empty.
{
"dependencies" : [
{
"identity" : "snapkit",
"requirement" : {
"range" : [
{
"lower_bound" : "5.6.0",
"upper_bound" : "6.0.0"
}
]
},
"type" : "sourceControl",
"url" : "https://github.com/SnapKit/SnapKit"
}
],
"manifest_display_name" : "ExtSwift",
"name" : "ExtSwift",
"path" : "/Users/admin/builder/spi-builder-workspace",
"platforms" : [
{
"name" : "ios",
"version" : "13.0"
},
{
"name" : "macos",
"version" : "12.0"
}
],
"products" : [
{
"name" : "ExtSwift",
"targets" : [
"ExtSwift"
],
"type" : {
"library" : [
"automatic"
]
}
},
{
"name" : "ExtSwift-Dynamic",
"targets" : [
"ExtSwift"
],
"type" : {
"library" : [
"dynamic"
]
}
}
],
"swift_languages_versions" : [
"5"
],
"targets" : [
{
"c99name" : "ExtSwiftTests",
"module_type" : "SwiftTarget",
"name" : "ExtSwiftTests",
"path" : "Tests/ExtSwiftTests",
"sources" : [
"AnyEquatableTests.swift",
"ExtSwiftTests.swift",
"JSONTests.swift",
"KVOTests.swift",
"NameSpaceTests.swift",
"OperatorsTests.swift",
"SemanticVersionTests.swift",
"String+IntIndexTests.swift",
"ThemeTests.swift",
"TypesTests.swift",
"UIKitTests.swift",
"UIViewBuilderTests.swift",
"boolValueTests.swift",
"nonEmptyTests.swift",
"tryIndexTests.swift"
],
"target_dependencies" : [
"ExtSwift"
],
"type" : "test"
},
{
"c99name" : "ExtSwift",
"module_type" : "SwiftTarget",
"name" : "ExtSwift",
"path" : "Sources/ExtSwift",
"product_dependencies" : [
"SnapKit"
],
"product_memberships" : [
"ExtSwift",
"ExtSwift-Dynamic"
],
"sources" : [
"Foundation/ExtSwift.swift",
"Foundation/KVO.swift",
"Foundation/Mutable.swift",
"Foundation/NameSpace.swift",
"Foundation/Operators.swift",
"Foundation/Optional+opt.swift",
"Foundation/SemanticVersion.swift",
"Foundation/String+intIndex.swift",
"Foundation/Types.swift",
"Foundation/boolValue.swift",
"Foundation/nonEmpty.swift",
"Foundation/tryIndex.swift",
"UIKit/ESDiffableDataSource/ESCollectionViewDiffableDataSource.swift",
"UIKit/ESDiffableDataSource/ESDiffableDataSourceSnapshot.swift",
"UIKit/ESDiffableDataSource/ESDiffableDataSourceSnapshotBuilder.swift",
"UIKit/ESDiffableDataSource/ESTableViewDiffableDataSource.swift",
"UIKit/ESHitTestView.swift",
"UIKit/ESScrollViewController.swift",
"UIKit/ESTableViewController.swift",
"UIKit/SnapKit+superview.swift",
"UIKit/Theme.swift",
"UIKit/UIButton+.swift",
"UIKit/UIKit+addHandler.swift",
"UIKit/UIKit.swift",
"UIKit/UITableViewCell+style.swift",
"UIKit/UITextView+selectedIntRange.swift",
"UIKit/UIViewBuilder.swift",
"UIKit/UIViewController+.swift",
"unstable/AnyEquatable.swift",
"unstable/JSON.swift",
"unstable/WeakArray.swift"
],
"type" : "library"
}
],
"tools_version" : "5.10"
}
{
"workspace" : {
"name" : "ExtSwift",
"schemes" : [
"ExtSwift",
"ExtSwift-Dynamic",
"ExtSwift-Package"
]
}
}
2026-09-20 09:16:43.897 xcodebuild[797:4871] [MT] IDERunDestination: Supported platforms for the buildables in the current scheme is empty.
Running build ...
env DEVELOPER_DIR=/Applications/Xcode-27.0.0-Release.Candidate.app xcrun xcodebuild -IDEClonedSourcePackagesDirPathOverride=$PWD/.dependencies -skipMacroValidation -skipPackagePluginValidation -derivedDataPath $PWD/.derivedData build -scheme ExtSwift-Package -destination generic/platform=tvOS
Command line invocation:
/Applications/Xcode-27.0.0-Release.Candidate.app/Contents/Developer/usr/bin/xcodebuild -IDEClonedSourcePackagesDirPathOverride=/Users/admin/builder/spi-builder-workspace/.dependencies -skipMacroValidation -skipPackagePluginValidation -derivedDataPath /Users/admin/builder/spi-builder-workspace/.derivedData build -scheme ExtSwift-Package -destination generic/platform=tvOS
Resolve Package Graph
Resolved source packages:
ExtSwift: /Users/admin/builder/spi-builder-workspace
SnapKit: https://github.com/SnapKit/SnapKit @ 5.7.1
ComputePackagePrebuildTargetDependencyGraph
Prepare packages
CreateBuildRequest
SendProjectDescription
CreateBuildOperation
ComputeTargetDependencyGraph
note: Building targets in dependency order
note: Target dependency graph (6 targets)
Target 'ExtSwift-Dynamic-product' in project 'ExtSwift'
➜ Explicit dependency on target 'ExtSwift' in project 'ExtSwift'
➜ Explicit dependency on target 'SnapKit-product' in project 'SnapKit'
Target 'ExtSwift-product' in project 'ExtSwift'
➜ Explicit dependency on target 'ExtSwift' in project 'ExtSwift'
➜ Explicit dependency on target 'SnapKit-product' in project 'SnapKit'
Target 'ExtSwift' in project 'ExtSwift'
➜ Explicit dependency on target 'SnapKit-product' in project 'SnapKit'
Target 'SnapKit-product' in project 'SnapKit'
➜ Explicit dependency on target 'SnapKit' in project 'SnapKit'
➜ Explicit dependency on target 'SnapKit_SnapKit' in project 'SnapKit'
Target 'SnapKit' in project 'SnapKit'
➜ Explicit dependency on target 'SnapKit_SnapKit' in project 'SnapKit'
Target 'SnapKit_SnapKit' in project 'SnapKit' (no dependencies)
GatherProvisioningInputs
CreateBuildDescription
ClangStatCache /Applications/Xcode-27.0.0-Release.Candidate.app/Contents/Developer/Toolchains/XcodeDefault.xctoolchain/usr/bin/clang-stat-cache /Applications/Xcode-27.0.0-Release.Candidate.app/Contents/Developer/Platforms/AppleTVOS.platform/Developer/SDKs/AppleTVOS27.0.sdk /Users/admin/builder/spi-builder-workspace/.derivedData/SDKStatCaches.noindex/appletvos27.0-24J360-e829b21a6f8c9b70876ba0858053c044b32bfd8d43560033f8d89884cdb90028.sdkstatcache
cd /Users/admin/builder/spi-builder-workspace/.swiftpm/xcode
/Applications/Xcode-27.0.0-Release.Candidate.app/Contents/Developer/Toolchains/XcodeDefault.xctoolchain/usr/bin/clang-stat-cache /Applications/Xcode-27.0.0-Release.Candidate.app/Contents/Developer/Platforms/AppleTVOS.platform/Developer/SDKs/AppleTVOS27.0.sdk -o /Users/admin/builder/spi-builder-workspace/.derivedData/SDKStatCaches.noindex/appletvos27.0-24J360-e829b21a6f8c9b70876ba0858053c044b32bfd8d43560033f8d89884cdb90028.sdkstatcache
SwiftDriver ExtSwift normal arm64 com.apple.xcode.tools.swift.compiler (in target 'ExtSwift' from project 'ExtSwift')
cd /Users/admin/builder/spi-builder-workspace/.swiftpm/xcode
builtin-SwiftDriver -- /Applications/Xcode-27.0.0-Release.Candidate.app/Contents/Developer/Toolchains/XcodeDefault.xctoolchain/usr/bin/swiftc -parse-as-library -module-name ExtSwift -Onone @/Users/admin/builder/spi-builder-workspace/.derivedData/Build/Intermediates.noindex/ExtSwift.build/Debug-appletvos/ExtSwift-t.build/Objects-normal/arm64/ExtSwift.SwiftFileList -DSWIFT_PACKAGE -DDEBUG -DSWIFT_MODULE_RESOURCE_BUNDLE_UNAVAILABLE -DXcode -plugin-path /Applications/Xcode-27.0.0-Release.Candidate.app/Contents/Developer/Toolchains/XcodeDefault.xctoolchain/usr/lib/swift/host/plugins/testing -enable-experimental-feature DebugDescriptionMacro -sdk /Applications/Xcode-27.0.0-Release.Candidate.app/Contents/Developer/Platforms/AppleTVOS.platform/Developer/SDKs/AppleTVOS27.0.sdk -target arm64-apple-tvos15.0 -g -module-cache-path /Users/admin/builder/spi-builder-workspace/.derivedData/ModuleCache.noindex -Xfrontend -serialize-debugging-options -profile-coverage-mapping -profile-generate -enable-testing -index-store-path /Users/admin/builder/spi-builder-workspace/.derivedData/Index.noindex/DataStore -Xcc -D_LIBCPP_HARDENING_MODE\=_LIBCPP_HARDENING_MODE_DEBUG -swift-version 5 -I /Users/admin/builder/spi-builder-workspace/.derivedData/Build/Products/Debug-appletvos -Isystem /Applications/Xcode-27.0.0-Release.Candidate.app/Contents/Developer/Platforms/AppleTVOS.platform/Developer/usr/lib -F /Users/admin/builder/spi-builder-workspace/.derivedData/Build/Products/Debug-appletvos/PackageFrameworks -F /Users/admin/builder/spi-builder-workspace/.derivedData/Build/Products/Debug-appletvos -F /Applications/Xcode-27.0.0-Release.Candidate.app/Contents/Developer/Platforms/AppleTVOS.platform/Developer/Library/Frameworks -F /Applications/Xcode-27.0.0-Release.Candidate.app/Contents/Developer/Platforms/AppleTVOS.platform/Developer/SDKs/AppleTVOS27.0.sdk/Developer/Library/Frameworks -c -j10 -enable-batch-mode -incremental -Xcc -ivfsstatcache -Xcc /Users/admin/builder/spi-builder-workspace/.derivedData/SDKStatCaches.noindex/appletvos27.0-24J360-e829b21a6f8c9b70876ba0858053c044b32bfd8d43560033f8d89884cdb90028.sdkstatcache -output-file-map /Users/admin/builder/spi-builder-workspace/.derivedData/Build/Intermediates.noindex/ExtSwift.build/Debug-appletvos/ExtSwift-t.build/Objects-normal/arm64/ExtSwift-OutputFileMap.json -save-temps -no-color-diagnostics -explicit-module-build -module-cache-path /Users/admin/builder/spi-builder-workspace/.derivedData/Build/Intermediates.noindex/SwiftExplicitPrecompiledModules -clang-scanner-module-cache-path /Users/admin/builder/spi-builder-workspace/.derivedData/ModuleCache.noindex -sdk-module-cache-path /Users/admin/builder/spi-builder-workspace/.derivedData/SDKExplicitPrecompiledModules -emit-dependencies -emit-module -emit-module-path /Users/admin/builder/spi-builder-workspace/.derivedData/Build/Intermediates.noindex/ExtSwift.build/Debug-appletvos/ExtSwift-t.build/Objects-normal/arm64/ExtSwift.swiftmodule -serialize-diagnostics -dependency-scan-serialize-diagnostics-path /Users/admin/builder/spi-builder-workspace/.derivedData/Build/Intermediates.noindex/ExtSwift.build/Debug-appletvos/ExtSwift-t.build/Objects-normal/arm64/ExtSwift-dependency-scan.dia -validate-clang-modules-once -clang-build-session-file /Users/admin/builder/spi-builder-workspace/.derivedData/ModuleCache.noindex/Session.modulevalidation -Xcc -fmodules-prune-interval\=86400 -Xcc -fmodules-prune-after\=345600 -package-name spi_builder_workspace -emit-const-values -const-gather-protocols-list /Users/admin/builder/spi-builder-workspace/.derivedData/Build/Intermediates.noindex/ExtSwift.build/Debug-appletvos/ExtSwift-t.build/Objects-normal/arm64/ExtSwift_const_extract_protocols.json -Xcc -I/Users/admin/builder/spi-builder-workspace/.derivedData/Build/Products/Debug-appletvos/include -Xcc -I/Users/admin/builder/spi-builder-workspace/.derivedData/Build/Intermediates.noindex/ExtSwift.build/Debug-appletvos/ExtSwift-t.build/DerivedSources-normal/arm64 -Xcc -I/Users/admin/builder/spi-builder-workspace/.derivedData/Build/Intermediates.noindex/ExtSwift.build/Debug-appletvos/ExtSwift-t.build/DerivedSources/arm64 -Xcc -I/Users/admin/builder/spi-builder-workspace/.derivedData/Build/Intermediates.noindex/ExtSwift.build/Debug-appletvos/ExtSwift-t.build/DerivedSources -Xcc -DSWIFT_PACKAGE -Xcc -DDEBUG\=1 -emit-objc-header -emit-objc-header-path /Users/admin/builder/spi-builder-workspace/.derivedData/Build/Intermediates.noindex/ExtSwift.build/Debug-appletvos/ExtSwift-t.build/Objects-normal/arm64/ExtSwift-Swift.h -working-directory /Users/admin/builder/spi-builder-workspace/.swiftpm/xcode -experimental-emit-module-separately -disable-cmo
SwiftCompile normal arm64 Compiling\ nonEmpty.swift,\ tryIndex.swift,\ ESCollectionViewDiffableDataSource.swift /Users/admin/builder/spi-builder-workspace/Sources/ExtSwift/Foundation/nonEmpty.swift /Users/admin/builder/spi-builder-workspace/Sources/ExtSwift/Foundation/tryIndex.swift /Users/admin/builder/spi-builder-workspace/Sources/ExtSwift/UIKit/ESDiffableDataSource/ESCollectionViewDiffableDataSource.swift (in target 'ExtSwift' from project 'ExtSwift')
SwiftCompile normal arm64 /Users/admin/builder/spi-builder-workspace/Sources/ExtSwift/Foundation/nonEmpty.swift (in target 'ExtSwift' from project 'ExtSwift')
cd /Users/admin/builder/spi-builder-workspace/.swiftpm/xcode
builtin-SwiftPerFileCompile nonEmpty.swift
SwiftCompile normal arm64 /Users/admin/builder/spi-builder-workspace/Sources/ExtSwift/Foundation/tryIndex.swift (in target 'ExtSwift' from project 'ExtSwift')
cd /Users/admin/builder/spi-builder-workspace/.swiftpm/xcode
builtin-SwiftPerFileCompile tryIndex.swift
SwiftCompile normal arm64 /Users/admin/builder/spi-builder-workspace/Sources/ExtSwift/UIKit/ESDiffableDataSource/ESCollectionViewDiffableDataSource.swift (in target 'ExtSwift' from project 'ExtSwift')
cd /Users/admin/builder/spi-builder-workspace/.swiftpm/xcode
builtin-SwiftPerFileCompile ESCollectionViewDiffableDataSource.swift
SwiftCompile normal arm64 Compiling\ String+intIndex.swift,\ Types.swift,\ boolValue.swift /Users/admin/builder/spi-builder-workspace/Sources/ExtSwift/Foundation/String+intIndex.swift /Users/admin/builder/spi-builder-workspace/Sources/ExtSwift/Foundation/Types.swift /Users/admin/builder/spi-builder-workspace/Sources/ExtSwift/Foundation/boolValue.swift (in target 'ExtSwift' from project 'ExtSwift')
SwiftCompile normal arm64 /Users/admin/builder/spi-builder-workspace/Sources/ExtSwift/Foundation/String+intIndex.swift (in target 'ExtSwift' from project 'ExtSwift')
cd /Users/admin/builder/spi-builder-workspace/.swiftpm/xcode
builtin-SwiftPerFileCompile String+intIndex.swift
SwiftCompile normal arm64 /Users/admin/builder/spi-builder-workspace/Sources/ExtSwift/Foundation/Types.swift (in target 'ExtSwift' from project 'ExtSwift')
cd /Users/admin/builder/spi-builder-workspace/.swiftpm/xcode
builtin-SwiftPerFileCompile Types.swift
SwiftCompile normal arm64 /Users/admin/builder/spi-builder-workspace/Sources/ExtSwift/Foundation/boolValue.swift (in target 'ExtSwift' from project 'ExtSwift')
cd /Users/admin/builder/spi-builder-workspace/.swiftpm/xcode
builtin-SwiftPerFileCompile boolValue.swift
SwiftCompile normal arm64 Compiling\ ExtSwift.swift,\ KVO.swift,\ Mutable.swift,\ NameSpace.swift /Users/admin/builder/spi-builder-workspace/Sources/ExtSwift/Foundation/ExtSwift.swift /Users/admin/builder/spi-builder-workspace/Sources/ExtSwift/Foundation/KVO.swift /Users/admin/builder/spi-builder-workspace/Sources/ExtSwift/Foundation/Mutable.swift /Users/admin/builder/spi-builder-workspace/Sources/ExtSwift/Foundation/NameSpace.swift (in target 'ExtSwift' from project 'ExtSwift')
SwiftCompile normal arm64 /Users/admin/builder/spi-builder-workspace/Sources/ExtSwift/Foundation/ExtSwift.swift (in target 'ExtSwift' from project 'ExtSwift')
cd /Users/admin/builder/spi-builder-workspace/.swiftpm/xcode
builtin-SwiftPerFileCompile ExtSwift.swift
SwiftCompile normal arm64 /Users/admin/builder/spi-builder-workspace/Sources/ExtSwift/Foundation/KVO.swift (in target 'ExtSwift' from project 'ExtSwift')
cd /Users/admin/builder/spi-builder-workspace/.swiftpm/xcode
builtin-SwiftPerFileCompile KVO.swift
SwiftCompile normal arm64 /Users/admin/builder/spi-builder-workspace/Sources/ExtSwift/Foundation/Mutable.swift (in target 'ExtSwift' from project 'ExtSwift')
cd /Users/admin/builder/spi-builder-workspace/.swiftpm/xcode
builtin-SwiftPerFileCompile Mutable.swift
SwiftCompile normal arm64 /Users/admin/builder/spi-builder-workspace/Sources/ExtSwift/Foundation/NameSpace.swift (in target 'ExtSwift' from project 'ExtSwift')
cd /Users/admin/builder/spi-builder-workspace/.swiftpm/xcode
builtin-SwiftPerFileCompile NameSpace.swift
SwiftCompile normal arm64 Compiling\ ESDiffableDataSourceSnapshot.swift,\ ESDiffableDataSourceSnapshotBuilder.swift,\ ESTableViewDiffableDataSource.swift /Users/admin/builder/spi-builder-workspace/Sources/ExtSwift/UIKit/ESDiffableDataSource/ESDiffableDataSourceSnapshot.swift /Users/admin/builder/spi-builder-workspace/Sources/ExtSwift/UIKit/ESDiffableDataSource/ESDiffableDataSourceSnapshotBuilder.swift /Users/admin/builder/spi-builder-workspace/Sources/ExtSwift/UIKit/ESDiffableDataSource/ESTableViewDiffableDataSource.swift (in target 'ExtSwift' from project 'ExtSwift')
SwiftCompile normal arm64 /Users/admin/builder/spi-builder-workspace/Sources/ExtSwift/UIKit/ESDiffableDataSource/ESDiffableDataSourceSnapshot.swift (in target 'ExtSwift' from project 'ExtSwift')
cd /Users/admin/builder/spi-builder-workspace/.swiftpm/xcode
builtin-SwiftPerFileCompile ESDiffableDataSourceSnapshot.swift
SwiftCompile normal arm64 /Users/admin/builder/spi-builder-workspace/Sources/ExtSwift/UIKit/ESDiffableDataSource/ESDiffableDataSourceSnapshotBuilder.swift (in target 'ExtSwift' from project 'ExtSwift')
cd /Users/admin/builder/spi-builder-workspace/.swiftpm/xcode
builtin-SwiftPerFileCompile ESDiffableDataSourceSnapshotBuilder.swift
SwiftCompile normal arm64 /Users/admin/builder/spi-builder-workspace/Sources/ExtSwift/UIKit/ESDiffableDataSource/ESTableViewDiffableDataSource.swift (in target 'ExtSwift' from project 'ExtSwift')
cd /Users/admin/builder/spi-builder-workspace/.swiftpm/xcode
builtin-SwiftPerFileCompile ESTableViewDiffableDataSource.swift
SwiftEmitModule normal arm64 Emitting\ module\ for\ ExtSwift (in target 'ExtSwift' from project 'ExtSwift')
SwiftCompile normal arm64 (in target 'ExtSwift' from project 'ExtSwift')
cd /Users/admin/builder/spi-builder-workspace/.swiftpm/xcode
SwiftCompile normal arm64 Compiling\ UITextView+selectedIntRange.swift,\ UIViewBuilder.swift,\ UIViewController+.swift /Users/admin/builder/spi-builder-workspace/Sources/ExtSwift/UIKit/UITextView+selectedIntRange.swift /Users/admin/builder/spi-builder-workspace/Sources/ExtSwift/UIKit/UIViewBuilder.swift /Users/admin/builder/spi-builder-workspace/Sources/ExtSwift/UIKit/UIViewController+.swift (in target 'ExtSwift' from project 'ExtSwift')
SwiftCompile normal arm64 /Users/admin/builder/spi-builder-workspace/Sources/ExtSwift/UIKit/UITextView+selectedIntRange.swift (in target 'ExtSwift' from project 'ExtSwift')
cd /Users/admin/builder/spi-builder-workspace/.swiftpm/xcode
builtin-SwiftPerFileCompile UITextView+selectedIntRange.swift
SwiftCompile normal arm64 /Users/admin/builder/spi-builder-workspace/Sources/ExtSwift/UIKit/UIViewBuilder.swift (in target 'ExtSwift' from project 'ExtSwift')
cd /Users/admin/builder/spi-builder-workspace/.swiftpm/xcode
builtin-SwiftPerFileCompile UIViewBuilder.swift
SwiftCompile normal arm64 /Users/admin/builder/spi-builder-workspace/Sources/ExtSwift/UIKit/UIViewController+.swift (in target 'ExtSwift' from project 'ExtSwift')
cd /Users/admin/builder/spi-builder-workspace/.swiftpm/xcode
builtin-SwiftPerFileCompile UIViewController+.swift
SwiftCompile normal arm64 Compiling\ UIKit+addHandler.swift,\ UIKit.swift,\ UITableViewCell+style.swift /Users/admin/builder/spi-builder-workspace/Sources/ExtSwift/UIKit/UIKit+addHandler.swift /Users/admin/builder/spi-builder-workspace/Sources/ExtSwift/UIKit/UIKit.swift /Users/admin/builder/spi-builder-workspace/Sources/ExtSwift/UIKit/UITableViewCell+style.swift (in target 'ExtSwift' from project 'ExtSwift')
SwiftCompile normal arm64 /Users/admin/builder/spi-builder-workspace/Sources/ExtSwift/UIKit/UIKit+addHandler.swift (in target 'ExtSwift' from project 'ExtSwift')
cd /Users/admin/builder/spi-builder-workspace/.swiftpm/xcode
builtin-SwiftPerFileCompile UIKit+addHandler.swift
SwiftCompile normal arm64 /Users/admin/builder/spi-builder-workspace/Sources/ExtSwift/UIKit/UIKit.swift (in target 'ExtSwift' from project 'ExtSwift')
cd /Users/admin/builder/spi-builder-workspace/.swiftpm/xcode
builtin-SwiftPerFileCompile UIKit.swift
SwiftCompile normal arm64 /Users/admin/builder/spi-builder-workspace/Sources/ExtSwift/UIKit/UITableViewCell+style.swift (in target 'ExtSwift' from project 'ExtSwift')
cd /Users/admin/builder/spi-builder-workspace/.swiftpm/xcode
builtin-SwiftPerFileCompile UITableViewCell+style.swift
SwiftCompile normal arm64 Compiling\ ESHitTestView.swift,\ ESScrollViewController.swift,\ ESTableViewController.swift /Users/admin/builder/spi-builder-workspace/Sources/ExtSwift/UIKit/ESHitTestView.swift /Users/admin/builder/spi-builder-workspace/Sources/ExtSwift/UIKit/ESScrollViewController.swift /Users/admin/builder/spi-builder-workspace/Sources/ExtSwift/UIKit/ESTableViewController.swift (in target 'ExtSwift' from project 'ExtSwift')
/Users/admin/builder/spi-builder-workspace/Sources/ExtSwift/UIKit/ESScrollViewController.swift:29:30: error: 'UIRefreshControl' is unavailable in tvOS
27 | open private(set) var scrollView: UIScrollView! // use `scrollView.snp.removeAllConstraints()` to remove default constraints
28 |
29 | open var refreshControl: UIRefreshControl? {
| `- error: 'UIRefreshControl' is unavailable in tvOS
30 | willSet {
31 | if refreshControl != nil {
/Applications/Xcode-27.0.0-Release.Candidate.app/Contents/Developer/Platforms/AppleTVOS.platform/Developer/SDKs/AppleTVOS27.0.sdk/System/Library/Frameworks/UIKit.framework/Headers/UIRefreshControl.h:16:12: note: 'UIRefreshControl' has been explicitly marked unavailable here
14 |
15 | UIKIT_EXTERN API_AVAILABLE(ios(6.0)) API_UNAVAILABLE(tvos, watchos) NS_SWIFT_UI_ACTOR
16 | @interface UIRefreshControl : UIControl
| `- note: 'UIRefreshControl' has been explicitly marked unavailable here
17 |
18 | /* The designated initializer
/Users/admin/builder/spi-builder-workspace/Sources/ExtSwift/UIKit/ESTableViewController.swift:18:30: error: 'UIRefreshControl' is unavailable in tvOS
16 | open private(set) var tableView: UITableView! // use `tableView.snp.removeAllConstraints()` to remove default constraints
17 |
18 | open var refreshControl: UIRefreshControl? {
| `- error: 'UIRefreshControl' is unavailable in tvOS
19 | willSet {
20 | if refreshControl != nil {
/Applications/Xcode-27.0.0-Release.Candidate.app/Contents/Developer/Platforms/AppleTVOS.platform/Developer/SDKs/AppleTVOS27.0.sdk/System/Library/Frameworks/UIKit.framework/Headers/UIRefreshControl.h:16:12: note: 'UIRefreshControl' has been explicitly marked unavailable here
14 |
15 | UIKIT_EXTERN API_AVAILABLE(ios(6.0)) API_UNAVAILABLE(tvos, watchos) NS_SWIFT_UI_ACTOR
16 | @interface UIRefreshControl : UIControl
| `- note: 'UIRefreshControl' has been explicitly marked unavailable here
17 |
18 | /* The designated initializer
Failed frontend command:
/Applications/Xcode-27.0.0-Release.Candidate.app/Contents/Developer/Toolchains/XcodeDefault.xctoolchain/usr/bin/swift-frontend -frontend -c /Users/admin/builder/spi-builder-workspace/Sources/ExtSwift/Foundation/ExtSwift.swift /Users/admin/builder/spi-builder-workspace/Sources/ExtSwift/Foundation/KVO.swift /Users/admin/builder/spi-builder-workspace/Sources/ExtSwift/Foundation/Mutable.swift /Users/admin/builder/spi-builder-workspace/Sources/ExtSwift/Foundation/NameSpace.swift /Users/admin/builder/spi-builder-workspace/Sources/ExtSwift/Foundation/Operators.swift /Users/admin/builder/spi-builder-workspace/Sources/ExtSwift/Foundation/Optional+opt.swift /Users/admin/builder/spi-builder-workspace/Sources/ExtSwift/Foundation/SemanticVersion.swift /Users/admin/builder/spi-builder-workspace/Sources/ExtSwift/Foundation/String+intIndex.swift /Users/admin/builder/spi-builder-workspace/Sources/ExtSwift/Foundation/Types.swift /Users/admin/builder/spi-builder-workspace/Sources/ExtSwift/Foundation/boolValue.swift /Users/admin/builder/spi-builder-workspace/Sources/ExtSwift/Foundation/nonEmpty.swift /Users/admin/builder/spi-builder-workspace/Sources/ExtSwift/Foundation/tryIndex.swift /Users/admin/builder/spi-builder-workspace/Sources/ExtSwift/UIKit/ESDiffableDataSource/ESCollectionViewDiffableDataSource.swift /Users/admin/builder/spi-builder-workspace/Sources/ExtSwift/UIKit/ESDiffableDataSource/ESDiffableDataSourceSnapshot.swift /Users/admin/builder/spi-builder-workspace/Sources/ExtSwift/UIKit/ESDiffableDataSource/ESDiffableDataSourceSnapshotBuilder.swift /Users/admin/builder/spi-builder-workspace/Sources/ExtSwift/UIKit/ESDiffableDataSource/ESTableViewDiffableDataSource.swift -primary-file /Users/admin/builder/spi-builder-workspace/Sources/ExtSwift/UIKit/ESHitTestView.swift -primary-file /Users/admin/builder/spi-builder-workspace/Sources/ExtSwift/UIKit/ESScrollViewController.swift -primary-file /Users/admin/builder/spi-builder-workspace/Sources/ExtSwift/UIKit/ESTableViewController.swift /Users/admin/builder/spi-builder-workspace/Sources/ExtSwift/UIKit/SnapKit+superview.swift /Users/admin/builder/spi-builder-workspace/Sources/ExtSwift/UIKit/Theme.swift /Users/admin/builder/spi-builder-workspace/Sources/ExtSwift/UIKit/UIButton+.swift /Users/admin/builder/spi-builder-workspace/Sources/ExtSwift/UIKit/UIKit+addHandler.swift /Users/admin/builder/spi-builder-workspace/Sources/ExtSwift/UIKit/UIKit.swift /Users/admin/builder/spi-builder-workspace/Sources/ExtSwift/UIKit/UITableViewCell+style.swift /Users/admin/builder/spi-builder-workspace/Sources/ExtSwift/UIKit/UITextView+selectedIntRange.swift /Users/admin/builder/spi-builder-workspace/Sources/ExtSwift/UIKit/UIViewBuilder.swift /Users/admin/builder/spi-builder-workspace/Sources/ExtSwift/UIKit/UIViewController+.swift /Users/admin/builder/spi-builder-workspace/Sources/ExtSwift/unstable/AnyEquatable.swift /Users/admin/builder/spi-builder-workspace/Sources/ExtSwift/unstable/JSON.swift /Users/admin/builder/spi-builder-workspace/Sources/ExtSwift/unstable/WeakArray.swift -supplementary-output-file-map /Users/admin/builder/spi-builder-workspace/.derivedData/Build/Intermediates.noindex/ExtSwift.build/Debug-appletvos/ExtSwift-t.build/Objects-normal/arm64/supplementaryOutputs-6 -target arm64-apple-tvos15.0 -module-can-import-version CoreGraphics 2049 2049.0.0 -module-can-import-version UIKit 9127.0.84.1 9127.0.84 -disable-cross-import-overlay-search -load-resolved-plugin /Applications/Xcode-27.0.0-Release.Candidate.app/Contents/Developer/Platforms/AppleTVOS.platform/Developer/usr/lib/swift/host/plugins/libFoundationMacros.dylib\#/Applications/Xcode-27.0.0-Release.Candidate.app/Contents/Developer/Platforms/AppleTVOS.platform/Developer/usr/bin/swift-plugin-server\#FoundationMacros -load-resolved-plugin /Applications/Xcode-27.0.0-Release.Candidate.app/Contents/Developer/Platforms/AppleTVOS.platform/Developer/usr/lib/swift/host/plugins/libObservationMacros.dylib\#/Applications/Xcode-27.0.0-Release.Candidate.app/Contents/Developer/Platforms/AppleTVOS.platform/Developer/usr/bin/swift-plugin-server\#ObservationMacros -load-resolved-plugin /Applications/Xcode-27.0.0-Release.Candidate.app/Contents/Developer/Platforms/AppleTVOS.platform/Developer/usr/lib/swift/host/plugins/libPreviewsMacros.dylib\#/Applications/Xcode-27.0.0-Release.Candidate.app/Contents/Developer/Platforms/AppleTVOS.platform/Developer/usr/bin/swift-plugin-server\#PreviewsMacros -load-resolved-plugin /Applications/Xcode-27.0.0-Release.Candidate.app/Contents/Developer/Platforms/AppleTVOS.platform/Developer/usr/lib/swift/host/plugins/libSwiftMacros.dylib\#/Applications/Xcode-27.0.0-Release.Candidate.app/Contents/Developer/Platforms/AppleTVOS.platform/Developer/usr/bin/swift-plugin-server\#SwiftMacros -load-resolved-plugin /Applications/Xcode-27.0.0-Release.Candidate.app/Contents/Developer/Platforms/AppleTVOS.platform/Developer/usr/lib/swift/host/plugins/libSwiftUIMacros.dylib\#/Applications/Xcode-27.0.0-Release.Candidate.app/Contents/Developer/Platforms/AppleTVOS.platform/Developer/usr/bin/swift-plugin-server\#SwiftUIMacros -disable-implicit-swift-modules -Xcc -fno-implicit-modules -Xcc -fno-implicit-module-maps -explicit-swift-module-map-file /Users/admin/builder/spi-builder-workspace/.derivedData/Build/Intermediates.noindex/ExtSwift.build/Debug-appletvos/ExtSwift-t.build/Objects-normal/arm64/ExtSwift-dependencies-1.json -Xllvm -aarch64-use-tbi -enable-objc-interop -stack-check -sdk /Applications/Xcode-27.0.0-Release.Candidate.app/Contents/Developer/Platforms/AppleTVOS.platform/Developer/SDKs/AppleTVOS27.0.sdk -I /Users/admin/builder/spi-builder-workspace/.derivedData/Build/Products/Debug-appletvos -Isystem /Applications/Xcode-27.0.0-Release.Candidate.app/Contents/Developer/Platforms/AppleTVOS.platform/Developer/usr/lib -F /Users/admin/builder/spi-builder-workspace/.derivedData/Build/Products/Debug-appletvos/PackageFrameworks -F /Users/admin/builder/spi-builder-workspace/.derivedData/Build/Products/Debug-appletvos -F /Applications/Xcode-27.0.0-Release.Candidate.app/Contents/Developer/Platforms/AppleTVOS.platform/Developer/Library/Frameworks -F /Applications/Xcode-27.0.0-Release.Candidate.app/Contents/Developer/Platforms/AppleTVOS.platform/Developer/SDKs/AppleTVOS27.0.sdk/Developer/Library/Frameworks -module-cache-path /Users/admin/builder/spi-builder-workspace/.derivedData/Build/Intermediates.noindex/SwiftExplicitPrecompiledModules -no-color-diagnostics -Xcc -fno-color-diagnostics -enable-testing -g -debug-info-format\=dwarf -dwarf-version\=4 -profile-generate -profile-coverage-mapping -swift-version 5 -Onone -D SWIFT_PACKAGE -D DEBUG -D SWIFT_MODULE_RESOURCE_BUNDLE_UNAVAILABLE -D Xcode -serialize-debugging-options -enable-experimental-feature DebugDescriptionMacro -empty-abi-descriptor -validate-clang-modules-once -clang-build-session-file /Users/admin/builder/spi-builder-workspace/.derivedData/ModuleCache.noindex/Session.modulevalidation -Xcc -working-directory -Xcc /Users/admin/builder/spi-builder-workspace/.swiftpm/xcode -enable-anonymous-context-mangled-names -file-compilation-dir /Users/admin/builder/spi-builder-workspace/.swiftpm/xcode -Xcc -D_LIBCPP_HARDENING_MODE\=_LIBCPP_HARDENING_MODE_DEBUG -Xcc -ivfsstatcache -Xcc /Users/admin/builder/spi-builder-workspace/.derivedData/SDKStatCaches.noindex/appletvos27.0-24J360-e829b21a6f8c9b70876ba0858053c044b32bfd8d43560033f8d89884cdb90028.sdkstatcache -Xcc -fmodules-prune-interval\=86400 -Xcc -fmodules-prune-after\=345600 -Xcc -I/Users/admin/builder/spi-builder-workspace/.derivedData/Build/Products/Debug-appletvos/include -Xcc -I/Users/admin/builder/spi-builder-workspace/.derivedData/Build/Intermediates.noindex/ExtSwift.build/Debug-appletvos/ExtSwift-t.build/DerivedSources-normal/arm64 -Xcc -I/Users/admin/builder/spi-builder-workspace/.derivedData/Build/Intermediates.noindex/ExtSwift.build/Debug-appletvos/ExtSwift-t.build/DerivedSources/arm64 -Xcc -I/Users/admin/builder/spi-builder-workspace/.derivedData/Build/Intermediates.noindex/ExtSwift.build/Debug-appletvos/ExtSwift-t.build/DerivedSources -Xcc -DSWIFT_PACKAGE -Xcc -DDEBUG\=1 -no-auto-bridging-header-chaining -module-name ExtSwift -package-name spi_builder_workspace -const-gather-protocols-file /Users/admin/builder/spi-builder-workspace/.derivedData/Build/Intermediates.noindex/ExtSwift.build/Debug-appletvos/ExtSwift-t.build/Objects-normal/arm64/ExtSwift_const_extract_protocols.json -disable-clang-spi -clang-target arm64-apple-tvos27.0 -target-sdk-version 27.0 -target-sdk-name appletvos27.0 -in-process-plugin-server-path /Applications/Xcode-27.0.0-Release.Candidate.app/Contents/Developer/Toolchains/XcodeDefault.xctoolchain/usr/lib/swift/host/libSwiftInProcPluginServer.dylib -parse-as-library -o /Users/admin/builder/spi-builder-workspace/.derivedData/Build/Intermediates.noindex/ExtSwift.build/Debug-appletvos/ExtSwift-t.build/Objects-normal/arm64/ESHitTestView.o -o /Users/admin/builder/spi-builder-workspace/.derivedData/Build/Intermediates.noindex/ExtSwift.build/Debug-appletvos/ExtSwift-t.build/Objects-normal/arm64/ESScrollViewController.o -o /Users/admin/builder/spi-builder-workspace/.derivedData/Build/Intermediates.noindex/ExtSwift.build/Debug-appletvos/ExtSwift-t.build/Objects-normal/arm64/ESTableViewController.o -debug-module-path /Users/admin/builder/spi-builder-workspace/.derivedData/Build/Intermediates.noindex/ExtSwift.build/Debug-appletvos/ExtSwift-t.build/Objects-normal/arm64/ExtSwift.swiftmodule -index-unit-output-path /ExtSwift.build/Debug-appletvos/ExtSwift-t.build/Objects-normal/arm64/ESHitTestView.o -index-unit-output-path /ExtSwift.build/Debug-appletvos/ExtSwift-t.build/Objects-normal/arm64/ESScrollViewController.o -index-unit-output-path /ExtSwift.build/Debug-appletvos/ExtSwift-t.build/Objects-normal/arm64/ESTableViewController.o -index-store-path /Users/admin/builder/spi-builder-workspace/.derivedData/Index.noindex/DataStore -index-system-modules
SwiftCompile normal arm64 /Users/admin/builder/spi-builder-workspace/Sources/ExtSwift/UIKit/ESHitTestView.swift (in target 'ExtSwift' from project 'ExtSwift')
cd /Users/admin/builder/spi-builder-workspace/.swiftpm/xcode
builtin-SwiftPerFileCompile ESHitTestView.swift
SwiftCompile normal arm64 /Users/admin/builder/spi-builder-workspace/Sources/ExtSwift/UIKit/ESScrollViewController.swift (in target 'ExtSwift' from project 'ExtSwift')
cd /Users/admin/builder/spi-builder-workspace/.swiftpm/xcode
builtin-SwiftPerFileCompile ESScrollViewController.swift
SwiftCompile normal arm64 /Users/admin/builder/spi-builder-workspace/Sources/ExtSwift/UIKit/ESTableViewController.swift (in target 'ExtSwift' from project 'ExtSwift')
cd /Users/admin/builder/spi-builder-workspace/.swiftpm/xcode
builtin-SwiftPerFileCompile ESTableViewController.swift
SwiftCompile normal arm64 Compiling\ AnyEquatable.swift,\ JSON.swift,\ WeakArray.swift /Users/admin/builder/spi-builder-workspace/Sources/ExtSwift/unstable/AnyEquatable.swift /Users/admin/builder/spi-builder-workspace/Sources/ExtSwift/unstable/JSON.swift /Users/admin/builder/spi-builder-workspace/Sources/ExtSwift/unstable/WeakArray.swift (in target 'ExtSwift' from project 'ExtSwift')
SwiftCompile normal arm64 /Users/admin/builder/spi-builder-workspace/Sources/ExtSwift/unstable/AnyEquatable.swift (in target 'ExtSwift' from project 'ExtSwift')
cd /Users/admin/builder/spi-builder-workspace/.swiftpm/xcode
builtin-SwiftPerFileCompile AnyEquatable.swift
SwiftCompile normal arm64 /Users/admin/builder/spi-builder-workspace/Sources/ExtSwift/unstable/JSON.swift (in target 'ExtSwift' from project 'ExtSwift')
cd /Users/admin/builder/spi-builder-workspace/.swiftpm/xcode
builtin-SwiftPerFileCompile JSON.swift
SwiftCompile normal arm64 /Users/admin/builder/spi-builder-workspace/Sources/ExtSwift/unstable/WeakArray.swift (in target 'ExtSwift' from project 'ExtSwift')
cd /Users/admin/builder/spi-builder-workspace/.swiftpm/xcode
builtin-SwiftPerFileCompile WeakArray.swift
SwiftCompile normal arm64 Compiling\ SnapKit+superview.swift,\ Theme.swift,\ UIButton+.swift /Users/admin/builder/spi-builder-workspace/Sources/ExtSwift/UIKit/SnapKit+superview.swift /Users/admin/builder/spi-builder-workspace/Sources/ExtSwift/UIKit/Theme.swift /Users/admin/builder/spi-builder-workspace/Sources/ExtSwift/UIKit/UIButton+.swift (in target 'ExtSwift' from project 'ExtSwift')
SwiftCompile normal arm64 /Users/admin/builder/spi-builder-workspace/Sources/ExtSwift/UIKit/SnapKit+superview.swift (in target 'ExtSwift' from project 'ExtSwift')
cd /Users/admin/builder/spi-builder-workspace/.swiftpm/xcode
builtin-SwiftPerFileCompile SnapKit+superview.swift
SwiftCompile normal arm64 /Users/admin/builder/spi-builder-workspace/Sources/ExtSwift/UIKit/Theme.swift (in target 'ExtSwift' from project 'ExtSwift')
cd /Users/admin/builder/spi-builder-workspace/.swiftpm/xcode
builtin-SwiftPerFileCompile Theme.swift
SwiftCompile normal arm64 /Users/admin/builder/spi-builder-workspace/Sources/ExtSwift/UIKit/UIButton+.swift (in target 'ExtSwift' from project 'ExtSwift')
cd /Users/admin/builder/spi-builder-workspace/.swiftpm/xcode
builtin-SwiftPerFileCompile UIButton+.swift
SwiftCompile normal arm64 Compiling\ Operators.swift,\ Optional+opt.swift,\ SemanticVersion.swift /Users/admin/builder/spi-builder-workspace/Sources/ExtSwift/Foundation/Operators.swift /Users/admin/builder/spi-builder-workspace/Sources/ExtSwift/Foundation/Optional+opt.swift /Users/admin/builder/spi-builder-workspace/Sources/ExtSwift/Foundation/SemanticVersion.swift (in target 'ExtSwift' from project 'ExtSwift')
SwiftCompile normal arm64 /Users/admin/builder/spi-builder-workspace/Sources/ExtSwift/Foundation/Operators.swift (in target 'ExtSwift' from project 'ExtSwift')
cd /Users/admin/builder/spi-builder-workspace/.swiftpm/xcode
builtin-SwiftPerFileCompile Operators.swift
SwiftCompile normal arm64 /Users/admin/builder/spi-builder-workspace/Sources/ExtSwift/Foundation/Optional+opt.swift (in target 'ExtSwift' from project 'ExtSwift')
cd /Users/admin/builder/spi-builder-workspace/.swiftpm/xcode
builtin-SwiftPerFileCompile Optional+opt.swift
SwiftCompile normal arm64 /Users/admin/builder/spi-builder-workspace/Sources/ExtSwift/Foundation/SemanticVersion.swift (in target 'ExtSwift' from project 'ExtSwift')
cd /Users/admin/builder/spi-builder-workspace/.swiftpm/xcode
builtin-SwiftPerFileCompile SemanticVersion.swift
PruneExplicitPrecompiledModules /Users/admin/builder/spi-builder-workspace/.derivedData/SDKExplicitPrecompiledModules
PruneExplicitPrecompiledModules /Users/admin/builder/spi-builder-workspace/.derivedData/Build/Intermediates.noindex/ExplicitPrecompiledModules
PruneExplicitPrecompiledModules /Users/admin/builder/spi-builder-workspace/.derivedData/Build/Intermediates.noindex/SwiftExplicitPrecompiledModules
2026-09-20 09:16:44.875 xcodebuild[798:4901] [MT] IDERunDestination: Supported platforms for the buildables in the current scheme is empty.
** BUILD FAILED **
The following build commands failed:
SwiftCompile normal arm64 Compiling\ ESHitTestView.swift,\ ESScrollViewController.swift,\ ESTableViewController.swift /Users/admin/builder/spi-builder-workspace/Sources/ExtSwift/UIKit/ESHitTestView.swift /Users/admin/builder/spi-builder-workspace/Sources/ExtSwift/UIKit/ESScrollViewController.swift /Users/admin/builder/spi-builder-workspace/Sources/ExtSwift/UIKit/ESTableViewController.swift (in target 'ExtSwift' from project 'ExtSwift')
SwiftCompile normal arm64 /Users/admin/builder/spi-builder-workspace/Sources/ExtSwift/UIKit/ESScrollViewController.swift (in target 'ExtSwift' from project 'ExtSwift')
SwiftCompile normal arm64 /Users/admin/builder/spi-builder-workspace/Sources/ExtSwift/UIKit/ESTableViewController.swift (in target 'ExtSwift' from project 'ExtSwift')
Building workspace ExtSwift with scheme ExtSwift-Package
(4 failures)
BUILD FAILURE 6.4 tvOS