Build Information
Failed to build GeoJSONSwiftHelper, reference 1.4.7 (94e62c), with Swift 6.4 for macOS (Xcode) using Xcode 27.0 on 21 Sep 2026 19:55:52 UTC.
Build Command
env DEVELOPER_DIR=/Applications/Xcode-27.0.0-Release.Candidate.app xcrun xcodebuild -IDEClonedSourcePackagesDirPathOverride=$PWD/.dependencies -skipMacroValidation -skipPackagePluginValidation -derivedDataPath $PWD/.derivedData build -scheme GeoJSONSwiftHelper -destination platform=macOS,arch=arm64Build Log
CompileC /Users/admin/builder/spi-builder-workspace/.derivedData/Build/Intermediates.noindex/geos.build/Debug/geos-t.build/Objects-normal/arm64/Clusters.o /Users/admin/builder/spi-builder-workspace/.dependencies/checkouts/geos/Sources/geos/src/operation/cluster/Clusters.cpp normal arm64 c++ com.apple.compilers.llvm.clang.1_0.compiler (in target 'geos' from project 'geos')
cd /Users/admin/builder/spi-builder-workspace/.swiftpm/xcode
Using response file: /Users/admin/builder/spi-builder-workspace/.derivedData/Build/Intermediates.noindex/geos.build/Debug/geos-t.build/Objects-normal/arm64/82b82416624d2658e5098eb0a28c15c5-common-args.resp
/Applications/Xcode-27.0.0-Release.Candidate.app/Contents/Developer/Toolchains/XcodeDefault.xctoolchain/usr/bin/clang -x c++ -ivfsstatcache /Users/admin/builder/spi-builder-workspace/.derivedData/SDKStatCaches.noindex/macosx27.0-26A425-e829b21a6f8c9b70876ba0858053c0446a22442a12e9d48fe1a705f55a1adfc4.sdkstatcache -target arm64-apple-macos12.0 -fmessage-length\=0 -fdiagnostics-show-note-include-stack -fmacro-backtrace-limit\=0 -fno-color-diagnostics -fmodules-prune-interval\=86400 -fmodules-prune-after\=345600 -fbuild-session-file\=/Users/admin/builder/spi-builder-workspace/.derivedData/ModuleCache.noindex/Session.modulevalidation -fmodules-validate-once-per-build-session -Wnon-modular-include-in-framework-module -Werror\=non-modular-include-in-framework-module -Wno-trigraphs -Wno-missing-field-initializers -Wno-missing-prototypes -Wno-return-type -Wno-non-virtual-dtor -Wno-overloaded-virtual -Wno-exit-time-destructors -Wno-missing-braces -Wparentheses -Wswitch -Wno-unused-function -Wno-unused-label -Wno-unused-parameter -Wno-unused-variable -Wunused-value -Wno-empty-body -Wno-uninitialized -Wno-unknown-pragmas -w -Wno-shadow -Wno-four-char-constants -Wno-conversion -Wno-constant-conversion -Wno-int-conversion -Wno-bool-conversion -Wno-enum-conversion -Wno-float-conversion -Wno-non-literal-null-conversion -Wno-objc-literal-conversion -Wshorten-64-to-32 -Wno-newline-eof -Wno-c++11-extensions -Wno-implicit-fallthrough -isysroot /Applications/Xcode-27.0.0-Release.Candidate.app/Contents/Developer/Platforms/MacOSX.platform/Developer/SDKs/MacOSX27.0.sdk -fstrict-aliasing -Wdeprecated-declarations -Winvalid-offsetof -Wno-sign-conversion -Wno-infinite-recursion -Wno-move -Wno-comma -Wno-block-capture-autoreleasing -Wno-strict-prototypes -Wno-range-loop-analysis -Wno-semicolon-before-method-body -index-store-path /Users/admin/builder/spi-builder-workspace/.derivedData/Index.noindex/DataStore @/Users/admin/builder/spi-builder-workspace/.derivedData/Build/Intermediates.noindex/geos.build/Debug/geos-t.build/Objects-normal/arm64/82b82416624d2658e5098eb0a28c15c5-common-args.resp -MMD -MT dependencies -MF /Users/admin/builder/spi-builder-workspace/.derivedData/Build/Intermediates.noindex/geos.build/Debug/geos-t.build/Objects-normal/arm64/Clusters.d --serialize-diagnostics /Users/admin/builder/spi-builder-workspace/.derivedData/Build/Intermediates.noindex/geos.build/Debug/geos-t.build/Objects-normal/arm64/Clusters.dia -c /Users/admin/builder/spi-builder-workspace/.dependencies/checkouts/geos/Sources/geos/src/operation/cluster/Clusters.cpp -o /Users/admin/builder/spi-builder-workspace/.derivedData/Build/Intermediates.noindex/geos.build/Debug/geos-t.build/Objects-normal/arm64/Clusters.o -index-unit-output-path /geos.build/Debug/geos-t.build/Objects-normal/arm64/Clusters.o
CompileC /Users/admin/builder/spi-builder-workspace/.derivedData/Build/Intermediates.noindex/geos.build/Debug/geos-t.build/Objects-normal/arm64/CircularString.o /Users/admin/builder/spi-builder-workspace/.dependencies/checkouts/geos/Sources/geos/src/geom/CircularString.cpp normal arm64 c++ com.apple.compilers.llvm.clang.1_0.compiler (in target 'geos' from project 'geos')
cd /Users/admin/builder/spi-builder-workspace/.swiftpm/xcode
Using response file: /Users/admin/builder/spi-builder-workspace/.derivedData/Build/Intermediates.noindex/geos.build/Debug/geos-t.build/Objects-normal/arm64/82b82416624d2658e5098eb0a28c15c5-common-args.resp
/Applications/Xcode-27.0.0-Release.Candidate.app/Contents/Developer/Toolchains/XcodeDefault.xctoolchain/usr/bin/clang -x c++ -ivfsstatcache /Users/admin/builder/spi-builder-workspace/.derivedData/SDKStatCaches.noindex/macosx27.0-26A425-e829b21a6f8c9b70876ba0858053c0446a22442a12e9d48fe1a705f55a1adfc4.sdkstatcache -target arm64-apple-macos12.0 -fmessage-length\=0 -fdiagnostics-show-note-include-stack -fmacro-backtrace-limit\=0 -fno-color-diagnostics -fmodules-prune-interval\=86400 -fmodules-prune-after\=345600 -fbuild-session-file\=/Users/admin/builder/spi-builder-workspace/.derivedData/ModuleCache.noindex/Session.modulevalidation -fmodules-validate-once-per-build-session -Wnon-modular-include-in-framework-module -Werror\=non-modular-include-in-framework-module -Wno-trigraphs -Wno-missing-field-initializers -Wno-missing-prototypes -Wno-return-type -Wno-non-virtual-dtor -Wno-overloaded-virtual -Wno-exit-time-destructors -Wno-missing-braces -Wparentheses -Wswitch -Wno-unused-function -Wno-unused-label -Wno-unused-parameter -Wno-unused-variable -Wunused-value -Wno-empty-body -Wno-uninitialized -Wno-unknown-pragmas -w -Wno-shadow -Wno-four-char-constants -Wno-conversion -Wno-constant-conversion -Wno-int-conversion -Wno-bool-conversion -Wno-enum-conversion -Wno-float-conversion -Wno-non-literal-null-conversion -Wno-objc-literal-conversion -Wshorten-64-to-32 -Wno-newline-eof -Wno-c++11-extensions -Wno-implicit-fallthrough -isysroot /Applications/Xcode-27.0.0-Release.Candidate.app/Contents/Developer/Platforms/MacOSX.platform/Developer/SDKs/MacOSX27.0.sdk -fstrict-aliasing -Wdeprecated-declarations -Winvalid-offsetof -Wno-sign-conversion -Wno-infinite-recursion -Wno-move -Wno-comma -Wno-block-capture-autoreleasing -Wno-strict-prototypes -Wno-range-loop-analysis -Wno-semicolon-before-method-body -index-store-path /Users/admin/builder/spi-builder-workspace/.derivedData/Index.noindex/DataStore @/Users/admin/builder/spi-builder-workspace/.derivedData/Build/Intermediates.noindex/geos.build/Debug/geos-t.build/Objects-normal/arm64/82b82416624d2658e5098eb0a28c15c5-common-args.resp -MMD -MT dependencies -MF /Users/admin/builder/spi-builder-workspace/.derivedData/Build/Intermediates.noindex/geos.build/Debug/geos-t.build/Objects-normal/arm64/CircularString.d --serialize-diagnostics /Users/admin/builder/spi-builder-workspace/.derivedData/Build/Intermediates.noindex/geos.build/Debug/geos-t.build/Objects-normal/arm64/CircularString.dia -c /Users/admin/builder/spi-builder-workspace/.dependencies/checkouts/geos/Sources/geos/src/geom/CircularString.cpp -o /Users/admin/builder/spi-builder-workspace/.derivedData/Build/Intermediates.noindex/geos.build/Debug/geos-t.build/Objects-normal/arm64/CircularString.o -index-unit-output-path /geos.build/Debug/geos-t.build/Objects-normal/arm64/CircularString.o
CompileC /Users/admin/builder/spi-builder-workspace/.derivedData/Build/Intermediates.noindex/geos.build/Debug/geos-t.build/Objects-normal/arm64/CircularArcs.o /Users/admin/builder/spi-builder-workspace/.dependencies/checkouts/geos/Sources/geos/src/algorithm/CircularArcs.cpp normal arm64 c++ com.apple.compilers.llvm.clang.1_0.compiler (in target 'geos' from project 'geos')
cd /Users/admin/builder/spi-builder-workspace/.swiftpm/xcode
Using response file: /Users/admin/builder/spi-builder-workspace/.derivedData/Build/Intermediates.noindex/geos.build/Debug/geos-t.build/Objects-normal/arm64/82b82416624d2658e5098eb0a28c15c5-common-args.resp
/Applications/Xcode-27.0.0-Release.Candidate.app/Contents/Developer/Toolchains/XcodeDefault.xctoolchain/usr/bin/clang -x c++ -ivfsstatcache /Users/admin/builder/spi-builder-workspace/.derivedData/SDKStatCaches.noindex/macosx27.0-26A425-e829b21a6f8c9b70876ba0858053c0446a22442a12e9d48fe1a705f55a1adfc4.sdkstatcache -target arm64-apple-macos12.0 -fmessage-length\=0 -fdiagnostics-show-note-include-stack -fmacro-backtrace-limit\=0 -fno-color-diagnostics -fmodules-prune-interval\=86400 -fmodules-prune-after\=345600 -fbuild-session-file\=/Users/admin/builder/spi-builder-workspace/.derivedData/ModuleCache.noindex/Session.modulevalidation -fmodules-validate-once-per-build-session -Wnon-modular-include-in-framework-module -Werror\=non-modular-include-in-framework-module -Wno-trigraphs -Wno-missing-field-initializers -Wno-missing-prototypes -Wno-return-type -Wno-non-virtual-dtor -Wno-overloaded-virtual -Wno-exit-time-destructors -Wno-missing-braces -Wparentheses -Wswitch -Wno-unused-function -Wno-unused-label -Wno-unused-parameter -Wno-unused-variable -Wunused-value -Wno-empty-body -Wno-uninitialized -Wno-unknown-pragmas -w -Wno-shadow -Wno-four-char-constants -Wno-conversion -Wno-constant-conversion -Wno-int-conversion -Wno-bool-conversion -Wno-enum-conversion -Wno-float-conversion -Wno-non-literal-null-conversion -Wno-objc-literal-conversion -Wshorten-64-to-32 -Wno-newline-eof -Wno-c++11-extensions -Wno-implicit-fallthrough -isysroot /Applications/Xcode-27.0.0-Release.Candidate.app/Contents/Developer/Platforms/MacOSX.platform/Developer/SDKs/MacOSX27.0.sdk -fstrict-aliasing -Wdeprecated-declarations -Winvalid-offsetof -Wno-sign-conversion -Wno-infinite-recursion -Wno-move -Wno-comma -Wno-block-capture-autoreleasing -Wno-strict-prototypes -Wno-range-loop-analysis -Wno-semicolon-before-method-body -index-store-path /Users/admin/builder/spi-builder-workspace/.derivedData/Index.noindex/DataStore @/Users/admin/builder/spi-builder-workspace/.derivedData/Build/Intermediates.noindex/geos.build/Debug/geos-t.build/Objects-normal/arm64/82b82416624d2658e5098eb0a28c15c5-common-args.resp -MMD -MT dependencies -MF /Users/admin/builder/spi-builder-workspace/.derivedData/Build/Intermediates.noindex/geos.build/Debug/geos-t.build/Objects-normal/arm64/CircularArcs.d --serialize-diagnostics /Users/admin/builder/spi-builder-workspace/.derivedData/Build/Intermediates.noindex/geos.build/Debug/geos-t.build/Objects-normal/arm64/CircularArcs.dia -c /Users/admin/builder/spi-builder-workspace/.dependencies/checkouts/geos/Sources/geos/src/algorithm/CircularArcs.cpp -o /Users/admin/builder/spi-builder-workspace/.derivedData/Build/Intermediates.noindex/geos.build/Debug/geos-t.build/Objects-normal/arm64/CircularArcs.o -index-unit-output-path /geos.build/Debug/geos-t.build/Objects-normal/arm64/CircularArcs.o
CompileC /Users/admin/builder/spi-builder-workspace/.derivedData/Build/Intermediates.noindex/geos.build/Debug/geos-t.build/Objects-normal/arm64/Centroid.o /Users/admin/builder/spi-builder-workspace/.dependencies/checkouts/geos/Sources/geos/src/algorithm/Centroid.cpp normal arm64 c++ com.apple.compilers.llvm.clang.1_0.compiler (in target 'geos' from project 'geos')
cd /Users/admin/builder/spi-builder-workspace/.swiftpm/xcode
Using response file: /Users/admin/builder/spi-builder-workspace/.derivedData/Build/Intermediates.noindex/geos.build/Debug/geos-t.build/Objects-normal/arm64/82b82416624d2658e5098eb0a28c15c5-common-args.resp
/Applications/Xcode-27.0.0-Release.Candidate.app/Contents/Developer/Toolchains/XcodeDefault.xctoolchain/usr/bin/clang -x c++ -ivfsstatcache /Users/admin/builder/spi-builder-workspace/.derivedData/SDKStatCaches.noindex/macosx27.0-26A425-e829b21a6f8c9b70876ba0858053c0446a22442a12e9d48fe1a705f55a1adfc4.sdkstatcache -target arm64-apple-macos12.0 -fmessage-length\=0 -fdiagnostics-show-note-include-stack -fmacro-backtrace-limit\=0 -fno-color-diagnostics -fmodules-prune-interval\=86400 -fmodules-prune-after\=345600 -fbuild-session-file\=/Users/admin/builder/spi-builder-workspace/.derivedData/ModuleCache.noindex/Session.modulevalidation -fmodules-validate-once-per-build-session -Wnon-modular-include-in-framework-module -Werror\=non-modular-include-in-framework-module -Wno-trigraphs -Wno-missing-field-initializers -Wno-missing-prototypes -Wno-return-type -Wno-non-virtual-dtor -Wno-overloaded-virtual -Wno-exit-time-destructors -Wno-missing-braces -Wparentheses -Wswitch -Wno-unused-function -Wno-unused-label -Wno-unused-parameter -Wno-unused-variable -Wunused-value -Wno-empty-body -Wno-uninitialized -Wno-unknown-pragmas -w -Wno-shadow -Wno-four-char-constants -Wno-conversion -Wno-constant-conversion -Wno-int-conversion -Wno-bool-conversion -Wno-enum-conversion -Wno-float-conversion -Wno-non-literal-null-conversion -Wno-objc-literal-conversion -Wshorten-64-to-32 -Wno-newline-eof -Wno-c++11-extensions -Wno-implicit-fallthrough -isysroot /Applications/Xcode-27.0.0-Release.Candidate.app/Contents/Developer/Platforms/MacOSX.platform/Developer/SDKs/MacOSX27.0.sdk -fstrict-aliasing -Wdeprecated-declarations -Winvalid-offsetof -Wno-sign-conversion -Wno-infinite-recursion -Wno-move -Wno-comma -Wno-block-capture-autoreleasing -Wno-strict-prototypes -Wno-range-loop-analysis -Wno-semicolon-before-method-body -index-store-path /Users/admin/builder/spi-builder-workspace/.derivedData/Index.noindex/DataStore @/Users/admin/builder/spi-builder-workspace/.derivedData/Build/Intermediates.noindex/geos.build/Debug/geos-t.build/Objects-normal/arm64/82b82416624d2658e5098eb0a28c15c5-common-args.resp -MMD -MT dependencies -MF /Users/admin/builder/spi-builder-workspace/.derivedData/Build/Intermediates.noindex/geos.build/Debug/geos-t.build/Objects-normal/arm64/Centroid.d --serialize-diagnostics /Users/admin/builder/spi-builder-workspace/.derivedData/Build/Intermediates.noindex/geos.build/Debug/geos-t.build/Objects-normal/arm64/Centroid.dia -c /Users/admin/builder/spi-builder-workspace/.dependencies/checkouts/geos/Sources/geos/src/algorithm/Centroid.cpp -o /Users/admin/builder/spi-builder-workspace/.derivedData/Build/Intermediates.noindex/geos.build/Debug/geos-t.build/Objects-normal/arm64/Centroid.o -index-unit-output-path /geos.build/Debug/geos-t.build/Objects-normal/arm64/Centroid.o
CompileC /Users/admin/builder/spi-builder-workspace/.derivedData/Build/Intermediates.noindex/geos.build/Debug/geos-t.build/Objects-normal/arm64/CascadedPolygonUnion.o /Users/admin/builder/spi-builder-workspace/.dependencies/checkouts/geos/Sources/geos/src/operation/union/CascadedPolygonUnion.cpp normal arm64 c++ com.apple.compilers.llvm.clang.1_0.compiler (in target 'geos' from project 'geos')
cd /Users/admin/builder/spi-builder-workspace/.swiftpm/xcode
Using response file: /Users/admin/builder/spi-builder-workspace/.derivedData/Build/Intermediates.noindex/geos.build/Debug/geos-t.build/Objects-normal/arm64/82b82416624d2658e5098eb0a28c15c5-common-args.resp
/Applications/Xcode-27.0.0-Release.Candidate.app/Contents/Developer/Toolchains/XcodeDefault.xctoolchain/usr/bin/clang -x c++ -ivfsstatcache /Users/admin/builder/spi-builder-workspace/.derivedData/SDKStatCaches.noindex/macosx27.0-26A425-e829b21a6f8c9b70876ba0858053c0446a22442a12e9d48fe1a705f55a1adfc4.sdkstatcache -target arm64-apple-macos12.0 -fmessage-length\=0 -fdiagnostics-show-note-include-stack -fmacro-backtrace-limit\=0 -fno-color-diagnostics -fmodules-prune-interval\=86400 -fmodules-prune-after\=345600 -fbuild-session-file\=/Users/admin/builder/spi-builder-workspace/.derivedData/ModuleCache.noindex/Session.modulevalidation -fmodules-validate-once-per-build-session -Wnon-modular-include-in-framework-module -Werror\=non-modular-include-in-framework-module -Wno-trigraphs -Wno-missing-field-initializers -Wno-missing-prototypes -Wno-return-type -Wno-non-virtual-dtor -Wno-overloaded-virtual -Wno-exit-time-destructors -Wno-missing-braces -Wparentheses -Wswitch -Wno-unused-function -Wno-unused-label -Wno-unused-parameter -Wno-unused-variable -Wunused-value -Wno-empty-body -Wno-uninitialized -Wno-unknown-pragmas -w -Wno-shadow -Wno-four-char-constants -Wno-conversion -Wno-constant-conversion -Wno-int-conversion -Wno-bool-conversion -Wno-enum-conversion -Wno-float-conversion -Wno-non-literal-null-conversion -Wno-objc-literal-conversion -Wshorten-64-to-32 -Wno-newline-eof -Wno-c++11-extensions -Wno-implicit-fallthrough -isysroot /Applications/Xcode-27.0.0-Release.Candidate.app/Contents/Developer/Platforms/MacOSX.platform/Developer/SDKs/MacOSX27.0.sdk -fstrict-aliasing -Wdeprecated-declarations -Winvalid-offsetof -Wno-sign-conversion -Wno-infinite-recursion -Wno-move -Wno-comma -Wno-block-capture-autoreleasing -Wno-strict-prototypes -Wno-range-loop-analysis -Wno-semicolon-before-method-body -index-store-path /Users/admin/builder/spi-builder-workspace/.derivedData/Index.noindex/DataStore @/Users/admin/builder/spi-builder-workspace/.derivedData/Build/Intermediates.noindex/geos.build/Debug/geos-t.build/Objects-normal/arm64/82b82416624d2658e5098eb0a28c15c5-common-args.resp -MMD -MT dependencies -MF /Users/admin/builder/spi-builder-workspace/.derivedData/Build/Intermediates.noindex/geos.build/Debug/geos-t.build/Objects-normal/arm64/CascadedPolygonUnion.d --serialize-diagnostics /Users/admin/builder/spi-builder-workspace/.derivedData/Build/Intermediates.noindex/geos.build/Debug/geos-t.build/Objects-normal/arm64/CascadedPolygonUnion.dia -c /Users/admin/builder/spi-builder-workspace/.dependencies/checkouts/geos/Sources/geos/src/operation/union/CascadedPolygonUnion.cpp -o /Users/admin/builder/spi-builder-workspace/.derivedData/Build/Intermediates.noindex/geos.build/Debug/geos-t.build/Objects-normal/arm64/CascadedPolygonUnion.o -index-unit-output-path /geos.build/Debug/geos-t.build/Objects-normal/arm64/CascadedPolygonUnion.o
CompileC /Users/admin/builder/spi-builder-workspace/.derivedData/Build/Intermediates.noindex/geos.build/Debug/geos-t.build/Objects-normal/arm64/CLocalizer.o /Users/admin/builder/spi-builder-workspace/.dependencies/checkouts/geos/Sources/geos/src/io/CLocalizer.cpp normal arm64 c++ com.apple.compilers.llvm.clang.1_0.compiler (in target 'geos' from project 'geos')
cd /Users/admin/builder/spi-builder-workspace/.swiftpm/xcode
Using response file: /Users/admin/builder/spi-builder-workspace/.derivedData/Build/Intermediates.noindex/geos.build/Debug/geos-t.build/Objects-normal/arm64/82b82416624d2658e5098eb0a28c15c5-common-args.resp
/Applications/Xcode-27.0.0-Release.Candidate.app/Contents/Developer/Toolchains/XcodeDefault.xctoolchain/usr/bin/clang -x c++ -ivfsstatcache /Users/admin/builder/spi-builder-workspace/.derivedData/SDKStatCaches.noindex/macosx27.0-26A425-e829b21a6f8c9b70876ba0858053c0446a22442a12e9d48fe1a705f55a1adfc4.sdkstatcache -target arm64-apple-macos12.0 -fmessage-length\=0 -fdiagnostics-show-note-include-stack -fmacro-backtrace-limit\=0 -fno-color-diagnostics -fmodules-prune-interval\=86400 -fmodules-prune-after\=345600 -fbuild-session-file\=/Users/admin/builder/spi-builder-workspace/.derivedData/ModuleCache.noindex/Session.modulevalidation -fmodules-validate-once-per-build-session -Wnon-modular-include-in-framework-module -Werror\=non-modular-include-in-framework-module -Wno-trigraphs -Wno-missing-field-initializers -Wno-missing-prototypes -Wno-return-type -Wno-non-virtual-dtor -Wno-overloaded-virtual -Wno-exit-time-destructors -Wno-missing-braces -Wparentheses -Wswitch -Wno-unused-function -Wno-unused-label -Wno-unused-parameter -Wno-unused-variable -Wunused-value -Wno-empty-body -Wno-uninitialized -Wno-unknown-pragmas -w -Wno-shadow -Wno-four-char-constants -Wno-conversion -Wno-constant-conversion -Wno-int-conversion -Wno-bool-conversion -Wno-enum-conversion -Wno-float-conversion -Wno-non-literal-null-conversion -Wno-objc-literal-conversion -Wshorten-64-to-32 -Wno-newline-eof -Wno-c++11-extensions -Wno-implicit-fallthrough -isysroot /Applications/Xcode-27.0.0-Release.Candidate.app/Contents/Developer/Platforms/MacOSX.platform/Developer/SDKs/MacOSX27.0.sdk -fstrict-aliasing -Wdeprecated-declarations -Winvalid-offsetof -Wno-sign-conversion -Wno-infinite-recursion -Wno-move -Wno-comma -Wno-block-capture-autoreleasing -Wno-strict-prototypes -Wno-range-loop-analysis -Wno-semicolon-before-method-body -index-store-path /Users/admin/builder/spi-builder-workspace/.derivedData/Index.noindex/DataStore @/Users/admin/builder/spi-builder-workspace/.derivedData/Build/Intermediates.noindex/geos.build/Debug/geos-t.build/Objects-normal/arm64/82b82416624d2658e5098eb0a28c15c5-common-args.resp -MMD -MT dependencies -MF /Users/admin/builder/spi-builder-workspace/.derivedData/Build/Intermediates.noindex/geos.build/Debug/geos-t.build/Objects-normal/arm64/CLocalizer.d --serialize-diagnostics /Users/admin/builder/spi-builder-workspace/.derivedData/Build/Intermediates.noindex/geos.build/Debug/geos-t.build/Objects-normal/arm64/CLocalizer.dia -c /Users/admin/builder/spi-builder-workspace/.dependencies/checkouts/geos/Sources/geos/src/io/CLocalizer.cpp -o /Users/admin/builder/spi-builder-workspace/.derivedData/Build/Intermediates.noindex/geos.build/Debug/geos-t.build/Objects-normal/arm64/CLocalizer.o -index-unit-output-path /geos.build/Debug/geos-t.build/Objects-normal/arm64/CLocalizer.o
CompileC /Users/admin/builder/spi-builder-workspace/.derivedData/Build/Intermediates.noindex/geos.build/Debug/geos-t.build/Objects-normal/arm64/CGAlgorithmsDD.o /Users/admin/builder/spi-builder-workspace/.dependencies/checkouts/geos/Sources/geos/src/algorithm/CGAlgorithmsDD.cpp normal arm64 c++ com.apple.compilers.llvm.clang.1_0.compiler (in target 'geos' from project 'geos')
cd /Users/admin/builder/spi-builder-workspace/.swiftpm/xcode
Using response file: /Users/admin/builder/spi-builder-workspace/.derivedData/Build/Intermediates.noindex/geos.build/Debug/geos-t.build/Objects-normal/arm64/82b82416624d2658e5098eb0a28c15c5-common-args.resp
/Applications/Xcode-27.0.0-Release.Candidate.app/Contents/Developer/Toolchains/XcodeDefault.xctoolchain/usr/bin/clang -x c++ -ivfsstatcache /Users/admin/builder/spi-builder-workspace/.derivedData/SDKStatCaches.noindex/macosx27.0-26A425-e829b21a6f8c9b70876ba0858053c0446a22442a12e9d48fe1a705f55a1adfc4.sdkstatcache -target arm64-apple-macos12.0 -fmessage-length\=0 -fdiagnostics-show-note-include-stack -fmacro-backtrace-limit\=0 -fno-color-diagnostics -fmodules-prune-interval\=86400 -fmodules-prune-after\=345600 -fbuild-session-file\=/Users/admin/builder/spi-builder-workspace/.derivedData/ModuleCache.noindex/Session.modulevalidation -fmodules-validate-once-per-build-session -Wnon-modular-include-in-framework-module -Werror\=non-modular-include-in-framework-module -Wno-trigraphs -Wno-missing-field-initializers -Wno-missing-prototypes -Wno-return-type -Wno-non-virtual-dtor -Wno-overloaded-virtual -Wno-exit-time-destructors -Wno-missing-braces -Wparentheses -Wswitch -Wno-unused-function -Wno-unused-label -Wno-unused-parameter -Wno-unused-variable -Wunused-value -Wno-empty-body -Wno-uninitialized -Wno-unknown-pragmas -w -Wno-shadow -Wno-four-char-constants -Wno-conversion -Wno-constant-conversion -Wno-int-conversion -Wno-bool-conversion -Wno-enum-conversion -Wno-float-conversion -Wno-non-literal-null-conversion -Wno-objc-literal-conversion -Wshorten-64-to-32 -Wno-newline-eof -Wno-c++11-extensions -Wno-implicit-fallthrough -isysroot /Applications/Xcode-27.0.0-Release.Candidate.app/Contents/Developer/Platforms/MacOSX.platform/Developer/SDKs/MacOSX27.0.sdk -fstrict-aliasing -Wdeprecated-declarations -Winvalid-offsetof -Wno-sign-conversion -Wno-infinite-recursion -Wno-move -Wno-comma -Wno-block-capture-autoreleasing -Wno-strict-prototypes -Wno-range-loop-analysis -Wno-semicolon-before-method-body -index-store-path /Users/admin/builder/spi-builder-workspace/.derivedData/Index.noindex/DataStore @/Users/admin/builder/spi-builder-workspace/.derivedData/Build/Intermediates.noindex/geos.build/Debug/geos-t.build/Objects-normal/arm64/82b82416624d2658e5098eb0a28c15c5-common-args.resp -MMD -MT dependencies -MF /Users/admin/builder/spi-builder-workspace/.derivedData/Build/Intermediates.noindex/geos.build/Debug/geos-t.build/Objects-normal/arm64/CGAlgorithmsDD.d --serialize-diagnostics /Users/admin/builder/spi-builder-workspace/.derivedData/Build/Intermediates.noindex/geos.build/Debug/geos-t.build/Objects-normal/arm64/CGAlgorithmsDD.dia -c /Users/admin/builder/spi-builder-workspace/.dependencies/checkouts/geos/Sources/geos/src/algorithm/CGAlgorithmsDD.cpp -o /Users/admin/builder/spi-builder-workspace/.derivedData/Build/Intermediates.noindex/geos.build/Debug/geos-t.build/Objects-normal/arm64/CGAlgorithmsDD.o -index-unit-output-path /geos.build/Debug/geos-t.build/Objects-normal/arm64/CGAlgorithmsDD.o
CompileC /Users/admin/builder/spi-builder-workspace/.derivedData/Build/Intermediates.noindex/geos.build/Debug/geos-t.build/Objects-normal/arm64/ByteOrderValues.o /Users/admin/builder/spi-builder-workspace/.dependencies/checkouts/geos/Sources/geos/src/io/ByteOrderValues.cpp normal arm64 c++ com.apple.compilers.llvm.clang.1_0.compiler (in target 'geos' from project 'geos')
cd /Users/admin/builder/spi-builder-workspace/.swiftpm/xcode
Using response file: /Users/admin/builder/spi-builder-workspace/.derivedData/Build/Intermediates.noindex/geos.build/Debug/geos-t.build/Objects-normal/arm64/82b82416624d2658e5098eb0a28c15c5-common-args.resp
/Applications/Xcode-27.0.0-Release.Candidate.app/Contents/Developer/Toolchains/XcodeDefault.xctoolchain/usr/bin/clang -x c++ -ivfsstatcache /Users/admin/builder/spi-builder-workspace/.derivedData/SDKStatCaches.noindex/macosx27.0-26A425-e829b21a6f8c9b70876ba0858053c0446a22442a12e9d48fe1a705f55a1adfc4.sdkstatcache -target arm64-apple-macos12.0 -fmessage-length\=0 -fdiagnostics-show-note-include-stack -fmacro-backtrace-limit\=0 -fno-color-diagnostics -fmodules-prune-interval\=86400 -fmodules-prune-after\=345600 -fbuild-session-file\=/Users/admin/builder/spi-builder-workspace/.derivedData/ModuleCache.noindex/Session.modulevalidation -fmodules-validate-once-per-build-session -Wnon-modular-include-in-framework-module -Werror\=non-modular-include-in-framework-module -Wno-trigraphs -Wno-missing-field-initializers -Wno-missing-prototypes -Wno-return-type -Wno-non-virtual-dtor -Wno-overloaded-virtual -Wno-exit-time-destructors -Wno-missing-braces -Wparentheses -Wswitch -Wno-unused-function -Wno-unused-label -Wno-unused-parameter -Wno-unused-variable -Wunused-value -Wno-empty-body -Wno-uninitialized -Wno-unknown-pragmas -w -Wno-shadow -Wno-four-char-constants -Wno-conversion -Wno-constant-conversion -Wno-int-conversion -Wno-bool-conversion -Wno-enum-conversion -Wno-float-conversion -Wno-non-literal-null-conversion -Wno-objc-literal-conversion -Wshorten-64-to-32 -Wno-newline-eof -Wno-c++11-extensions -Wno-implicit-fallthrough -isysroot /Applications/Xcode-27.0.0-Release.Candidate.app/Contents/Developer/Platforms/MacOSX.platform/Developer/SDKs/MacOSX27.0.sdk -fstrict-aliasing -Wdeprecated-declarations -Winvalid-offsetof -Wno-sign-conversion -Wno-infinite-recursion -Wno-move -Wno-comma -Wno-block-capture-autoreleasing -Wno-strict-prototypes -Wno-range-loop-analysis -Wno-semicolon-before-method-body -index-store-path /Users/admin/builder/spi-builder-workspace/.derivedData/Index.noindex/DataStore @/Users/admin/builder/spi-builder-workspace/.derivedData/Build/Intermediates.noindex/geos.build/Debug/geos-t.build/Objects-normal/arm64/82b82416624d2658e5098eb0a28c15c5-common-args.resp -MMD -MT dependencies -MF /Users/admin/builder/spi-builder-workspace/.derivedData/Build/Intermediates.noindex/geos.build/Debug/geos-t.build/Objects-normal/arm64/ByteOrderValues.d --serialize-diagnostics /Users/admin/builder/spi-builder-workspace/.derivedData/Build/Intermediates.noindex/geos.build/Debug/geos-t.build/Objects-normal/arm64/ByteOrderValues.dia -c /Users/admin/builder/spi-builder-workspace/.dependencies/checkouts/geos/Sources/geos/src/io/ByteOrderValues.cpp -o /Users/admin/builder/spi-builder-workspace/.derivedData/Build/Intermediates.noindex/geos.build/Debug/geos-t.build/Objects-normal/arm64/ByteOrderValues.o -index-unit-output-path /geos.build/Debug/geos-t.build/Objects-normal/arm64/ByteOrderValues.o
CompileC /Users/admin/builder/spi-builder-workspace/.derivedData/Build/Intermediates.noindex/geos.build/Debug/geos-t.build/Objects-normal/arm64/ByteOrderDataInStream.o /Users/admin/builder/spi-builder-workspace/.dependencies/checkouts/geos/Sources/geos/src/io/ByteOrderDataInStream.cpp normal arm64 c++ com.apple.compilers.llvm.clang.1_0.compiler (in target 'geos' from project 'geos')
cd /Users/admin/builder/spi-builder-workspace/.swiftpm/xcode
Using response file: /Users/admin/builder/spi-builder-workspace/.derivedData/Build/Intermediates.noindex/geos.build/Debug/geos-t.build/Objects-normal/arm64/82b82416624d2658e5098eb0a28c15c5-common-args.resp
/Applications/Xcode-27.0.0-Release.Candidate.app/Contents/Developer/Toolchains/XcodeDefault.xctoolchain/usr/bin/clang -x c++ -ivfsstatcache /Users/admin/builder/spi-builder-workspace/.derivedData/SDKStatCaches.noindex/macosx27.0-26A425-e829b21a6f8c9b70876ba0858053c0446a22442a12e9d48fe1a705f55a1adfc4.sdkstatcache -target arm64-apple-macos12.0 -fmessage-length\=0 -fdiagnostics-show-note-include-stack -fmacro-backtrace-limit\=0 -fno-color-diagnostics -fmodules-prune-interval\=86400 -fmodules-prune-after\=345600 -fbuild-session-file\=/Users/admin/builder/spi-builder-workspace/.derivedData/ModuleCache.noindex/Session.modulevalidation -fmodules-validate-once-per-build-session -Wnon-modular-include-in-framework-module -Werror\=non-modular-include-in-framework-module -Wno-trigraphs -Wno-missing-field-initializers -Wno-missing-prototypes -Wno-return-type -Wno-non-virtual-dtor -Wno-overloaded-virtual -Wno-exit-time-destructors -Wno-missing-braces -Wparentheses -Wswitch -Wno-unused-function -Wno-unused-label -Wno-unused-parameter -Wno-unused-variable -Wunused-value -Wno-empty-body -Wno-uninitialized -Wno-unknown-pragmas -w -Wno-shadow -Wno-four-char-constants -Wno-conversion -Wno-constant-conversion -Wno-int-conversion -Wno-bool-conversion -Wno-enum-conversion -Wno-float-conversion -Wno-non-literal-null-conversion -Wno-objc-literal-conversion -Wshorten-64-to-32 -Wno-newline-eof -Wno-c++11-extensions -Wno-implicit-fallthrough -isysroot /Applications/Xcode-27.0.0-Release.Candidate.app/Contents/Developer/Platforms/MacOSX.platform/Developer/SDKs/MacOSX27.0.sdk -fstrict-aliasing -Wdeprecated-declarations -Winvalid-offsetof -Wno-sign-conversion -Wno-infinite-recursion -Wno-move -Wno-comma -Wno-block-capture-autoreleasing -Wno-strict-prototypes -Wno-range-loop-analysis -Wno-semicolon-before-method-body -index-store-path /Users/admin/builder/spi-builder-workspace/.derivedData/Index.noindex/DataStore @/Users/admin/builder/spi-builder-workspace/.derivedData/Build/Intermediates.noindex/geos.build/Debug/geos-t.build/Objects-normal/arm64/82b82416624d2658e5098eb0a28c15c5-common-args.resp -MMD -MT dependencies -MF /Users/admin/builder/spi-builder-workspace/.derivedData/Build/Intermediates.noindex/geos.build/Debug/geos-t.build/Objects-normal/arm64/ByteOrderDataInStream.d --serialize-diagnostics /Users/admin/builder/spi-builder-workspace/.derivedData/Build/Intermediates.noindex/geos.build/Debug/geos-t.build/Objects-normal/arm64/ByteOrderDataInStream.dia -c /Users/admin/builder/spi-builder-workspace/.dependencies/checkouts/geos/Sources/geos/src/io/ByteOrderDataInStream.cpp -o /Users/admin/builder/spi-builder-workspace/.derivedData/Build/Intermediates.noindex/geos.build/Debug/geos-t.build/Objects-normal/arm64/ByteOrderDataInStream.o -index-unit-output-path /geos.build/Debug/geos-t.build/Objects-normal/arm64/ByteOrderDataInStream.o
CompileC /Users/admin/builder/spi-builder-workspace/.derivedData/Build/Intermediates.noindex/geos.build/Debug/geos-t.build/Objects-normal/arm64/BuildArea.o /Users/admin/builder/spi-builder-workspace/.dependencies/checkouts/geos/Sources/geos/src/operation/polygonize/BuildArea.cpp normal arm64 c++ com.apple.compilers.llvm.clang.1_0.compiler (in target 'geos' from project 'geos')
cd /Users/admin/builder/spi-builder-workspace/.swiftpm/xcode
Using response file: /Users/admin/builder/spi-builder-workspace/.derivedData/Build/Intermediates.noindex/geos.build/Debug/geos-t.build/Objects-normal/arm64/82b82416624d2658e5098eb0a28c15c5-common-args.resp
/Applications/Xcode-27.0.0-Release.Candidate.app/Contents/Developer/Toolchains/XcodeDefault.xctoolchain/usr/bin/clang -x c++ -ivfsstatcache /Users/admin/builder/spi-builder-workspace/.derivedData/SDKStatCaches.noindex/macosx27.0-26A425-e829b21a6f8c9b70876ba0858053c0446a22442a12e9d48fe1a705f55a1adfc4.sdkstatcache -target arm64-apple-macos12.0 -fmessage-length\=0 -fdiagnostics-show-note-include-stack -fmacro-backtrace-limit\=0 -fno-color-diagnostics -fmodules-prune-interval\=86400 -fmodules-prune-after\=345600 -fbuild-session-file\=/Users/admin/builder/spi-builder-workspace/.derivedData/ModuleCache.noindex/Session.modulevalidation -fmodules-validate-once-per-build-session -Wnon-modular-include-in-framework-module -Werror\=non-modular-include-in-framework-module -Wno-trigraphs -Wno-missing-field-initializers -Wno-missing-prototypes -Wno-return-type -Wno-non-virtual-dtor -Wno-overloaded-virtual -Wno-exit-time-destructors -Wno-missing-braces -Wparentheses -Wswitch -Wno-unused-function -Wno-unused-label -Wno-unused-parameter -Wno-unused-variable -Wunused-value -Wno-empty-body -Wno-uninitialized -Wno-unknown-pragmas -w -Wno-shadow -Wno-four-char-constants -Wno-conversion -Wno-constant-conversion -Wno-int-conversion -Wno-bool-conversion -Wno-enum-conversion -Wno-float-conversion -Wno-non-literal-null-conversion -Wno-objc-literal-conversion -Wshorten-64-to-32 -Wno-newline-eof -Wno-c++11-extensions -Wno-implicit-fallthrough -isysroot /Applications/Xcode-27.0.0-Release.Candidate.app/Contents/Developer/Platforms/MacOSX.platform/Developer/SDKs/MacOSX27.0.sdk -fstrict-aliasing -Wdeprecated-declarations -Winvalid-offsetof -Wno-sign-conversion -Wno-infinite-recursion -Wno-move -Wno-comma -Wno-block-capture-autoreleasing -Wno-strict-prototypes -Wno-range-loop-analysis -Wno-semicolon-before-method-body -index-store-path /Users/admin/builder/spi-builder-workspace/.derivedData/Index.noindex/DataStore @/Users/admin/builder/spi-builder-workspace/.derivedData/Build/Intermediates.noindex/geos.build/Debug/geos-t.build/Objects-normal/arm64/82b82416624d2658e5098eb0a28c15c5-common-args.resp -MMD -MT dependencies -MF /Users/admin/builder/spi-builder-workspace/.derivedData/Build/Intermediates.noindex/geos.build/Debug/geos-t.build/Objects-normal/arm64/BuildArea.d --serialize-diagnostics /Users/admin/builder/spi-builder-workspace/.derivedData/Build/Intermediates.noindex/geos.build/Debug/geos-t.build/Objects-normal/arm64/BuildArea.dia -c /Users/admin/builder/spi-builder-workspace/.dependencies/checkouts/geos/Sources/geos/src/operation/polygonize/BuildArea.cpp -o /Users/admin/builder/spi-builder-workspace/.derivedData/Build/Intermediates.noindex/geos.build/Debug/geos-t.build/Objects-normal/arm64/BuildArea.o -index-unit-output-path /geos.build/Debug/geos-t.build/Objects-normal/arm64/BuildArea.o
CompileC /Users/admin/builder/spi-builder-workspace/.derivedData/Build/Intermediates.noindex/geos.build/Debug/geos-t.build/Objects-normal/arm64/BufferSubgraph.o /Users/admin/builder/spi-builder-workspace/.dependencies/checkouts/geos/Sources/geos/src/operation/buffer/BufferSubgraph.cpp normal arm64 c++ com.apple.compilers.llvm.clang.1_0.compiler (in target 'geos' from project 'geos')
cd /Users/admin/builder/spi-builder-workspace/.swiftpm/xcode
Using response file: /Users/admin/builder/spi-builder-workspace/.derivedData/Build/Intermediates.noindex/geos.build/Debug/geos-t.build/Objects-normal/arm64/82b82416624d2658e5098eb0a28c15c5-common-args.resp
/Applications/Xcode-27.0.0-Release.Candidate.app/Contents/Developer/Toolchains/XcodeDefault.xctoolchain/usr/bin/clang -x c++ -ivfsstatcache /Users/admin/builder/spi-builder-workspace/.derivedData/SDKStatCaches.noindex/macosx27.0-26A425-e829b21a6f8c9b70876ba0858053c0446a22442a12e9d48fe1a705f55a1adfc4.sdkstatcache -target arm64-apple-macos12.0 -fmessage-length\=0 -fdiagnostics-show-note-include-stack -fmacro-backtrace-limit\=0 -fno-color-diagnostics -fmodules-prune-interval\=86400 -fmodules-prune-after\=345600 -fbuild-session-file\=/Users/admin/builder/spi-builder-workspace/.derivedData/ModuleCache.noindex/Session.modulevalidation -fmodules-validate-once-per-build-session -Wnon-modular-include-in-framework-module -Werror\=non-modular-include-in-framework-module -Wno-trigraphs -Wno-missing-field-initializers -Wno-missing-prototypes -Wno-return-type -Wno-non-virtual-dtor -Wno-overloaded-virtual -Wno-exit-time-destructors -Wno-missing-braces -Wparentheses -Wswitch -Wno-unused-function -Wno-unused-label -Wno-unused-parameter -Wno-unused-variable -Wunused-value -Wno-empty-body -Wno-uninitialized -Wno-unknown-pragmas -w -Wno-shadow -Wno-four-char-constants -Wno-conversion -Wno-constant-conversion -Wno-int-conversion -Wno-bool-conversion -Wno-enum-conversion -Wno-float-conversion -Wno-non-literal-null-conversion -Wno-objc-literal-conversion -Wshorten-64-to-32 -Wno-newline-eof -Wno-c++11-extensions -Wno-implicit-fallthrough -isysroot /Applications/Xcode-27.0.0-Release.Candidate.app/Contents/Developer/Platforms/MacOSX.platform/Developer/SDKs/MacOSX27.0.sdk -fstrict-aliasing -Wdeprecated-declarations -Winvalid-offsetof -Wno-sign-conversion -Wno-infinite-recursion -Wno-move -Wno-comma -Wno-block-capture-autoreleasing -Wno-strict-prototypes -Wno-range-loop-analysis -Wno-semicolon-before-method-body -index-store-path /Users/admin/builder/spi-builder-workspace/.derivedData/Index.noindex/DataStore @/Users/admin/builder/spi-builder-workspace/.derivedData/Build/Intermediates.noindex/geos.build/Debug/geos-t.build/Objects-normal/arm64/82b82416624d2658e5098eb0a28c15c5-common-args.resp -MMD -MT dependencies -MF /Users/admin/builder/spi-builder-workspace/.derivedData/Build/Intermediates.noindex/geos.build/Debug/geos-t.build/Objects-normal/arm64/BufferSubgraph.d --serialize-diagnostics /Users/admin/builder/spi-builder-workspace/.derivedData/Build/Intermediates.noindex/geos.build/Debug/geos-t.build/Objects-normal/arm64/BufferSubgraph.dia -c /Users/admin/builder/spi-builder-workspace/.dependencies/checkouts/geos/Sources/geos/src/operation/buffer/BufferSubgraph.cpp -o /Users/admin/builder/spi-builder-workspace/.derivedData/Build/Intermediates.noindex/geos.build/Debug/geos-t.build/Objects-normal/arm64/BufferSubgraph.o -index-unit-output-path /geos.build/Debug/geos-t.build/Objects-normal/arm64/BufferSubgraph.o
CompileC /Users/admin/builder/spi-builder-workspace/.derivedData/Build/Intermediates.noindex/geos.build/Debug/geos-t.build/Objects-normal/arm64/BufferParameters.o /Users/admin/builder/spi-builder-workspace/.dependencies/checkouts/geos/Sources/geos/src/operation/buffer/BufferParameters.cpp normal arm64 c++ com.apple.compilers.llvm.clang.1_0.compiler (in target 'geos' from project 'geos')
cd /Users/admin/builder/spi-builder-workspace/.swiftpm/xcode
Using response file: /Users/admin/builder/spi-builder-workspace/.derivedData/Build/Intermediates.noindex/geos.build/Debug/geos-t.build/Objects-normal/arm64/82b82416624d2658e5098eb0a28c15c5-common-args.resp
/Applications/Xcode-27.0.0-Release.Candidate.app/Contents/Developer/Toolchains/XcodeDefault.xctoolchain/usr/bin/clang -x c++ -ivfsstatcache /Users/admin/builder/spi-builder-workspace/.derivedData/SDKStatCaches.noindex/macosx27.0-26A425-e829b21a6f8c9b70876ba0858053c0446a22442a12e9d48fe1a705f55a1adfc4.sdkstatcache -target arm64-apple-macos12.0 -fmessage-length\=0 -fdiagnostics-show-note-include-stack -fmacro-backtrace-limit\=0 -fno-color-diagnostics -fmodules-prune-interval\=86400 -fmodules-prune-after\=345600 -fbuild-session-file\=/Users/admin/builder/spi-builder-workspace/.derivedData/ModuleCache.noindex/Session.modulevalidation -fmodules-validate-once-per-build-session -Wnon-modular-include-in-framework-module -Werror\=non-modular-include-in-framework-module -Wno-trigraphs -Wno-missing-field-initializers -Wno-missing-prototypes -Wno-return-type -Wno-non-virtual-dtor -Wno-overloaded-virtual -Wno-exit-time-destructors -Wno-missing-braces -Wparentheses -Wswitch -Wno-unused-function -Wno-unused-label -Wno-unused-parameter -Wno-unused-variable -Wunused-value -Wno-empty-body -Wno-uninitialized -Wno-unknown-pragmas -w -Wno-shadow -Wno-four-char-constants -Wno-conversion -Wno-constant-conversion -Wno-int-conversion -Wno-bool-conversion -Wno-enum-conversion -Wno-float-conversion -Wno-non-literal-null-conversion -Wno-objc-literal-conversion -Wshorten-64-to-32 -Wno-newline-eof -Wno-c++11-extensions -Wno-implicit-fallthrough -isysroot /Applications/Xcode-27.0.0-Release.Candidate.app/Contents/Developer/Platforms/MacOSX.platform/Developer/SDKs/MacOSX27.0.sdk -fstrict-aliasing -Wdeprecated-declarations -Winvalid-offsetof -Wno-sign-conversion -Wno-infinite-recursion -Wno-move -Wno-comma -Wno-block-capture-autoreleasing -Wno-strict-prototypes -Wno-range-loop-analysis -Wno-semicolon-before-method-body -index-store-path /Users/admin/builder/spi-builder-workspace/.derivedData/Index.noindex/DataStore @/Users/admin/builder/spi-builder-workspace/.derivedData/Build/Intermediates.noindex/geos.build/Debug/geos-t.build/Objects-normal/arm64/82b82416624d2658e5098eb0a28c15c5-common-args.resp -MMD -MT dependencies -MF /Users/admin/builder/spi-builder-workspace/.derivedData/Build/Intermediates.noindex/geos.build/Debug/geos-t.build/Objects-normal/arm64/BufferParameters.d --serialize-diagnostics /Users/admin/builder/spi-builder-workspace/.derivedData/Build/Intermediates.noindex/geos.build/Debug/geos-t.build/Objects-normal/arm64/BufferParameters.dia -c /Users/admin/builder/spi-builder-workspace/.dependencies/checkouts/geos/Sources/geos/src/operation/buffer/BufferParameters.cpp -o /Users/admin/builder/spi-builder-workspace/.derivedData/Build/Intermediates.noindex/geos.build/Debug/geos-t.build/Objects-normal/arm64/BufferParameters.o -index-unit-output-path /geos.build/Debug/geos-t.build/Objects-normal/arm64/BufferParameters.o
CompileC /Users/admin/builder/spi-builder-workspace/.derivedData/Build/Intermediates.noindex/geos.build/Debug/geos-t.build/Objects-normal/arm64/BufferOp.o /Users/admin/builder/spi-builder-workspace/.dependencies/checkouts/geos/Sources/geos/src/operation/buffer/BufferOp.cpp normal arm64 c++ com.apple.compilers.llvm.clang.1_0.compiler (in target 'geos' from project 'geos')
cd /Users/admin/builder/spi-builder-workspace/.swiftpm/xcode
Using response file: /Users/admin/builder/spi-builder-workspace/.derivedData/Build/Intermediates.noindex/geos.build/Debug/geos-t.build/Objects-normal/arm64/82b82416624d2658e5098eb0a28c15c5-common-args.resp
/Applications/Xcode-27.0.0-Release.Candidate.app/Contents/Developer/Toolchains/XcodeDefault.xctoolchain/usr/bin/clang -x c++ -ivfsstatcache /Users/admin/builder/spi-builder-workspace/.derivedData/SDKStatCaches.noindex/macosx27.0-26A425-e829b21a6f8c9b70876ba0858053c0446a22442a12e9d48fe1a705f55a1adfc4.sdkstatcache -target arm64-apple-macos12.0 -fmessage-length\=0 -fdiagnostics-show-note-include-stack -fmacro-backtrace-limit\=0 -fno-color-diagnostics -fmodules-prune-interval\=86400 -fmodules-prune-after\=345600 -fbuild-session-file\=/Users/admin/builder/spi-builder-workspace/.derivedData/ModuleCache.noindex/Session.modulevalidation -fmodules-validate-once-per-build-session -Wnon-modular-include-in-framework-module -Werror\=non-modular-include-in-framework-module -Wno-trigraphs -Wno-missing-field-initializers -Wno-missing-prototypes -Wno-return-type -Wno-non-virtual-dtor -Wno-overloaded-virtual -Wno-exit-time-destructors -Wno-missing-braces -Wparentheses -Wswitch -Wno-unused-function -Wno-unused-label -Wno-unused-parameter -Wno-unused-variable -Wunused-value -Wno-empty-body -Wno-uninitialized -Wno-unknown-pragmas -w -Wno-shadow -Wno-four-char-constants -Wno-conversion -Wno-constant-conversion -Wno-int-conversion -Wno-bool-conversion -Wno-enum-conversion -Wno-float-conversion -Wno-non-literal-null-conversion -Wno-objc-literal-conversion -Wshorten-64-to-32 -Wno-newline-eof -Wno-c++11-extensions -Wno-implicit-fallthrough -isysroot /Applications/Xcode-27.0.0-Release.Candidate.app/Contents/Developer/Platforms/MacOSX.platform/Developer/SDKs/MacOSX27.0.sdk -fstrict-aliasing -Wdeprecated-declarations -Winvalid-offsetof -Wno-sign-conversion -Wno-infinite-recursion -Wno-move -Wno-comma -Wno-block-capture-autoreleasing -Wno-strict-prototypes -Wno-range-loop-analysis -Wno-semicolon-before-method-body -index-store-path /Users/admin/builder/spi-builder-workspace/.derivedData/Index.noindex/DataStore @/Users/admin/builder/spi-builder-workspace/.derivedData/Build/Intermediates.noindex/geos.build/Debug/geos-t.build/Objects-normal/arm64/82b82416624d2658e5098eb0a28c15c5-common-args.resp -MMD -MT dependencies -MF /Users/admin/builder/spi-builder-workspace/.derivedData/Build/Intermediates.noindex/geos.build/Debug/geos-t.build/Objects-normal/arm64/BufferOp.d --serialize-diagnostics /Users/admin/builder/spi-builder-workspace/.derivedData/Build/Intermediates.noindex/geos.build/Debug/geos-t.build/Objects-normal/arm64/BufferOp.dia -c /Users/admin/builder/spi-builder-workspace/.dependencies/checkouts/geos/Sources/geos/src/operation/buffer/BufferOp.cpp -o /Users/admin/builder/spi-builder-workspace/.derivedData/Build/Intermediates.noindex/geos.build/Debug/geos-t.build/Objects-normal/arm64/BufferOp.o -index-unit-output-path /geos.build/Debug/geos-t.build/Objects-normal/arm64/BufferOp.o
CompileC /Users/admin/builder/spi-builder-workspace/.derivedData/Build/Intermediates.noindex/geos.build/Debug/geos-t.build/Objects-normal/arm64/BufferInputLineSimplifier.o /Users/admin/builder/spi-builder-workspace/.dependencies/checkouts/geos/Sources/geos/src/operation/buffer/BufferInputLineSimplifier.cpp normal arm64 c++ com.apple.compilers.llvm.clang.1_0.compiler (in target 'geos' from project 'geos')
cd /Users/admin/builder/spi-builder-workspace/.swiftpm/xcode
Using response file: /Users/admin/builder/spi-builder-workspace/.derivedData/Build/Intermediates.noindex/geos.build/Debug/geos-t.build/Objects-normal/arm64/82b82416624d2658e5098eb0a28c15c5-common-args.resp
/Applications/Xcode-27.0.0-Release.Candidate.app/Contents/Developer/Toolchains/XcodeDefault.xctoolchain/usr/bin/clang -x c++ -ivfsstatcache /Users/admin/builder/spi-builder-workspace/.derivedData/SDKStatCaches.noindex/macosx27.0-26A425-e829b21a6f8c9b70876ba0858053c0446a22442a12e9d48fe1a705f55a1adfc4.sdkstatcache -target arm64-apple-macos12.0 -fmessage-length\=0 -fdiagnostics-show-note-include-stack -fmacro-backtrace-limit\=0 -fno-color-diagnostics -fmodules-prune-interval\=86400 -fmodules-prune-after\=345600 -fbuild-session-file\=/Users/admin/builder/spi-builder-workspace/.derivedData/ModuleCache.noindex/Session.modulevalidation -fmodules-validate-once-per-build-session -Wnon-modular-include-in-framework-module -Werror\=non-modular-include-in-framework-module -Wno-trigraphs -Wno-missing-field-initializers -Wno-missing-prototypes -Wno-return-type -Wno-non-virtual-dtor -Wno-overloaded-virtual -Wno-exit-time-destructors -Wno-missing-braces -Wparentheses -Wswitch -Wno-unused-function -Wno-unused-label -Wno-unused-parameter -Wno-unused-variable -Wunused-value -Wno-empty-body -Wno-uninitialized -Wno-unknown-pragmas -w -Wno-shadow -Wno-four-char-constants -Wno-conversion -Wno-constant-conversion -Wno-int-conversion -Wno-bool-conversion -Wno-enum-conversion -Wno-float-conversion -Wno-non-literal-null-conversion -Wno-objc-literal-conversion -Wshorten-64-to-32 -Wno-newline-eof -Wno-c++11-extensions -Wno-implicit-fallthrough -isysroot /Applications/Xcode-27.0.0-Release.Candidate.app/Contents/Developer/Platforms/MacOSX.platform/Developer/SDKs/MacOSX27.0.sdk -fstrict-aliasing -Wdeprecated-declarations -Winvalid-offsetof -Wno-sign-conversion -Wno-infinite-recursion -Wno-move -Wno-comma -Wno-block-capture-autoreleasing -Wno-strict-prototypes -Wno-range-loop-analysis -Wno-semicolon-before-method-body -index-store-path /Users/admin/builder/spi-builder-workspace/.derivedData/Index.noindex/DataStore @/Users/admin/builder/spi-builder-workspace/.derivedData/Build/Intermediates.noindex/geos.build/Debug/geos-t.build/Objects-normal/arm64/82b82416624d2658e5098eb0a28c15c5-common-args.resp -MMD -MT dependencies -MF /Users/admin/builder/spi-builder-workspace/.derivedData/Build/Intermediates.noindex/geos.build/Debug/geos-t.build/Objects-normal/arm64/BufferInputLineSimplifier.d --serialize-diagnostics /Users/admin/builder/spi-builder-workspace/.derivedData/Build/Intermediates.noindex/geos.build/Debug/geos-t.build/Objects-normal/arm64/BufferInputLineSimplifier.dia -c /Users/admin/builder/spi-builder-workspace/.dependencies/checkouts/geos/Sources/geos/src/operation/buffer/BufferInputLineSimplifier.cpp -o /Users/admin/builder/spi-builder-workspace/.derivedData/Build/Intermediates.noindex/geos.build/Debug/geos-t.build/Objects-normal/arm64/BufferInputLineSimplifier.o -index-unit-output-path /geos.build/Debug/geos-t.build/Objects-normal/arm64/BufferInputLineSimplifier.o
CompileC /Users/admin/builder/spi-builder-workspace/.derivedData/Build/Intermediates.noindex/geos.build/Debug/geos-t.build/Objects-normal/arm64/BufferCurveSetBuilder.o /Users/admin/builder/spi-builder-workspace/.dependencies/checkouts/geos/Sources/geos/src/operation/buffer/BufferCurveSetBuilder.cpp normal arm64 c++ com.apple.compilers.llvm.clang.1_0.compiler (in target 'geos' from project 'geos')
cd /Users/admin/builder/spi-builder-workspace/.swiftpm/xcode
Using response file: /Users/admin/builder/spi-builder-workspace/.derivedData/Build/Intermediates.noindex/geos.build/Debug/geos-t.build/Objects-normal/arm64/82b82416624d2658e5098eb0a28c15c5-common-args.resp
/Applications/Xcode-27.0.0-Release.Candidate.app/Contents/Developer/Toolchains/XcodeDefault.xctoolchain/usr/bin/clang -x c++ -ivfsstatcache /Users/admin/builder/spi-builder-workspace/.derivedData/SDKStatCaches.noindex/macosx27.0-26A425-e829b21a6f8c9b70876ba0858053c0446a22442a12e9d48fe1a705f55a1adfc4.sdkstatcache -target arm64-apple-macos12.0 -fmessage-length\=0 -fdiagnostics-show-note-include-stack -fmacro-backtrace-limit\=0 -fno-color-diagnostics -fmodules-prune-interval\=86400 -fmodules-prune-after\=345600 -fbuild-session-file\=/Users/admin/builder/spi-builder-workspace/.derivedData/ModuleCache.noindex/Session.modulevalidation -fmodules-validate-once-per-build-session -Wnon-modular-include-in-framework-module -Werror\=non-modular-include-in-framework-module -Wno-trigraphs -Wno-missing-field-initializers -Wno-missing-prototypes -Wno-return-type -Wno-non-virtual-dtor -Wno-overloaded-virtual -Wno-exit-time-destructors -Wno-missing-braces -Wparentheses -Wswitch -Wno-unused-function -Wno-unused-label -Wno-unused-parameter -Wno-unused-variable -Wunused-value -Wno-empty-body -Wno-uninitialized -Wno-unknown-pragmas -w -Wno-shadow -Wno-four-char-constants -Wno-conversion -Wno-constant-conversion -Wno-int-conversion -Wno-bool-conversion -Wno-enum-conversion -Wno-float-conversion -Wno-non-literal-null-conversion -Wno-objc-literal-conversion -Wshorten-64-to-32 -Wno-newline-eof -Wno-c++11-extensions -Wno-implicit-fallthrough -isysroot /Applications/Xcode-27.0.0-Release.Candidate.app/Contents/Developer/Platforms/MacOSX.platform/Developer/SDKs/MacOSX27.0.sdk -fstrict-aliasing -Wdeprecated-declarations -Winvalid-offsetof -Wno-sign-conversion -Wno-infinite-recursion -Wno-move -Wno-comma -Wno-block-capture-autoreleasing -Wno-strict-prototypes -Wno-range-loop-analysis -Wno-semicolon-before-method-body -index-store-path /Users/admin/builder/spi-builder-workspace/.derivedData/Index.noindex/DataStore @/Users/admin/builder/spi-builder-workspace/.derivedData/Build/Intermediates.noindex/geos.build/Debug/geos-t.build/Objects-normal/arm64/82b82416624d2658e5098eb0a28c15c5-common-args.resp -MMD -MT dependencies -MF /Users/admin/builder/spi-builder-workspace/.derivedData/Build/Intermediates.noindex/geos.build/Debug/geos-t.build/Objects-normal/arm64/BufferCurveSetBuilder.d --serialize-diagnostics /Users/admin/builder/spi-builder-workspace/.derivedData/Build/Intermediates.noindex/geos.build/Debug/geos-t.build/Objects-normal/arm64/BufferCurveSetBuilder.dia -c /Users/admin/builder/spi-builder-workspace/.dependencies/checkouts/geos/Sources/geos/src/operation/buffer/BufferCurveSetBuilder.cpp -o /Users/admin/builder/spi-builder-workspace/.derivedData/Build/Intermediates.noindex/geos.build/Debug/geos-t.build/Objects-normal/arm64/BufferCurveSetBuilder.o -index-unit-output-path /geos.build/Debug/geos-t.build/Objects-normal/arm64/BufferCurveSetBuilder.o
CompileC /Users/admin/builder/spi-builder-workspace/.derivedData/Build/Intermediates.noindex/geos.build/Debug/geos-t.build/Objects-normal/arm64/BufferBuilder.o /Users/admin/builder/spi-builder-workspace/.dependencies/checkouts/geos/Sources/geos/src/operation/buffer/BufferBuilder.cpp normal arm64 c++ com.apple.compilers.llvm.clang.1_0.compiler (in target 'geos' from project 'geos')
cd /Users/admin/builder/spi-builder-workspace/.swiftpm/xcode
Using response file: /Users/admin/builder/spi-builder-workspace/.derivedData/Build/Intermediates.noindex/geos.build/Debug/geos-t.build/Objects-normal/arm64/82b82416624d2658e5098eb0a28c15c5-common-args.resp
/Applications/Xcode-27.0.0-Release.Candidate.app/Contents/Developer/Toolchains/XcodeDefault.xctoolchain/usr/bin/clang -x c++ -ivfsstatcache /Users/admin/builder/spi-builder-workspace/.derivedData/SDKStatCaches.noindex/macosx27.0-26A425-e829b21a6f8c9b70876ba0858053c0446a22442a12e9d48fe1a705f55a1adfc4.sdkstatcache -target arm64-apple-macos12.0 -fmessage-length\=0 -fdiagnostics-show-note-include-stack -fmacro-backtrace-limit\=0 -fno-color-diagnostics -fmodules-prune-interval\=86400 -fmodules-prune-after\=345600 -fbuild-session-file\=/Users/admin/builder/spi-builder-workspace/.derivedData/ModuleCache.noindex/Session.modulevalidation -fmodules-validate-once-per-build-session -Wnon-modular-include-in-framework-module -Werror\=non-modular-include-in-framework-module -Wno-trigraphs -Wno-missing-field-initializers -Wno-missing-prototypes -Wno-return-type -Wno-non-virtual-dtor -Wno-overloaded-virtual -Wno-exit-time-destructors -Wno-missing-braces -Wparentheses -Wswitch -Wno-unused-function -Wno-unused-label -Wno-unused-parameter -Wno-unused-variable -Wunused-value -Wno-empty-body -Wno-uninitialized -Wno-unknown-pragmas -w -Wno-shadow -Wno-four-char-constants -Wno-conversion -Wno-constant-conversion -Wno-int-conversion -Wno-bool-conversion -Wno-enum-conversion -Wno-float-conversion -Wno-non-literal-null-conversion -Wno-objc-literal-conversion -Wshorten-64-to-32 -Wno-newline-eof -Wno-c++11-extensions -Wno-implicit-fallthrough -isysroot /Applications/Xcode-27.0.0-Release.Candidate.app/Contents/Developer/Platforms/MacOSX.platform/Developer/SDKs/MacOSX27.0.sdk -fstrict-aliasing -Wdeprecated-declarations -Winvalid-offsetof -Wno-sign-conversion -Wno-infinite-recursion -Wno-move -Wno-comma -Wno-block-capture-autoreleasing -Wno-strict-prototypes -Wno-range-loop-analysis -Wno-semicolon-before-method-body -index-store-path /Users/admin/builder/spi-builder-workspace/.derivedData/Index.noindex/DataStore @/Users/admin/builder/spi-builder-workspace/.derivedData/Build/Intermediates.noindex/geos.build/Debug/geos-t.build/Objects-normal/arm64/82b82416624d2658e5098eb0a28c15c5-common-args.resp -MMD -MT dependencies -MF /Users/admin/builder/spi-builder-workspace/.derivedData/Build/Intermediates.noindex/geos.build/Debug/geos-t.build/Objects-normal/arm64/BufferBuilder.d --serialize-diagnostics /Users/admin/builder/spi-builder-workspace/.derivedData/Build/Intermediates.noindex/geos.build/Debug/geos-t.build/Objects-normal/arm64/BufferBuilder.dia -c /Users/admin/builder/spi-builder-workspace/.dependencies/checkouts/geos/Sources/geos/src/operation/buffer/BufferBuilder.cpp -o /Users/admin/builder/spi-builder-workspace/.derivedData/Build/Intermediates.noindex/geos.build/Debug/geos-t.build/Objects-normal/arm64/BufferBuilder.o -index-unit-output-path /geos.build/Debug/geos-t.build/Objects-normal/arm64/BufferBuilder.o
CompileC /Users/admin/builder/spi-builder-workspace/.derivedData/Build/Intermediates.noindex/geos.build/Debug/geos-t.build/Objects-normal/arm64/BoundaryOp.o /Users/admin/builder/spi-builder-workspace/.dependencies/checkouts/geos/Sources/geos/src/operation/BoundaryOp.cpp normal arm64 c++ com.apple.compilers.llvm.clang.1_0.compiler (in target 'geos' from project 'geos')
cd /Users/admin/builder/spi-builder-workspace/.swiftpm/xcode
Using response file: /Users/admin/builder/spi-builder-workspace/.derivedData/Build/Intermediates.noindex/geos.build/Debug/geos-t.build/Objects-normal/arm64/82b82416624d2658e5098eb0a28c15c5-common-args.resp
/Applications/Xcode-27.0.0-Release.Candidate.app/Contents/Developer/Toolchains/XcodeDefault.xctoolchain/usr/bin/clang -x c++ -ivfsstatcache /Users/admin/builder/spi-builder-workspace/.derivedData/SDKStatCaches.noindex/macosx27.0-26A425-e829b21a6f8c9b70876ba0858053c0446a22442a12e9d48fe1a705f55a1adfc4.sdkstatcache -target arm64-apple-macos12.0 -fmessage-length\=0 -fdiagnostics-show-note-include-stack -fmacro-backtrace-limit\=0 -fno-color-diagnostics -fmodules-prune-interval\=86400 -fmodules-prune-after\=345600 -fbuild-session-file\=/Users/admin/builder/spi-builder-workspace/.derivedData/ModuleCache.noindex/Session.modulevalidation -fmodules-validate-once-per-build-session -Wnon-modular-include-in-framework-module -Werror\=non-modular-include-in-framework-module -Wno-trigraphs -Wno-missing-field-initializers -Wno-missing-prototypes -Wno-return-type -Wno-non-virtual-dtor -Wno-overloaded-virtual -Wno-exit-time-destructors -Wno-missing-braces -Wparentheses -Wswitch -Wno-unused-function -Wno-unused-label -Wno-unused-parameter -Wno-unused-variable -Wunused-value -Wno-empty-body -Wno-uninitialized -Wno-unknown-pragmas -w -Wno-shadow -Wno-four-char-constants -Wno-conversion -Wno-constant-conversion -Wno-int-conversion -Wno-bool-conversion -Wno-enum-conversion -Wno-float-conversion -Wno-non-literal-null-conversion -Wno-objc-literal-conversion -Wshorten-64-to-32 -Wno-newline-eof -Wno-c++11-extensions -Wno-implicit-fallthrough -isysroot /Applications/Xcode-27.0.0-Release.Candidate.app/Contents/Developer/Platforms/MacOSX.platform/Developer/SDKs/MacOSX27.0.sdk -fstrict-aliasing -Wdeprecated-declarations -Winvalid-offsetof -Wno-sign-conversion -Wno-infinite-recursion -Wno-move -Wno-comma -Wno-block-capture-autoreleasing -Wno-strict-prototypes -Wno-range-loop-analysis -Wno-semicolon-before-method-body -index-store-path /Users/admin/builder/spi-builder-workspace/.derivedData/Index.noindex/DataStore @/Users/admin/builder/spi-builder-workspace/.derivedData/Build/Intermediates.noindex/geos.build/Debug/geos-t.build/Objects-normal/arm64/82b82416624d2658e5098eb0a28c15c5-common-args.resp -MMD -MT dependencies -MF /Users/admin/builder/spi-builder-workspace/.derivedData/Build/Intermediates.noindex/geos.build/Debug/geos-t.build/Objects-normal/arm64/BoundaryOp.d --serialize-diagnostics /Users/admin/builder/spi-builder-workspace/.derivedData/Build/Intermediates.noindex/geos.build/Debug/geos-t.build/Objects-normal/arm64/BoundaryOp.dia -c /Users/admin/builder/spi-builder-workspace/.dependencies/checkouts/geos/Sources/geos/src/operation/BoundaryOp.cpp -o /Users/admin/builder/spi-builder-workspace/.derivedData/Build/Intermediates.noindex/geos.build/Debug/geos-t.build/Objects-normal/arm64/BoundaryOp.o -index-unit-output-path /geos.build/Debug/geos-t.build/Objects-normal/arm64/BoundaryOp.o
CompileC /Users/admin/builder/spi-builder-workspace/.derivedData/Build/Intermediates.noindex/geos.build/Debug/geos-t.build/Objects-normal/arm64/BoundaryNodeRule.o /Users/admin/builder/spi-builder-workspace/.dependencies/checkouts/geos/Sources/geos/src/algorithm/BoundaryNodeRule.cpp normal arm64 c++ com.apple.compilers.llvm.clang.1_0.compiler (in target 'geos' from project 'geos')
cd /Users/admin/builder/spi-builder-workspace/.swiftpm/xcode
Using response file: /Users/admin/builder/spi-builder-workspace/.derivedData/Build/Intermediates.noindex/geos.build/Debug/geos-t.build/Objects-normal/arm64/82b82416624d2658e5098eb0a28c15c5-common-args.resp
/Applications/Xcode-27.0.0-Release.Candidate.app/Contents/Developer/Toolchains/XcodeDefault.xctoolchain/usr/bin/clang -x c++ -ivfsstatcache /Users/admin/builder/spi-builder-workspace/.derivedData/SDKStatCaches.noindex/macosx27.0-26A425-e829b21a6f8c9b70876ba0858053c0446a22442a12e9d48fe1a705f55a1adfc4.sdkstatcache -target arm64-apple-macos12.0 -fmessage-length\=0 -fdiagnostics-show-note-include-stack -fmacro-backtrace-limit\=0 -fno-color-diagnostics -fmodules-prune-interval\=86400 -fmodules-prune-after\=345600 -fbuild-session-file\=/Users/admin/builder/spi-builder-workspace/.derivedData/ModuleCache.noindex/Session.modulevalidation -fmodules-validate-once-per-build-session -Wnon-modular-include-in-framework-module -Werror\=non-modular-include-in-framework-module -Wno-trigraphs -Wno-missing-field-initializers -Wno-missing-prototypes -Wno-return-type -Wno-non-virtual-dtor -Wno-overloaded-virtual -Wno-exit-time-destructors -Wno-missing-braces -Wparentheses -Wswitch -Wno-unused-function -Wno-unused-label -Wno-unused-parameter -Wno-unused-variable -Wunused-value -Wno-empty-body -Wno-uninitialized -Wno-unknown-pragmas -w -Wno-shadow -Wno-four-char-constants -Wno-conversion -Wno-constant-conversion -Wno-int-conversion -Wno-bool-conversion -Wno-enum-conversion -Wno-float-conversion -Wno-non-literal-null-conversion -Wno-objc-literal-conversion -Wshorten-64-to-32 -Wno-newline-eof -Wno-c++11-extensions -Wno-implicit-fallthrough -isysroot /Applications/Xcode-27.0.0-Release.Candidate.app/Contents/Developer/Platforms/MacOSX.platform/Developer/SDKs/MacOSX27.0.sdk -fstrict-aliasing -Wdeprecated-declarations -Winvalid-offsetof -Wno-sign-conversion -Wno-infinite-recursion -Wno-move -Wno-comma -Wno-block-capture-autoreleasing -Wno-strict-prototypes -Wno-range-loop-analysis -Wno-semicolon-before-method-body -index-store-path /Users/admin/builder/spi-builder-workspace/.derivedData/Index.noindex/DataStore @/Users/admin/builder/spi-builder-workspace/.derivedData/Build/Intermediates.noindex/geos.build/Debug/geos-t.build/Objects-normal/arm64/82b82416624d2658e5098eb0a28c15c5-common-args.resp -MMD -MT dependencies -MF /Users/admin/builder/spi-builder-workspace/.derivedData/Build/Intermediates.noindex/geos.build/Debug/geos-t.build/Objects-normal/arm64/BoundaryNodeRule.d --serialize-diagnostics /Users/admin/builder/spi-builder-workspace/.derivedData/Build/Intermediates.noindex/geos.build/Debug/geos-t.build/Objects-normal/arm64/BoundaryNodeRule.dia -c /Users/admin/builder/spi-builder-workspace/.dependencies/checkouts/geos/Sources/geos/src/algorithm/BoundaryNodeRule.cpp -o /Users/admin/builder/spi-builder-workspace/.derivedData/Build/Intermediates.noindex/geos.build/Debug/geos-t.build/Objects-normal/arm64/BoundaryNodeRule.o -index-unit-output-path /geos.build/Debug/geos-t.build/Objects-normal/arm64/BoundaryNodeRule.o
CompileC /Users/admin/builder/spi-builder-workspace/.derivedData/Build/Intermediates.noindex/geos.build/Debug/geos-t.build/Objects-normal/arm64/BoundaryChainNoder.o /Users/admin/builder/spi-builder-workspace/.dependencies/checkouts/geos/Sources/geos/src/noding/BoundaryChainNoder.cpp normal arm64 c++ com.apple.compilers.llvm.clang.1_0.compiler (in target 'geos' from project 'geos')
cd /Users/admin/builder/spi-builder-workspace/.swiftpm/xcode
Using response file: /Users/admin/builder/spi-builder-workspace/.derivedData/Build/Intermediates.noindex/geos.build/Debug/geos-t.build/Objects-normal/arm64/82b82416624d2658e5098eb0a28c15c5-common-args.resp
/Applications/Xcode-27.0.0-Release.Candidate.app/Contents/Developer/Toolchains/XcodeDefault.xctoolchain/usr/bin/clang -x c++ -ivfsstatcache /Users/admin/builder/spi-builder-workspace/.derivedData/SDKStatCaches.noindex/macosx27.0-26A425-e829b21a6f8c9b70876ba0858053c0446a22442a12e9d48fe1a705f55a1adfc4.sdkstatcache -target arm64-apple-macos12.0 -fmessage-length\=0 -fdiagnostics-show-note-include-stack -fmacro-backtrace-limit\=0 -fno-color-diagnostics -fmodules-prune-interval\=86400 -fmodules-prune-after\=345600 -fbuild-session-file\=/Users/admin/builder/spi-builder-workspace/.derivedData/ModuleCache.noindex/Session.modulevalidation -fmodules-validate-once-per-build-session -Wnon-modular-include-in-framework-module -Werror\=non-modular-include-in-framework-module -Wno-trigraphs -Wno-missing-field-initializers -Wno-missing-prototypes -Wno-return-type -Wno-non-virtual-dtor -Wno-overloaded-virtual -Wno-exit-time-destructors -Wno-missing-braces -Wparentheses -Wswitch -Wno-unused-function -Wno-unused-label -Wno-unused-parameter -Wno-unused-variable -Wunused-value -Wno-empty-body -Wno-uninitialized -Wno-unknown-pragmas -w -Wno-shadow -Wno-four-char-constants -Wno-conversion -Wno-constant-conversion -Wno-int-conversion -Wno-bool-conversion -Wno-enum-conversion -Wno-float-conversion -Wno-non-literal-null-conversion -Wno-objc-literal-conversion -Wshorten-64-to-32 -Wno-newline-eof -Wno-c++11-extensions -Wno-implicit-fallthrough -isysroot /Applications/Xcode-27.0.0-Release.Candidate.app/Contents/Developer/Platforms/MacOSX.platform/Developer/SDKs/MacOSX27.0.sdk -fstrict-aliasing -Wdeprecated-declarations -Winvalid-offsetof -Wno-sign-conversion -Wno-infinite-recursion -Wno-move -Wno-comma -Wno-block-capture-autoreleasing -Wno-strict-prototypes -Wno-range-loop-analysis -Wno-semicolon-before-method-body -index-store-path /Users/admin/builder/spi-builder-workspace/.derivedData/Index.noindex/DataStore @/Users/admin/builder/spi-builder-workspace/.derivedData/Build/Intermediates.noindex/geos.build/Debug/geos-t.build/Objects-normal/arm64/82b82416624d2658e5098eb0a28c15c5-common-args.resp -MMD -MT dependencies -MF /Users/admin/builder/spi-builder-workspace/.derivedData/Build/Intermediates.noindex/geos.build/Debug/geos-t.build/Objects-normal/arm64/BoundaryChainNoder.d --serialize-diagnostics /Users/admin/builder/spi-builder-workspace/.derivedData/Build/Intermediates.noindex/geos.build/Debug/geos-t.build/Objects-normal/arm64/BoundaryChainNoder.dia -c /Users/admin/builder/spi-builder-workspace/.dependencies/checkouts/geos/Sources/geos/src/noding/BoundaryChainNoder.cpp -o /Users/admin/builder/spi-builder-workspace/.derivedData/Build/Intermediates.noindex/geos.build/Debug/geos-t.build/Objects-normal/arm64/BoundaryChainNoder.o -index-unit-output-path /geos.build/Debug/geos-t.build/Objects-normal/arm64/BoundaryChainNoder.o
CompileC /Users/admin/builder/spi-builder-workspace/.derivedData/Build/Intermediates.noindex/geos.build/Debug/geos-t.build/Objects-normal/arm64/BoundablePair.o /Users/admin/builder/spi-builder-workspace/.dependencies/checkouts/geos/Sources/geos/src/index/strtree/BoundablePair.cpp normal arm64 c++ com.apple.compilers.llvm.clang.1_0.compiler (in target 'geos' from project 'geos')
cd /Users/admin/builder/spi-builder-workspace/.swiftpm/xcode
Using response file: /Users/admin/builder/spi-builder-workspace/.derivedData/Build/Intermediates.noindex/geos.build/Debug/geos-t.build/Objects-normal/arm64/82b82416624d2658e5098eb0a28c15c5-common-args.resp
/Applications/Xcode-27.0.0-Release.Candidate.app/Contents/Developer/Toolchains/XcodeDefault.xctoolchain/usr/bin/clang -x c++ -ivfsstatcache /Users/admin/builder/spi-builder-workspace/.derivedData/SDKStatCaches.noindex/macosx27.0-26A425-e829b21a6f8c9b70876ba0858053c0446a22442a12e9d48fe1a705f55a1adfc4.sdkstatcache -target arm64-apple-macos12.0 -fmessage-length\=0 -fdiagnostics-show-note-include-stack -fmacro-backtrace-limit\=0 -fno-color-diagnostics -fmodules-prune-interval\=86400 -fmodules-prune-after\=345600 -fbuild-session-file\=/Users/admin/builder/spi-builder-workspace/.derivedData/ModuleCache.noindex/Session.modulevalidation -fmodules-validate-once-per-build-session -Wnon-modular-include-in-framework-module -Werror\=non-modular-include-in-framework-module -Wno-trigraphs -Wno-missing-field-initializers -Wno-missing-prototypes -Wno-return-type -Wno-non-virtual-dtor -Wno-overloaded-virtual -Wno-exit-time-destructors -Wno-missing-braces -Wparentheses -Wswitch -Wno-unused-function -Wno-unused-label -Wno-unused-parameter -Wno-unused-variable -Wunused-value -Wno-empty-body -Wno-uninitialized -Wno-unknown-pragmas -w -Wno-shadow -Wno-four-char-constants -Wno-conversion -Wno-constant-conversion -Wno-int-conversion -Wno-bool-conversion -Wno-enum-conversion -Wno-float-conversion -Wno-non-literal-null-conversion -Wno-objc-literal-conversion -Wshorten-64-to-32 -Wno-newline-eof -Wno-c++11-extensions -Wno-implicit-fallthrough -isysroot /Applications/Xcode-27.0.0-Release.Candidate.app/Contents/Developer/Platforms/MacOSX.platform/Developer/SDKs/MacOSX27.0.sdk -fstrict-aliasing -Wdeprecated-declarations -Winvalid-offsetof -Wno-sign-conversion -Wno-infinite-recursion -Wno-move -Wno-comma -Wno-block-capture-autoreleasing -Wno-strict-prototypes -Wno-range-loop-analysis -Wno-semicolon-before-method-body -index-store-path /Users/admin/builder/spi-builder-workspace/.derivedData/Index.noindex/DataStore @/Users/admin/builder/spi-builder-workspace/.derivedData/Build/Intermediates.noindex/geos.build/Debug/geos-t.build/Objects-normal/arm64/82b82416624d2658e5098eb0a28c15c5-common-args.resp -MMD -MT dependencies -MF /Users/admin/builder/spi-builder-workspace/.derivedData/Build/Intermediates.noindex/geos.build/Debug/geos-t.build/Objects-normal/arm64/BoundablePair.d --serialize-diagnostics /Users/admin/builder/spi-builder-workspace/.derivedData/Build/Intermediates.noindex/geos.build/Debug/geos-t.build/Objects-normal/arm64/BoundablePair.dia -c /Users/admin/builder/spi-builder-workspace/.dependencies/checkouts/geos/Sources/geos/src/index/strtree/BoundablePair.cpp -o /Users/admin/builder/spi-builder-workspace/.derivedData/Build/Intermediates.noindex/geos.build/Debug/geos-t.build/Objects-normal/arm64/BoundablePair.o -index-unit-output-path /geos.build/Debug/geos-t.build/Objects-normal/arm64/BoundablePair.o
CompileC /Users/admin/builder/spi-builder-workspace/.derivedData/Build/Intermediates.noindex/geos.build/Debug/geos-t.build/Objects-normal/arm64/Bintree.o /Users/admin/builder/spi-builder-workspace/.dependencies/checkouts/geos/Sources/geos/src/index/bintree/Bintree.cpp normal arm64 c++ com.apple.compilers.llvm.clang.1_0.compiler (in target 'geos' from project 'geos')
cd /Users/admin/builder/spi-builder-workspace/.swiftpm/xcode
Using response file: /Users/admin/builder/spi-builder-workspace/.derivedData/Build/Intermediates.noindex/geos.build/Debug/geos-t.build/Objects-normal/arm64/82b82416624d2658e5098eb0a28c15c5-common-args.resp
/Applications/Xcode-27.0.0-Release.Candidate.app/Contents/Developer/Toolchains/XcodeDefault.xctoolchain/usr/bin/clang -x c++ -ivfsstatcache /Users/admin/builder/spi-builder-workspace/.derivedData/SDKStatCaches.noindex/macosx27.0-26A425-e829b21a6f8c9b70876ba0858053c0446a22442a12e9d48fe1a705f55a1adfc4.sdkstatcache -target arm64-apple-macos12.0 -fmessage-length\=0 -fdiagnostics-show-note-include-stack -fmacro-backtrace-limit\=0 -fno-color-diagnostics -fmodules-prune-interval\=86400 -fmodules-prune-after\=345600 -fbuild-session-file\=/Users/admin/builder/spi-builder-workspace/.derivedData/ModuleCache.noindex/Session.modulevalidation -fmodules-validate-once-per-build-session -Wnon-modular-include-in-framework-module -Werror\=non-modular-include-in-framework-module -Wno-trigraphs -Wno-missing-field-initializers -Wno-missing-prototypes -Wno-return-type -Wno-non-virtual-dtor -Wno-overloaded-virtual -Wno-exit-time-destructors -Wno-missing-braces -Wparentheses -Wswitch -Wno-unused-function -Wno-unused-label -Wno-unused-parameter -Wno-unused-variable -Wunused-value -Wno-empty-body -Wno-uninitialized -Wno-unknown-pragmas -w -Wno-shadow -Wno-four-char-constants -Wno-conversion -Wno-constant-conversion -Wno-int-conversion -Wno-bool-conversion -Wno-enum-conversion -Wno-float-conversion -Wno-non-literal-null-conversion -Wno-objc-literal-conversion -Wshorten-64-to-32 -Wno-newline-eof -Wno-c++11-extensions -Wno-implicit-fallthrough -isysroot /Applications/Xcode-27.0.0-Release.Candidate.app/Contents/Developer/Platforms/MacOSX.platform/Developer/SDKs/MacOSX27.0.sdk -fstrict-aliasing -Wdeprecated-declarations -Winvalid-offsetof -Wno-sign-conversion -Wno-infinite-recursion -Wno-move -Wno-comma -Wno-block-capture-autoreleasing -Wno-strict-prototypes -Wno-range-loop-analysis -Wno-semicolon-before-method-body -index-store-path /Users/admin/builder/spi-builder-workspace/.derivedData/Index.noindex/DataStore @/Users/admin/builder/spi-builder-workspace/.derivedData/Build/Intermediates.noindex/geos.build/Debug/geos-t.build/Objects-normal/arm64/82b82416624d2658e5098eb0a28c15c5-common-args.resp -MMD -MT dependencies -MF /Users/admin/builder/spi-builder-workspace/.derivedData/Build/Intermediates.noindex/geos.build/Debug/geos-t.build/Objects-normal/arm64/Bintree.d --serialize-diagnostics /Users/admin/builder/spi-builder-workspace/.derivedData/Build/Intermediates.noindex/geos.build/Debug/geos-t.build/Objects-normal/arm64/Bintree.dia -c /Users/admin/builder/spi-builder-workspace/.dependencies/checkouts/geos/Sources/geos/src/index/bintree/Bintree.cpp -o /Users/admin/builder/spi-builder-workspace/.derivedData/Build/Intermediates.noindex/geos.build/Debug/geos-t.build/Objects-normal/arm64/Bintree.o -index-unit-output-path /geos.build/Debug/geos-t.build/Objects-normal/arm64/Bintree.o
CompileC /Users/admin/builder/spi-builder-workspace/.derivedData/Build/Intermediates.noindex/geos.build/Debug/geos-t.build/Objects-normal/arm64/BasicSegmentString.o /Users/admin/builder/spi-builder-workspace/.dependencies/checkouts/geos/Sources/geos/src/noding/BasicSegmentString.cpp normal arm64 c++ com.apple.compilers.llvm.clang.1_0.compiler (in target 'geos' from project 'geos')
cd /Users/admin/builder/spi-builder-workspace/.swiftpm/xcode
Using response file: /Users/admin/builder/spi-builder-workspace/.derivedData/Build/Intermediates.noindex/geos.build/Debug/geos-t.build/Objects-normal/arm64/82b82416624d2658e5098eb0a28c15c5-common-args.resp
/Applications/Xcode-27.0.0-Release.Candidate.app/Contents/Developer/Toolchains/XcodeDefault.xctoolchain/usr/bin/clang -x c++ -ivfsstatcache /Users/admin/builder/spi-builder-workspace/.derivedData/SDKStatCaches.noindex/macosx27.0-26A425-e829b21a6f8c9b70876ba0858053c0446a22442a12e9d48fe1a705f55a1adfc4.sdkstatcache -target arm64-apple-macos12.0 -fmessage-length\=0 -fdiagnostics-show-note-include-stack -fmacro-backtrace-limit\=0 -fno-color-diagnostics -fmodules-prune-interval\=86400 -fmodules-prune-after\=345600 -fbuild-session-file\=/Users/admin/builder/spi-builder-workspace/.derivedData/ModuleCache.noindex/Session.modulevalidation -fmodules-validate-once-per-build-session -Wnon-modular-include-in-framework-module -Werror\=non-modular-include-in-framework-module -Wno-trigraphs -Wno-missing-field-initializers -Wno-missing-prototypes -Wno-return-type -Wno-non-virtual-dtor -Wno-overloaded-virtual -Wno-exit-time-destructors -Wno-missing-braces -Wparentheses -Wswitch -Wno-unused-function -Wno-unused-label -Wno-unused-parameter -Wno-unused-variable -Wunused-value -Wno-empty-body -Wno-uninitialized -Wno-unknown-pragmas -w -Wno-shadow -Wno-four-char-constants -Wno-conversion -Wno-constant-conversion -Wno-int-conversion -Wno-bool-conversion -Wno-enum-conversion -Wno-float-conversion -Wno-non-literal-null-conversion -Wno-objc-literal-conversion -Wshorten-64-to-32 -Wno-newline-eof -Wno-c++11-extensions -Wno-implicit-fallthrough -isysroot /Applications/Xcode-27.0.0-Release.Candidate.app/Contents/Developer/Platforms/MacOSX.platform/Developer/SDKs/MacOSX27.0.sdk -fstrict-aliasing -Wdeprecated-declarations -Winvalid-offsetof -Wno-sign-conversion -Wno-infinite-recursion -Wno-move -Wno-comma -Wno-block-capture-autoreleasing -Wno-strict-prototypes -Wno-range-loop-analysis -Wno-semicolon-before-method-body -index-store-path /Users/admin/builder/spi-builder-workspace/.derivedData/Index.noindex/DataStore @/Users/admin/builder/spi-builder-workspace/.derivedData/Build/Intermediates.noindex/geos.build/Debug/geos-t.build/Objects-normal/arm64/82b82416624d2658e5098eb0a28c15c5-common-args.resp -MMD -MT dependencies -MF /Users/admin/builder/spi-builder-workspace/.derivedData/Build/Intermediates.noindex/geos.build/Debug/geos-t.build/Objects-normal/arm64/BasicSegmentString.d --serialize-diagnostics /Users/admin/builder/spi-builder-workspace/.derivedData/Build/Intermediates.noindex/geos.build/Debug/geos-t.build/Objects-normal/arm64/BasicSegmentString.dia -c /Users/admin/builder/spi-builder-workspace/.dependencies/checkouts/geos/Sources/geos/src/noding/BasicSegmentString.cpp -o /Users/admin/builder/spi-builder-workspace/.derivedData/Build/Intermediates.noindex/geos.build/Debug/geos-t.build/Objects-normal/arm64/BasicSegmentString.o -index-unit-output-path /geos.build/Debug/geos-t.build/Objects-normal/arm64/BasicSegmentString.o
CompileC /Users/admin/builder/spi-builder-workspace/.derivedData/Build/Intermediates.noindex/geos.build/Debug/geos-t.build/Objects-normal/arm64/BasicPreparedGeometry.o /Users/admin/builder/spi-builder-workspace/.dependencies/checkouts/geos/Sources/geos/src/geom/prep/BasicPreparedGeometry.cpp normal arm64 c++ com.apple.compilers.llvm.clang.1_0.compiler (in target 'geos' from project 'geos')
cd /Users/admin/builder/spi-builder-workspace/.swiftpm/xcode
Using response file: /Users/admin/builder/spi-builder-workspace/.derivedData/Build/Intermediates.noindex/geos.build/Debug/geos-t.build/Objects-normal/arm64/82b82416624d2658e5098eb0a28c15c5-common-args.resp
/Applications/Xcode-27.0.0-Release.Candidate.app/Contents/Developer/Toolchains/XcodeDefault.xctoolchain/usr/bin/clang -x c++ -ivfsstatcache /Users/admin/builder/spi-builder-workspace/.derivedData/SDKStatCaches.noindex/macosx27.0-26A425-e829b21a6f8c9b70876ba0858053c0446a22442a12e9d48fe1a705f55a1adfc4.sdkstatcache -target arm64-apple-macos12.0 -fmessage-length\=0 -fdiagnostics-show-note-include-stack -fmacro-backtrace-limit\=0 -fno-color-diagnostics -fmodules-prune-interval\=86400 -fmodules-prune-after\=345600 -fbuild-session-file\=/Users/admin/builder/spi-builder-workspace/.derivedData/ModuleCache.noindex/Session.modulevalidation -fmodules-validate-once-per-build-session -Wnon-modular-include-in-framework-module -Werror\=non-modular-include-in-framework-module -Wno-trigraphs -Wno-missing-field-initializers -Wno-missing-prototypes -Wno-return-type -Wno-non-virtual-dtor -Wno-overloaded-virtual -Wno-exit-time-destructors -Wno-missing-braces -Wparentheses -Wswitch -Wno-unused-function -Wno-unused-label -Wno-unused-parameter -Wno-unused-variable -Wunused-value -Wno-empty-body -Wno-uninitialized -Wno-unknown-pragmas -w -Wno-shadow -Wno-four-char-constants -Wno-conversion -Wno-constant-conversion -Wno-int-conversion -Wno-bool-conversion -Wno-enum-conversion -Wno-float-conversion -Wno-non-literal-null-conversion -Wno-objc-literal-conversion -Wshorten-64-to-32 -Wno-newline-eof -Wno-c++11-extensions -Wno-implicit-fallthrough -isysroot /Applications/Xcode-27.0.0-Release.Candidate.app/Contents/Developer/Platforms/MacOSX.platform/Developer/SDKs/MacOSX27.0.sdk -fstrict-aliasing -Wdeprecated-declarations -Winvalid-offsetof -Wno-sign-conversion -Wno-infinite-recursion -Wno-move -Wno-comma -Wno-block-capture-autoreleasing -Wno-strict-prototypes -Wno-range-loop-analysis -Wno-semicolon-before-method-body -index-store-path /Users/admin/builder/spi-builder-workspace/.derivedData/Index.noindex/DataStore @/Users/admin/builder/spi-builder-workspace/.derivedData/Build/Intermediates.noindex/geos.build/Debug/geos-t.build/Objects-normal/arm64/82b82416624d2658e5098eb0a28c15c5-common-args.resp -MMD -MT dependencies -MF /Users/admin/builder/spi-builder-workspace/.derivedData/Build/Intermediates.noindex/geos.build/Debug/geos-t.build/Objects-normal/arm64/BasicPreparedGeometry.d --serialize-diagnostics /Users/admin/builder/spi-builder-workspace/.derivedData/Build/Intermediates.noindex/geos.build/Debug/geos-t.build/Objects-normal/arm64/BasicPreparedGeometry.dia -c /Users/admin/builder/spi-builder-workspace/.dependencies/checkouts/geos/Sources/geos/src/geom/prep/BasicPreparedGeometry.cpp -o /Users/admin/builder/spi-builder-workspace/.derivedData/Build/Intermediates.noindex/geos.build/Debug/geos-t.build/Objects-normal/arm64/BasicPreparedGeometry.o -index-unit-output-path /geos.build/Debug/geos-t.build/Objects-normal/arm64/BasicPreparedGeometry.o
CompileC /Users/admin/builder/spi-builder-workspace/.derivedData/Build/Intermediates.noindex/geos.build/Debug/geos-t.build/Objects-normal/arm64/BasicPredicate.o /Users/admin/builder/spi-builder-workspace/.dependencies/checkouts/geos/Sources/geos/src/operation/relateng/BasicPredicate.cpp normal arm64 c++ com.apple.compilers.llvm.clang.1_0.compiler (in target 'geos' from project 'geos')
cd /Users/admin/builder/spi-builder-workspace/.swiftpm/xcode
Using response file: /Users/admin/builder/spi-builder-workspace/.derivedData/Build/Intermediates.noindex/geos.build/Debug/geos-t.build/Objects-normal/arm64/82b82416624d2658e5098eb0a28c15c5-common-args.resp
/Applications/Xcode-27.0.0-Release.Candidate.app/Contents/Developer/Toolchains/XcodeDefault.xctoolchain/usr/bin/clang -x c++ -ivfsstatcache /Users/admin/builder/spi-builder-workspace/.derivedData/SDKStatCaches.noindex/macosx27.0-26A425-e829b21a6f8c9b70876ba0858053c0446a22442a12e9d48fe1a705f55a1adfc4.sdkstatcache -target arm64-apple-macos12.0 -fmessage-length\=0 -fdiagnostics-show-note-include-stack -fmacro-backtrace-limit\=0 -fno-color-diagnostics -fmodules-prune-interval\=86400 -fmodules-prune-after\=345600 -fbuild-session-file\=/Users/admin/builder/spi-builder-workspace/.derivedData/ModuleCache.noindex/Session.modulevalidation -fmodules-validate-once-per-build-session -Wnon-modular-include-in-framework-module -Werror\=non-modular-include-in-framework-module -Wno-trigraphs -Wno-missing-field-initializers -Wno-missing-prototypes -Wno-return-type -Wno-non-virtual-dtor -Wno-overloaded-virtual -Wno-exit-time-destructors -Wno-missing-braces -Wparentheses -Wswitch -Wno-unused-function -Wno-unused-label -Wno-unused-parameter -Wno-unused-variable -Wunused-value -Wno-empty-body -Wno-uninitialized -Wno-unknown-pragmas -w -Wno-shadow -Wno-four-char-constants -Wno-conversion -Wno-constant-conversion -Wno-int-conversion -Wno-bool-conversion -Wno-enum-conversion -Wno-float-conversion -Wno-non-literal-null-conversion -Wno-objc-literal-conversion -Wshorten-64-to-32 -Wno-newline-eof -Wno-c++11-extensions -Wno-implicit-fallthrough -isysroot /Applications/Xcode-27.0.0-Release.Candidate.app/Contents/Developer/Platforms/MacOSX.platform/Developer/SDKs/MacOSX27.0.sdk -fstrict-aliasing -Wdeprecated-declarations -Winvalid-offsetof -Wno-sign-conversion -Wno-infinite-recursion -Wno-move -Wno-comma -Wno-block-capture-autoreleasing -Wno-strict-prototypes -Wno-range-loop-analysis -Wno-semicolon-before-method-body -index-store-path /Users/admin/builder/spi-builder-workspace/.derivedData/Index.noindex/DataStore @/Users/admin/builder/spi-builder-workspace/.derivedData/Build/Intermediates.noindex/geos.build/Debug/geos-t.build/Objects-normal/arm64/82b82416624d2658e5098eb0a28c15c5-common-args.resp -MMD -MT dependencies -MF /Users/admin/builder/spi-builder-workspace/.derivedData/Build/Intermediates.noindex/geos.build/Debug/geos-t.build/Objects-normal/arm64/BasicPredicate.d --serialize-diagnostics /Users/admin/builder/spi-builder-workspace/.derivedData/Build/Intermediates.noindex/geos.build/Debug/geos-t.build/Objects-normal/arm64/BasicPredicate.dia -c /Users/admin/builder/spi-builder-workspace/.dependencies/checkouts/geos/Sources/geos/src/operation/relateng/BasicPredicate.cpp -o /Users/admin/builder/spi-builder-workspace/.derivedData/Build/Intermediates.noindex/geos.build/Debug/geos-t.build/Objects-normal/arm64/BasicPredicate.o -index-unit-output-path /geos.build/Debug/geos-t.build/Objects-normal/arm64/BasicPredicate.o
CompileC /Users/admin/builder/spi-builder-workspace/.derivedData/Build/Intermediates.noindex/geos.build/Debug/geos-t.build/Objects-normal/arm64/Area.o /Users/admin/builder/spi-builder-workspace/.dependencies/checkouts/geos/Sources/geos/src/algorithm/Area.cpp normal arm64 c++ com.apple.compilers.llvm.clang.1_0.compiler (in target 'geos' from project 'geos')
cd /Users/admin/builder/spi-builder-workspace/.swiftpm/xcode
Using response file: /Users/admin/builder/spi-builder-workspace/.derivedData/Build/Intermediates.noindex/geos.build/Debug/geos-t.build/Objects-normal/arm64/82b82416624d2658e5098eb0a28c15c5-common-args.resp
/Applications/Xcode-27.0.0-Release.Candidate.app/Contents/Developer/Toolchains/XcodeDefault.xctoolchain/usr/bin/clang -x c++ -ivfsstatcache /Users/admin/builder/spi-builder-workspace/.derivedData/SDKStatCaches.noindex/macosx27.0-26A425-e829b21a6f8c9b70876ba0858053c0446a22442a12e9d48fe1a705f55a1adfc4.sdkstatcache -target arm64-apple-macos12.0 -fmessage-length\=0 -fdiagnostics-show-note-include-stack -fmacro-backtrace-limit\=0 -fno-color-diagnostics -fmodules-prune-interval\=86400 -fmodules-prune-after\=345600 -fbuild-session-file\=/Users/admin/builder/spi-builder-workspace/.derivedData/ModuleCache.noindex/Session.modulevalidation -fmodules-validate-once-per-build-session -Wnon-modular-include-in-framework-module -Werror\=non-modular-include-in-framework-module -Wno-trigraphs -Wno-missing-field-initializers -Wno-missing-prototypes -Wno-return-type -Wno-non-virtual-dtor -Wno-overloaded-virtual -Wno-exit-time-destructors -Wno-missing-braces -Wparentheses -Wswitch -Wno-unused-function -Wno-unused-label -Wno-unused-parameter -Wno-unused-variable -Wunused-value -Wno-empty-body -Wno-uninitialized -Wno-unknown-pragmas -w -Wno-shadow -Wno-four-char-constants -Wno-conversion -Wno-constant-conversion -Wno-int-conversion -Wno-bool-conversion -Wno-enum-conversion -Wno-float-conversion -Wno-non-literal-null-conversion -Wno-objc-literal-conversion -Wshorten-64-to-32 -Wno-newline-eof -Wno-c++11-extensions -Wno-implicit-fallthrough -isysroot /Applications/Xcode-27.0.0-Release.Candidate.app/Contents/Developer/Platforms/MacOSX.platform/Developer/SDKs/MacOSX27.0.sdk -fstrict-aliasing -Wdeprecated-declarations -Winvalid-offsetof -Wno-sign-conversion -Wno-infinite-recursion -Wno-move -Wno-comma -Wno-block-capture-autoreleasing -Wno-strict-prototypes -Wno-range-loop-analysis -Wno-semicolon-before-method-body -index-store-path /Users/admin/builder/spi-builder-workspace/.derivedData/Index.noindex/DataStore @/Users/admin/builder/spi-builder-workspace/.derivedData/Build/Intermediates.noindex/geos.build/Debug/geos-t.build/Objects-normal/arm64/82b82416624d2658e5098eb0a28c15c5-common-args.resp -MMD -MT dependencies -MF /Users/admin/builder/spi-builder-workspace/.derivedData/Build/Intermediates.noindex/geos.build/Debug/geos-t.build/Objects-normal/arm64/Area.d --serialize-diagnostics /Users/admin/builder/spi-builder-workspace/.derivedData/Build/Intermediates.noindex/geos.build/Debug/geos-t.build/Objects-normal/arm64/Area.dia -c /Users/admin/builder/spi-builder-workspace/.dependencies/checkouts/geos/Sources/geos/src/algorithm/Area.cpp -o /Users/admin/builder/spi-builder-workspace/.derivedData/Build/Intermediates.noindex/geos.build/Debug/geos-t.build/Objects-normal/arm64/Area.o -index-unit-output-path /geos.build/Debug/geos-t.build/Objects-normal/arm64/Area.o
CompileC /Users/admin/builder/spi-builder-workspace/.derivedData/Build/Intermediates.noindex/geos.build/Debug/geos-t.build/Objects-normal/arm64/Angle.o /Users/admin/builder/spi-builder-workspace/.dependencies/checkouts/geos/Sources/geos/src/algorithm/Angle.cpp normal arm64 c++ com.apple.compilers.llvm.clang.1_0.compiler (in target 'geos' from project 'geos')
cd /Users/admin/builder/spi-builder-workspace/.swiftpm/xcode
Using response file: /Users/admin/builder/spi-builder-workspace/.derivedData/Build/Intermediates.noindex/geos.build/Debug/geos-t.build/Objects-normal/arm64/82b82416624d2658e5098eb0a28c15c5-common-args.resp
/Applications/Xcode-27.0.0-Release.Candidate.app/Contents/Developer/Toolchains/XcodeDefault.xctoolchain/usr/bin/clang -x c++ -ivfsstatcache /Users/admin/builder/spi-builder-workspace/.derivedData/SDKStatCaches.noindex/macosx27.0-26A425-e829b21a6f8c9b70876ba0858053c0446a22442a12e9d48fe1a705f55a1adfc4.sdkstatcache -target arm64-apple-macos12.0 -fmessage-length\=0 -fdiagnostics-show-note-include-stack -fmacro-backtrace-limit\=0 -fno-color-diagnostics -fmodules-prune-interval\=86400 -fmodules-prune-after\=345600 -fbuild-session-file\=/Users/admin/builder/spi-builder-workspace/.derivedData/ModuleCache.noindex/Session.modulevalidation -fmodules-validate-once-per-build-session -Wnon-modular-include-in-framework-module -Werror\=non-modular-include-in-framework-module -Wno-trigraphs -Wno-missing-field-initializers -Wno-missing-prototypes -Wno-return-type -Wno-non-virtual-dtor -Wno-overloaded-virtual -Wno-exit-time-destructors -Wno-missing-braces -Wparentheses -Wswitch -Wno-unused-function -Wno-unused-label -Wno-unused-parameter -Wno-unused-variable -Wunused-value -Wno-empty-body -Wno-uninitialized -Wno-unknown-pragmas -w -Wno-shadow -Wno-four-char-constants -Wno-conversion -Wno-constant-conversion -Wno-int-conversion -Wno-bool-conversion -Wno-enum-conversion -Wno-float-conversion -Wno-non-literal-null-conversion -Wno-objc-literal-conversion -Wshorten-64-to-32 -Wno-newline-eof -Wno-c++11-extensions -Wno-implicit-fallthrough -isysroot /Applications/Xcode-27.0.0-Release.Candidate.app/Contents/Developer/Platforms/MacOSX.platform/Developer/SDKs/MacOSX27.0.sdk -fstrict-aliasing -Wdeprecated-declarations -Winvalid-offsetof -Wno-sign-conversion -Wno-infinite-recursion -Wno-move -Wno-comma -Wno-block-capture-autoreleasing -Wno-strict-prototypes -Wno-range-loop-analysis -Wno-semicolon-before-method-body -index-store-path /Users/admin/builder/spi-builder-workspace/.derivedData/Index.noindex/DataStore @/Users/admin/builder/spi-builder-workspace/.derivedData/Build/Intermediates.noindex/geos.build/Debug/geos-t.build/Objects-normal/arm64/82b82416624d2658e5098eb0a28c15c5-common-args.resp -MMD -MT dependencies -MF /Users/admin/builder/spi-builder-workspace/.derivedData/Build/Intermediates.noindex/geos.build/Debug/geos-t.build/Objects-normal/arm64/Angle.d --serialize-diagnostics /Users/admin/builder/spi-builder-workspace/.derivedData/Build/Intermediates.noindex/geos.build/Debug/geos-t.build/Objects-normal/arm64/Angle.dia -c /Users/admin/builder/spi-builder-workspace/.dependencies/checkouts/geos/Sources/geos/src/algorithm/Angle.cpp -o /Users/admin/builder/spi-builder-workspace/.derivedData/Build/Intermediates.noindex/geos.build/Debug/geos-t.build/Objects-normal/arm64/Angle.o -index-unit-output-path /geos.build/Debug/geos-t.build/Objects-normal/arm64/Angle.o
CompileC /Users/admin/builder/spi-builder-workspace/.derivedData/Build/Intermediates.noindex/geos.build/Debug/geos-t.build/Objects-normal/arm64/AdjacentEdgeLocator.o /Users/admin/builder/spi-builder-workspace/.dependencies/checkouts/geos/Sources/geos/src/operation/relateng/AdjacentEdgeLocator.cpp normal arm64 c++ com.apple.compilers.llvm.clang.1_0.compiler (in target 'geos' from project 'geos')
cd /Users/admin/builder/spi-builder-workspace/.swiftpm/xcode
Using response file: /Users/admin/builder/spi-builder-workspace/.derivedData/Build/Intermediates.noindex/geos.build/Debug/geos-t.build/Objects-normal/arm64/82b82416624d2658e5098eb0a28c15c5-common-args.resp
/Applications/Xcode-27.0.0-Release.Candidate.app/Contents/Developer/Toolchains/XcodeDefault.xctoolchain/usr/bin/clang -x c++ -ivfsstatcache /Users/admin/builder/spi-builder-workspace/.derivedData/SDKStatCaches.noindex/macosx27.0-26A425-e829b21a6f8c9b70876ba0858053c0446a22442a12e9d48fe1a705f55a1adfc4.sdkstatcache -target arm64-apple-macos12.0 -fmessage-length\=0 -fdiagnostics-show-note-include-stack -fmacro-backtrace-limit\=0 -fno-color-diagnostics -fmodules-prune-interval\=86400 -fmodules-prune-after\=345600 -fbuild-session-file\=/Users/admin/builder/spi-builder-workspace/.derivedData/ModuleCache.noindex/Session.modulevalidation -fmodules-validate-once-per-build-session -Wnon-modular-include-in-framework-module -Werror\=non-modular-include-in-framework-module -Wno-trigraphs -Wno-missing-field-initializers -Wno-missing-prototypes -Wno-return-type -Wno-non-virtual-dtor -Wno-overloaded-virtual -Wno-exit-time-destructors -Wno-missing-braces -Wparentheses -Wswitch -Wno-unused-function -Wno-unused-label -Wno-unused-parameter -Wno-unused-variable -Wunused-value -Wno-empty-body -Wno-uninitialized -Wno-unknown-pragmas -w -Wno-shadow -Wno-four-char-constants -Wno-conversion -Wno-constant-conversion -Wno-int-conversion -Wno-bool-conversion -Wno-enum-conversion -Wno-float-conversion -Wno-non-literal-null-conversion -Wno-objc-literal-conversion -Wshorten-64-to-32 -Wno-newline-eof -Wno-c++11-extensions -Wno-implicit-fallthrough -isysroot /Applications/Xcode-27.0.0-Release.Candidate.app/Contents/Developer/Platforms/MacOSX.platform/Developer/SDKs/MacOSX27.0.sdk -fstrict-aliasing -Wdeprecated-declarations -Winvalid-offsetof -Wno-sign-conversion -Wno-infinite-recursion -Wno-move -Wno-comma -Wno-block-capture-autoreleasing -Wno-strict-prototypes -Wno-range-loop-analysis -Wno-semicolon-before-method-body -index-store-path /Users/admin/builder/spi-builder-workspace/.derivedData/Index.noindex/DataStore @/Users/admin/builder/spi-builder-workspace/.derivedData/Build/Intermediates.noindex/geos.build/Debug/geos-t.build/Objects-normal/arm64/82b82416624d2658e5098eb0a28c15c5-common-args.resp -MMD -MT dependencies -MF /Users/admin/builder/spi-builder-workspace/.derivedData/Build/Intermediates.noindex/geos.build/Debug/geos-t.build/Objects-normal/arm64/AdjacentEdgeLocator.d --serialize-diagnostics /Users/admin/builder/spi-builder-workspace/.derivedData/Build/Intermediates.noindex/geos.build/Debug/geos-t.build/Objects-normal/arm64/AdjacentEdgeLocator.dia -c /Users/admin/builder/spi-builder-workspace/.dependencies/checkouts/geos/Sources/geos/src/operation/relateng/AdjacentEdgeLocator.cpp -o /Users/admin/builder/spi-builder-workspace/.derivedData/Build/Intermediates.noindex/geos.build/Debug/geos-t.build/Objects-normal/arm64/AdjacentEdgeLocator.o -index-unit-output-path /geos.build/Debug/geos-t.build/Objects-normal/arm64/AdjacentEdgeLocator.o
CompileC /Users/admin/builder/spi-builder-workspace/.derivedData/Build/Intermediates.noindex/geos.build/Debug/geos-t.build/Objects-normal/arm64/AbstractSTRtree.o /Users/admin/builder/spi-builder-workspace/.dependencies/checkouts/geos/Sources/geos/src/index/strtree/AbstractSTRtree.cpp normal arm64 c++ com.apple.compilers.llvm.clang.1_0.compiler (in target 'geos' from project 'geos')
cd /Users/admin/builder/spi-builder-workspace/.swiftpm/xcode
Using response file: /Users/admin/builder/spi-builder-workspace/.derivedData/Build/Intermediates.noindex/geos.build/Debug/geos-t.build/Objects-normal/arm64/82b82416624d2658e5098eb0a28c15c5-common-args.resp
/Applications/Xcode-27.0.0-Release.Candidate.app/Contents/Developer/Toolchains/XcodeDefault.xctoolchain/usr/bin/clang -x c++ -ivfsstatcache /Users/admin/builder/spi-builder-workspace/.derivedData/SDKStatCaches.noindex/macosx27.0-26A425-e829b21a6f8c9b70876ba0858053c0446a22442a12e9d48fe1a705f55a1adfc4.sdkstatcache -target arm64-apple-macos12.0 -fmessage-length\=0 -fdiagnostics-show-note-include-stack -fmacro-backtrace-limit\=0 -fno-color-diagnostics -fmodules-prune-interval\=86400 -fmodules-prune-after\=345600 -fbuild-session-file\=/Users/admin/builder/spi-builder-workspace/.derivedData/ModuleCache.noindex/Session.modulevalidation -fmodules-validate-once-per-build-session -Wnon-modular-include-in-framework-module -Werror\=non-modular-include-in-framework-module -Wno-trigraphs -Wno-missing-field-initializers -Wno-missing-prototypes -Wno-return-type -Wno-non-virtual-dtor -Wno-overloaded-virtual -Wno-exit-time-destructors -Wno-missing-braces -Wparentheses -Wswitch -Wno-unused-function -Wno-unused-label -Wno-unused-parameter -Wno-unused-variable -Wunused-value -Wno-empty-body -Wno-uninitialized -Wno-unknown-pragmas -w -Wno-shadow -Wno-four-char-constants -Wno-conversion -Wno-constant-conversion -Wno-int-conversion -Wno-bool-conversion -Wno-enum-conversion -Wno-float-conversion -Wno-non-literal-null-conversion -Wno-objc-literal-conversion -Wshorten-64-to-32 -Wno-newline-eof -Wno-c++11-extensions -Wno-implicit-fallthrough -isysroot /Applications/Xcode-27.0.0-Release.Candidate.app/Contents/Developer/Platforms/MacOSX.platform/Developer/SDKs/MacOSX27.0.sdk -fstrict-aliasing -Wdeprecated-declarations -Winvalid-offsetof -Wno-sign-conversion -Wno-infinite-recursion -Wno-move -Wno-comma -Wno-block-capture-autoreleasing -Wno-strict-prototypes -Wno-range-loop-analysis -Wno-semicolon-before-method-body -index-store-path /Users/admin/builder/spi-builder-workspace/.derivedData/Index.noindex/DataStore @/Users/admin/builder/spi-builder-workspace/.derivedData/Build/Intermediates.noindex/geos.build/Debug/geos-t.build/Objects-normal/arm64/82b82416624d2658e5098eb0a28c15c5-common-args.resp -MMD -MT dependencies -MF /Users/admin/builder/spi-builder-workspace/.derivedData/Build/Intermediates.noindex/geos.build/Debug/geos-t.build/Objects-normal/arm64/AbstractSTRtree.d --serialize-diagnostics /Users/admin/builder/spi-builder-workspace/.derivedData/Build/Intermediates.noindex/geos.build/Debug/geos-t.build/Objects-normal/arm64/AbstractSTRtree.dia -c /Users/admin/builder/spi-builder-workspace/.dependencies/checkouts/geos/Sources/geos/src/index/strtree/AbstractSTRtree.cpp -o /Users/admin/builder/spi-builder-workspace/.derivedData/Build/Intermediates.noindex/geos.build/Debug/geos-t.build/Objects-normal/arm64/AbstractSTRtree.o -index-unit-output-path /geos.build/Debug/geos-t.build/Objects-normal/arm64/AbstractSTRtree.o
CompileC /Users/admin/builder/spi-builder-workspace/.derivedData/Build/Intermediates.noindex/geos.build/Debug/geos-t.build/Objects-normal/arm64/AbstractPreparedPolygonContains.o /Users/admin/builder/spi-builder-workspace/.dependencies/checkouts/geos/Sources/geos/src/geom/prep/AbstractPreparedPolygonContains.cpp normal arm64 c++ com.apple.compilers.llvm.clang.1_0.compiler (in target 'geos' from project 'geos')
cd /Users/admin/builder/spi-builder-workspace/.swiftpm/xcode
Using response file: /Users/admin/builder/spi-builder-workspace/.derivedData/Build/Intermediates.noindex/geos.build/Debug/geos-t.build/Objects-normal/arm64/82b82416624d2658e5098eb0a28c15c5-common-args.resp
/Applications/Xcode-27.0.0-Release.Candidate.app/Contents/Developer/Toolchains/XcodeDefault.xctoolchain/usr/bin/clang -x c++ -ivfsstatcache /Users/admin/builder/spi-builder-workspace/.derivedData/SDKStatCaches.noindex/macosx27.0-26A425-e829b21a6f8c9b70876ba0858053c0446a22442a12e9d48fe1a705f55a1adfc4.sdkstatcache -target arm64-apple-macos12.0 -fmessage-length\=0 -fdiagnostics-show-note-include-stack -fmacro-backtrace-limit\=0 -fno-color-diagnostics -fmodules-prune-interval\=86400 -fmodules-prune-after\=345600 -fbuild-session-file\=/Users/admin/builder/spi-builder-workspace/.derivedData/ModuleCache.noindex/Session.modulevalidation -fmodules-validate-once-per-build-session -Wnon-modular-include-in-framework-module -Werror\=non-modular-include-in-framework-module -Wno-trigraphs -Wno-missing-field-initializers -Wno-missing-prototypes -Wno-return-type -Wno-non-virtual-dtor -Wno-overloaded-virtual -Wno-exit-time-destructors -Wno-missing-braces -Wparentheses -Wswitch -Wno-unused-function -Wno-unused-label -Wno-unused-parameter -Wno-unused-variable -Wunused-value -Wno-empty-body -Wno-uninitialized -Wno-unknown-pragmas -w -Wno-shadow -Wno-four-char-constants -Wno-conversion -Wno-constant-conversion -Wno-int-conversion -Wno-bool-conversion -Wno-enum-conversion -Wno-float-conversion -Wno-non-literal-null-conversion -Wno-objc-literal-conversion -Wshorten-64-to-32 -Wno-newline-eof -Wno-c++11-extensions -Wno-implicit-fallthrough -isysroot /Applications/Xcode-27.0.0-Release.Candidate.app/Contents/Developer/Platforms/MacOSX.platform/Developer/SDKs/MacOSX27.0.sdk -fstrict-aliasing -Wdeprecated-declarations -Winvalid-offsetof -Wno-sign-conversion -Wno-infinite-recursion -Wno-move -Wno-comma -Wno-block-capture-autoreleasing -Wno-strict-prototypes -Wno-range-loop-analysis -Wno-semicolon-before-method-body -index-store-path /Users/admin/builder/spi-builder-workspace/.derivedData/Index.noindex/DataStore @/Users/admin/builder/spi-builder-workspace/.derivedData/Build/Intermediates.noindex/geos.build/Debug/geos-t.build/Objects-normal/arm64/82b82416624d2658e5098eb0a28c15c5-common-args.resp -MMD -MT dependencies -MF /Users/admin/builder/spi-builder-workspace/.derivedData/Build/Intermediates.noindex/geos.build/Debug/geos-t.build/Objects-normal/arm64/AbstractPreparedPolygonContains.d --serialize-diagnostics /Users/admin/builder/spi-builder-workspace/.derivedData/Build/Intermediates.noindex/geos.build/Debug/geos-t.build/Objects-normal/arm64/AbstractPreparedPolygonContains.dia -c /Users/admin/builder/spi-builder-workspace/.dependencies/checkouts/geos/Sources/geos/src/geom/prep/AbstractPreparedPolygonContains.cpp -o /Users/admin/builder/spi-builder-workspace/.derivedData/Build/Intermediates.noindex/geos.build/Debug/geos-t.build/Objects-normal/arm64/AbstractPreparedPolygonContains.o -index-unit-output-path /geos.build/Debug/geos-t.build/Objects-normal/arm64/AbstractPreparedPolygonContains.o
CompileC /Users/admin/builder/spi-builder-workspace/.derivedData/Build/Intermediates.noindex/geos.build/Debug/geos-t.build/Objects-normal/arm64/AbstractClusterFinder.o /Users/admin/builder/spi-builder-workspace/.dependencies/checkouts/geos/Sources/geos/src/operation/cluster/AbstractClusterFinder.cpp normal arm64 c++ com.apple.compilers.llvm.clang.1_0.compiler (in target 'geos' from project 'geos')
cd /Users/admin/builder/spi-builder-workspace/.swiftpm/xcode
Using response file: /Users/admin/builder/spi-builder-workspace/.derivedData/Build/Intermediates.noindex/geos.build/Debug/geos-t.build/Objects-normal/arm64/82b82416624d2658e5098eb0a28c15c5-common-args.resp
/Applications/Xcode-27.0.0-Release.Candidate.app/Contents/Developer/Toolchains/XcodeDefault.xctoolchain/usr/bin/clang -x c++ -ivfsstatcache /Users/admin/builder/spi-builder-workspace/.derivedData/SDKStatCaches.noindex/macosx27.0-26A425-e829b21a6f8c9b70876ba0858053c0446a22442a12e9d48fe1a705f55a1adfc4.sdkstatcache -target arm64-apple-macos12.0 -fmessage-length\=0 -fdiagnostics-show-note-include-stack -fmacro-backtrace-limit\=0 -fno-color-diagnostics -fmodules-prune-interval\=86400 -fmodules-prune-after\=345600 -fbuild-session-file\=/Users/admin/builder/spi-builder-workspace/.derivedData/ModuleCache.noindex/Session.modulevalidation -fmodules-validate-once-per-build-session -Wnon-modular-include-in-framework-module -Werror\=non-modular-include-in-framework-module -Wno-trigraphs -Wno-missing-field-initializers -Wno-missing-prototypes -Wno-return-type -Wno-non-virtual-dtor -Wno-overloaded-virtual -Wno-exit-time-destructors -Wno-missing-braces -Wparentheses -Wswitch -Wno-unused-function -Wno-unused-label -Wno-unused-parameter -Wno-unused-variable -Wunused-value -Wno-empty-body -Wno-uninitialized -Wno-unknown-pragmas -w -Wno-shadow -Wno-four-char-constants -Wno-conversion -Wno-constant-conversion -Wno-int-conversion -Wno-bool-conversion -Wno-enum-conversion -Wno-float-conversion -Wno-non-literal-null-conversion -Wno-objc-literal-conversion -Wshorten-64-to-32 -Wno-newline-eof -Wno-c++11-extensions -Wno-implicit-fallthrough -isysroot /Applications/Xcode-27.0.0-Release.Candidate.app/Contents/Developer/Platforms/MacOSX.platform/Developer/SDKs/MacOSX27.0.sdk -fstrict-aliasing -Wdeprecated-declarations -Winvalid-offsetof -Wno-sign-conversion -Wno-infinite-recursion -Wno-move -Wno-comma -Wno-block-capture-autoreleasing -Wno-strict-prototypes -Wno-range-loop-analysis -Wno-semicolon-before-method-body -index-store-path /Users/admin/builder/spi-builder-workspace/.derivedData/Index.noindex/DataStore @/Users/admin/builder/spi-builder-workspace/.derivedData/Build/Intermediates.noindex/geos.build/Debug/geos-t.build/Objects-normal/arm64/82b82416624d2658e5098eb0a28c15c5-common-args.resp -MMD -MT dependencies -MF /Users/admin/builder/spi-builder-workspace/.derivedData/Build/Intermediates.noindex/geos.build/Debug/geos-t.build/Objects-normal/arm64/AbstractClusterFinder.d --serialize-diagnostics /Users/admin/builder/spi-builder-workspace/.derivedData/Build/Intermediates.noindex/geos.build/Debug/geos-t.build/Objects-normal/arm64/AbstractClusterFinder.dia -c /Users/admin/builder/spi-builder-workspace/.dependencies/checkouts/geos/Sources/geos/src/operation/cluster/AbstractClusterFinder.cpp -o /Users/admin/builder/spi-builder-workspace/.derivedData/Build/Intermediates.noindex/geos.build/Debug/geos-t.build/Objects-normal/arm64/AbstractClusterFinder.o -index-unit-output-path /geos.build/Debug/geos-t.build/Objects-normal/arm64/AbstractClusterFinder.o
ScanDependencies /Users/admin/builder/spi-builder-workspace/.derivedData/Build/Intermediates.noindex/geos.build/Debug/geos-t.build/Objects-normal/arm64/d2s.o /Users/admin/builder/spi-builder-workspace/.dependencies/checkouts/geos/Sources/geos/src/deps/ryu/d2s.c normal arm64 c com.apple.compilers.llvm.clang.1_0.compiler (in target 'geos' from project 'geos')
cd /Users/admin/builder/spi-builder-workspace/.swiftpm/xcode
Using response file: /Users/admin/builder/spi-builder-workspace/.derivedData/Build/Intermediates.noindex/geos.build/Debug/geos-t.build/Objects-normal/arm64/7187679823f38a2a940e0043cdf9d637-common-args.resp
builtin-ScanDependencies -o /Users/admin/builder/spi-builder-workspace/.derivedData/Build/Intermediates.noindex/geos.build/Debug/geos-t.build/Objects-normal/arm64/d2s.o.scan -- /Applications/Xcode-27.0.0-Release.Candidate.app/Contents/Developer/Toolchains/XcodeDefault.xctoolchain/usr/bin/clang -x c -ivfsstatcache /Users/admin/builder/spi-builder-workspace/.derivedData/SDKStatCaches.noindex/macosx27.0-26A425-e829b21a6f8c9b70876ba0858053c0446a22442a12e9d48fe1a705f55a1adfc4.sdkstatcache -target arm64-apple-macos12.0 -fmessage-length\=0 -fdiagnostics-show-note-include-stack -fmacro-backtrace-limit\=0 -fno-color-diagnostics -fmodules-prune-interval\=86400 -fmodules-prune-after\=345600 -fbuild-session-file\=/Users/admin/builder/spi-builder-workspace/.derivedData/ModuleCache.noindex/Session.modulevalidation -fmodules-validate-once-per-build-session -Wnon-modular-include-in-framework-module -Werror\=non-modular-include-in-framework-module -Wno-trigraphs -Wno-missing-field-initializers -Wno-missing-prototypes -Wno-return-type -Wno-missing-braces -Wparentheses -Wswitch -Wno-unused-function -Wno-unused-label -Wno-unused-parameter -Wno-unused-variable -Wunused-value -Wno-empty-body -Wno-uninitialized -Wno-unknown-pragmas -w -Wno-shadow -Wno-four-char-constants -Wno-conversion -Wno-constant-conversion -Wno-int-conversion -Wno-bool-conversion -Wno-enum-conversion -Wno-float-conversion -Wno-non-literal-null-conversion -Wno-objc-literal-conversion -Wshorten-64-to-32 -Wpointer-sign -Wno-newline-eof -Wno-implicit-fallthrough -isysroot /Applications/Xcode-27.0.0-Release.Candidate.app/Contents/Developer/Platforms/MacOSX.platform/Developer/SDKs/MacOSX27.0.sdk -fstrict-aliasing -Wdeprecated-declarations -Wno-sign-conversion -Wno-infinite-recursion -Wno-comma -Wno-block-capture-autoreleasing -Wno-strict-prototypes -Wno-semicolon-before-method-body -index-store-path /Users/admin/builder/spi-builder-workspace/.derivedData/Index.noindex/DataStore @/Users/admin/builder/spi-builder-workspace/.derivedData/Build/Intermediates.noindex/geos.build/Debug/geos-t.build/Objects-normal/arm64/7187679823f38a2a940e0043cdf9d637-common-args.resp -MMD -MT dependencies -MF /Users/admin/builder/spi-builder-workspace/.derivedData/Build/Intermediates.noindex/geos.build/Debug/geos-t.build/Objects-normal/arm64/d2s.d --serialize-diagnostics /Users/admin/builder/spi-builder-workspace/.derivedData/Build/Intermediates.noindex/geos.build/Debug/geos-t.build/Objects-normal/arm64/d2s.dia -c /Users/admin/builder/spi-builder-workspace/.dependencies/checkouts/geos/Sources/geos/src/deps/ryu/d2s.c -o /Users/admin/builder/spi-builder-workspace/.derivedData/Build/Intermediates.noindex/geos.build/Debug/geos-t.build/Objects-normal/arm64/d2s.o -index-unit-output-path /geos.build/Debug/geos-t.build/Objects-normal/arm64/d2s.o
SwiftCompile normal arm64 Compiling\ Consumer.swift,\ CoreLocation.swift,\ Feature.swift /Users/admin/builder/spi-builder-workspace/.dependencies/checkouts/turf-swift/Sources/Turf/Consumer/Consumer.swift /Users/admin/builder/spi-builder-workspace/.dependencies/checkouts/turf-swift/Sources/Turf/CoreLocation.swift /Users/admin/builder/spi-builder-workspace/.dependencies/checkouts/turf-swift/Sources/Turf/Feature.swift (in target 'Turf' from project 'Turf')
SwiftCompile normal arm64 /Users/admin/builder/spi-builder-workspace/.dependencies/checkouts/turf-swift/Sources/Turf/Consumer/Consumer.swift (in target 'Turf' from project 'Turf')
cd /Users/admin/builder/spi-builder-workspace/.swiftpm/xcode
builtin-SwiftPerFileCompile Consumer.swift
SwiftCompile normal arm64 /Users/admin/builder/spi-builder-workspace/.dependencies/checkouts/turf-swift/Sources/Turf/CoreLocation.swift (in target 'Turf' from project 'Turf')
cd /Users/admin/builder/spi-builder-workspace/.swiftpm/xcode
builtin-SwiftPerFileCompile CoreLocation.swift
SwiftCompile normal arm64 /Users/admin/builder/spi-builder-workspace/.dependencies/checkouts/turf-swift/Sources/Turf/Feature.swift (in target 'Turf' from project 'Turf')
cd /Users/admin/builder/spi-builder-workspace/.swiftpm/xcode
builtin-SwiftPerFileCompile Feature.swift
SwiftCompile normal arm64 Compiling\ Turf.swift,\ WKT.swift /Users/admin/builder/spi-builder-workspace/.dependencies/checkouts/turf-swift/Sources/Turf/Turf.swift /Users/admin/builder/spi-builder-workspace/.dependencies/checkouts/turf-swift/Sources/Turf/WKT.swift (in target 'Turf' from project 'Turf')
SwiftCompile normal arm64 /Users/admin/builder/spi-builder-workspace/.dependencies/checkouts/turf-swift/Sources/Turf/Turf.swift (in target 'Turf' from project 'Turf')
cd /Users/admin/builder/spi-builder-workspace/.swiftpm/xcode
builtin-SwiftPerFileCompile Turf.swift
SwiftCompile normal arm64 /Users/admin/builder/spi-builder-workspace/.dependencies/checkouts/turf-swift/Sources/Turf/WKT.swift (in target 'Turf' from project 'Turf')
cd /Users/admin/builder/spi-builder-workspace/.swiftpm/xcode
builtin-SwiftPerFileCompile WKT.swift
PrecompileModule /Users/admin/builder/spi-builder-workspace/.derivedData/Build/Intermediates.noindex/ExplicitPrecompiledModules/_AvailabilityInternal-BLWEVMY4QX6GE1Z1LO3G46BVM.scan
cd /
builtin-precompileModule /Users/admin/builder/spi-builder-workspace/.derivedData/Build/Intermediates.noindex/ExplicitPrecompiledModules/_AvailabilityInternal-BLWEVMY4QX6GE1Z1LO3G46BVM.scan
PrecompileModule /Users/admin/builder/spi-builder-workspace/.derivedData/Build/Intermediates.noindex/ExplicitPrecompiledModules/_Builtin_stddef-BQJIKRSQAOVABBQQWPUI6DPJL.scan
cd /
builtin-precompileModule /Users/admin/builder/spi-builder-workspace/.derivedData/Build/Intermediates.noindex/ExplicitPrecompiledModules/_Builtin_stddef-BQJIKRSQAOVABBQQWPUI6DPJL.scan
PrecompileModule /Users/admin/builder/spi-builder-workspace/.derivedData/Build/Intermediates.noindex/ExplicitPrecompiledModules/_Builtin_float-78HOMQFBEJ0N9MH0VVMC7NA6V.scan
cd /
builtin-precompileModule /Users/admin/builder/spi-builder-workspace/.derivedData/Build/Intermediates.noindex/ExplicitPrecompiledModules/_Builtin_float-78HOMQFBEJ0N9MH0VVMC7NA6V.scan
PrecompileModule /Users/admin/builder/spi-builder-workspace/.derivedData/Build/Intermediates.noindex/ExplicitPrecompiledModules/_Builtin_stdarg-BTQYL13VNKL9OBZR51UILDT7V.scan
cd /
builtin-precompileModule /Users/admin/builder/spi-builder-workspace/.derivedData/Build/Intermediates.noindex/ExplicitPrecompiledModules/_Builtin_stdarg-BTQYL13VNKL9OBZR51UILDT7V.scan
PrecompileModule /Users/admin/builder/spi-builder-workspace/.derivedData/Build/Intermediates.noindex/ExplicitPrecompiledModules/_Builtin_stdbool-BCCHDJLUL1HYGQ4MTIOPK081J.scan
cd /
builtin-precompileModule /Users/admin/builder/spi-builder-workspace/.derivedData/Build/Intermediates.noindex/ExplicitPrecompiledModules/_Builtin_stdbool-BCCHDJLUL1HYGQ4MTIOPK081J.scan
PrecompileModule /Users/admin/builder/spi-builder-workspace/.derivedData/Build/Intermediates.noindex/ExplicitPrecompiledModules/ptrcheck-E04P7OI7L68NW7HR3W4TA2AU3.scan
cd /
builtin-precompileModule /Users/admin/builder/spi-builder-workspace/.derivedData/Build/Intermediates.noindex/ExplicitPrecompiledModules/ptrcheck-E04P7OI7L68NW7HR3W4TA2AU3.scan
SwiftCompile normal arm64 Compiling\ MultiPoint.swift,\ MultiPolygon.swift /Users/admin/builder/spi-builder-workspace/.dependencies/checkouts/turf-swift/Sources/Turf/Geometries/MultiPoint.swift /Users/admin/builder/spi-builder-workspace/.dependencies/checkouts/turf-swift/Sources/Turf/Geometries/MultiPolygon.swift (in target 'Turf' from project 'Turf')
SwiftCompile normal arm64 /Users/admin/builder/spi-builder-workspace/.dependencies/checkouts/turf-swift/Sources/Turf/Geometries/MultiPoint.swift (in target 'Turf' from project 'Turf')
cd /Users/admin/builder/spi-builder-workspace/.swiftpm/xcode
builtin-SwiftPerFileCompile MultiPoint.swift
SwiftCompile normal arm64 /Users/admin/builder/spi-builder-workspace/.dependencies/checkouts/turf-swift/Sources/Turf/Geometries/MultiPolygon.swift (in target 'Turf' from project 'Turf')
cd /Users/admin/builder/spi-builder-workspace/.swiftpm/xcode
builtin-SwiftPerFileCompile MultiPolygon.swift
SwiftCompile normal arm64 Compiling\ BoundingBox.swift,\ Codable.swift,\ Consumer+WKT.swift /Users/admin/builder/spi-builder-workspace/.dependencies/checkouts/turf-swift/Sources/Turf/BoundingBox.swift /Users/admin/builder/spi-builder-workspace/.dependencies/checkouts/turf-swift/Sources/Turf/Codable.swift /Users/admin/builder/spi-builder-workspace/.dependencies/checkouts/turf-swift/Sources/Turf/Consumer/Consumer+WKT.swift (in target 'Turf' from project 'Turf')
SwiftCompile normal arm64 /Users/admin/builder/spi-builder-workspace/.dependencies/checkouts/turf-swift/Sources/Turf/BoundingBox.swift (in target 'Turf' from project 'Turf')
cd /Users/admin/builder/spi-builder-workspace/.swiftpm/xcode
builtin-SwiftPerFileCompile BoundingBox.swift
SwiftCompile normal arm64 /Users/admin/builder/spi-builder-workspace/.dependencies/checkouts/turf-swift/Sources/Turf/Codable.swift (in target 'Turf' from project 'Turf')
cd /Users/admin/builder/spi-builder-workspace/.swiftpm/xcode
builtin-SwiftPerFileCompile Codable.swift
SwiftCompile normal arm64 /Users/admin/builder/spi-builder-workspace/.dependencies/checkouts/turf-swift/Sources/Turf/Consumer/Consumer+WKT.swift (in target 'Turf' from project 'Turf')
cd /Users/admin/builder/spi-builder-workspace/.swiftpm/xcode
builtin-SwiftPerFileCompile Consumer+WKT.swift
PrecompileModule /Users/admin/builder/spi-builder-workspace/.derivedData/Build/Intermediates.noindex/ExplicitPrecompiledModules/_DarwinFoundation1-DHSDCN1G9ZS5QK9X4ZR8KAYVO.scan
cd /
builtin-precompileModule /Users/admin/builder/spi-builder-workspace/.derivedData/Build/Intermediates.noindex/ExplicitPrecompiledModules/_DarwinFoundation1-DHSDCN1G9ZS5QK9X4ZR8KAYVO.scan
SwiftCompile normal arm64 Compiling\ GeometryCollection.swift,\ LineString.swift,\ MultiLineString.swift /Users/admin/builder/spi-builder-workspace/.dependencies/checkouts/turf-swift/Sources/Turf/Geometries/GeometryCollection.swift /Users/admin/builder/spi-builder-workspace/.dependencies/checkouts/turf-swift/Sources/Turf/Geometries/LineString.swift /Users/admin/builder/spi-builder-workspace/.dependencies/checkouts/turf-swift/Sources/Turf/Geometries/MultiLineString.swift (in target 'Turf' from project 'Turf')
SwiftCompile normal arm64 /Users/admin/builder/spi-builder-workspace/.dependencies/checkouts/turf-swift/Sources/Turf/Geometries/GeometryCollection.swift (in target 'Turf' from project 'Turf')
cd /Users/admin/builder/spi-builder-workspace/.swiftpm/xcode
builtin-SwiftPerFileCompile GeometryCollection.swift
SwiftCompile normal arm64 /Users/admin/builder/spi-builder-workspace/.dependencies/checkouts/turf-swift/Sources/Turf/Geometries/LineString.swift (in target 'Turf' from project 'Turf')
cd /Users/admin/builder/spi-builder-workspace/.swiftpm/xcode
builtin-SwiftPerFileCompile LineString.swift
SwiftCompile normal arm64 /Users/admin/builder/spi-builder-workspace/.dependencies/checkouts/turf-swift/Sources/Turf/Geometries/MultiLineString.swift (in target 'Turf' from project 'Turf')
cd /Users/admin/builder/spi-builder-workspace/.swiftpm/xcode
builtin-SwiftPerFileCompile MultiLineString.swift
SwiftCompile normal arm64 Compiling\ FeatureCollection.swift,\ FeatureIdentifier.swift,\ GeoJSON.swift /Users/admin/builder/spi-builder-workspace/.dependencies/checkouts/turf-swift/Sources/Turf/FeatureCollection.swift /Users/admin/builder/spi-builder-workspace/.dependencies/checkouts/turf-swift/Sources/Turf/FeatureIdentifier.swift /Users/admin/builder/spi-builder-workspace/.dependencies/checkouts/turf-swift/Sources/Turf/GeoJSON.swift (in target 'Turf' from project 'Turf')
SwiftCompile normal arm64 /Users/admin/builder/spi-builder-workspace/.dependencies/checkouts/turf-swift/Sources/Turf/FeatureCollection.swift (in target 'Turf' from project 'Turf')
cd /Users/admin/builder/spi-builder-workspace/.swiftpm/xcode
builtin-SwiftPerFileCompile FeatureCollection.swift
SwiftCompile normal arm64 /Users/admin/builder/spi-builder-workspace/.dependencies/checkouts/turf-swift/Sources/Turf/FeatureIdentifier.swift (in target 'Turf' from project 'Turf')
cd /Users/admin/builder/spi-builder-workspace/.swiftpm/xcode
builtin-SwiftPerFileCompile FeatureIdentifier.swift
SwiftCompile normal arm64 /Users/admin/builder/spi-builder-workspace/.dependencies/checkouts/turf-swift/Sources/Turf/GeoJSON.swift (in target 'Turf' from project 'Turf')
cd /Users/admin/builder/spi-builder-workspace/.swiftpm/xcode
builtin-SwiftPerFileCompile GeoJSON.swift
PrecompileModule /Users/admin/builder/spi-builder-workspace/.derivedData/Build/Intermediates.noindex/ExplicitPrecompiledModules/_DarwinFoundation2-C8X9X5RRSEWYWS8BU10YCVRQX.scan
cd /
builtin-precompileModule /Users/admin/builder/spi-builder-workspace/.derivedData/Build/Intermediates.noindex/ExplicitPrecompiledModules/_DarwinFoundation2-C8X9X5RRSEWYWS8BU10YCVRQX.scan
SwiftCompile normal arm64 Compiling\ RadianCoordinate2D.swift,\ Ring.swift /Users/admin/builder/spi-builder-workspace/.dependencies/checkouts/turf-swift/Sources/Turf/RadianCoordinate2D.swift /Users/admin/builder/spi-builder-workspace/.dependencies/checkouts/turf-swift/Sources/Turf/Ring.swift (in target 'Turf' from project 'Turf')
SwiftCompile normal arm64 /Users/admin/builder/spi-builder-workspace/.dependencies/checkouts/turf-swift/Sources/Turf/RadianCoordinate2D.swift (in target 'Turf' from project 'Turf')
cd /Users/admin/builder/spi-builder-workspace/.swiftpm/xcode
builtin-SwiftPerFileCompile RadianCoordinate2D.swift
SwiftCompile normal arm64 /Users/admin/builder/spi-builder-workspace/.dependencies/checkouts/turf-swift/Sources/Turf/Ring.swift (in target 'Turf' from project 'Turf')
cd /Users/admin/builder/spi-builder-workspace/.swiftpm/xcode
builtin-SwiftPerFileCompile Ring.swift
PrecompileModule /Users/admin/builder/spi-builder-workspace/.derivedData/Build/Intermediates.noindex/ExplicitPrecompiledModules/_Builtin_stdint-9GMJGGUNCOD0UMHLZ8DAKC1WC.scan
cd /
builtin-precompileModule /Users/admin/builder/spi-builder-workspace/.derivedData/Build/Intermediates.noindex/ExplicitPrecompiledModules/_Builtin_stdint-9GMJGGUNCOD0UMHLZ8DAKC1WC.scan
SwiftCompile normal arm64 Compiling\ Geometry.swift,\ JSON.swift /Users/admin/builder/spi-builder-workspace/.dependencies/checkouts/turf-swift/Sources/Turf/Geometry.swift /Users/admin/builder/spi-builder-workspace/.dependencies/checkouts/turf-swift/Sources/Turf/JSON.swift (in target 'Turf' from project 'Turf')
SwiftCompile normal arm64 /Users/admin/builder/spi-builder-workspace/.dependencies/checkouts/turf-swift/Sources/Turf/Geometry.swift (in target 'Turf' from project 'Turf')
cd /Users/admin/builder/spi-builder-workspace/.swiftpm/xcode
builtin-SwiftPerFileCompile Geometry.swift
SwiftCompile normal arm64 /Users/admin/builder/spi-builder-workspace/.dependencies/checkouts/turf-swift/Sources/Turf/JSON.swift (in target 'Turf' from project 'Turf')
cd /Users/admin/builder/spi-builder-workspace/.swiftpm/xcode
builtin-SwiftPerFileCompile JSON.swift
PrecompileModule /Users/admin/builder/spi-builder-workspace/.derivedData/Build/Intermediates.noindex/ExplicitPrecompiledModules/_DarwinFoundation3-3S2VUMONZGLVUAX28AHVV319X.scan
cd /
builtin-precompileModule /Users/admin/builder/spi-builder-workspace/.derivedData/Build/Intermediates.noindex/ExplicitPrecompiledModules/_DarwinFoundation3-3S2VUMONZGLVUAX28AHVV319X.scan
SwiftCompile normal arm64 Compiling\ Simplifier.swift,\ Spline.swift /Users/admin/builder/spi-builder-workspace/.dependencies/checkouts/turf-swift/Sources/Turf/Simplifier.swift /Users/admin/builder/spi-builder-workspace/.dependencies/checkouts/turf-swift/Sources/Turf/Spline.swift (in target 'Turf' from project 'Turf')
SwiftCompile normal arm64 /Users/admin/builder/spi-builder-workspace/.dependencies/checkouts/turf-swift/Sources/Turf/Simplifier.swift (in target 'Turf' from project 'Turf')
cd /Users/admin/builder/spi-builder-workspace/.swiftpm/xcode
builtin-SwiftPerFileCompile Simplifier.swift
SwiftCompile normal arm64 /Users/admin/builder/spi-builder-workspace/.dependencies/checkouts/turf-swift/Sources/Turf/Spline.swift (in target 'Turf' from project 'Turf')
cd /Users/admin/builder/spi-builder-workspace/.swiftpm/xcode
builtin-SwiftPerFileCompile Spline.swift
SwiftCompile normal arm64 Compiling\ Point.swift,\ Polygon.swift /Users/admin/builder/spi-builder-workspace/.dependencies/checkouts/turf-swift/Sources/Turf/Geometries/Point.swift /Users/admin/builder/spi-builder-workspace/.dependencies/checkouts/turf-swift/Sources/Turf/Geometries/Polygon.swift (in target 'Turf' from project 'Turf')
SwiftCompile normal arm64 /Users/admin/builder/spi-builder-workspace/.dependencies/checkouts/turf-swift/Sources/Turf/Geometries/Point.swift (in target 'Turf' from project 'Turf')
cd /Users/admin/builder/spi-builder-workspace/.swiftpm/xcode
builtin-SwiftPerFileCompile Point.swift
SwiftCompile normal arm64 /Users/admin/builder/spi-builder-workspace/.dependencies/checkouts/turf-swift/Sources/Turf/Geometries/Polygon.swift (in target 'Turf' from project 'Turf')
cd /Users/admin/builder/spi-builder-workspace/.swiftpm/xcode
builtin-SwiftPerFileCompile Polygon.swift
PrecompileModule /Users/admin/builder/spi-builder-workspace/.derivedData/Build/Intermediates.noindex/ExplicitPrecompiledModules/_Builtin_inttypes-8KMRZ1MDW3L436OMES15HMLAK.scan
cd /
builtin-precompileModule /Users/admin/builder/spi-builder-workspace/.derivedData/Build/Intermediates.noindex/ExplicitPrecompiledModules/_Builtin_inttypes-8KMRZ1MDW3L436OMES15HMLAK.scan
SwiftDriverJobDiscovery normal arm64 Compiling Simplifier.swift, Spline.swift (in target 'Turf' from project 'Turf')
SwiftCompile normal arm64 Compiling\ MultiPolygon+GEOS.swift,\ Point+GEOS.swift,\ Polygon+GEOS.swift,\ PreparedGeometry.swift,\ SimplicityTestable.swift /Users/admin/builder/spi-builder-workspace/.dependencies/checkouts/GEOSwift/Sources/GEOSwift/GEOS/MultiPolygon+GEOS.swift /Users/admin/builder/spi-builder-workspace/.dependencies/checkouts/GEOSwift/Sources/GEOSwift/GEOS/Point+GEOS.swift /Users/admin/builder/spi-builder-workspace/.dependencies/checkouts/GEOSwift/Sources/GEOSwift/GEOS/Polygon+GEOS.swift /Users/admin/builder/spi-builder-workspace/.dependencies/checkouts/GEOSwift/Sources/GEOSwift/GEOS/PreparedGeometry.swift /Users/admin/builder/spi-builder-workspace/.dependencies/checkouts/GEOSwift/Sources/GEOSwift/GEOS/SimplicityTestable.swift (in target 'GEOSwift' from project 'GEOSwift')
SwiftCompile normal arm64 /Users/admin/builder/spi-builder-workspace/.dependencies/checkouts/GEOSwift/Sources/GEOSwift/GEOS/MultiPolygon+GEOS.swift (in target 'GEOSwift' from project 'GEOSwift')
cd /Users/admin/builder/spi-builder-workspace/.swiftpm/xcode
builtin-SwiftPerFileCompile MultiPolygon+GEOS.swift
SwiftCompile normal arm64 /Users/admin/builder/spi-builder-workspace/.dependencies/checkouts/GEOSwift/Sources/GEOSwift/GEOS/Point+GEOS.swift (in target 'GEOSwift' from project 'GEOSwift')
cd /Users/admin/builder/spi-builder-workspace/.swiftpm/xcode
builtin-SwiftPerFileCompile Point+GEOS.swift
SwiftCompile normal arm64 /Users/admin/builder/spi-builder-workspace/.dependencies/checkouts/GEOSwift/Sources/GEOSwift/GEOS/Polygon+GEOS.swift (in target 'GEOSwift' from project 'GEOSwift')
cd /Users/admin/builder/spi-builder-workspace/.swiftpm/xcode
builtin-SwiftPerFileCompile Polygon+GEOS.swift
SwiftCompile normal arm64 /Users/admin/builder/spi-builder-workspace/.dependencies/checkouts/GEOSwift/Sources/GEOSwift/GEOS/PreparedGeometry.swift (in target 'GEOSwift' from project 'GEOSwift')
cd /Users/admin/builder/spi-builder-workspace/.swiftpm/xcode
builtin-SwiftPerFileCompile PreparedGeometry.swift
SwiftCompile normal arm64 /Users/admin/builder/spi-builder-workspace/.dependencies/checkouts/GEOSwift/Sources/GEOSwift/GEOS/SimplicityTestable.swift (in target 'GEOSwift' from project 'GEOSwift')
cd /Users/admin/builder/spi-builder-workspace/.swiftpm/xcode
builtin-SwiftPerFileCompile SimplicityTestable.swift
SwiftDriverJobDiscovery normal arm64 Compiling FeatureCollection.swift, FeatureIdentifier.swift, GeoJSON.swift (in target 'Turf' from project 'Turf')
SwiftCompile normal arm64 Compiling\ GeometryConvertible+GEOS.swift,\ LineString+GEOS.swift,\ LineStringConvertible+GEOS.swift,\ MultiLineString+GEOS.swift,\ MultiPoint+GEOS.swift /Users/admin/builder/spi-builder-workspace/.dependencies/checkouts/GEOSwift/Sources/GEOSwift/GEOS/GeometryConvertible+GEOS.swift /Users/admin/builder/spi-builder-workspace/.dependencies/checkouts/GEOSwift/Sources/GEOSwift/GEOS/LineString+GEOS.swift /Users/admin/builder/spi-builder-workspace/.dependencies/checkouts/GEOSwift/Sources/GEOSwift/GEOS/LineStringConvertible+GEOS.swift /Users/admin/builder/spi-builder-workspace/.dependencies/checkouts/GEOSwift/Sources/GEOSwift/GEOS/MultiLineString+GEOS.swift /Users/admin/builder/spi-builder-workspace/.dependencies/checkouts/GEOSwift/Sources/GEOSwift/GEOS/MultiPoint+GEOS.swift (in target 'GEOSwift' from project 'GEOSwift')
SwiftCompile normal arm64 /Users/admin/builder/spi-builder-workspace/.dependencies/checkouts/GEOSwift/Sources/GEOSwift/GEOS/GeometryConvertible+GEOS.swift (in target 'GEOSwift' from project 'GEOSwift')
cd /Users/admin/builder/spi-builder-workspace/.swiftpm/xcode
builtin-SwiftPerFileCompile GeometryConvertible+GEOS.swift
SwiftCompile normal arm64 /Users/admin/builder/spi-builder-workspace/.dependencies/checkouts/GEOSwift/Sources/GEOSwift/GEOS/LineString+GEOS.swift (in target 'GEOSwift' from project 'GEOSwift')
cd /Users/admin/builder/spi-builder-workspace/.swiftpm/xcode
builtin-SwiftPerFileCompile LineString+GEOS.swift
SwiftCompile normal arm64 /Users/admin/builder/spi-builder-workspace/.dependencies/checkouts/GEOSwift/Sources/GEOSwift/GEOS/LineStringConvertible+GEOS.swift (in target 'GEOSwift' from project 'GEOSwift')
cd /Users/admin/builder/spi-builder-workspace/.swiftpm/xcode
builtin-SwiftPerFileCompile LineStringConvertible+GEOS.swift
SwiftCompile normal arm64 /Users/admin/builder/spi-builder-workspace/.dependencies/checkouts/GEOSwift/Sources/GEOSwift/GEOS/MultiLineString+GEOS.swift (in target 'GEOSwift' from project 'GEOSwift')
cd /Users/admin/builder/spi-builder-workspace/.swiftpm/xcode
builtin-SwiftPerFileCompile MultiLineString+GEOS.swift
SwiftCompile normal arm64 /Users/admin/builder/spi-builder-workspace/.dependencies/checkouts/GEOSwift/Sources/GEOSwift/GEOS/MultiPoint+GEOS.swift (in target 'GEOSwift' from project 'GEOSwift')
cd /Users/admin/builder/spi-builder-workspace/.swiftpm/xcode
builtin-SwiftPerFileCompile MultiPoint+GEOS.swift
SwiftCompile normal arm64 Compiling\ GeometryCollection.swift,\ GeometryConvertible.swift,\ JSON.swift,\ LineString.swift,\ LineStringConvertible.swift /Users/admin/builder/spi-builder-workspace/.dependencies/checkouts/GEOSwift/Sources/GEOSwift/Core\ Types/GeometryCollection.swift /Users/admin/builder/spi-builder-workspace/.dependencies/checkouts/GEOSwift/Sources/GEOSwift/Core\ Types/GeometryConvertible.swift /Users/admin/builder/spi-builder-workspace/.dependencies/checkouts/GEOSwift/Sources/GEOSwift/Core\ Types/JSON.swift /Users/admin/builder/spi-builder-workspace/.dependencies/checkouts/GEOSwift/Sources/GEOSwift/Core\ Types/LineString.swift /Users/admin/builder/spi-builder-workspace/.dependencies/checkouts/GEOSwift/Sources/GEOSwift/Core\ Types/LineStringConvertible.swift (in target 'GEOSwift' from project 'GEOSwift')
SwiftCompile normal arm64 /Users/admin/builder/spi-builder-workspace/.dependencies/checkouts/GEOSwift/Sources/GEOSwift/Core\ Types/GeometryCollection.swift (in target 'GEOSwift' from project 'GEOSwift')
cd /Users/admin/builder/spi-builder-workspace/.swiftpm/xcode
builtin-SwiftPerFileCompile GeometryCollection.swift
SwiftCompile normal arm64 /Users/admin/builder/spi-builder-workspace/.dependencies/checkouts/GEOSwift/Sources/GEOSwift/Core\ Types/GeometryConvertible.swift (in target 'GEOSwift' from project 'GEOSwift')
cd /Users/admin/builder/spi-builder-workspace/.swiftpm/xcode
builtin-SwiftPerFileCompile GeometryConvertible.swift
SwiftCompile normal arm64 /Users/admin/builder/spi-builder-workspace/.dependencies/checkouts/GEOSwift/Sources/GEOSwift/Core\ Types/JSON.swift (in target 'GEOSwift' from project 'GEOSwift')
cd /Users/admin/builder/spi-builder-workspace/.swiftpm/xcode
builtin-SwiftPerFileCompile JSON.swift
SwiftCompile normal arm64 /Users/admin/builder/spi-builder-workspace/.dependencies/checkouts/GEOSwift/Sources/GEOSwift/Core\ Types/LineString.swift (in target 'GEOSwift' from project 'GEOSwift')
cd /Users/admin/builder/spi-builder-workspace/.swiftpm/xcode
builtin-SwiftPerFileCompile LineString.swift
SwiftCompile normal arm64 /Users/admin/builder/spi-builder-workspace/.dependencies/checkouts/GEOSwift/Sources/GEOSwift/Core\ Types/LineStringConvertible.swift (in target 'GEOSwift' from project 'GEOSwift')
cd /Users/admin/builder/spi-builder-workspace/.swiftpm/xcode
builtin-SwiftPerFileCompile LineStringConvertible.swift
SwiftCompile normal arm64 Compiling\ Boundable.swift,\ Circle.swift,\ ClosednessTestable.swift,\ Envelope.swift,\ GEOSContext.swift /Users/admin/builder/spi-builder-workspace/.dependencies/checkouts/GEOSwift/Sources/GEOSwift/GEOS/Boundable.swift /Users/admin/builder/spi-builder-workspace/.dependencies/checkouts/GEOSwift/Sources/GEOSwift/GEOS/Circle.swift /Users/admin/builder/spi-builder-workspace/.dependencies/checkouts/GEOSwift/Sources/GEOSwift/GEOS/ClosednessTestable.swift /Users/admin/builder/spi-builder-workspace/.dependencies/checkouts/GEOSwift/Sources/GEOSwift/GEOS/Envelope.swift /Users/admin/builder/spi-builder-workspace/.dependencies/checkouts/GEOSwift/Sources/GEOSwift/GEOS/GEOSContext.swift (in target 'GEOSwift' from project 'GEOSwift')
SwiftCompile normal arm64 /Users/admin/builder/spi-builder-workspace/.dependencies/checkouts/GEOSwift/Sources/GEOSwift/GEOS/Boundable.swift (in target 'GEOSwift' from project 'GEOSwift')
cd /Users/admin/builder/spi-builder-workspace/.swiftpm/xcode
builtin-SwiftPerFileCompile Boundable.swift
SwiftCompile normal arm64 /Users/admin/builder/spi-builder-workspace/.dependencies/checkouts/GEOSwift/Sources/GEOSwift/GEOS/Circle.swift (in target 'GEOSwift' from project 'GEOSwift')
cd /Users/admin/builder/spi-builder-workspace/.swiftpm/xcode
builtin-SwiftPerFileCompile Circle.swift
SwiftCompile normal arm64 /Users/admin/builder/spi-builder-workspace/.dependencies/checkouts/GEOSwift/Sources/GEOSwift/GEOS/ClosednessTestable.swift (in target 'GEOSwift' from project 'GEOSwift')
cd /Users/admin/builder/spi-builder-workspace/.swiftpm/xcode
builtin-SwiftPerFileCompile ClosednessTestable.swift
SwiftCompile normal arm64 /Users/admin/builder/spi-builder-workspace/.dependencies/checkouts/GEOSwift/Sources/GEOSwift/GEOS/Envelope.swift (in target 'GEOSwift' from project 'GEOSwift')
cd /Users/admin/builder/spi-builder-workspace/.swiftpm/xcode
builtin-SwiftPerFileCompile Envelope.swift
SwiftCompile normal arm64 /Users/admin/builder/spi-builder-workspace/.dependencies/checkouts/GEOSwift/Sources/GEOSwift/GEOS/GEOSContext.swift (in target 'GEOSwift' from project 'GEOSwift')
cd /Users/admin/builder/spi-builder-workspace/.swiftpm/xcode
builtin-SwiftPerFileCompile GEOSContext.swift
SwiftCompile normal arm64 Compiling\ Point+Codable.swift,\ Polygon+Codable.swift,\ Feature.swift,\ FeatureCollection.swift,\ GeoJSON.swift,\ Geometry.swift /Users/admin/builder/spi-builder-workspace/.dependencies/checkouts/GEOSwift/Sources/GEOSwift/Codable/Point+Codable.swift /Users/admin/builder/spi-builder-workspace/.dependencies/checkouts/GEOSwift/Sources/GEOSwift/Codable/Polygon+Codable.swift /Users/admin/builder/spi-builder-workspace/.dependencies/checkouts/GEOSwift/Sources/GEOSwift/Core\ Types/Feature.swift /Users/admin/builder/spi-builder-workspace/.dependencies/checkouts/GEOSwift/Sources/GEOSwift/Core\ Types/FeatureCollection.swift /Users/admin/builder/spi-builder-workspace/.dependencies/checkouts/GEOSwift/Sources/GEOSwift/Core\ Types/GeoJSON.swift /Users/admin/builder/spi-builder-workspace/.dependencies/checkouts/GEOSwift/Sources/GEOSwift/Core\ Types/Geometry.swift (in target 'GEOSwift' from project 'GEOSwift')
SwiftCompile normal arm64 /Users/admin/builder/spi-builder-workspace/.dependencies/checkouts/GEOSwift/Sources/GEOSwift/Codable/Point+Codable.swift (in target 'GEOSwift' from project 'GEOSwift')
cd /Users/admin/builder/spi-builder-workspace/.swiftpm/xcode
builtin-SwiftPerFileCompile Point+Codable.swift
SwiftCompile normal arm64 /Users/admin/builder/spi-builder-workspace/.dependencies/checkouts/GEOSwift/Sources/GEOSwift/Codable/Polygon+Codable.swift (in target 'GEOSwift' from project 'GEOSwift')
cd /Users/admin/builder/spi-builder-workspace/.swiftpm/xcode
builtin-SwiftPerFileCompile Polygon+Codable.swift
SwiftCompile normal arm64 /Users/admin/builder/spi-builder-workspace/.dependencies/checkouts/GEOSwift/Sources/GEOSwift/Core\ Types/Feature.swift (in target 'GEOSwift' from project 'GEOSwift')
cd /Users/admin/builder/spi-builder-workspace/.swiftpm/xcode
builtin-SwiftPerFileCompile Feature.swift
SwiftCompile normal arm64 /Users/admin/builder/spi-builder-workspace/.dependencies/checkouts/GEOSwift/Sources/GEOSwift/Core\ Types/FeatureCollection.swift (in target 'GEOSwift' from project 'GEOSwift')
cd /Users/admin/builder/spi-builder-workspace/.swiftpm/xcode
builtin-SwiftPerFileCompile FeatureCollection.swift
SwiftCompile normal arm64 /Users/admin/builder/spi-builder-workspace/.dependencies/checkouts/GEOSwift/Sources/GEOSwift/Core\ Types/GeoJSON.swift (in target 'GEOSwift' from project 'GEOSwift')
cd /Users/admin/builder/spi-builder-workspace/.swiftpm/xcode
builtin-SwiftPerFileCompile GeoJSON.swift
SwiftCompile normal arm64 /Users/admin/builder/spi-builder-workspace/.dependencies/checkouts/GEOSwift/Sources/GEOSwift/Core\ Types/Geometry.swift (in target 'GEOSwift' from project 'GEOSwift')
cd /Users/admin/builder/spi-builder-workspace/.swiftpm/xcode
builtin-SwiftPerFileCompile Geometry.swift
SwiftDriverJobDiscovery normal arm64 Compiling RadianCoordinate2D.swift, Ring.swift (in target 'Turf' from project 'Turf')
SwiftCompile normal arm64 Compiling\ MultiLineString.swift,\ MultiPoint.swift,\ MultiPolygon.swift,\ Point.swift,\ Polygon.swift /Users/admin/builder/spi-builder-workspace/.dependencies/checkouts/GEOSwift/Sources/GEOSwift/Core\ Types/MultiLineString.swift /Users/admin/builder/spi-builder-workspace/.dependencies/checkouts/GEOSwift/Sources/GEOSwift/Core\ Types/MultiPoint.swift /Users/admin/builder/spi-builder-workspace/.dependencies/checkouts/GEOSwift/Sources/GEOSwift/Core\ Types/MultiPolygon.swift /Users/admin/builder/spi-builder-workspace/.dependencies/checkouts/GEOSwift/Sources/GEOSwift/Core\ Types/Point.swift /Users/admin/builder/spi-builder-workspace/.dependencies/checkouts/GEOSwift/Sources/GEOSwift/Core\ Types/Polygon.swift (in target 'GEOSwift' from project 'GEOSwift')
SwiftCompile normal arm64 /Users/admin/builder/spi-builder-workspace/.dependencies/checkouts/GEOSwift/Sources/GEOSwift/Core\ Types/MultiLineString.swift (in target 'GEOSwift' from project 'GEOSwift')
cd /Users/admin/builder/spi-builder-workspace/.swiftpm/xcode
builtin-SwiftPerFileCompile MultiLineString.swift
SwiftCompile normal arm64 /Users/admin/builder/spi-builder-workspace/.dependencies/checkouts/GEOSwift/Sources/GEOSwift/Core\ Types/MultiPoint.swift (in target 'GEOSwift' from project 'GEOSwift')
cd /Users/admin/builder/spi-builder-workspace/.swiftpm/xcode
builtin-SwiftPerFileCompile MultiPoint.swift
SwiftCompile normal arm64 /Users/admin/builder/spi-builder-workspace/.dependencies/checkouts/GEOSwift/Sources/GEOSwift/Core\ Types/MultiPolygon.swift (in target 'GEOSwift' from project 'GEOSwift')
cd /Users/admin/builder/spi-builder-workspace/.swiftpm/xcode
builtin-SwiftPerFileCompile MultiPolygon.swift
SwiftCompile normal arm64 /Users/admin/builder/spi-builder-workspace/.dependencies/checkouts/GEOSwift/Sources/GEOSwift/Core\ Types/Point.swift (in target 'GEOSwift' from project 'GEOSwift')
cd /Users/admin/builder/spi-builder-workspace/.swiftpm/xcode
builtin-SwiftPerFileCompile Point.swift
SwiftCompile normal arm64 /Users/admin/builder/spi-builder-workspace/.dependencies/checkouts/GEOSwift/Sources/GEOSwift/Core\ Types/Polygon.swift (in target 'GEOSwift' from project 'GEOSwift')
cd /Users/admin/builder/spi-builder-workspace/.swiftpm/xcode
builtin-SwiftPerFileCompile Polygon.swift
SwiftCompile normal arm64 Compiling\ GeometryCollection+Codable.swift,\ JSON+Codable.swift,\ LineString+Codable.swift,\ MultiLineString+Codable.swift,\ MultiPoint+Codable.swift,\ MultiPolygon+Codable.swift /Users/admin/builder/spi-builder-workspace/.dependencies/checkouts/GEOSwift/Sources/GEOSwift/Codable/GeometryCollection+Codable.swift /Users/admin/builder/spi-builder-workspace/.dependencies/checkouts/GEOSwift/Sources/GEOSwift/Codable/JSON+Codable.swift /Users/admin/builder/spi-builder-workspace/.dependencies/checkouts/GEOSwift/Sources/GEOSwift/Codable/LineString+Codable.swift /Users/admin/builder/spi-builder-workspace/.dependencies/checkouts/GEOSwift/Sources/GEOSwift/Codable/MultiLineString+Codable.swift /Users/admin/builder/spi-builder-workspace/.dependencies/checkouts/GEOSwift/Sources/GEOSwift/Codable/MultiPoint+Codable.swift /Users/admin/builder/spi-builder-workspace/.dependencies/checkouts/GEOSwift/Sources/GEOSwift/Codable/MultiPolygon+Codable.swift (in target 'GEOSwift' from project 'GEOSwift')
SwiftCompile normal arm64 /Users/admin/builder/spi-builder-workspace/.dependencies/checkouts/GEOSwift/Sources/GEOSwift/Codable/GeometryCollection+Codable.swift (in target 'GEOSwift' from project 'GEOSwift')
cd /Users/admin/builder/spi-builder-workspace/.swiftpm/xcode
builtin-SwiftPerFileCompile GeometryCollection+Codable.swift
SwiftCompile normal arm64 /Users/admin/builder/spi-builder-workspace/.dependencies/checkouts/GEOSwift/Sources/GEOSwift/Codable/JSON+Codable.swift (in target 'GEOSwift' from project 'GEOSwift')
cd /Users/admin/builder/spi-builder-workspace/.swiftpm/xcode
builtin-SwiftPerFileCompile JSON+Codable.swift
SwiftCompile normal arm64 /Users/admin/builder/spi-builder-workspace/.dependencies/checkouts/GEOSwift/Sources/GEOSwift/Codable/LineString+Codable.swift (in target 'GEOSwift' from project 'GEOSwift')
cd /Users/admin/builder/spi-builder-workspace/.swiftpm/xcode
builtin-SwiftPerFileCompile LineString+Codable.swift
SwiftCompile normal arm64 /Users/admin/builder/spi-builder-workspace/.dependencies/checkouts/GEOSwift/Sources/GEOSwift/Codable/MultiLineString+Codable.swift (in target 'GEOSwift' from project 'GEOSwift')
cd /Users/admin/builder/spi-builder-workspace/.swiftpm/xcode
builtin-SwiftPerFileCompile MultiLineString+Codable.swift
SwiftCompile normal arm64 /Users/admin/builder/spi-builder-workspace/.dependencies/checkouts/GEOSwift/Sources/GEOSwift/Codable/MultiPoint+Codable.swift (in target 'GEOSwift' from project 'GEOSwift')
cd /Users/admin/builder/spi-builder-workspace/.swiftpm/xcode
builtin-SwiftPerFileCompile MultiPoint+Codable.swift
SwiftCompile normal arm64 /Users/admin/builder/spi-builder-workspace/.dependencies/checkouts/GEOSwift/Sources/GEOSwift/Codable/MultiPolygon+Codable.swift (in target 'GEOSwift' from project 'GEOSwift')
cd /Users/admin/builder/spi-builder-workspace/.swiftpm/xcode
builtin-SwiftPerFileCompile MultiPolygon+Codable.swift
SwiftCompile normal arm64 Compiling\ WKBConvertible.swift,\ WKBInitializable.swift,\ WKTConvertible.swift,\ WKTInitializable.swift,\ GEOSwiftError.swift /Users/admin/builder/spi-builder-workspace/.dependencies/checkouts/GEOSwift/Sources/GEOSwift/GEOS/WKBConvertible.swift /Users/admin/builder/spi-builder-workspace/.dependencies/checkouts/GEOSwift/Sources/GEOSwift/GEOS/WKBInitializable.swift /Users/admin/builder/spi-builder-workspace/.dependencies/checkouts/GEOSwift/Sources/GEOSwift/GEOS/WKTConvertible.swift /Users/admin/builder/spi-builder-workspace/.dependencies/checkouts/GEOSwift/Sources/GEOSwift/GEOS/WKTInitializable.swift /Users/admin/builder/spi-builder-workspace/.dependencies/checkouts/GEOSwift/Sources/GEOSwift/GEOSwiftError.swift (in target 'GEOSwift' from project 'GEOSwift')
SwiftCompile normal arm64 /Users/admin/builder/spi-builder-workspace/.dependencies/checkouts/GEOSwift/Sources/GEOSwift/GEOS/WKBConvertible.swift (in target 'GEOSwift' from project 'GEOSwift')
cd /Users/admin/builder/spi-builder-workspace/.swiftpm/xcode
builtin-SwiftPerFileCompile WKBConvertible.swift
SwiftCompile normal arm64 /Users/admin/builder/spi-builder-workspace/.dependencies/checkouts/GEOSwift/Sources/GEOSwift/GEOS/WKBInitializable.swift (in target 'GEOSwift' from project 'GEOSwift')
cd /Users/admin/builder/spi-builder-workspace/.swiftpm/xcode
builtin-SwiftPerFileCompile WKBInitializable.swift
SwiftCompile normal arm64 /Users/admin/builder/spi-builder-workspace/.dependencies/checkouts/GEOSwift/Sources/GEOSwift/GEOS/WKTConvertible.swift (in target 'GEOSwift' from project 'GEOSwift')
cd /Users/admin/builder/spi-builder-workspace/.swiftpm/xcode
builtin-SwiftPerFileCompile WKTConvertible.swift
SwiftCompile normal arm64 /Users/admin/builder/spi-builder-workspace/.dependencies/checkouts/GEOSwift/Sources/GEOSwift/GEOS/WKTInitializable.swift (in target 'GEOSwift' from project 'GEOSwift')
cd /Users/admin/builder/spi-builder-workspace/.swiftpm/xcode
builtin-SwiftPerFileCompile WKTInitializable.swift
SwiftCompile normal arm64 /Users/admin/builder/spi-builder-workspace/.dependencies/checkouts/GEOSwift/Sources/GEOSwift/GEOSwiftError.swift (in target 'GEOSwift' from project 'GEOSwift')
cd /Users/admin/builder/spi-builder-workspace/.swiftpm/xcode
builtin-SwiftPerFileCompile GEOSwiftError.swift
SwiftDriverJobDiscovery normal arm64 Compiling Point.swift, Polygon.swift (in target 'Turf' from project 'Turf')
SwiftDriverJobDiscovery normal arm64 Compiling MultiPoint.swift, MultiPolygon.swift (in target 'Turf' from project 'Turf')
SwiftDriverJobDiscovery normal arm64 Compiling Geometry.swift, JSON.swift (in target 'Turf' from project 'Turf')
SwiftCompile normal arm64 Compiling\ CodableGeometry.swift,\ Feature+Codable.swift,\ FeatureCollection+Codable.swift,\ GeoJSON+Codable.swift,\ GeoJSONType.swift,\ Geometry+Codable.swift /Users/admin/builder/spi-builder-workspace/.dependencies/checkouts/GEOSwift/Sources/GEOSwift/Codable/CodableGeometry.swift /Users/admin/builder/spi-builder-workspace/.dependencies/checkouts/GEOSwift/Sources/GEOSwift/Codable/Feature+Codable.swift /Users/admin/builder/spi-builder-workspace/.dependencies/checkouts/GEOSwift/Sources/GEOSwift/Codable/FeatureCollection+Codable.swift /Users/admin/builder/spi-builder-workspace/.dependencies/checkouts/GEOSwift/Sources/GEOSwift/Codable/GeoJSON+Codable.swift /Users/admin/builder/spi-builder-workspace/.dependencies/checkouts/GEOSwift/Sources/GEOSwift/Codable/GeoJSONType.swift /Users/admin/builder/spi-builder-workspace/.dependencies/checkouts/GEOSwift/Sources/GEOSwift/Codable/Geometry+Codable.swift (in target 'GEOSwift' from project 'GEOSwift')
SwiftCompile normal arm64 /Users/admin/builder/spi-builder-workspace/.dependencies/checkouts/GEOSwift/Sources/GEOSwift/Codable/CodableGeometry.swift (in target 'GEOSwift' from project 'GEOSwift')
cd /Users/admin/builder/spi-builder-workspace/.swiftpm/xcode
builtin-SwiftPerFileCompile CodableGeometry.swift
SwiftCompile normal arm64 /Users/admin/builder/spi-builder-workspace/.dependencies/checkouts/GEOSwift/Sources/GEOSwift/Codable/Feature+Codable.swift (in target 'GEOSwift' from project 'GEOSwift')
cd /Users/admin/builder/spi-builder-workspace/.swiftpm/xcode
builtin-SwiftPerFileCompile Feature+Codable.swift
SwiftCompile normal arm64 /Users/admin/builder/spi-builder-workspace/.dependencies/checkouts/GEOSwift/Sources/GEOSwift/Codable/FeatureCollection+Codable.swift (in target 'GEOSwift' from project 'GEOSwift')
cd /Users/admin/builder/spi-builder-workspace/.swiftpm/xcode
builtin-SwiftPerFileCompile FeatureCollection+Codable.swift
SwiftCompile normal arm64 /Users/admin/builder/spi-builder-workspace/.dependencies/checkouts/GEOSwift/Sources/GEOSwift/Codable/GeoJSON+Codable.swift (in target 'GEOSwift' from project 'GEOSwift')
cd /Users/admin/builder/spi-builder-workspace/.swiftpm/xcode
builtin-SwiftPerFileCompile GeoJSON+Codable.swift
SwiftCompile normal arm64 /Users/admin/builder/spi-builder-workspace/.dependencies/checkouts/GEOSwift/Sources/GEOSwift/Codable/GeoJSONType.swift (in target 'GEOSwift' from project 'GEOSwift')
cd /Users/admin/builder/spi-builder-workspace/.swiftpm/xcode
builtin-SwiftPerFileCompile GeoJSONType.swift
SwiftCompile normal arm64 /Users/admin/builder/spi-builder-workspace/.dependencies/checkouts/GEOSwift/Sources/GEOSwift/Codable/Geometry+Codable.swift (in target 'GEOSwift' from project 'GEOSwift')
cd /Users/admin/builder/spi-builder-workspace/.swiftpm/xcode
builtin-SwiftPerFileCompile Geometry+Codable.swift
SwiftDriverJobDiscovery normal arm64 Compiling Turf.swift, WKT.swift (in target 'Turf' from project 'Turf')
SwiftDriverJobDiscovery normal arm64 Compiling GeometryCollection.swift, LineString.swift, MultiLineString.swift (in target 'Turf' from project 'Turf')
SwiftDriverJobDiscovery normal arm64 Compiling BoundingBox.swift, Codable.swift, Consumer+WKT.swift (in target 'Turf' from project 'Turf')
SwiftDriverJobDiscovery normal arm64 Compiling Consumer.swift, CoreLocation.swift, Feature.swift (in target 'Turf' from project 'Turf')
SwiftCompile normal arm64 Compiling\ GEOSError.swift,\ GEOSHelpers.swift,\ GEOSObject.swift,\ Geometry+GEOS.swift,\ GeometryCollection+GEOS.swift /Users/admin/builder/spi-builder-workspace/.dependencies/checkouts/GEOSwift/Sources/GEOSwift/GEOS/GEOSError.swift /Users/admin/builder/spi-builder-workspace/.dependencies/checkouts/GEOSwift/Sources/GEOSwift/GEOS/GEOSHelpers.swift /Users/admin/builder/spi-builder-workspace/.dependencies/checkouts/GEOSwift/Sources/GEOSwift/GEOS/GEOSObject.swift /Users/admin/builder/spi-builder-workspace/.dependencies/checkouts/GEOSwift/Sources/GEOSwift/GEOS/Geometry+GEOS.swift /Users/admin/builder/spi-builder-workspace/.dependencies/checkouts/GEOSwift/Sources/GEOSwift/GEOS/GeometryCollection+GEOS.swift (in target 'GEOSwift' from project 'GEOSwift')
SwiftCompile normal arm64 /Users/admin/builder/spi-builder-workspace/.dependencies/checkouts/GEOSwift/Sources/GEOSwift/GEOS/GEOSError.swift (in target 'GEOSwift' from project 'GEOSwift')
cd /Users/admin/builder/spi-builder-workspace/.swiftpm/xcode
builtin-SwiftPerFileCompile GEOSError.swift
SwiftCompile normal arm64 /Users/admin/builder/spi-builder-workspace/.dependencies/checkouts/GEOSwift/Sources/GEOSwift/GEOS/GEOSHelpers.swift (in target 'GEOSwift' from project 'GEOSwift')
cd /Users/admin/builder/spi-builder-workspace/.swiftpm/xcode
builtin-SwiftPerFileCompile GEOSHelpers.swift
SwiftCompile normal arm64 /Users/admin/builder/spi-builder-workspace/.dependencies/checkouts/GEOSwift/Sources/GEOSwift/GEOS/GEOSObject.swift (in target 'GEOSwift' from project 'GEOSwift')
cd /Users/admin/builder/spi-builder-workspace/.swiftpm/xcode
builtin-SwiftPerFileCompile GEOSObject.swift
SwiftCompile normal arm64 /Users/admin/builder/spi-builder-workspace/.dependencies/checkouts/GEOSwift/Sources/GEOSwift/GEOS/Geometry+GEOS.swift (in target 'GEOSwift' from project 'GEOSwift')
cd /Users/admin/builder/spi-builder-workspace/.swiftpm/xcode
builtin-SwiftPerFileCompile Geometry+GEOS.swift
SwiftCompile normal arm64 /Users/admin/builder/spi-builder-workspace/.dependencies/checkouts/GEOSwift/Sources/GEOSwift/GEOS/GeometryCollection+GEOS.swift (in target 'GEOSwift' from project 'GEOSwift')
cd /Users/admin/builder/spi-builder-workspace/.swiftpm/xcode
builtin-SwiftPerFileCompile GeometryCollection+GEOS.swift
CompileC /Users/admin/builder/spi-builder-workspace/.derivedData/Build/Intermediates.noindex/geos.build/Debug/geos-t.build/Objects-normal/arm64/d2s.o /Users/admin/builder/spi-builder-workspace/.dependencies/checkouts/geos/Sources/geos/src/deps/ryu/d2s.c normal arm64 c com.apple.compilers.llvm.clang.1_0.compiler (in target 'geos' from project 'geos')
cd /Users/admin/builder/spi-builder-workspace/.swiftpm/xcode
Using response file: /Users/admin/builder/spi-builder-workspace/.derivedData/Build/Intermediates.noindex/geos.build/Debug/geos-t.build/Objects-normal/arm64/7187679823f38a2a940e0043cdf9d637-common-args.resp
/Applications/Xcode-27.0.0-Release.Candidate.app/Contents/Developer/Toolchains/XcodeDefault.xctoolchain/usr/bin/clang -x c -ivfsstatcache /Users/admin/builder/spi-builder-workspace/.derivedData/SDKStatCaches.noindex/macosx27.0-26A425-e829b21a6f8c9b70876ba0858053c0446a22442a12e9d48fe1a705f55a1adfc4.sdkstatcache -target arm64-apple-macos12.0 -fmessage-length\=0 -fdiagnostics-show-note-include-stack -fmacro-backtrace-limit\=0 -fno-color-diagnostics -fmodules-prune-interval\=86400 -fmodules-prune-after\=345600 -fbuild-session-file\=/Users/admin/builder/spi-builder-workspace/.derivedData/ModuleCache.noindex/Session.modulevalidation -fmodules-validate-once-per-build-session -Wnon-modular-include-in-framework-module -Werror\=non-modular-include-in-framework-module -Wno-trigraphs -Wno-missing-field-initializers -Wno-missing-prototypes -Wno-return-type -Wno-missing-braces -Wparentheses -Wswitch -Wno-unused-function -Wno-unused-label -Wno-unused-parameter -Wno-unused-variable -Wunused-value -Wno-empty-body -Wno-uninitialized -Wno-unknown-pragmas -w -Wno-shadow -Wno-four-char-constants -Wno-conversion -Wno-constant-conversion -Wno-int-conversion -Wno-bool-conversion -Wno-enum-conversion -Wno-float-conversion -Wno-non-literal-null-conversion -Wno-objc-literal-conversion -Wshorten-64-to-32 -Wpointer-sign -Wno-newline-eof -Wno-implicit-fallthrough -isysroot /Applications/Xcode-27.0.0-Release.Candidate.app/Contents/Developer/Platforms/MacOSX.platform/Developer/SDKs/MacOSX27.0.sdk -fstrict-aliasing -Wdeprecated-declarations -Wno-sign-conversion -Wno-infinite-recursion -Wno-comma -Wno-block-capture-autoreleasing -Wno-strict-prototypes -Wno-semicolon-before-method-body -index-store-path /Users/admin/builder/spi-builder-workspace/.derivedData/Index.noindex/DataStore @/Users/admin/builder/spi-builder-workspace/.derivedData/Build/Intermediates.noindex/geos.build/Debug/geos-t.build/Objects-normal/arm64/7187679823f38a2a940e0043cdf9d637-common-args.resp -MMD -MT dependencies -MF /Users/admin/builder/spi-builder-workspace/.derivedData/Build/Intermediates.noindex/geos.build/Debug/geos-t.build/Objects-normal/arm64/d2s.d --serialize-diagnostics /Users/admin/builder/spi-builder-workspace/.derivedData/Build/Intermediates.noindex/geos.build/Debug/geos-t.build/Objects-normal/arm64/d2s.dia -c /Users/admin/builder/spi-builder-workspace/.dependencies/checkouts/geos/Sources/geos/src/deps/ryu/d2s.c -o /Users/admin/builder/spi-builder-workspace/.derivedData/Build/Intermediates.noindex/geos.build/Debug/geos-t.build/Objects-normal/arm64/d2s.o -index-unit-output-path /geos.build/Debug/geos-t.build/Objects-normal/arm64/d2s.o
SwiftDriverJobDiscovery normal arm64 Compiling MultiLineString.swift, MultiPoint.swift, MultiPolygon.swift, Point.swift, Polygon.swift (in target 'GEOSwift' from project 'GEOSwift')
SwiftDriver\ Compilation Turf normal arm64 com.apple.xcode.tools.swift.compiler (in target 'Turf' from project 'Turf')
cd /Users/admin/builder/spi-builder-workspace/.swiftpm/xcode
builtin-Swift-Compilation -- /Applications/Xcode-27.0.0-Release.Candidate.app/Contents/Developer/Toolchains/XcodeDefault.xctoolchain/usr/bin/swiftc -parse-as-library -module-name Turf -Onone @/Users/admin/builder/spi-builder-workspace/.derivedData/Build/Intermediates.noindex/Turf.build/Debug/Turf-t.build/Objects-normal/arm64/Turf.SwiftFileList -DSWIFT_PACKAGE -DDEBUG -DSWIFT_MODULE_RESOURCE_BUNDLE_UNAVAILABLE -DXcode -plugin-path /Applications/Xcode-27.0.0-Release.Candidate.app/Contents/Developer/Toolchains/XcodeDefault.xctoolchain/usr/lib/swift/host/plugins/testing -enable-experimental-feature DebugDescriptionMacro -sdk /Applications/Xcode-27.0.0-Release.Candidate.app/Contents/Developer/Platforms/MacOSX.platform/Developer/SDKs/MacOSX27.0.sdk -target arm64-apple-macos12.0 -g -module-cache-path /Users/admin/builder/spi-builder-workspace/.derivedData/ModuleCache.noindex -Xfrontend -serialize-debugging-options -profile-coverage-mapping -profile-generate -enable-testing -suppress-warnings -index-store-path /Users/admin/builder/spi-builder-workspace/.derivedData/Index.noindex/DataStore -Xcc -D_LIBCPP_HARDENING_MODE\=_LIBCPP_HARDENING_MODE_DEBUG -swift-version 5 -I /Users/admin/builder/spi-builder-workspace/.derivedData/Build/Products/Debug -Isystem /Applications/Xcode-27.0.0-Release.Candidate.app/Contents/Developer/Platforms/MacOSX.platform/Developer/usr/lib -F /Users/admin/builder/spi-builder-workspace/.derivedData/Build/Products/Debug -F /Applications/Xcode-27.0.0-Release.Candidate.app/Contents/Developer/Platforms/MacOSX.platform/Developer/Library/Frameworks -c -j10 -enable-batch-mode -incremental -Xcc -ivfsstatcache -Xcc /Users/admin/builder/spi-builder-workspace/.derivedData/SDKStatCaches.noindex/macosx27.0-26A425-e829b21a6f8c9b70876ba0858053c0446a22442a12e9d48fe1a705f55a1adfc4.sdkstatcache -output-file-map /Users/admin/builder/spi-builder-workspace/.derivedData/Build/Intermediates.noindex/Turf.build/Debug/Turf-t.build/Objects-normal/arm64/Turf-OutputFileMap.json -save-temps -no-color-diagnostics -explicit-module-build -module-cache-path /Users/admin/builder/spi-builder-workspace/.derivedData/Build/Intermediates.noindex/SwiftExplicitPrecompiledModules -clang-scanner-module-cache-path /Users/admin/builder/spi-builder-workspace/.derivedData/ModuleCache.noindex -sdk-module-cache-path /Users/admin/builder/spi-builder-workspace/.derivedData/SDKExplicitPrecompiledModules -emit-dependencies -emit-module -emit-module-path /Users/admin/builder/spi-builder-workspace/.derivedData/Build/Intermediates.noindex/Turf.build/Debug/Turf-t.build/Objects-normal/arm64/Turf.swiftmodule -serialize-diagnostics -dependency-scan-serialize-diagnostics-path /Users/admin/builder/spi-builder-workspace/.derivedData/Build/Intermediates.noindex/Turf.build/Debug/Turf-t.build/Objects-normal/arm64/Turf-dependency-scan.dia -validate-clang-modules-once -clang-build-session-file /Users/admin/builder/spi-builder-workspace/.derivedData/ModuleCache.noindex/Session.modulevalidation -Xcc -fmodules-prune-interval\=86400 -Xcc -fmodules-prune-after\=345600 -emit-const-values -const-gather-protocols-list /Users/admin/builder/spi-builder-workspace/.derivedData/Build/Intermediates.noindex/Turf.build/Debug/Turf-t.build/Objects-normal/arm64/Turf_const_extract_protocols.json -Xcc -I/Users/admin/builder/spi-builder-workspace/.derivedData/Build/Products/Debug/include -Xcc -I/Users/admin/builder/spi-builder-workspace/.derivedData/Build/Intermediates.noindex/Turf.build/Debug/Turf-t.build/DerivedSources-normal/arm64 -Xcc -I/Users/admin/builder/spi-builder-workspace/.derivedData/Build/Intermediates.noindex/Turf.build/Debug/Turf-t.build/DerivedSources/arm64 -Xcc -I/Users/admin/builder/spi-builder-workspace/.derivedData/Build/Intermediates.noindex/Turf.build/Debug/Turf-t.build/DerivedSources -Xcc -DSWIFT_PACKAGE -Xcc -DDEBUG\=1 -emit-objc-header -emit-objc-header-path /Users/admin/builder/spi-builder-workspace/.derivedData/Build/Intermediates.noindex/Turf.build/Debug/Turf-t.build/Objects-normal/arm64/Turf-Swift.h -working-directory /Users/admin/builder/spi-builder-workspace/.swiftpm/xcode -experimental-emit-module-separately -disable-cmo
Ld /Users/admin/builder/spi-builder-workspace/.derivedData/Build/Products/Debug/geos.o normal (in target 'geos' from project 'geos')
cd /Users/admin/builder/spi-builder-workspace/.dependencies/checkouts/geos
/Applications/Xcode-27.0.0-Release.Candidate.app/Contents/Developer/Toolchains/XcodeDefault.xctoolchain/usr/bin/clang++ -Xlinker -reproducible -target arm64-apple-macos12.0 -r -isysroot /Applications/Xcode-27.0.0-Release.Candidate.app/Contents/Developer/Platforms/MacOSX.platform/Developer/SDKs/MacOSX27.0.sdk -O0 -w -Xlinker -no_warn_duplicate_libraries -F/Users/admin/builder/spi-builder-workspace/.derivedData/Build/Intermediates.noindex/EagerLinkingTBDs/Debug -F/Users/admin/builder/spi-builder-workspace/.derivedData/Build/Products/Debug -iframework /Applications/Xcode-27.0.0-Release.Candidate.app/Contents/Developer/Platforms/MacOSX.platform/Developer/Library/Frameworks -filelist /Users/admin/builder/spi-builder-workspace/.derivedData/Build/Intermediates.noindex/geos.build/Debug/geos-t.build/Objects-normal/arm64/geos.LinkFileList -nostdlib -Xlinker -object_path_lto -Xlinker /Users/admin/builder/spi-builder-workspace/.derivedData/Build/Intermediates.noindex/geos.build/Debug/geos-t.build/Objects-normal/arm64/geos_lto.o -Xlinker -no_deduplicate -Xlinker -debug_variant -Xlinker -dependency_info -Xlinker /Users/admin/builder/spi-builder-workspace/.derivedData/Build/Intermediates.noindex/geos.build/Debug/geos-t.build/Objects-normal/arm64/geos_dependency_info.dat -o /Users/admin/builder/spi-builder-workspace/.derivedData/Build/Products/Debug/geos.o
SwiftDriverJobDiscovery normal arm64 Compiling GeometryCollection+Codable.swift, JSON+Codable.swift, LineString+Codable.swift, MultiLineString+Codable.swift, MultiPoint+Codable.swift, MultiPolygon+Codable.swift (in target 'GEOSwift' from project 'GEOSwift')
Ld /Users/admin/builder/spi-builder-workspace/.derivedData/Build/Products/Debug/Turf.o normal (in target 'Turf' from project 'Turf')
cd /Users/admin/builder/spi-builder-workspace/.dependencies/checkouts/turf-swift
/Applications/Xcode-27.0.0-Release.Candidate.app/Contents/Developer/Toolchains/XcodeDefault.xctoolchain/usr/bin/clang -Xlinker -reproducible -target arm64-apple-macos12.0 -r -isysroot /Applications/Xcode-27.0.0-Release.Candidate.app/Contents/Developer/Platforms/MacOSX.platform/Developer/SDKs/MacOSX27.0.sdk -O0 -w -Xlinker -no_warn_duplicate_libraries -F/Users/admin/builder/spi-builder-workspace/.derivedData/Build/Intermediates.noindex/EagerLinkingTBDs/Debug -F/Users/admin/builder/spi-builder-workspace/.derivedData/Build/Products/Debug -iframework /Applications/Xcode-27.0.0-Release.Candidate.app/Contents/Developer/Platforms/MacOSX.platform/Developer/Library/Frameworks -filelist /Users/admin/builder/spi-builder-workspace/.derivedData/Build/Intermediates.noindex/Turf.build/Debug/Turf-t.build/Objects-normal/arm64/Turf.LinkFileList -nostdlib -Xlinker -object_path_lto -Xlinker /Users/admin/builder/spi-builder-workspace/.derivedData/Build/Intermediates.noindex/Turf.build/Debug/Turf-t.build/Objects-normal/arm64/Turf_lto.o -Xlinker -no_deduplicate -Xlinker -debug_variant -Xlinker -dependency_info -Xlinker /Users/admin/builder/spi-builder-workspace/.derivedData/Build/Intermediates.noindex/Turf.build/Debug/Turf-t.build/Objects-normal/arm64/Turf_dependency_info.dat -fobjc-link-runtime -L/Applications/Xcode-27.0.0-Release.Candidate.app/Contents/Developer/Toolchains/XcodeDefault.xctoolchain/usr/lib/swift/macosx -L/usr/lib/swift -Xlinker -add_ast_path -Xlinker /Users/admin/builder/spi-builder-workspace/.derivedData/Build/Intermediates.noindex/Turf.build/Debug/Turf-t.build/Objects-normal/arm64/Turf.swiftmodule -o /Users/admin/builder/spi-builder-workspace/.derivedData/Build/Products/Debug/Turf.o
SwiftDriverJobDiscovery normal arm64 Compiling GeometryCollection.swift, GeometryConvertible.swift, JSON.swift, LineString.swift, LineStringConvertible.swift (in target 'GEOSwift' from project 'GEOSwift')
SwiftDriverJobDiscovery normal arm64 Compiling Boundable.swift, Circle.swift, ClosednessTestable.swift, Envelope.swift, GEOSContext.swift (in target 'GEOSwift' from project 'GEOSwift')
SwiftDriverJobDiscovery normal arm64 Compiling WKBConvertible.swift, WKBInitializable.swift, WKTConvertible.swift, WKTInitializable.swift, GEOSwiftError.swift (in target 'GEOSwift' from project 'GEOSwift')
SwiftDriver GeoJSONSwiftHelper normal arm64 com.apple.xcode.tools.swift.compiler (in target 'GeoJSONSwiftHelper' from project 'GeoJSONSwiftHelper')
cd /Users/admin/builder/spi-builder-workspace/.swiftpm/xcode
builtin-SwiftDriver -- /Applications/Xcode-27.0.0-Release.Candidate.app/Contents/Developer/Toolchains/XcodeDefault.xctoolchain/usr/bin/swiftc -parse-as-library -module-name GeoJSONSwiftHelper -Onone @/Users/admin/builder/spi-builder-workspace/.derivedData/Build/Intermediates.noindex/GeoJSONSwiftHelper.build/Debug/GeoJSONSwiftHelper-t.build/Objects-normal/arm64/GeoJSONSwiftHelper.SwiftFileList -DSWIFT_PACKAGE -DDEBUG -DSWIFT_MODULE_RESOURCE_BUNDLE_UNAVAILABLE -Xcc -fmodule-map-file\=/Users/admin/builder/spi-builder-workspace/.derivedData/Build/Intermediates.noindex/GeneratedModuleMaps/geos.modulemap -DXcode -plugin-path /Applications/Xcode-27.0.0-Release.Candidate.app/Contents/Developer/Toolchains/XcodeDefault.xctoolchain/usr/lib/swift/host/plugins/testing -enable-experimental-feature DebugDescriptionMacro -sdk /Applications/Xcode-27.0.0-Release.Candidate.app/Contents/Developer/Platforms/MacOSX.platform/Developer/SDKs/MacOSX27.0.sdk -target arm64-apple-macos12.0 -g -module-cache-path /Users/admin/builder/spi-builder-workspace/.derivedData/ModuleCache.noindex -Xfrontend -serialize-debugging-options -profile-coverage-mapping -profile-generate -enable-testing -index-store-path /Users/admin/builder/spi-builder-workspace/.derivedData/Index.noindex/DataStore -Xcc -D_LIBCPP_HARDENING_MODE\=_LIBCPP_HARDENING_MODE_DEBUG -swift-version 5 -I /Users/admin/builder/spi-builder-workspace/.derivedData/Build/Products/Debug -Isystem /Applications/Xcode-27.0.0-Release.Candidate.app/Contents/Developer/Platforms/MacOSX.platform/Developer/usr/lib -F /Users/admin/builder/spi-builder-workspace/.derivedData/Build/Products/Debug/PackageFrameworks -F /Users/admin/builder/spi-builder-workspace/.derivedData/Build/Products/Debug -F /Applications/Xcode-27.0.0-Release.Candidate.app/Contents/Developer/Platforms/MacOSX.platform/Developer/Library/Frameworks -c -j10 -enable-batch-mode -incremental -Xcc -ivfsstatcache -Xcc /Users/admin/builder/spi-builder-workspace/.derivedData/SDKStatCaches.noindex/macosx27.0-26A425-e829b21a6f8c9b70876ba0858053c0446a22442a12e9d48fe1a705f55a1adfc4.sdkstatcache -output-file-map /Users/admin/builder/spi-builder-workspace/.derivedData/Build/Intermediates.noindex/GeoJSONSwiftHelper.build/Debug/GeoJSONSwiftHelper-t.build/Objects-normal/arm64/GeoJSONSwiftHelper-OutputFileMap.json -save-temps -no-color-diagnostics -explicit-module-build -module-cache-path /Users/admin/builder/spi-builder-workspace/.derivedData/Build/Intermediates.noindex/SwiftExplicitPrecompiledModules -clang-scanner-module-cache-path /Users/admin/builder/spi-builder-workspace/.derivedData/ModuleCache.noindex -sdk-module-cache-path /Users/admin/builder/spi-builder-workspace/.derivedData/SDKExplicitPrecompiledModules -emit-dependencies -emit-module -emit-module-path /Users/admin/builder/spi-builder-workspace/.derivedData/Build/Intermediates.noindex/GeoJSONSwiftHelper.build/Debug/GeoJSONSwiftHelper-t.build/Objects-normal/arm64/GeoJSONSwiftHelper.swiftmodule -serialize-diagnostics -dependency-scan-serialize-diagnostics-path /Users/admin/builder/spi-builder-workspace/.derivedData/Build/Intermediates.noindex/GeoJSONSwiftHelper.build/Debug/GeoJSONSwiftHelper-t.build/Objects-normal/arm64/GeoJSONSwiftHelper-dependency-scan.dia -validate-clang-modules-once -clang-build-session-file /Users/admin/builder/spi-builder-workspace/.derivedData/ModuleCache.noindex/Session.modulevalidation -Xcc -fmodules-prune-interval\=86400 -Xcc -fmodules-prune-after\=345600 -emit-const-values -const-gather-protocols-list /Users/admin/builder/spi-builder-workspace/.derivedData/Build/Intermediates.noindex/GeoJSONSwiftHelper.build/Debug/GeoJSONSwiftHelper-t.build/Objects-normal/arm64/GeoJSONSwiftHelper_const_extract_protocols.json -Xcc -I/Users/admin/builder/spi-builder-workspace/.dependencies/checkouts/geos/Sources/geos/public -Xcc -I/Users/admin/builder/spi-builder-workspace/.derivedData/Build/Products/Debug/include -Xcc -I/Users/admin/builder/spi-builder-workspace/.derivedData/Build/Intermediates.noindex/GeoJSONSwiftHelper.build/Debug/GeoJSONSwiftHelper-t.build/DerivedSources-normal/arm64 -Xcc -I/Users/admin/builder/spi-builder-workspace/.derivedData/Build/Intermediates.noindex/GeoJSONSwiftHelper.build/Debug/GeoJSONSwiftHelper-t.build/DerivedSources/arm64 -Xcc -I/Users/admin/builder/spi-builder-workspace/.derivedData/Build/Intermediates.noindex/GeoJSONSwiftHelper.build/Debug/GeoJSONSwiftHelper-t.build/DerivedSources -Xcc -DSWIFT_PACKAGE -Xcc -DDEBUG\=1 -emit-objc-header -emit-objc-header-path /Users/admin/builder/spi-builder-workspace/.derivedData/Build/Intermediates.noindex/GeoJSONSwiftHelper.build/Debug/GeoJSONSwiftHelper-t.build/Objects-normal/arm64/GeoJSONSwiftHelper-Swift.h -working-directory /Users/admin/builder/spi-builder-workspace/.swiftpm/xcode -experimental-emit-module-separately -disable-cmo
ExtractAppIntentsMetadata (in target 'Turf' from project 'Turf')
cd /Users/admin/builder/spi-builder-workspace/.dependencies/checkouts/turf-swift
/Applications/Xcode-27.0.0-Release.Candidate.app/Contents/Developer/Toolchains/XcodeDefault.xctoolchain/usr/bin/appintentsmetadataprocessor --toolchain-dir /var/run/com.apple.security.cryptexd/mnt/com.apple.MobileAsset.MetalToolchain-v27.1.266.1.ngXZbn/Metal.xctoolchain --module-name Turf --sdk-root /Applications/Xcode-27.0.0-Release.Candidate.app/Contents/Developer/Platforms/MacOSX.platform/Developer/SDKs/MacOSX27.0.sdk --xcode-version 27A266a --platform-family macOS --deployment-target 12.0 --bundle-identifier turf-swift.Turf --output /Users/admin/builder/spi-builder-workspace/.derivedData/Build/Products/Debug/Turf.appintents --target-triple arm64-apple-macos12.0 --binary-file /Users/admin/builder/spi-builder-workspace/.derivedData/Build/Products/Debug/Turf.o --dependency-file /Users/admin/builder/spi-builder-workspace/.derivedData/Build/Intermediates.noindex/Turf.build/Debug/Turf-t.build/Objects-normal/arm64/Turf_dependency_info.dat --stringsdata-file /Users/admin/builder/spi-builder-workspace/.derivedData/Build/Intermediates.noindex/Turf.build/Debug/Turf-t.build/Objects-normal/arm64/ExtractedAppShortcutsMetadata.stringsdata --source-file-list /Users/admin/builder/spi-builder-workspace/.derivedData/Build/Intermediates.noindex/Turf.build/Debug/Turf-t.build/Objects-normal/arm64/Turf.SwiftFileList --metadata-file-list /Users/admin/builder/spi-builder-workspace/.derivedData/Build/Intermediates.noindex/Turf.build/Debug/Turf-t.build/Turf.DependencyMetadataFileList --static-metadata-file-list /Users/admin/builder/spi-builder-workspace/.derivedData/Build/Intermediates.noindex/Turf.build/Debug/Turf-t.build/Turf.DependencyStaticMetadataFileList --swift-const-vals-list /Users/admin/builder/spi-builder-workspace/.derivedData/Build/Intermediates.noindex/Turf.build/Debug/Turf-t.build/Objects-normal/arm64/Turf.SwiftConstValuesFileList --force --compile-time-extraction --deployment-aware-processing --no-app-shortcuts-localization
2026-09-21 15:55:45.061 appintentsmetadataprocessor[1755:6291] Starting appintentsmetadataprocessor export
SwiftDriverJobDiscovery normal arm64 Compiling CodableGeometry.swift, Feature+Codable.swift, FeatureCollection+Codable.swift, GeoJSON+Codable.swift, GeoJSONType.swift, Geometry+Codable.swift (in target 'GEOSwift' from project 'GEOSwift')
SwiftDriverJobDiscovery normal arm64 Compiling Point+Codable.swift, Polygon+Codable.swift, Feature.swift, FeatureCollection.swift, GeoJSON.swift, Geometry.swift (in target 'GEOSwift' from project 'GEOSwift')
SwiftDriverJobDiscovery normal arm64 Compiling MultiPolygon+GEOS.swift, Point+GEOS.swift, Polygon+GEOS.swift, PreparedGeometry.swift, SimplicityTestable.swift (in target 'GEOSwift' from project 'GEOSwift')
ProcessInfoPlistFile /Users/admin/builder/spi-builder-workspace/.derivedData/Build/Products/Debug/PackageFrameworks/geos.framework/Versions/A/Resources/Info.plist /Users/admin/builder/spi-builder-workspace/.derivedData/Build/Intermediates.noindex/geos.build/Debug/geos-product-t.build/empty-geos.plist (in target 'geos-product' from project 'geos')
cd /Users/admin/builder/spi-builder-workspace/.dependencies/checkouts/geos
builtin-infoPlistUtility /Users/admin/builder/spi-builder-workspace/.derivedData/Build/Intermediates.noindex/geos.build/Debug/geos-product-t.build/empty-geos.plist -producttype com.apple.product-type.framework -expandbuildsettings -platform macosx -o /Users/admin/builder/spi-builder-workspace/.derivedData/Build/Products/Debug/PackageFrameworks/geos.framework/Versions/A/Resources/Info.plist
Ld /Users/admin/builder/spi-builder-workspace/.derivedData/Build/Products/Debug/PackageFrameworks/geos.framework/Versions/A/geos normal (in target 'geos-product' from project 'geos')
cd /Users/admin/builder/spi-builder-workspace/.dependencies/checkouts/geos
/Applications/Xcode-27.0.0-Release.Candidate.app/Contents/Developer/Toolchains/XcodeDefault.xctoolchain/usr/bin/clang -Xlinker -reproducible -target arm64-apple-macos12.0 -dynamiclib -isysroot /Applications/Xcode-27.0.0-Release.Candidate.app/Contents/Developer/Platforms/MacOSX.platform/Developer/SDKs/MacOSX27.0.sdk -O0 -w -Xlinker -no_warn_duplicate_libraries -L/Users/admin/builder/spi-builder-workspace/.derivedData/Build/Intermediates.noindex/EagerLinkingTBDs/Debug -L/Users/admin/builder/spi-builder-workspace/.derivedData/Build/Products/Debug -L/Applications/Xcode-27.0.0-Release.Candidate.app/Contents/Developer/Platforms/MacOSX.platform/Developer/usr/lib -F/Users/admin/builder/spi-builder-workspace/.derivedData/Build/Intermediates.noindex/EagerLinkingTBDs/Debug -F/Users/admin/builder/spi-builder-workspace/.derivedData/Build/Products/Debug/PackageFrameworks -F/Users/admin/builder/spi-builder-workspace/.derivedData/Build/Products/Debug -iframework /Applications/Xcode-27.0.0-Release.Candidate.app/Contents/Developer/Platforms/MacOSX.platform/Developer/Library/Frameworks -filelist /Users/admin/builder/spi-builder-workspace/.derivedData/Build/Intermediates.noindex/geos.build/Debug/geos-product-t.build/Objects-normal/arm64/geos.LinkFileList -install_name @rpath/geos.framework/Versions/A/geos -Xlinker -rpath -Xlinker @loader_path -Xlinker -rpath -Xlinker /Users/admin/builder/spi-builder-workspace/.derivedData/Build/Products/Debug/PackageFrameworks -Xlinker -object_path_lto -Xlinker /Users/admin/builder/spi-builder-workspace/.derivedData/Build/Intermediates.noindex/geos.build/Debug/geos-product-t.build/Objects-normal/arm64/geos_lto.o -rdynamic -Xlinker -no_deduplicate -Xlinker -debug_variant -Xlinker -dependency_info -Xlinker /Users/admin/builder/spi-builder-workspace/.derivedData/Build/Intermediates.noindex/geos.build/Debug/geos-product-t.build/Objects-normal/arm64/geos_dependency_info.dat -lc++ -o /Users/admin/builder/spi-builder-workspace/.derivedData/Build/Products/Debug/PackageFrameworks/geos.framework/Versions/A/geos
Undefined symbols for architecture arm64:
"___llvm_profile_runtime", referenced from:
___llvm_profile_runtime_user in geos.o
ld: symbol(s) not found for architecture arm64
/Users/admin/builder/spi-builder-workspace/.dependencies/checkouts/geos/Package.swift: geos-product: clang: error: linker command failed with exit code 1 (use -v to see invocation)
SwiftDriverJobDiscovery normal arm64 Compiling GEOSError.swift, GEOSHelpers.swift, GEOSObject.swift, Geometry+GEOS.swift, GeometryCollection+GEOS.swift (in target 'GEOSwift' from project 'GEOSwift')
PruneExplicitPrecompiledModules /Users/admin/builder/spi-builder-workspace/.derivedData/Build/Intermediates.noindex/SwiftExplicitPrecompiledModules
PruneExplicitPrecompiledModules /Users/admin/builder/spi-builder-workspace/.derivedData/SDKExplicitPrecompiledModules
PruneExplicitPrecompiledModules /Users/admin/builder/spi-builder-workspace/.derivedData/Build/Intermediates.noindex/ExplicitPrecompiledModules
2026-09-21 15:55:05.373 xcodebuild[761:4763] [MT] IDERunDestination: Supported platforms for the buildables in the current scheme is empty.
--- xcodebuild: WARNING: Using the first of multiple matching destinations:
{ platform:macOS, arch:arm64, id:4947e153f9d912d2470787ba1e9b93e6f83a72a6, name:My Mac }
{ platform:macOS, arch:arm64, variant:Mac Catalyst, id:4947e153f9d912d2470787ba1e9b93e6f83a72a6, name:My Mac }
{ platform:macOS, arch:arm64, variant:DriverKit, id:4947e153f9d912d2470787ba1e9b93e6f83a72a6, name:My Mac }
{ platform:macOS, arch:arm64, variant:Designed for [iPad,iPhone], id:4947e153f9d912d2470787ba1e9b93e6f83a72a6, name:My Mac }
** BUILD FAILED **
The following build commands failed:
Ld /Users/admin/builder/spi-builder-workspace/.derivedData/Build/Products/Debug/PackageFrameworks/geos.framework/Versions/A/geos normal (in target 'geos-product' from project 'geos')
Building workspace GeoJSONSwiftHelper with scheme GeoJSONSwiftHelper
(2 failures)
Command line invocation:
/Applications/Xcode-27.0.0-Release.Candidate.app/Contents/Developer/usr/bin/xcodebuild -IDEClonedSourcePackagesDirPathOverride=/Users/admin/builder/spi-builder-workspace/.dependencies -resolvePackageDependencies
Resolve Package Graph
Resolved source packages:
geos: https://github.com/GEOSwift/geos.git @ 9.0.0
GeoJSONSwiftHelper: /Users/admin/builder/spi-builder-workspace
GEOSwift: https://github.com/GEOSwift/GEOSwift.git @ 11.2.0
Turf: https://github.com/mapbox/turf-swift.git @ 3.1.0
resolved source packages: geos, GeoJSONSwiftHelper, GEOSwift, Turf
2026-09-21 15:55:47.090 xcodebuild[1758:6432] [MT] IDERunDestination: Supported platforms for the buildables in the current scheme is empty.
{
"dependencies" : [
{
"identity" : "turf-swift",
"requirement" : {
"range" : [
{
"lower_bound" : "3.0.0",
"upper_bound" : "4.0.0"
}
]
},
"type" : "sourceControl",
"url" : "https://github.com/mapbox/turf-swift.git"
},
{
"identity" : "geoswift",
"requirement" : {
"range" : [
{
"lower_bound" : "11.0.0",
"upper_bound" : "12.0.0"
}
]
},
"type" : "sourceControl",
"url" : "https://github.com/GEOSwift/GEOSwift.git"
}
],
"manifest_display_name" : "GeoJSONSwiftHelper",
"name" : "GeoJSONSwiftHelper",
"path" : "/Users/admin/builder/spi-builder-workspace",
"platforms" : [
{
"name" : "ios",
"version" : "15.0"
}
],
"products" : [
{
"name" : "GeoJSONSwiftHelper",
"targets" : [
"GeoJSONSwiftHelper"
],
"type" : {
"library" : [
"automatic"
]
}
}
],
"targets" : [
{
"c99name" : "GeoJSONSwiftHelperTests",
"module_type" : "SwiftTarget",
"name" : "GeoJSONSwiftHelperTests",
"path" : "Tests/GeoJSONSwiftHelperTests",
"product_dependencies" : [
"Turf",
"GEOSwift"
],
"sources" : [
"GeoJSONSwiftHelperTests.swift"
],
"target_dependencies" : [
"GeoJSONSwiftHelper"
],
"type" : "test"
},
{
"c99name" : "GeoJSONSwiftHelper",
"module_type" : "SwiftTarget",
"name" : "GeoJSONSwiftHelper",
"path" : "Sources/GeoJSONSwiftHelper",
"product_dependencies" : [
"Turf",
"GEOSwift"
],
"product_memberships" : [
"GeoJSONSwiftHelper"
],
"sources" : [
"GeoJSONSwiftHelper.swift",
"GridHelper.swift",
"MapHelper.swift"
],
"type" : "library"
}
],
"tools_version" : "5.7"
}
{
"workspace" : {
"name" : "GeoJSONSwiftHelper",
"schemes" : [
"GeoJSONSwiftHelper",
"GEOSwift"
]
}
}
2026-09-21 15:55:48.656 xcodebuild[1766:6506] [MT] IDERunDestination: Supported platforms for the buildables in the current scheme is empty.
{
"workspace" : {
"name" : "GeoJSONSwiftHelper",
"schemes" : [
"GeoJSONSwiftHelper",
"GEOSwift"
]
}
}
2026-09-21 15:55:49.905 xcodebuild[1768:6537] [MT] IDERunDestination: Supported platforms for the buildables in the current scheme is empty.
Running build ...
env DEVELOPER_DIR=/Applications/Xcode-27.0.0-Release.Candidate.app xcrun xcodebuild -IDEClonedSourcePackagesDirPathOverride=$PWD/.dependencies -skipMacroValidation -skipPackagePluginValidation -derivedDataPath $PWD/.derivedData build -scheme GeoJSONSwiftHelper -destination platform=macOS,arch=arm64
Command line invocation:
/Applications/Xcode-27.0.0-Release.Candidate.app/Contents/Developer/usr/bin/xcodebuild -IDEClonedSourcePackagesDirPathOverride=/Users/admin/builder/spi-builder-workspace/.dependencies -skipMacroValidation -skipPackagePluginValidation -derivedDataPath /Users/admin/builder/spi-builder-workspace/.derivedData build -scheme GeoJSONSwiftHelper -destination platform=macOS,arch=arm64
Resolve Package Graph
Resolved source packages:
geos: https://github.com/GEOSwift/geos.git @ 9.0.0
Turf: https://github.com/mapbox/turf-swift.git @ 3.1.0
GEOSwift: https://github.com/GEOSwift/GEOSwift.git @ 11.2.0
GeoJSONSwiftHelper: /Users/admin/builder/spi-builder-workspace
ComputePackagePrebuildTargetDependencyGraph
Prepare packages
CreateBuildRequest
SendProjectDescription
CreateBuildOperation
ComputeTargetDependencyGraph
note: Building targets in dependency order
note: Target dependency graph (8 targets)
Target 'GeoJSONSwiftHelper-product' in project 'GeoJSONSwiftHelper'
➜ Explicit dependency on target 'GeoJSONSwiftHelper' in project 'GeoJSONSwiftHelper'
➜ Explicit dependency on target 'Turf-product' in project 'Turf'
➜ Explicit dependency on target 'GEOSwift-product' in project 'GEOSwift'
Target 'GeoJSONSwiftHelper' in project 'GeoJSONSwiftHelper'
➜ Explicit dependency on target 'Turf-product' in project 'Turf'
➜ Explicit dependency on target 'GEOSwift-product' in project 'GEOSwift'
Target 'GEOSwift-product' in project 'GEOSwift'
➜ Explicit dependency on target 'GEOSwift' in project 'GEOSwift'
➜ Explicit dependency on target 'geos-product' in project 'geos'
Target 'GEOSwift' in project 'GEOSwift'
➜ Explicit dependency on target 'geos-product' in project 'geos'
Target 'geos-product' in project 'geos'
➜ Explicit dependency on target 'geos' in project 'geos'
Target 'geos' in project 'geos' (no dependencies)
Target 'Turf-product' in project 'Turf'
➜ Explicit dependency on target 'Turf' in project 'Turf'
Target 'Turf' in project 'Turf' (no dependencies)
GatherProvisioningInputs
CreateBuildDescription
ClangStatCache /Applications/Xcode-27.0.0-Release.Candidate.app/Contents/Developer/Toolchains/XcodeDefault.xctoolchain/usr/bin/clang-stat-cache /Applications/Xcode-27.0.0-Release.Candidate.app/Contents/Developer/Platforms/MacOSX.platform/Developer/SDKs/MacOSX27.0.sdk /Users/admin/builder/spi-builder-workspace/.derivedData/SDKStatCaches.noindex/macosx27.0-26A425-e829b21a6f8c9b70876ba0858053c0446a22442a12e9d48fe1a705f55a1adfc4.sdkstatcache
cd /Users/admin/builder/spi-builder-workspace/.swiftpm/xcode
/Applications/Xcode-27.0.0-Release.Candidate.app/Contents/Developer/Toolchains/XcodeDefault.xctoolchain/usr/bin/clang-stat-cache /Applications/Xcode-27.0.0-Release.Candidate.app/Contents/Developer/Platforms/MacOSX.platform/Developer/SDKs/MacOSX27.0.sdk -o /Users/admin/builder/spi-builder-workspace/.derivedData/SDKStatCaches.noindex/macosx27.0-26A425-e829b21a6f8c9b70876ba0858053c0446a22442a12e9d48fe1a705f55a1adfc4.sdkstatcache
SwiftDriver GeoJSONSwiftHelper normal arm64 com.apple.xcode.tools.swift.compiler (in target 'GeoJSONSwiftHelper' from project 'GeoJSONSwiftHelper')
cd /Users/admin/builder/spi-builder-workspace/.swiftpm/xcode
builtin-SwiftDriver -- /Applications/Xcode-27.0.0-Release.Candidate.app/Contents/Developer/Toolchains/XcodeDefault.xctoolchain/usr/bin/swiftc -parse-as-library -module-name GeoJSONSwiftHelper -Onone @/Users/admin/builder/spi-builder-workspace/.derivedData/Build/Intermediates.noindex/GeoJSONSwiftHelper.build/Debug/GeoJSONSwiftHelper-t.build/Objects-normal/arm64/GeoJSONSwiftHelper.SwiftFileList -DSWIFT_PACKAGE -DDEBUG -DSWIFT_MODULE_RESOURCE_BUNDLE_UNAVAILABLE -Xcc -fmodule-map-file\=/Users/admin/builder/spi-builder-workspace/.derivedData/Build/Intermediates.noindex/GeneratedModuleMaps/geos.modulemap -DXcode -plugin-path /Applications/Xcode-27.0.0-Release.Candidate.app/Contents/Developer/Toolchains/XcodeDefault.xctoolchain/usr/lib/swift/host/plugins/testing -enable-experimental-feature DebugDescriptionMacro -sdk /Applications/Xcode-27.0.0-Release.Candidate.app/Contents/Developer/Platforms/MacOSX.platform/Developer/SDKs/MacOSX27.0.sdk -target arm64-apple-macos12.0 -g -module-cache-path /Users/admin/builder/spi-builder-workspace/.derivedData/ModuleCache.noindex -Xfrontend -serialize-debugging-options -profile-coverage-mapping -profile-generate -enable-testing -index-store-path /Users/admin/builder/spi-builder-workspace/.derivedData/Index.noindex/DataStore -Xcc -D_LIBCPP_HARDENING_MODE\=_LIBCPP_HARDENING_MODE_DEBUG -swift-version 5 -I /Users/admin/builder/spi-builder-workspace/.derivedData/Build/Products/Debug -Isystem /Applications/Xcode-27.0.0-Release.Candidate.app/Contents/Developer/Platforms/MacOSX.platform/Developer/usr/lib -F /Users/admin/builder/spi-builder-workspace/.derivedData/Build/Products/Debug/PackageFrameworks -F /Users/admin/builder/spi-builder-workspace/.derivedData/Build/Products/Debug -F /Applications/Xcode-27.0.0-Release.Candidate.app/Contents/Developer/Platforms/MacOSX.platform/Developer/Library/Frameworks -c -j10 -enable-batch-mode -incremental -Xcc -ivfsstatcache -Xcc /Users/admin/builder/spi-builder-workspace/.derivedData/SDKStatCaches.noindex/macosx27.0-26A425-e829b21a6f8c9b70876ba0858053c0446a22442a12e9d48fe1a705f55a1adfc4.sdkstatcache -output-file-map /Users/admin/builder/spi-builder-workspace/.derivedData/Build/Intermediates.noindex/GeoJSONSwiftHelper.build/Debug/GeoJSONSwiftHelper-t.build/Objects-normal/arm64/GeoJSONSwiftHelper-OutputFileMap.json -save-temps -no-color-diagnostics -explicit-module-build -module-cache-path /Users/admin/builder/spi-builder-workspace/.derivedData/Build/Intermediates.noindex/SwiftExplicitPrecompiledModules -clang-scanner-module-cache-path /Users/admin/builder/spi-builder-workspace/.derivedData/ModuleCache.noindex -sdk-module-cache-path /Users/admin/builder/spi-builder-workspace/.derivedData/SDKExplicitPrecompiledModules -emit-dependencies -emit-module -emit-module-path /Users/admin/builder/spi-builder-workspace/.derivedData/Build/Intermediates.noindex/GeoJSONSwiftHelper.build/Debug/GeoJSONSwiftHelper-t.build/Objects-normal/arm64/GeoJSONSwiftHelper.swiftmodule -serialize-diagnostics -dependency-scan-serialize-diagnostics-path /Users/admin/builder/spi-builder-workspace/.derivedData/Build/Intermediates.noindex/GeoJSONSwiftHelper.build/Debug/GeoJSONSwiftHelper-t.build/Objects-normal/arm64/GeoJSONSwiftHelper-dependency-scan.dia -validate-clang-modules-once -clang-build-session-file /Users/admin/builder/spi-builder-workspace/.derivedData/ModuleCache.noindex/Session.modulevalidation -Xcc -fmodules-prune-interval\=86400 -Xcc -fmodules-prune-after\=345600 -emit-const-values -const-gather-protocols-list /Users/admin/builder/spi-builder-workspace/.derivedData/Build/Intermediates.noindex/GeoJSONSwiftHelper.build/Debug/GeoJSONSwiftHelper-t.build/Objects-normal/arm64/GeoJSONSwiftHelper_const_extract_protocols.json -Xcc -I/Users/admin/builder/spi-builder-workspace/.dependencies/checkouts/geos/Sources/geos/public -Xcc -I/Users/admin/builder/spi-builder-workspace/.derivedData/Build/Products/Debug/include -Xcc -I/Users/admin/builder/spi-builder-workspace/.derivedData/Build/Intermediates.noindex/GeoJSONSwiftHelper.build/Debug/GeoJSONSwiftHelper-t.build/DerivedSources-normal/arm64 -Xcc -I/Users/admin/builder/spi-builder-workspace/.derivedData/Build/Intermediates.noindex/GeoJSONSwiftHelper.build/Debug/GeoJSONSwiftHelper-t.build/DerivedSources/arm64 -Xcc -I/Users/admin/builder/spi-builder-workspace/.derivedData/Build/Intermediates.noindex/GeoJSONSwiftHelper.build/Debug/GeoJSONSwiftHelper-t.build/DerivedSources -Xcc -DSWIFT_PACKAGE -Xcc -DDEBUG\=1 -emit-objc-header -emit-objc-header-path /Users/admin/builder/spi-builder-workspace/.derivedData/Build/Intermediates.noindex/GeoJSONSwiftHelper.build/Debug/GeoJSONSwiftHelper-t.build/Objects-normal/arm64/GeoJSONSwiftHelper-Swift.h -working-directory /Users/admin/builder/spi-builder-workspace/.swiftpm/xcode -experimental-emit-module-separately -disable-cmo
SwiftDriver GEOSwift normal arm64 com.apple.xcode.tools.swift.compiler (in target 'GEOSwift' from project 'GEOSwift')
cd /Users/admin/builder/spi-builder-workspace/.swiftpm/xcode
builtin-SwiftDriver -- /Applications/Xcode-27.0.0-Release.Candidate.app/Contents/Developer/Toolchains/XcodeDefault.xctoolchain/usr/bin/swiftc -parse-as-library -module-name GEOSwift -Onone @/Users/admin/builder/spi-builder-workspace/.derivedData/Build/Intermediates.noindex/GEOSwift.build/Debug/GEOSwift-t.build/Objects-normal/arm64/GEOSwift.SwiftFileList -DSWIFT_PACKAGE -DDEBUG -DSWIFT_MODULE_RESOURCE_BUNDLE_UNAVAILABLE -Xcc -fmodule-map-file\=/Users/admin/builder/spi-builder-workspace/.derivedData/Build/Intermediates.noindex/GeneratedModuleMaps/geos.modulemap -DXcode -plugin-path /Applications/Xcode-27.0.0-Release.Candidate.app/Contents/Developer/Toolchains/XcodeDefault.xctoolchain/usr/lib/swift/host/plugins/testing -enable-experimental-feature DebugDescriptionMacro -sdk /Applications/Xcode-27.0.0-Release.Candidate.app/Contents/Developer/Platforms/MacOSX.platform/Developer/SDKs/MacOSX27.0.sdk -target arm64-apple-macos12.0 -g -module-cache-path /Users/admin/builder/spi-builder-workspace/.derivedData/ModuleCache.noindex -Xfrontend -serialize-debugging-options -profile-coverage-mapping -profile-generate -enable-testing -suppress-warnings -index-store-path /Users/admin/builder/spi-builder-workspace/.derivedData/Index.noindex/DataStore -Xcc -D_LIBCPP_HARDENING_MODE\=_LIBCPP_HARDENING_MODE_DEBUG -swift-version 5 -I /Users/admin/builder/spi-builder-workspace/.derivedData/Build/Products/Debug -Isystem /Applications/Xcode-27.0.0-Release.Candidate.app/Contents/Developer/Platforms/MacOSX.platform/Developer/usr/lib -F /Users/admin/builder/spi-builder-workspace/.derivedData/Build/Products/Debug/PackageFrameworks -F /Users/admin/builder/spi-builder-workspace/.derivedData/Build/Products/Debug -F /Applications/Xcode-27.0.0-Release.Candidate.app/Contents/Developer/Platforms/MacOSX.platform/Developer/Library/Frameworks -c -j10 -enable-batch-mode -incremental -Xcc -ivfsstatcache -Xcc /Users/admin/builder/spi-builder-workspace/.derivedData/SDKStatCaches.noindex/macosx27.0-26A425-e829b21a6f8c9b70876ba0858053c0446a22442a12e9d48fe1a705f55a1adfc4.sdkstatcache -output-file-map /Users/admin/builder/spi-builder-workspace/.derivedData/Build/Intermediates.noindex/GEOSwift.build/Debug/GEOSwift-t.build/Objects-normal/arm64/GEOSwift-OutputFileMap.json -save-temps -no-color-diagnostics -explicit-module-build -module-cache-path /Users/admin/builder/spi-builder-workspace/.derivedData/Build/Intermediates.noindex/SwiftExplicitPrecompiledModules -clang-scanner-module-cache-path /Users/admin/builder/spi-builder-workspace/.derivedData/ModuleCache.noindex -sdk-module-cache-path /Users/admin/builder/spi-builder-workspace/.derivedData/SDKExplicitPrecompiledModules -emit-dependencies -emit-module -emit-module-path /Users/admin/builder/spi-builder-workspace/.derivedData/Build/Intermediates.noindex/GEOSwift.build/Debug/GEOSwift-t.build/Objects-normal/arm64/GEOSwift.swiftmodule -serialize-diagnostics -dependency-scan-serialize-diagnostics-path /Users/admin/builder/spi-builder-workspace/.derivedData/Build/Intermediates.noindex/GEOSwift.build/Debug/GEOSwift-t.build/Objects-normal/arm64/GEOSwift-dependency-scan.dia -validate-clang-modules-once -clang-build-session-file /Users/admin/builder/spi-builder-workspace/.derivedData/ModuleCache.noindex/Session.modulevalidation -Xcc -fmodules-prune-interval\=86400 -Xcc -fmodules-prune-after\=345600 -package-name geoswift -emit-const-values -const-gather-protocols-list /Users/admin/builder/spi-builder-workspace/.derivedData/Build/Intermediates.noindex/GEOSwift.build/Debug/GEOSwift-t.build/Objects-normal/arm64/GEOSwift_const_extract_protocols.json -Xcc -I/Users/admin/builder/spi-builder-workspace/.dependencies/checkouts/geos/Sources/geos/public -Xcc -I/Users/admin/builder/spi-builder-workspace/.derivedData/Build/Products/Debug/include -Xcc -I/Users/admin/builder/spi-builder-workspace/.derivedData/Build/Intermediates.noindex/GEOSwift.build/Debug/GEOSwift-t.build/DerivedSources-normal/arm64 -Xcc -I/Users/admin/builder/spi-builder-workspace/.derivedData/Build/Intermediates.noindex/GEOSwift.build/Debug/GEOSwift-t.build/DerivedSources/arm64 -Xcc -I/Users/admin/builder/spi-builder-workspace/.derivedData/Build/Intermediates.noindex/GEOSwift.build/Debug/GEOSwift-t.build/DerivedSources -Xcc -DSWIFT_PACKAGE -Xcc -DDEBUG\=1 -emit-objc-header -emit-objc-header-path /Users/admin/builder/spi-builder-workspace/.derivedData/Build/Intermediates.noindex/GEOSwift.build/Debug/GEOSwift-t.build/Objects-normal/arm64/GEOSwift-Swift.h -working-directory /Users/admin/builder/spi-builder-workspace/.swiftpm/xcode -experimental-emit-module-separately -disable-cmo
Ld /Users/admin/builder/spi-builder-workspace/.derivedData/Build/Products/Debug/PackageFrameworks/geos.framework/Versions/A/geos normal (in target 'geos-product' from project 'geos')
cd /Users/admin/builder/spi-builder-workspace/.dependencies/checkouts/geos
/Applications/Xcode-27.0.0-Release.Candidate.app/Contents/Developer/Toolchains/XcodeDefault.xctoolchain/usr/bin/clang -Xlinker -reproducible -target arm64-apple-macos12.0 -dynamiclib -isysroot /Applications/Xcode-27.0.0-Release.Candidate.app/Contents/Developer/Platforms/MacOSX.platform/Developer/SDKs/MacOSX27.0.sdk -O0 -w -Xlinker -no_warn_duplicate_libraries -L/Users/admin/builder/spi-builder-workspace/.derivedData/Build/Intermediates.noindex/EagerLinkingTBDs/Debug -L/Users/admin/builder/spi-builder-workspace/.derivedData/Build/Products/Debug -L/Applications/Xcode-27.0.0-Release.Candidate.app/Contents/Developer/Platforms/MacOSX.platform/Developer/usr/lib -F/Users/admin/builder/spi-builder-workspace/.derivedData/Build/Intermediates.noindex/EagerLinkingTBDs/Debug -F/Users/admin/builder/spi-builder-workspace/.derivedData/Build/Products/Debug/PackageFrameworks -F/Users/admin/builder/spi-builder-workspace/.derivedData/Build/Products/Debug -iframework /Applications/Xcode-27.0.0-Release.Candidate.app/Contents/Developer/Platforms/MacOSX.platform/Developer/Library/Frameworks -filelist /Users/admin/builder/spi-builder-workspace/.derivedData/Build/Intermediates.noindex/geos.build/Debug/geos-product-t.build/Objects-normal/arm64/geos.LinkFileList -install_name @rpath/geos.framework/Versions/A/geos -Xlinker -rpath -Xlinker @loader_path -Xlinker -rpath -Xlinker /Users/admin/builder/spi-builder-workspace/.derivedData/Build/Products/Debug/PackageFrameworks -Xlinker -object_path_lto -Xlinker /Users/admin/builder/spi-builder-workspace/.derivedData/Build/Intermediates.noindex/geos.build/Debug/geos-product-t.build/Objects-normal/arm64/geos_lto.o -rdynamic -Xlinker -no_deduplicate -Xlinker -debug_variant -Xlinker -dependency_info -Xlinker /Users/admin/builder/spi-builder-workspace/.derivedData/Build/Intermediates.noindex/geos.build/Debug/geos-product-t.build/Objects-normal/arm64/geos_dependency_info.dat -lc++ -o /Users/admin/builder/spi-builder-workspace/.derivedData/Build/Products/Debug/PackageFrameworks/geos.framework/Versions/A/geos
Undefined symbols for architecture arm64:
"___llvm_profile_runtime", referenced from:
___llvm_profile_runtime_user in geos.o
ld: symbol(s) not found for architecture arm64
/Users/admin/builder/spi-builder-workspace/.dependencies/checkouts/geos/Package.swift: geos-product: clang: error: linker command failed with exit code 1 (use -v to see invocation)
ExtractAppIntentsMetadata (in target 'Turf' from project 'Turf')
cd /Users/admin/builder/spi-builder-workspace/.dependencies/checkouts/turf-swift
/Applications/Xcode-27.0.0-Release.Candidate.app/Contents/Developer/Toolchains/XcodeDefault.xctoolchain/usr/bin/appintentsmetadataprocessor --toolchain-dir /var/run/com.apple.security.cryptexd/mnt/com.apple.MobileAsset.MetalToolchain-v27.1.266.1.ngXZbn/Metal.xctoolchain --module-name Turf --sdk-root /Applications/Xcode-27.0.0-Release.Candidate.app/Contents/Developer/Platforms/MacOSX.platform/Developer/SDKs/MacOSX27.0.sdk --xcode-version 27A266a --platform-family macOS --deployment-target 12.0 --bundle-identifier turf-swift.Turf --output /Users/admin/builder/spi-builder-workspace/.derivedData/Build/Products/Debug/Turf.appintents --target-triple arm64-apple-macos12.0 --binary-file /Users/admin/builder/spi-builder-workspace/.derivedData/Build/Products/Debug/Turf.o --dependency-file /Users/admin/builder/spi-builder-workspace/.derivedData/Build/Intermediates.noindex/Turf.build/Debug/Turf-t.build/Objects-normal/arm64/Turf_dependency_info.dat --stringsdata-file /Users/admin/builder/spi-builder-workspace/.derivedData/Build/Intermediates.noindex/Turf.build/Debug/Turf-t.build/Objects-normal/arm64/ExtractedAppShortcutsMetadata.stringsdata --source-file-list /Users/admin/builder/spi-builder-workspace/.derivedData/Build/Intermediates.noindex/Turf.build/Debug/Turf-t.build/Objects-normal/arm64/Turf.SwiftFileList --metadata-file-list /Users/admin/builder/spi-builder-workspace/.derivedData/Build/Intermediates.noindex/Turf.build/Debug/Turf-t.build/Turf.DependencyMetadataFileList --static-metadata-file-list /Users/admin/builder/spi-builder-workspace/.derivedData/Build/Intermediates.noindex/Turf.build/Debug/Turf-t.build/Turf.DependencyStaticMetadataFileList --swift-const-vals-list /Users/admin/builder/spi-builder-workspace/.derivedData/Build/Intermediates.noindex/Turf.build/Debug/Turf-t.build/Objects-normal/arm64/Turf.SwiftConstValuesFileList --force --compile-time-extraction --deployment-aware-processing --no-app-shortcuts-localization
2026-09-21 15:55:52.004 appintentsmetadataprocessor[1773:6606] Starting appintentsmetadataprocessor export
2026-09-21 15:55:52.079 appintentsmetadataprocessor[1773:6606] Extracted no relevant App Intents symbols, skipping writing output
PruneExplicitPrecompiledModules /Users/admin/builder/spi-builder-workspace/.derivedData/SDKExplicitPrecompiledModules
PruneExplicitPrecompiledModules /Users/admin/builder/spi-builder-workspace/.derivedData/Build/Intermediates.noindex/SwiftExplicitPrecompiledModules
PruneExplicitPrecompiledModules /Users/admin/builder/spi-builder-workspace/.derivedData/Build/Intermediates.noindex/ExplicitPrecompiledModules
2026-09-21 15:55:51.135 xcodebuild[1769:6560] [MT] IDERunDestination: Supported platforms for the buildables in the current scheme is empty.
--- xcodebuild: WARNING: Using the first of multiple matching destinations:
{ platform:macOS, arch:arm64, id:4947e153f9d912d2470787ba1e9b93e6f83a72a6, name:My Mac }
{ platform:macOS, arch:arm64, variant:Mac Catalyst, id:4947e153f9d912d2470787ba1e9b93e6f83a72a6, name:My Mac }
{ platform:macOS, arch:arm64, variant:DriverKit, id:4947e153f9d912d2470787ba1e9b93e6f83a72a6, name:My Mac }
{ platform:macOS, arch:arm64, variant:Designed for [iPad,iPhone], id:4947e153f9d912d2470787ba1e9b93e6f83a72a6, name:My Mac }
** BUILD FAILED **
The following build commands failed:
Ld /Users/admin/builder/spi-builder-workspace/.derivedData/Build/Products/Debug/PackageFrameworks/geos.framework/Versions/A/geos normal (in target 'geos-product' from project 'geos')
Building workspace GeoJSONSwiftHelper with scheme GeoJSONSwiftHelper
(2 failures)
BUILD FAILURE 6.4 macosXcodebuild