Build Information
Failed to build FaceLiveness, reference 7.5.0 (14408f), with Swift 6.4 for watchOS using Xcode 27.0 on 26 Sep 2026 10:06:23 UTC.
Build Command
env DEVELOPER_DIR=/Applications/Xcode-27.0.0-Release.Candidate.app xcrun xcodebuild -IDEClonedSourcePackagesDirPathOverride=$PWD/.dependencies -skipMacroValidation -skipPackagePluginValidation -derivedDataPath $PWD/.derivedData build -scheme FaceLiveness -destination generic/platform=watchOSBuild Log
========================================
RunAll
========================================
Builder version: 5.1.0
Interrupt handler set up.
========================================
Checkout
========================================
Clone URL: https://github.com/combateafraude/FaceLiveness.git
Reference: 7.5.0
Initialized empty Git repository in /Users/admin/builder/spi-builder-workspace/.git/
From https://github.com/combateafraude/FaceLiveness
* tag 7.5.0 -> FETCH_HEAD
HEAD is now at 14408fa chore: removed rc version
Cloned https://github.com/combateafraude/FaceLiveness.git
Revision (git rev-parse @):
14408faa69929279736682d89af3504b61911c57
SUCCESS checkout https://github.com/combateafraude/FaceLiveness.git at 7.5.0
========================================
Build
========================================
Selected platform: watchOS
Swift version: 6.4
Building package at path: $PWD
https://github.com/combateafraude/FaceLiveness.git
Command line invocation:
/Applications/Xcode-27.0.0-Release.Candidate.app/Contents/Developer/usr/bin/xcodebuild -IDEClonedSourcePackagesDirPathOverride=/Users/admin/builder/spi-builder-workspace/.dependencies -resolvePackageDependencies
Resolve Package Graph
Fetching from https://github.com/fingerprintjs/fingerprintjs-pro-ios.git
Fetching from https://github.com/combateafraude/CafSolutions.git
Fetching from https://github.com/iProov/ios.git
Creating working copy of package ‘ios’
Checking out 13.1.0 of package ‘ios’
Creating working copy of package ‘CafSolutions’
Checking out 2.0.6 of package ‘CafSolutions’
Creating working copy of package ‘fingerprintjs-pro-ios’
Checking out 2.16.0 of package ‘fingerprintjs-pro-ios’
Resolve Package Graph
Resolved source packages:
FingerprintPro: https://github.com/fingerprintjs/fingerprintjs-pro-ios.git @ 2.16.0
FaceLiveness: /Users/admin/builder/spi-builder-workspace
CafSolutions: https://github.com/combateafraude/CafSolutions.git @ 2.0.6
iProov: https://github.com/iProov/ios.git @ 13.1.0
resolved source packages: FingerprintPro, FaceLiveness, CafSolutions, iProov
2026-09-26 06:05:33.778 xcodebuild[525:3018] [MT] IDERunDestination: Supported platforms for the buildables in the current scheme is empty.
{
"dependencies" : [
{
"identity" : "ios",
"requirement" : {
"exact" : [
"13.1.0"
]
},
"type" : "sourceControl",
"url" : "https://github.com/iProov/ios.git"
},
{
"identity" : "fingerprintjs-pro-ios",
"requirement" : {
"exact" : [
"2.16.0"
]
},
"type" : "sourceControl",
"url" : "https://github.com/fingerprintjs/fingerprintjs-pro-ios.git"
},
{
"identity" : "cafsolutions",
"requirement" : {
"exact" : [
"2.0.6"
]
},
"type" : "sourceControl",
"url" : "https://github.com/combateafraude/CafSolutions.git"
}
],
"manifest_display_name" : "FaceLiveness",
"name" : "FaceLiveness",
"path" : "/Users/admin/builder/spi-builder-workspace",
"platforms" : [
{
"name" : "ios",
"version" : "15.0"
}
],
"products" : [
{
"name" : "FaceLiveness",
"targets" : [
"FaceLivenessSDK"
],
"type" : {
"library" : [
"automatic"
]
}
}
],
"targets" : [
{
"c99name" : "FaceLivenessSDK",
"module_type" : "SwiftTarget",
"name" : "FaceLivenessSDK",
"path" : "Sources",
"product_dependencies" : [
"CafSolutions",
"iProov",
"FingerprintPro"
],
"product_memberships" : [
"FaceLiveness"
],
"sources" : [
"Dummy.swift"
],
"target_dependencies" : [
"FaceLiveness"
],
"type" : "library"
},
{
"c99name" : "FaceLiveness",
"module_type" : "BinaryTarget",
"name" : "FaceLiveness",
"path" : "Sources/FaceLiveness.xcframework",
"product_memberships" : [
"FaceLiveness"
],
"sources" : [
],
"type" : "binary"
}
],
"tools_version" : "5.5"
}
{
"workspace" : {
"name" : "FaceLiveness",
"schemes" : [
"FaceLiveness"
]
}
}
2026-09-26 06:06:15.510 xcodebuild[792:5045] [MT] IDERunDestination: Supported platforms for the buildables in the current scheme is empty.
Running build ...
env DEVELOPER_DIR=/Applications/Xcode-27.0.0-Release.Candidate.app xcrun xcodebuild -IDEClonedSourcePackagesDirPathOverride=$PWD/.dependencies -skipMacroValidation -skipPackagePluginValidation -derivedDataPath $PWD/.derivedData build -scheme FaceLiveness -destination generic/platform=watchOS
Command line invocation:
/Applications/Xcode-27.0.0-Release.Candidate.app/Contents/Developer/usr/bin/xcodebuild -IDEClonedSourcePackagesDirPathOverride=/Users/admin/builder/spi-builder-workspace/.dependencies -skipMacroValidation -skipPackagePluginValidation -derivedDataPath /Users/admin/builder/spi-builder-workspace/.derivedData build -scheme FaceLiveness -destination generic/platform=watchOS
Resolve Package Graph
Resolve Package Graph
Resolved source packages:
FaceLiveness: /Users/admin/builder/spi-builder-workspace
FingerprintPro: https://github.com/fingerprintjs/fingerprintjs-pro-ios.git @ 2.16.0
iProov: https://github.com/iProov/ios.git @ 13.1.0
CafSolutions: https://github.com/combateafraude/CafSolutions.git @ 2.0.6
ComputePackagePrebuildTargetDependencyGraph
Prepare packages
CreateBuildRequest
SendProjectDescription
CreateBuildOperation
ComputeTargetDependencyGraph
note: Building targets in dependency order
note: Target dependency graph (8 targets)
Target 'FaceLiveness-product' in project 'FaceLiveness'
➜ Explicit dependency on target 'FaceLivenessSDK' in project 'FaceLiveness'
➜ Explicit dependency on target 'CafSolutions-product' in project 'CafSolutions'
➜ Explicit dependency on target 'iProov-product' in project 'iProov'
➜ Explicit dependency on target 'FingerprintPro-product' in project 'FingerprintPro'
Target 'FaceLivenessSDK' in project 'FaceLiveness'
➜ Explicit dependency on target 'CafSolutions-product' in project 'CafSolutions'
➜ Explicit dependency on target 'iProov-product' in project 'iProov'
➜ Explicit dependency on target 'FingerprintPro-product' in project 'FingerprintPro'
Target 'FingerprintPro-product' in project 'FingerprintPro' (no dependencies)
Target 'iProov-product' in project 'iProov'
➜ Explicit dependency on target 'iProovTargets' in project 'iProov'
➜ Explicit dependency on target 'iProov_iProovTargets' in project 'iProov'
Target 'iProovTargets' in project 'iProov'
➜ Explicit dependency on target 'iProov_iProovTargets' in project 'iProov'
Target 'iProov_iProovTargets' in project 'iProov' (no dependencies)
Target 'CafSolutions-product' in project 'CafSolutions'
➜ Explicit dependency on target 'CafSolutionsTarget' in project 'CafSolutions'
Target 'CafSolutionsTarget' in project 'CafSolutions' (no dependencies)
GatherProvisioningInputs
CreateBuildDescription
ExecuteExternalTool /Applications/Xcode-27.0.0-Release.Candidate.app/Contents/Developer/Toolchains/XcodeDefault.xctoolchain/usr/bin/swiftc --version
ExecuteExternalTool /Applications/Xcode-27.0.0-Release.Candidate.app/Contents/Developer/Toolchains/XcodeDefault.xctoolchain/usr/bin/clang -v -E -dM -isysroot /Applications/Xcode-27.0.0-Release.Candidate.app/Contents/Developer/Platforms/WatchOS.platform/Developer/SDKs/WatchOS27.0.sdk -x c -c /dev/null
ExecuteExternalTool /Applications/Xcode-27.0.0-Release.Candidate.app/Contents/Developer/Toolchains/XcodeDefault.xctoolchain/usr/bin/ld -version_details
Build description signature: e44443de729d34278775d8549e140a99
Build description path: /Users/admin/builder/spi-builder-workspace/.derivedData/Build/Intermediates.noindex/XCBuildData/e44443de729d34278775d8549e140a99.xcbuilddata
/Users/admin/builder/spi-builder-workspace/.dependencies/artifacts/fingerprintjs-pro-ios/FingerprintPro/FingerprintPro.xcframework:1:1: error: While building for watchOS, no library for this platform was found in '/Users/admin/builder/spi-builder-workspace/.dependencies/artifacts/fingerprintjs-pro-ios/FingerprintPro/FingerprintPro.xcframework'. (in target 'FingerprintPro-product' from project 'FingerprintPro')
/Users/admin/builder/spi-builder-workspace/.dependencies/checkouts/CafSolutions/Sources/CafSolutions.xcframework:1:1: error: While building for watchOS, no library for this platform was found in '/Users/admin/builder/spi-builder-workspace/.dependencies/checkouts/CafSolutions/Sources/CafSolutions.xcframework'. (in target 'CafSolutions-product' from project 'CafSolutions')
/Users/admin/builder/spi-builder-workspace/.dependencies/checkouts/CafSolutions/Sources/CafSolutions.xcframework:1:1: error: While building for watchOS, no library for this platform was found in '/Users/admin/builder/spi-builder-workspace/.dependencies/checkouts/CafSolutions/Sources/CafSolutions.xcframework'. (in target 'CafSolutionsTarget' from project 'CafSolutions')
/Users/admin/builder/spi-builder-workspace/Sources/FaceLiveness.xcframework:1:1: error: While building for watchOS, no library for this platform was found in '/Users/admin/builder/spi-builder-workspace/Sources/FaceLiveness.xcframework'. (in target 'FaceLivenessSDK' from project 'FaceLiveness')
/Users/admin/builder/spi-builder-workspace/.dependencies/artifacts/fingerprintjs-pro-ios/FingerprintPro/FingerprintPro.xcframework:1:1: error: While building for watchOS, no library for this platform was found in '/Users/admin/builder/spi-builder-workspace/.dependencies/artifacts/fingerprintjs-pro-ios/FingerprintPro/FingerprintPro.xcframework'. (in target 'FaceLivenessSDK' from project 'FaceLiveness')
/Users/admin/builder/spi-builder-workspace/Sources/FaceLiveness.xcframework:1:1: error: While building for watchOS, no library for this platform was found in '/Users/admin/builder/spi-builder-workspace/Sources/FaceLiveness.xcframework'. (in target 'FaceLiveness-product' from project 'FaceLiveness')
/Users/admin/builder/spi-builder-workspace/.dependencies/artifacts/fingerprintjs-pro-ios/FingerprintPro/FingerprintPro.xcframework:1:1: error: While building for watchOS, no library for this platform was found in '/Users/admin/builder/spi-builder-workspace/.dependencies/artifacts/fingerprintjs-pro-ios/FingerprintPro/FingerprintPro.xcframework'. (in target 'FaceLiveness-product' from project 'FaceLiveness')
/Users/admin/builder/spi-builder-workspace/.dependencies/checkouts/CafSolutions/Sources/CafSolutions.xcframework:1:1: error: While building for watchOS, no library for this platform was found in '/Users/admin/builder/spi-builder-workspace/.dependencies/checkouts/CafSolutions/Sources/CafSolutions.xcframework'. (in target 'FaceLiveness-product' from project 'FaceLiveness')
/Users/admin/builder/spi-builder-workspace/.dependencies/artifacts/fingerprintjs-pro-ios/FingerprintPro/FingerprintPro.xcframework:1:1: error: While building for watchOS, no library for this platform was found in '/Users/admin/builder/spi-builder-workspace/.dependencies/artifacts/fingerprintjs-pro-ios/FingerprintPro/FingerprintPro.xcframework'. (in target 'FaceLiveness-product' from project 'FaceLiveness')
2026-09-26 06:06:18.295 xcodebuild[793:5096] [MT] IDERunDestination: Supported platforms for the buildables in the current scheme is empty.
** BUILD FAILED **
The following build commands failed:
Building workspace FaceLiveness with scheme FaceLiveness
(1 failure)
Command line invocation:
/Applications/Xcode-27.0.0-Release.Candidate.app/Contents/Developer/usr/bin/xcodebuild -IDEClonedSourcePackagesDirPathOverride=/Users/admin/builder/spi-builder-workspace/.dependencies -resolvePackageDependencies
Resolve Package Graph
Resolved source packages:
CafSolutions: https://github.com/combateafraude/CafSolutions.git @ 2.0.6
FaceLiveness: /Users/admin/builder/spi-builder-workspace
iProov: https://github.com/iProov/ios.git @ 13.1.0
FingerprintPro: https://github.com/fingerprintjs/fingerprintjs-pro-ios.git @ 2.16.0
resolved source packages: CafSolutions, FaceLiveness, iProov, FingerprintPro
2026-09-26 06:06:20.300 xcodebuild[831:5319] [MT] IDERunDestination: Supported platforms for the buildables in the current scheme is empty.
{
"dependencies" : [
{
"identity" : "ios",
"requirement" : {
"exact" : [
"13.1.0"
]
},
"type" : "sourceControl",
"url" : "https://github.com/iProov/ios.git"
},
{
"identity" : "fingerprintjs-pro-ios",
"requirement" : {
"exact" : [
"2.16.0"
]
},
"type" : "sourceControl",
"url" : "https://github.com/fingerprintjs/fingerprintjs-pro-ios.git"
},
{
"identity" : "cafsolutions",
"requirement" : {
"exact" : [
"2.0.6"
]
},
"type" : "sourceControl",
"url" : "https://github.com/combateafraude/CafSolutions.git"
}
],
"manifest_display_name" : "FaceLiveness",
"name" : "FaceLiveness",
"path" : "/Users/admin/builder/spi-builder-workspace",
"platforms" : [
{
"name" : "ios",
"version" : "15.0"
}
],
"products" : [
{
"name" : "FaceLiveness",
"targets" : [
"FaceLivenessSDK"
],
"type" : {
"library" : [
"automatic"
]
}
}
],
"targets" : [
{
"c99name" : "FaceLivenessSDK",
"module_type" : "SwiftTarget",
"name" : "FaceLivenessSDK",
"path" : "Sources",
"product_dependencies" : [
"CafSolutions",
"iProov",
"FingerprintPro"
],
"product_memberships" : [
"FaceLiveness"
],
"sources" : [
"Dummy.swift"
],
"target_dependencies" : [
"FaceLiveness"
],
"type" : "library"
},
{
"c99name" : "FaceLiveness",
"module_type" : "BinaryTarget",
"name" : "FaceLiveness",
"path" : "Sources/FaceLiveness.xcframework",
"product_memberships" : [
"FaceLiveness"
],
"sources" : [
],
"type" : "binary"
}
],
"tools_version" : "5.5"
}
{
"workspace" : {
"name" : "FaceLiveness",
"schemes" : [
"FaceLiveness"
]
}
}
2026-09-26 06:06:21.509 xcodebuild[839:5379] [MT] IDERunDestination: Supported platforms for the buildables in the current scheme is empty.
Running build ...
env DEVELOPER_DIR=/Applications/Xcode-27.0.0-Release.Candidate.app xcrun xcodebuild -IDEClonedSourcePackagesDirPathOverride=$PWD/.dependencies -skipMacroValidation -skipPackagePluginValidation -derivedDataPath $PWD/.derivedData build -scheme FaceLiveness -destination generic/platform=watchOS
Command line invocation:
/Applications/Xcode-27.0.0-Release.Candidate.app/Contents/Developer/usr/bin/xcodebuild -IDEClonedSourcePackagesDirPathOverride=/Users/admin/builder/spi-builder-workspace/.dependencies -skipMacroValidation -skipPackagePluginValidation -derivedDataPath /Users/admin/builder/spi-builder-workspace/.derivedData build -scheme FaceLiveness -destination generic/platform=watchOS
Resolve Package Graph
Resolved source packages:
iProov: https://github.com/iProov/ios.git @ 13.1.0
FingerprintPro: https://github.com/fingerprintjs/fingerprintjs-pro-ios.git @ 2.16.0
FaceLiveness: /Users/admin/builder/spi-builder-workspace
CafSolutions: https://github.com/combateafraude/CafSolutions.git @ 2.0.6
ComputePackagePrebuildTargetDependencyGraph
Prepare packages
CreateBuildRequest
SendProjectDescription
CreateBuildOperation
ComputeTargetDependencyGraph
note: Building targets in dependency order
note: Target dependency graph (8 targets)
Target 'FaceLiveness-product' in project 'FaceLiveness'
➜ Explicit dependency on target 'FaceLivenessSDK' in project 'FaceLiveness'
➜ Explicit dependency on target 'CafSolutions-product' in project 'CafSolutions'
➜ Explicit dependency on target 'iProov-product' in project 'iProov'
➜ Explicit dependency on target 'FingerprintPro-product' in project 'FingerprintPro'
Target 'FaceLivenessSDK' in project 'FaceLiveness'
➜ Explicit dependency on target 'CafSolutions-product' in project 'CafSolutions'
➜ Explicit dependency on target 'iProov-product' in project 'iProov'
➜ Explicit dependency on target 'FingerprintPro-product' in project 'FingerprintPro'
Target 'FingerprintPro-product' in project 'FingerprintPro' (no dependencies)
Target 'iProov-product' in project 'iProov'
➜ Explicit dependency on target 'iProovTargets' in project 'iProov'
➜ Explicit dependency on target 'iProov_iProovTargets' in project 'iProov'
Target 'iProovTargets' in project 'iProov'
➜ Explicit dependency on target 'iProov_iProovTargets' in project 'iProov'
Target 'iProov_iProovTargets' in project 'iProov' (no dependencies)
Target 'CafSolutions-product' in project 'CafSolutions'
➜ Explicit dependency on target 'CafSolutionsTarget' in project 'CafSolutions'
Target 'CafSolutionsTarget' in project 'CafSolutions' (no dependencies)
GatherProvisioningInputs
CreateBuildDescription
/Users/admin/builder/spi-builder-workspace/.dependencies/artifacts/fingerprintjs-pro-ios/FingerprintPro/FingerprintPro.xcframework:1:1: error: While building for watchOS, no library for this platform was found in '/Users/admin/builder/spi-builder-workspace/.dependencies/artifacts/fingerprintjs-pro-ios/FingerprintPro/FingerprintPro.xcframework'. (in target 'FaceLiveness-product' from project 'FaceLiveness')
/Users/admin/builder/spi-builder-workspace/.dependencies/artifacts/fingerprintjs-pro-ios/FingerprintPro/FingerprintPro.xcframework:1:1: error: While building for watchOS, no library for this platform was found in '/Users/admin/builder/spi-builder-workspace/.dependencies/artifacts/fingerprintjs-pro-ios/FingerprintPro/FingerprintPro.xcframework'. (in target 'FaceLiveness-product' from project 'FaceLiveness')
/Users/admin/builder/spi-builder-workspace/.dependencies/checkouts/CafSolutions/Sources/CafSolutions.xcframework:1:1: error: While building for watchOS, no library for this platform was found in '/Users/admin/builder/spi-builder-workspace/.dependencies/checkouts/CafSolutions/Sources/CafSolutions.xcframework'. (in target 'FaceLiveness-product' from project 'FaceLiveness')
/Users/admin/builder/spi-builder-workspace/Sources/FaceLiveness.xcframework:1:1: error: While building for watchOS, no library for this platform was found in '/Users/admin/builder/spi-builder-workspace/Sources/FaceLiveness.xcframework'. (in target 'FaceLiveness-product' from project 'FaceLiveness')
/Users/admin/builder/spi-builder-workspace/.dependencies/artifacts/fingerprintjs-pro-ios/FingerprintPro/FingerprintPro.xcframework:1:1: error: While building for watchOS, no library for this platform was found in '/Users/admin/builder/spi-builder-workspace/.dependencies/artifacts/fingerprintjs-pro-ios/FingerprintPro/FingerprintPro.xcframework'. (in target 'FingerprintPro-product' from project 'FingerprintPro')
/Users/admin/builder/spi-builder-workspace/.dependencies/artifacts/fingerprintjs-pro-ios/FingerprintPro/FingerprintPro.xcframework:1:1: error: While building for watchOS, no library for this platform was found in '/Users/admin/builder/spi-builder-workspace/.dependencies/artifacts/fingerprintjs-pro-ios/FingerprintPro/FingerprintPro.xcframework'. (in target 'FaceLivenessSDK' from project 'FaceLiveness')
/Users/admin/builder/spi-builder-workspace/Sources/FaceLiveness.xcframework:1:1: error: While building for watchOS, no library for this platform was found in '/Users/admin/builder/spi-builder-workspace/Sources/FaceLiveness.xcframework'. (in target 'FaceLivenessSDK' from project 'FaceLiveness')
/Users/admin/builder/spi-builder-workspace/.dependencies/checkouts/CafSolutions/Sources/CafSolutions.xcframework:1:1: error: While building for watchOS, no library for this platform was found in '/Users/admin/builder/spi-builder-workspace/.dependencies/checkouts/CafSolutions/Sources/CafSolutions.xcframework'. (in target 'CafSolutionsTarget' from project 'CafSolutions')
/Users/admin/builder/spi-builder-workspace/.dependencies/checkouts/CafSolutions/Sources/CafSolutions.xcframework:1:1: error: While building for watchOS, no library for this platform was found in '/Users/admin/builder/spi-builder-workspace/.dependencies/checkouts/CafSolutions/Sources/CafSolutions.xcframework'. (in target 'CafSolutions-product' from project 'CafSolutions')
2026-09-26 06:06:22.483 xcodebuild[840:5402] [MT] IDERunDestination: Supported platforms for the buildables in the current scheme is empty.
** BUILD FAILED **
The following build commands failed:
Building workspace FaceLiveness with scheme FaceLiveness
(1 failure)
BUILD FAILURE 6.4 watchOS