The Swift Package Index logo.Swift Package Index

Build Information

Failed to build SecurePropertyStorage, reference 0.9.0 (710b45), with Swift 6.2 for Wasm on 30 Oct 2026 05:41:57 UTC.

Build Command

bash -c docker run --pull=always --rm -v "checkouts-53886769-0":/host -w "$PWD" -e JAVA_HOME="/root/.sdkman/candidates/java/current" -e SPI_BUILD="1" -e SPI_PROCESSING="1" registry.gitlab.com/saguaro1/spi-images:wasm-6.2-latest swift build --swift-sdk swift-6.2-RELEASE_wasm 2>&1

Build Log

========================================
RunAll
========================================
Builder version: 5.1.4
Interrupt handler set up.
========================================
Checkout
========================================
Clone URL: https://github.com/alexruperez/SecurePropertyStorage.git
Reference: 0.9.0
Initialized empty Git repository in /host/spi-builder-workspace/.git/
hint: Using 'master' as the name for the initial branch. This default branch name
hint: is subject to change. To configure the initial branch name to use in all
hint: of your new repositories, which will suppress this warning, call:
hint:
hint: 	git config --global init.defaultBranch <name>
hint:
hint: Names commonly chosen instead of 'master' are 'main', 'trunk' and
hint: 'development'. The just-created branch can be renamed via this command:
hint:
hint: 	git branch -m <name>
From https://github.com/alexruperez/SecurePropertyStorage
 * tag               0.9.0      -> FETCH_HEAD
HEAD is now at 710b455 Prepare release 0.9.0
Cloned https://github.com/alexruperez/SecurePropertyStorage.git
Revision (git rev-parse @):
710b455a29b1341fbf327f473e01d7a79a98a923
SUCCESS checkout https://github.com/alexruperez/SecurePropertyStorage.git at 0.9.0
========================================
Build
========================================
Selected platform:         wasm
Swift version:             6.2
Building package at path:  $PWD
https://github.com/alexruperez/SecurePropertyStorage.git
Running build ...
bash -c docker run --pull=always --rm -v "checkouts-53886769-0":/host -w "$PWD" -e JAVA_HOME="/root/.sdkman/candidates/java/current" -e SPI_BUILD="1" -e SPI_PROCESSING="1" registry.gitlab.com/saguaro1/spi-images:wasm-6.2-latest swift build --swift-sdk swift-6.2-RELEASE_wasm 2>&1
wasm-6.2-latest: Pulling from saguaro1/spi-images
Digest: sha256:c2cc4df169d3c45015ced899e997f329be5fc90bdbfce388bd8981e1ea44d639
Status: Image is up to date for registry.gitlab.com/saguaro1/spi-images:wasm-6.2-latest
Building for debugging...
[0/23] Write sources
[5/23] Write swift-version-24593BA9C3E375BF.txt
[7/31] Compiling Storage StorageDelegate.swift
/host/spi-builder-workspace/Sources/Storage/DelegatedStorage.swift:1:8: error: no such module 'CryptoKit'
  1 | import CryptoKit
    |        `- error: no such module 'CryptoKit'
  2 | import Foundation
  3 |
[8/31] Compiling Storage Store.swift
/host/spi-builder-workspace/Sources/Storage/DelegatedStorage.swift:1:8: error: no such module 'CryptoKit'
  1 | import CryptoKit
    |        `- error: no such module 'CryptoKit'
  2 | import Foundation
  3 |
error: emit-module command failed with exit code 1 (use -v to see invocation)
[9/31] Emitting module Storage
/host/spi-builder-workspace/Sources/Storage/DelegatedStorage.swift:1:8: error: no such module 'CryptoKit'
  1 | import CryptoKit
    |        `- error: no such module 'CryptoKit'
  2 | import Foundation
  3 |
[10/31] Compiling Storage DataConvertible.swift
/host/spi-builder-workspace/Sources/Storage/DelegatedStorage.swift:1:8: error: no such module 'CryptoKit'
  1 | import CryptoKit
    |        `- error: no such module 'CryptoKit'
  2 | import Foundation
  3 |
[11/31] Compiling Storage StorageData.swift
/host/spi-builder-workspace/Sources/Storage/DelegatedStorage.swift:1:8: error: no such module 'CryptoKit'
  1 | import CryptoKit
    |        `- error: no such module 'CryptoKit'
  2 | import Foundation
  3 |
[12/31] Compiling Storage DelegatedStorage.swift
/host/spi-builder-workspace/Sources/Storage/DelegatedStorage.swift:1:8: error: no such module 'CryptoKit'
  1 | import CryptoKit
    |        `- error: no such module 'CryptoKit'
  2 | import Foundation
  3 |
[13/31] Compiling Storage StorageActor.swift
/host/spi-builder-workspace/Sources/Storage/DelegatedStorage.swift:1:8: error: no such module 'CryptoKit'
  1 | import CryptoKit
    |        `- error: no such module 'CryptoKit'
  2 | import Foundation
  3 |
[14/31] Compiling Storage Storage.swift
/host/spi-builder-workspace/Sources/Storage/DelegatedStorage.swift:1:8: error: no such module 'CryptoKit'
  1 | import CryptoKit
    |        `- error: no such module 'CryptoKit'
  2 | import Foundation
  3 |
BUILD FAILURE 6.2 wasm