The Swift Package Index logo.Swift Package Index

Build Information

Failed to build IPData, reference v1.0.1 (d0bc0d), with Swift 6.4 for Wasm on 24 Sep 2026 06:22:49 UTC.

Build Command

bash -c docker run --pull=always --rm -v "checkouts-54344843-1":/host -w "$PWD" -e JAVA_HOME="/root/.sdkman/candidates/java/current" -e SPI_BUILD="1" -e SPI_PROCESSING="1" registry.gitlab.com/saguaro1/spi-images:wasm-6.4-latest swift build --swift-sdk swift-6.4.x-DEVELOPMENT-SNAPSHOT-2026-09-04-a_wasm 2>&1

Build Log

========================================
RunAll
========================================
Builder version: 5.1.0
Interrupt handler set up.
========================================
Checkout
========================================
Clone URL: https://github.com/ipdata/swift.git
Reference: v1.0.1
Initialized empty Git repository in /host/spi-builder-workspace/.git/
hint: Using 'master' as the name for the initial branch. This default branch name
hint: is subject to change. To configure the initial branch name to use in all
hint: of your new repositories, which will suppress this warning, call:
hint:
hint: 	git config --global init.defaultBranch <name>
hint:
hint: Names commonly chosen instead of 'master' are 'main', 'trunk' and
hint: 'development'. The just-created branch can be renamed via this command:
hint:
hint: 	git branch -m <name>
From https://github.com/ipdata/swift
 * tag               v1.0.1     -> FETCH_HEAD
HEAD is now at d0bc0d7 Merge pull request #2 from ipdata/claude/swift-ipdata-sdk-S4ezn
Cloned https://github.com/ipdata/swift.git
Revision (git rev-parse @):
d0bc0d79bb0c952fdbf622cb14716e76de41b081
SUCCESS checkout https://github.com/ipdata/swift.git at v1.0.1
========================================
Build
========================================
Selected platform:         wasm
Swift version:             6.4
Building package at path:  $PWD
https://github.com/ipdata/swift.git
Running build ...
bash -c docker run --pull=always --rm -v "checkouts-54344843-1":/host -w "$PWD" -e JAVA_HOME="/root/.sdkman/candidates/java/current" -e SPI_BUILD="1" -e SPI_PROCESSING="1" registry.gitlab.com/saguaro1/spi-images:wasm-6.4-latest swift build --swift-sdk swift-6.4.x-DEVELOPMENT-SNAPSHOT-2026-09-04-a_wasm 2>&1
wasm-6.4-latest: Pulling from saguaro1/spi-images
Digest: sha256:4328fdb43c680d205c1d6761b1e3267aa38277eefdda9ddfb17b6a0f1a77857a
Status: Image is up to date for registry.gitlab.com/saguaro1/spi-images:wasm-6.4-latest
Building for debugging...
[Planning deferred tasks]
error: SwiftCompile normal wasm32 failed with a nonzero exit code. Command line:     cd /host

/host/spi-builder-workspace/Sources/IPData/IPDataClient.swift:24:26: error: 'URLSession' is unavailable: This type has moved to the FoundationNetworking module. Import that module to use it.
 22 |     private let apiKey: String
 23 |     private let baseURL: URL
 24 |     private let session: URLSession
    |                          `- error: 'URLSession' is unavailable: This type has moved to the FoundationNetworking module. Import that module to use it.
 25 |     private let decoder: JSONDecoder
 26 |
Foundation.URLSession:2:18: note: 'URLSession' has been explicitly marked unavailable here
1 | @available(*, unavailable, message: "This type has moved to the FoundationNetworking module. Import that module to use it.")
2 | public typealias URLSession = AnyObject
  |                  `- note: 'URLSession' has been explicitly marked unavailable here
/host/spi-builder-workspace/Sources/IPData/IPDataClient.swift:37:18: error: 'URLSession' is unavailable: This type has moved to the FoundationNetworking module. Import that module to use it.
 35 |         apiKey: String,
 36 |         baseURL: URL = IPDataClient.defaultBaseURL,
 37 |         session: URLSession = .shared
    |                  `- error: 'URLSession' is unavailable: This type has moved to the FoundationNetworking module. Import that module to use it.
 38 |     ) {
 39 |         self.apiKey = apiKey
Foundation.URLSession:2:18: note: 'URLSession' has been explicitly marked unavailable here
1 | @available(*, unavailable, message: "This type has moved to the FoundationNetworking module. Import that module to use it.")
2 | public typealias URLSession = AnyObject
  |                  `- note: 'URLSession' has been explicitly marked unavailable here
/host/spi-builder-workspace/Sources/IPData/IPDataClient.swift:37:32: error: type 'URLSession' (aka 'AnyObject') has no member 'shared'
 35 |         apiKey: String,
 36 |         baseURL: URL = IPDataClient.defaultBaseURL,
 37 |         session: URLSession = .shared
    |                                `- error: type 'URLSession' (aka 'AnyObject') has no member 'shared'
 38 |     ) {
 39 |         self.apiKey = apiKey
/host/spi-builder-workspace/Sources/IPData/IPDataClient.swift:37:32: error: value of type '_' expected to be instance of class or class-constrained type
 35 |         apiKey: String,
 36 |         baseURL: URL = IPDataClient.defaultBaseURL,
 37 |         session: URLSession = .shared
    |                                `- error: value of type '_' expected to be instance of class or class-constrained type
 38 |     ) {
 39 |         self.apiKey = apiKey
/host/spi-builder-workspace/Sources/IPData/IPDataClient.swift:148:51: error: cannot find type 'URLRequest' in scope
146 |     }
147 |
148 |     private func perform<T: Decodable>(_ request: URLRequest) async throws -> T {
    |                                                   `- error: cannot find type 'URLRequest' in scope
149 |         let (data, response) = try await dataTask(request)
150 |         try checkResponse(response, data: data)
/host/spi-builder-workspace/Sources/IPData/IPDataClient.swift:158:38: error: cannot find type 'URLRequest' in scope
156 |     }
157 |
158 |     private func dataTask(_ request: URLRequest) async throws -> (Data, URLResponse) {
    |                                      `- error: cannot find type 'URLRequest' in scope
159 |         do {
160 |             return try await session.data(for: request)
/host/spi-builder-workspace/Sources/IPData/IPDataClient.swift:158:73: error: 'URLResponse' is unavailable: This type has moved to the FoundationNetworking module. Import that module to use it.
156 |     }
157 |
158 |     private func dataTask(_ request: URLRequest) async throws -> (Data, URLResponse) {
    |                                                                         `- error: 'URLResponse' is unavailable: This type has moved to the FoundationNetworking module. Import that module to use it.
159 |         do {
160 |             return try await session.data(for: request)
Foundation.URLResponse:2:18: note: 'URLResponse' has been explicitly marked unavailable here
1 | @available(*, unavailable, message: "This type has moved to the FoundationNetworking module. Import that module to use it.")
2 | public typealias URLResponse = AnyObject
  |                  `- note: 'URLResponse' has been explicitly marked unavailable here
/host/spi-builder-workspace/Sources/IPData/IPDataClient.swift:166:44: error: 'URLResponse' is unavailable: This type has moved to the FoundationNetworking module. Import that module to use it.
164 |     }
165 |
166 |     private func checkResponse(_ response: URLResponse, data: Data) throws {
    |                                            `- error: 'URLResponse' is unavailable: This type has moved to the FoundationNetworking module. Import that module to use it.
167 |         guard let http = response as? HTTPURLResponse else { return }
168 |         guard (200...299).contains(http.statusCode) else {
Foundation.URLResponse:2:18: note: 'URLResponse' has been explicitly marked unavailable here
1 | @available(*, unavailable, message: "This type has moved to the FoundationNetworking module. Import that module to use it.")
2 | public typealias URLResponse = AnyObject
  |                  `- note: 'URLResponse' has been explicitly marked unavailable here
Failed frontend command:
/usr/bin/swift-frontend -frontend -emit-module -experimental-skip-non-inlinable-function-bodies-without-types /host/spi-builder-workspace/Sources/IPData/IPDataClient.swift /host/spi-builder-workspace/Sources/IPData/IPDataError.swift /host/spi-builder-workspace/Sources/IPData/Models.swift -target wasm32-unknown-wasip1 -disable-objc-interop -sdk /root/.swiftpm/swift-sdks/swift-6.4.x-DEVELOPMENT-SNAPSHOT-2026-09-04-a_wasm.artifactbundle/swift-6.4.x-DEVELOPMENT-SNAPSHOT-2026-09-04-a_wasm/wasm32-unknown-wasip1/WASI.sdk -sysroot /root/.swiftpm/swift-sdks/swift-6.4.x-DEVELOPMENT-SNAPSHOT-2026-09-04-a_wasm.artifactbundle/swift-6.4.x-DEVELOPMENT-SNAPSHOT-2026-09-04-a_wasm/wasm32-unknown-wasip1/WASI.sdk -I /host/spi-builder-workspace/.build/out/Products/Debug-webassembly-wasm32 -module-cache-path /host/spi-builder-workspace/.build/out/ModuleCache.noindex -color-diagnostics -Xcc -fcolor-diagnostics -enable-testing -g -debug-info-format\=dwarf -dwarf-version\=4 -swift-version 5 -Onone -D SWIFT_PACKAGE -D DEBUG -D SWIFT_MODULE_RESOURCE_BUNDLE_UNAVAILABLE -D Xcode -serialize-debugging-options -enable-experimental-feature DebugDescriptionMacro -empty-abi-descriptor -external-plugin-path /usr/lib/swift/host/plugins/testing\#/usr/bin/swift-plugin-server -validate-clang-modules-once -clang-build-session-file /host/spi-builder-workspace/.build/out/ModuleCache.noindex/Session.modulevalidation -Xcc -working-directory -Xcc /host -resource-dir /root/.swiftpm/swift-sdks/swift-6.4.x-DEVELOPMENT-SNAPSHOT-2026-09-04-a_wasm.artifactbundle/swift-6.4.x-DEVELOPMENT-SNAPSHOT-2026-09-04-a_wasm/wasm32-unknown-wasip1/swift.xctoolchain/usr/lib/swift_static -use-static-resource-dir -enable-anonymous-context-mangled-names -file-compilation-dir /host -Xcc -resource-dir -Xcc /root/.swiftpm/swift-sdks/swift-6.4.x-DEVELOPMENT-SNAPSHOT-2026-09-04-a_wasm.artifactbundle/swift-6.4.x-DEVELOPMENT-SNAPSHOT-2026-09-04-a_wasm/wasm32-unknown-wasip1/swift.xctoolchain/usr/lib/swift_static/clang -Xcc -D_LIBCPP_HARDENING_MODE\=_LIBCPP_HARDENING_MODE_DEBUG -Xcc -fmodules-prune-interval\=86400 -Xcc -fmodules-prune-after\=345600 -Xcc -I/host/spi-builder-workspace/.build/out/Products/Debug-webassembly-wasm32/include -Xcc -I/host/spi-builder-workspace/.build/out/Intermediates.noindex/IPData.build/Debug-webassembly-wasm32/IPData-t.build/DerivedSources-normal/wasm32 -Xcc -I/host/spi-builder-workspace/.build/out/Intermediates.noindex/IPData.build/Debug-webassembly-wasm32/IPData-t.build/DerivedSources/wasm32 -Xcc -I/host/spi-builder-workspace/.build/out/Intermediates.noindex/IPData.build/Debug-webassembly-wasm32/IPData-t.build/DerivedSources -Xcc -DSWIFT_PACKAGE -Xcc -DDEBUG\=1 -no-auto-bridging-header-chaining -module-name IPData -package-name spi_builder_workspace -const-gather-protocols-file /host/spi-builder-workspace/.build/out/Intermediates.noindex/IPData.build/Debug-webassembly-wasm32/IPData-t.build/Objects-normal/wasm32/IPData_const_extract_protocols.json -in-process-plugin-server-path /usr/lib/swift/host/libSwiftInProcPluginServer.so -plugin-path /usr/lib/swift/host/plugins -plugin-path /usr/local/lib/swift/host/plugins -emit-module-doc-path /host/spi-builder-workspace/.build/out/Intermediates.noindex/IPData.build/Debug-webassembly-wasm32/IPData-t.build/Objects-normal/wasm32/Modules/IPData.swiftdoc -emit-module-source-info-path /host/spi-builder-workspace/.build/out/Intermediates.noindex/IPData.build/Debug-webassembly-wasm32/IPData-t.build/Objects-normal/wasm32/Modules/IPData.swiftsourceinfo -emit-objc-header-path /host/spi-builder-workspace/.build/out/Intermediates.noindex/IPData.build/Debug-webassembly-wasm32/IPData-t.build/Objects-normal/wasm32/IPData-Swift.h -serialize-diagnostics-path /host/spi-builder-workspace/.build/out/Intermediates.noindex/IPData.build/Debug-webassembly-wasm32/IPData-t.build/Objects-normal/wasm32/IPData-primary-emit-module.dia -emit-dependencies-path /host/spi-builder-workspace/.build/out/Intermediates.noindex/IPData.build/Debug-webassembly-wasm32/IPData-t.build/Objects-normal/wasm32/IPData-primary-emit-module.d -parse-as-library -o /host/spi-builder-workspace/.build/out/Intermediates.noindex/IPData.build/Debug-webassembly-wasm32/IPData-t.build/Objects-normal/wasm32/Modules/IPData.swiftmodule
error: Build failed
BUILD FAILURE 6.4 wasm