The Swift Package Index logo.Swift Package Index

Build Information

Failed to build TwitterTextEditor, reference master (39256a), with Swift 6.4 for tvOS using Xcode 27.0 on 17 Sep 2026 18:25:10 UTC.

Build Command

env DEVELOPER_DIR=/Applications/Xcode-27.0.0-Release.Candidate.app xcrun xcodebuild -IDEClonedSourcePackagesDirPathOverride=$PWD/.dependencies -skipMacroValidation -skipPackagePluginValidation -derivedDataPath $PWD/.derivedData build -scheme TwitterTextEditor-Package -destination generic/platform=tvOS

Build Log

========================================
RunAll
========================================
Builder version: 5.1.0
Interrupt handler set up.
========================================
Checkout
========================================
Clone URL: https://github.com/twitter/TwitterTextEditor.git
Reference: master
Initialized empty Git repository in /Users/admin/builder/spi-builder-workspace/.git/
From https://github.com/twitter/TwitterTextEditor
 * branch            master     -> FETCH_HEAD
 * [new branch]      master     -> origin/master
HEAD is now at 39256a9 Replace SwiftLint autocorrect command with `--fix`
Cloned https://github.com/twitter/TwitterTextEditor.git
Revision (git rev-parse @):
39256a958ade4a682e43f21f22140a5b3bbe280a
SUCCESS checkout https://github.com/twitter/TwitterTextEditor.git at master
========================================
Build
========================================
Selected platform:         tvOS
Swift version:             6.4
Building package at path:  $PWD
https://github.com/twitter/TwitterTextEditor.git
Command line invocation:
    /Applications/Xcode-27.0.0-Release.Candidate.app/Contents/Developer/usr/bin/xcodebuild -IDEClonedSourcePackagesDirPathOverride=/Users/admin/builder/spi-builder-workspace/.dependencies -resolvePackageDependencies
Resolve Package Graph
Resolve Package Graph
Resolved source packages:
  TwitterTextEditor: /Users/admin/builder/spi-builder-workspace
resolved source packages: TwitterTextEditor
2026-09-17 14:24:17.947 xcodebuild[528:3026] [MT] IDERunDestination: Supported platforms for the buildables in the current scheme is empty.
{
  "dependencies" : [
  ],
  "manifest_display_name" : "TwitterTextEditor",
  "name" : "TwitterTextEditor",
  "path" : "/Users/admin/builder/spi-builder-workspace",
  "platforms" : [
    {
      "name" : "ios",
      "version" : "11.0"
    }
  ],
  "products" : [
    {
      "name" : "TwitterTextEditor-Auto",
      "targets" : [
        "TwitterTextEditor"
      ],
      "type" : {
        "library" : [
          "automatic"
        ]
      }
    },
    {
      "name" : "TwitterTextEditor",
      "targets" : [
        "TwitterTextEditor"
      ],
      "type" : {
        "library" : [
          "dynamic"
        ]
      }
    }
  ],
  "targets" : [
    {
      "c99name" : "TwitterTextEditorTests",
      "module_type" : "SwiftTarget",
      "name" : "TwitterTextEditorTests",
      "path" : "Tests/TwitterTextEditorTests",
      "sources" : [
        "EditingContentTests.swift",
        "NSRangeTests.swift",
        "SchedulerTest.swift",
        "SequenceTest.swift"
      ],
      "target_dependencies" : [
        "TwitterTextEditor"
      ],
      "type" : "test"
    },
    {
      "c99name" : "TwitterTextEditor",
      "module_type" : "SwiftTarget",
      "name" : "TwitterTextEditor",
      "path" : "Sources/TwitterTextEditor",
      "product_memberships" : [
        "TwitterTextEditor-Auto",
        "TwitterTextEditor"
      ],
      "sources" : [
        "Configuration.swift",
        "EditingContent.swift",
        "LayoutManager.swift",
        "Logger.swift",
        "NSAttributedString.swift",
        "NSRange.swift",
        "NotificationCenter.swift",
        "Scheduler.swift",
        "Sequence.swift",
        "String.swift",
        "TextAttributes.swift",
        "TextEditorView.swift",
        "TextEditorViewTextInputTraits.swift",
        "TextView.swift",
        "TextViewDelegateForwarder.swift",
        "Tracer.swift",
        "UIResponder.swift",
        "UITextInput.swift"
      ],
      "type" : "library"
    }
  ],
  "tools_version" : "5.6"
}
{
  "workspace" : {
    "name" : "TwitterTextEditor",
    "schemes" : [
      "TwitterTextEditor",
      "TwitterTextEditor-Auto",
      "TwitterTextEditor-Package"
    ]
  }
}
2026-09-17 14:24:59.224 xcodebuild[654:4182] [MT] IDERunDestination: Supported platforms for the buildables in the current scheme is empty.
Running build ...
env DEVELOPER_DIR=/Applications/Xcode-27.0.0-Release.Candidate.app xcrun xcodebuild -IDEClonedSourcePackagesDirPathOverride=$PWD/.dependencies -skipMacroValidation -skipPackagePluginValidation -derivedDataPath $PWD/.derivedData build -scheme TwitterTextEditor-Package -destination generic/platform=tvOS
Command line invocation:
    /Applications/Xcode-27.0.0-Release.Candidate.app/Contents/Developer/usr/bin/xcodebuild -IDEClonedSourcePackagesDirPathOverride=/Users/admin/builder/spi-builder-workspace/.dependencies -skipMacroValidation -skipPackagePluginValidation -derivedDataPath /Users/admin/builder/spi-builder-workspace/.derivedData build -scheme TwitterTextEditor-Package -destination generic/platform=tvOS
Resolve Package Graph
Resolved source packages:
  TwitterTextEditor: /Users/admin/builder/spi-builder-workspace
ComputePackagePrebuildTargetDependencyGraph
Prepare packages
CreateBuildRequest
SendProjectDescription
CreateBuildOperation
ComputeTargetDependencyGraph
note: Building targets in dependency order
note: Target dependency graph (3 targets)
    Target 'TwitterTextEditor-product' in project 'TwitterTextEditor'
        ➜ Explicit dependency on target 'TwitterTextEditor' in project 'TwitterTextEditor'
    Target 'TwitterTextEditor-Auto-product' in project 'TwitterTextEditor'
        ➜ Explicit dependency on target 'TwitterTextEditor' in project 'TwitterTextEditor'
    Target 'TwitterTextEditor' in project 'TwitterTextEditor' (no dependencies)
GatherProvisioningInputs
CreateBuildDescription
ExecuteExternalTool /Applications/Xcode-27.0.0-Release.Candidate.app/Contents/Developer/Toolchains/XcodeDefault.xctoolchain/usr/bin/clang -v -E -dM -isysroot /Applications/Xcode-27.0.0-Release.Candidate.app/Contents/Developer/Platforms/AppleTVOS.platform/Developer/SDKs/AppleTVOS27.0.sdk -x c -c /dev/null
ExecuteExternalTool /Applications/Xcode-27.0.0-Release.Candidate.app/Contents/Developer/Toolchains/XcodeDefault.xctoolchain/usr/bin/swiftc --version
ExecuteExternalTool /Applications/Xcode-27.0.0-Release.Candidate.app/Contents/Developer/Toolchains/XcodeDefault.xctoolchain/usr/bin/ld -version_details
ReadFileContents /Applications/Xcode-27.0.0-Release.Candidate.app/Contents/Developer/Toolchains/XcodeDefault.xctoolchain/usr/share/docc/features.json
Build description signature: eda72c41e06a67b6d4b0140646213762
Build description path: /Users/admin/builder/spi-builder-workspace/.derivedData/Build/Intermediates.noindex/XCBuildData/eda72c41e06a67b6d4b0140646213762.xcbuilddata
CreateBuildDirectory /Users/admin/builder/spi-builder-workspace/.derivedData/ModuleCache.noindex
    cd /Users/admin/builder/spi-builder-workspace/.swiftpm/xcode
    builtin-create-build-directory /Users/admin/builder/spi-builder-workspace/.derivedData/ModuleCache.noindex
CreateBuildDirectory /Users/admin/builder/spi-builder-workspace/.derivedData/SDKExplicitPrecompiledModules
    cd /Users/admin/builder/spi-builder-workspace/.swiftpm/xcode
    builtin-create-build-directory /Users/admin/builder/spi-builder-workspace/.derivedData/SDKExplicitPrecompiledModules
CreateBuildDirectory /Users/admin/builder/spi-builder-workspace/.derivedData/CompilationCache.noindex
    cd /Users/admin/builder/spi-builder-workspace/.swiftpm/xcode
    builtin-create-build-directory /Users/admin/builder/spi-builder-workspace/.derivedData/CompilationCache.noindex
CreateBuildDirectory /Users/admin/builder/spi-builder-workspace/.derivedData/Build/Intermediates.noindex
    cd /Users/admin/builder/spi-builder-workspace/.swiftpm/xcode
    builtin-create-build-directory /Users/admin/builder/spi-builder-workspace/.derivedData/Build/Intermediates.noindex
ClangStatCache /Applications/Xcode-27.0.0-Release.Candidate.app/Contents/Developer/Toolchains/XcodeDefault.xctoolchain/usr/bin/clang-stat-cache /Applications/Xcode-27.0.0-Release.Candidate.app/Contents/Developer/Platforms/AppleTVOS.platform/Developer/SDKs/AppleTVOS27.0.sdk /Users/admin/builder/spi-builder-workspace/.derivedData/SDKStatCaches.noindex/appletvos27.0-24J360-e829b21a6f8c9b70876ba0858053c044b32bfd8d43560033f8d89884cdb90028.sdkstatcache
    cd /Users/admin/builder/spi-builder-workspace/.swiftpm/xcode
    /Applications/Xcode-27.0.0-Release.Candidate.app/Contents/Developer/Toolchains/XcodeDefault.xctoolchain/usr/bin/clang-stat-cache /Applications/Xcode-27.0.0-Release.Candidate.app/Contents/Developer/Platforms/AppleTVOS.platform/Developer/SDKs/AppleTVOS27.0.sdk -o /Users/admin/builder/spi-builder-workspace/.derivedData/SDKStatCaches.noindex/appletvos27.0-24J360-e829b21a6f8c9b70876ba0858053c044b32bfd8d43560033f8d89884cdb90028.sdkstatcache
CreateBuildDirectory /Users/admin/builder/spi-builder-workspace/.derivedData/Build/Products
    cd /Users/admin/builder/spi-builder-workspace/.swiftpm/xcode
    builtin-create-build-directory /Users/admin/builder/spi-builder-workspace/.derivedData/Build/Products
CreateBuildDirectory /Users/admin/builder/spi-builder-workspace/.derivedData/Build/Intermediates.noindex/SwiftExplicitPrecompiledModules
    cd /Users/admin/builder/spi-builder-workspace/.swiftpm/xcode
    builtin-create-build-directory /Users/admin/builder/spi-builder-workspace/.derivedData/Build/Intermediates.noindex/SwiftExplicitPrecompiledModules
CreateBuildDirectory /Users/admin/builder/spi-builder-workspace/.derivedData/Build/Intermediates.noindex/ExplicitPrecompiledModules
    cd /Users/admin/builder/spi-builder-workspace/.swiftpm/xcode
    builtin-create-build-directory /Users/admin/builder/spi-builder-workspace/.derivedData/Build/Intermediates.noindex/ExplicitPrecompiledModules
CreateBuildDirectory /Users/admin/builder/spi-builder-workspace/.derivedData/Build/Intermediates.noindex/PrecompiledHeaders
    cd /Users/admin/builder/spi-builder-workspace/.swiftpm/xcode
    builtin-create-build-directory /Users/admin/builder/spi-builder-workspace/.derivedData/Build/Intermediates.noindex/PrecompiledHeaders
CreateBuildDirectory /Users/admin/builder/spi-builder-workspace/.derivedData/Build/Intermediates.noindex/EagerLinkingTBDs/Debug-appletvos
    cd /Users/admin/builder/spi-builder-workspace/.swiftpm/xcode
    builtin-create-build-directory /Users/admin/builder/spi-builder-workspace/.derivedData/Build/Intermediates.noindex/EagerLinkingTBDs/Debug-appletvos
CreateBuildDirectory /Users/admin/builder/spi-builder-workspace/.derivedData/Build/Products/Debug-appletvos
    cd /Users/admin/builder/spi-builder-workspace/.swiftpm/xcode
    builtin-create-build-directory /Users/admin/builder/spi-builder-workspace/.derivedData/Build/Products/Debug-appletvos
CreateBuildDirectory /Users/admin/builder/spi-builder-workspace/.derivedData/Build/Products/Debug-appletvos/PackageFrameworks
    cd /Users/admin/builder/spi-builder-workspace/.swiftpm/xcode
    builtin-create-build-directory /Users/admin/builder/spi-builder-workspace/.derivedData/Build/Products/Debug-appletvos/PackageFrameworks
WriteAuxiliaryFile /Users/admin/builder/spi-builder-workspace/.derivedData/Build/Intermediates.noindex/TwitterTextEditor.build/Debug-appletvos/TwitterTextEditor-t.build/TwitterTextEditor.DependencyStaticMetadataFileList (in target 'TwitterTextEditor' from project 'TwitterTextEditor')
    cd /Users/admin/builder/spi-builder-workspace
    write-file /Users/admin/builder/spi-builder-workspace/.derivedData/Build/Intermediates.noindex/TwitterTextEditor.build/Debug-appletvos/TwitterTextEditor-t.build/TwitterTextEditor.DependencyStaticMetadataFileList
WriteAuxiliaryFile /Users/admin/builder/spi-builder-workspace/.derivedData/Build/Intermediates.noindex/TwitterTextEditor.build/Debug-appletvos/TwitterTextEditor-product-t.build/empty-TwitterTextEditor.plist (in target 'TwitterTextEditor-product' from project 'TwitterTextEditor')
    cd /Users/admin/builder/spi-builder-workspace
    write-file /Users/admin/builder/spi-builder-workspace/.derivedData/Build/Intermediates.noindex/TwitterTextEditor.build/Debug-appletvos/TwitterTextEditor-product-t.build/empty-TwitterTextEditor.plist
WriteAuxiliaryFile /Users/admin/builder/spi-builder-workspace/.derivedData/Build/Intermediates.noindex/TwitterTextEditor.build/Debug-appletvos/TwitterTextEditor-t.build/TwitterTextEditor.modulemap (in target 'TwitterTextEditor' from project 'TwitterTextEditor')
    cd /Users/admin/builder/spi-builder-workspace
    write-file /Users/admin/builder/spi-builder-workspace/.derivedData/Build/Intermediates.noindex/TwitterTextEditor.build/Debug-appletvos/TwitterTextEditor-t.build/TwitterTextEditor.modulemap
WriteAuxiliaryFile /Users/admin/builder/spi-builder-workspace/.derivedData/Build/Intermediates.noindex/TwitterTextEditor.build/Debug-appletvos/TwitterTextEditor-t.build/TwitterTextEditor.DependencyMetadataFileList (in target 'TwitterTextEditor' from project 'TwitterTextEditor')
    cd /Users/admin/builder/spi-builder-workspace
    write-file /Users/admin/builder/spi-builder-workspace/.derivedData/Build/Intermediates.noindex/TwitterTextEditor.build/Debug-appletvos/TwitterTextEditor-t.build/TwitterTextEditor.DependencyMetadataFileList
WriteAuxiliaryFile /Users/admin/builder/spi-builder-workspace/.derivedData/Build/Intermediates.noindex/TwitterTextEditor.build/Debug-appletvos/TwitterTextEditor-t.build/Objects-normal/arm64/TwitterTextEditor.LinkFileList (in target 'TwitterTextEditor' from project 'TwitterTextEditor')
    cd /Users/admin/builder/spi-builder-workspace
    write-file /Users/admin/builder/spi-builder-workspace/.derivedData/Build/Intermediates.noindex/TwitterTextEditor.build/Debug-appletvos/TwitterTextEditor-t.build/Objects-normal/arm64/TwitterTextEditor.LinkFileList
WriteAuxiliaryFile /Users/admin/builder/spi-builder-workspace/.derivedData/Build/Intermediates.noindex/TwitterTextEditor.build/Debug-appletvos/TwitterTextEditor-t.build/Objects-normal/arm64/TwitterTextEditor_const_extract_protocols.json (in target 'TwitterTextEditor' from project 'TwitterTextEditor')
    cd /Users/admin/builder/spi-builder-workspace
    write-file /Users/admin/builder/spi-builder-workspace/.derivedData/Build/Intermediates.noindex/TwitterTextEditor.build/Debug-appletvos/TwitterTextEditor-t.build/Objects-normal/arm64/TwitterTextEditor_const_extract_protocols.json
WriteAuxiliaryFile /Users/admin/builder/spi-builder-workspace/.derivedData/Build/Intermediates.noindex/TwitterTextEditor.build/Debug-appletvos/TwitterTextEditor-t.build/Objects-normal/arm64/TwitterTextEditor.SwiftConstValuesFileList (in target 'TwitterTextEditor' from project 'TwitterTextEditor')
    cd /Users/admin/builder/spi-builder-workspace
    write-file /Users/admin/builder/spi-builder-workspace/.derivedData/Build/Intermediates.noindex/TwitterTextEditor.build/Debug-appletvos/TwitterTextEditor-t.build/Objects-normal/arm64/TwitterTextEditor.SwiftConstValuesFileList
WriteAuxiliaryFile /Users/admin/builder/spi-builder-workspace/.derivedData/Build/Intermediates.noindex/TwitterTextEditor.build/Debug-appletvos/TwitterTextEditor-t.build/Objects-normal/arm64/TwitterTextEditor.SwiftFileList (in target 'TwitterTextEditor' from project 'TwitterTextEditor')
    cd /Users/admin/builder/spi-builder-workspace
    write-file /Users/admin/builder/spi-builder-workspace/.derivedData/Build/Intermediates.noindex/TwitterTextEditor.build/Debug-appletvos/TwitterTextEditor-t.build/Objects-normal/arm64/TwitterTextEditor.SwiftFileList
WriteAuxiliaryFile /Users/admin/builder/spi-builder-workspace/.derivedData/Build/Intermediates.noindex/TwitterTextEditor.build/Debug-appletvos/TwitterTextEditor-product-t.build/TwitterTextEditor.DependencyStaticMetadataFileList (in target 'TwitterTextEditor-product' from project 'TwitterTextEditor')
    cd /Users/admin/builder/spi-builder-workspace
    write-file /Users/admin/builder/spi-builder-workspace/.derivedData/Build/Intermediates.noindex/TwitterTextEditor.build/Debug-appletvos/TwitterTextEditor-product-t.build/TwitterTextEditor.DependencyStaticMetadataFileList
WriteAuxiliaryFile /Users/admin/builder/spi-builder-workspace/.derivedData/Build/Intermediates.noindex/TwitterTextEditor.build/Debug-appletvos/TwitterTextEditor-product-t.build/TwitterTextEditor.DependencyMetadataFileList (in target 'TwitterTextEditor-product' from project 'TwitterTextEditor')
    cd /Users/admin/builder/spi-builder-workspace
    write-file /Users/admin/builder/spi-builder-workspace/.derivedData/Build/Intermediates.noindex/TwitterTextEditor.build/Debug-appletvos/TwitterTextEditor-product-t.build/TwitterTextEditor.DependencyMetadataFileList
MkDir /Users/admin/builder/spi-builder-workspace/.derivedData/Build/Products/Debug-appletvos/PackageFrameworks/TwitterTextEditor.framework (in target 'TwitterTextEditor-product' from project 'TwitterTextEditor')
    cd /Users/admin/builder/spi-builder-workspace
    /bin/mkdir -p /Users/admin/builder/spi-builder-workspace/.derivedData/Build/Products/Debug-appletvos/PackageFrameworks/TwitterTextEditor.framework
WriteAuxiliaryFile /Users/admin/builder/spi-builder-workspace/.derivedData/Build/Intermediates.noindex/TwitterTextEditor.build/Debug-appletvos/TwitterTextEditor-t.build/Objects-normal/arm64/TwitterTextEditor-OutputFileMap.json (in target 'TwitterTextEditor' from project 'TwitterTextEditor')
    cd /Users/admin/builder/spi-builder-workspace
    write-file /Users/admin/builder/spi-builder-workspace/.derivedData/Build/Intermediates.noindex/TwitterTextEditor.build/Debug-appletvos/TwitterTextEditor-t.build/Objects-normal/arm64/TwitterTextEditor-OutputFileMap.json
WriteAuxiliaryFile /Users/admin/builder/spi-builder-workspace/.derivedData/Build/Intermediates.noindex/TwitterTextEditor.build/Debug-appletvos/TwitterTextEditor-product-t.build/Objects-normal/arm64/TwitterTextEditor.LinkFileList (in target 'TwitterTextEditor-product' from project 'TwitterTextEditor')
    cd /Users/admin/builder/spi-builder-workspace
    write-file /Users/admin/builder/spi-builder-workspace/.derivedData/Build/Intermediates.noindex/TwitterTextEditor.build/Debug-appletvos/TwitterTextEditor-product-t.build/Objects-normal/arm64/TwitterTextEditor.LinkFileList
Copy /Users/admin/builder/spi-builder-workspace/.derivedData/Build/Intermediates.noindex/GeneratedModuleMaps-appletvos/TwitterTextEditor.modulemap /Users/admin/builder/spi-builder-workspace/.derivedData/Build/Intermediates.noindex/TwitterTextEditor.build/Debug-appletvos/TwitterTextEditor-t.build/TwitterTextEditor.modulemap (in target 'TwitterTextEditor' from project 'TwitterTextEditor')
    cd /Users/admin/builder/spi-builder-workspace
    builtin-copy -exclude .DS_Store -exclude CVS -exclude .svn -exclude .git -exclude .hg -resolve-src-symlinks /Users/admin/builder/spi-builder-workspace/.derivedData/Build/Intermediates.noindex/TwitterTextEditor.build/Debug-appletvos/TwitterTextEditor-t.build/TwitterTextEditor.modulemap /Users/admin/builder/spi-builder-workspace/.derivedData/Build/Intermediates.noindex/GeneratedModuleMaps-appletvos
SwiftDriver TwitterTextEditor normal arm64 com.apple.xcode.tools.swift.compiler (in target 'TwitterTextEditor' from project 'TwitterTextEditor')
    cd /Users/admin/builder/spi-builder-workspace/.swiftpm/xcode
    builtin-SwiftDriver -- /Applications/Xcode-27.0.0-Release.Candidate.app/Contents/Developer/Toolchains/XcodeDefault.xctoolchain/usr/bin/swiftc -parse-as-library -module-name TwitterTextEditor -Onone @/Users/admin/builder/spi-builder-workspace/.derivedData/Build/Intermediates.noindex/TwitterTextEditor.build/Debug-appletvos/TwitterTextEditor-t.build/Objects-normal/arm64/TwitterTextEditor.SwiftFileList -DSWIFT_PACKAGE -DDEBUG -DSWIFT_MODULE_RESOURCE_BUNDLE_UNAVAILABLE -DXcode -plugin-path /Applications/Xcode-27.0.0-Release.Candidate.app/Contents/Developer/Toolchains/XcodeDefault.xctoolchain/usr/lib/swift/host/plugins/testing -enable-experimental-feature DebugDescriptionMacro -sdk /Applications/Xcode-27.0.0-Release.Candidate.app/Contents/Developer/Platforms/AppleTVOS.platform/Developer/SDKs/AppleTVOS27.0.sdk -target arm64-apple-tvos15.0 -g -module-cache-path /Users/admin/builder/spi-builder-workspace/.derivedData/ModuleCache.noindex -Xfrontend -serialize-debugging-options -profile-coverage-mapping -profile-generate -enable-testing -index-store-path /Users/admin/builder/spi-builder-workspace/.derivedData/Index.noindex/DataStore -Xcc -D_LIBCPP_HARDENING_MODE\=_LIBCPP_HARDENING_MODE_DEBUG -swift-version 5 -I /Users/admin/builder/spi-builder-workspace/.derivedData/Build/Products/Debug-appletvos -Isystem /Applications/Xcode-27.0.0-Release.Candidate.app/Contents/Developer/Platforms/AppleTVOS.platform/Developer/usr/lib -F /Users/admin/builder/spi-builder-workspace/.derivedData/Build/Products/Debug-appletvos -F /Applications/Xcode-27.0.0-Release.Candidate.app/Contents/Developer/Platforms/AppleTVOS.platform/Developer/Library/Frameworks -F /Applications/Xcode-27.0.0-Release.Candidate.app/Contents/Developer/Platforms/AppleTVOS.platform/Developer/SDKs/AppleTVOS27.0.sdk/Developer/Library/Frameworks -c -j10 -enable-batch-mode -incremental -Xcc -ivfsstatcache -Xcc /Users/admin/builder/spi-builder-workspace/.derivedData/SDKStatCaches.noindex/appletvos27.0-24J360-e829b21a6f8c9b70876ba0858053c044b32bfd8d43560033f8d89884cdb90028.sdkstatcache -output-file-map /Users/admin/builder/spi-builder-workspace/.derivedData/Build/Intermediates.noindex/TwitterTextEditor.build/Debug-appletvos/TwitterTextEditor-t.build/Objects-normal/arm64/TwitterTextEditor-OutputFileMap.json -save-temps -no-color-diagnostics -explicit-module-build -module-cache-path /Users/admin/builder/spi-builder-workspace/.derivedData/Build/Intermediates.noindex/SwiftExplicitPrecompiledModules -clang-scanner-module-cache-path /Users/admin/builder/spi-builder-workspace/.derivedData/ModuleCache.noindex -sdk-module-cache-path /Users/admin/builder/spi-builder-workspace/.derivedData/SDKExplicitPrecompiledModules -emit-dependencies -emit-module -emit-module-path /Users/admin/builder/spi-builder-workspace/.derivedData/Build/Intermediates.noindex/TwitterTextEditor.build/Debug-appletvos/TwitterTextEditor-t.build/Objects-normal/arm64/TwitterTextEditor.swiftmodule -serialize-diagnostics -dependency-scan-serialize-diagnostics-path /Users/admin/builder/spi-builder-workspace/.derivedData/Build/Intermediates.noindex/TwitterTextEditor.build/Debug-appletvos/TwitterTextEditor-t.build/Objects-normal/arm64/TwitterTextEditor-dependency-scan.dia -validate-clang-modules-once -clang-build-session-file /Users/admin/builder/spi-builder-workspace/.derivedData/ModuleCache.noindex/Session.modulevalidation -Xcc -fmodules-prune-interval\=86400 -Xcc -fmodules-prune-after\=345600 -emit-const-values -const-gather-protocols-list /Users/admin/builder/spi-builder-workspace/.derivedData/Build/Intermediates.noindex/TwitterTextEditor.build/Debug-appletvos/TwitterTextEditor-t.build/Objects-normal/arm64/TwitterTextEditor_const_extract_protocols.json -Xcc -I/Users/admin/builder/spi-builder-workspace/.derivedData/Build/Products/Debug-appletvos/include -Xcc -I/Users/admin/builder/spi-builder-workspace/.derivedData/Build/Intermediates.noindex/TwitterTextEditor.build/Debug-appletvos/TwitterTextEditor-t.build/DerivedSources-normal/arm64 -Xcc -I/Users/admin/builder/spi-builder-workspace/.derivedData/Build/Intermediates.noindex/TwitterTextEditor.build/Debug-appletvos/TwitterTextEditor-t.build/DerivedSources/arm64 -Xcc -I/Users/admin/builder/spi-builder-workspace/.derivedData/Build/Intermediates.noindex/TwitterTextEditor.build/Debug-appletvos/TwitterTextEditor-t.build/DerivedSources -Xcc -DSWIFT_PACKAGE -Xcc -DDEBUG\=1 -emit-objc-header -emit-objc-header-path /Users/admin/builder/spi-builder-workspace/.derivedData/Build/Intermediates.noindex/TwitterTextEditor.build/Debug-appletvos/TwitterTextEditor-t.build/Objects-normal/arm64/TwitterTextEditor-Swift.h -working-directory /Users/admin/builder/spi-builder-workspace/.swiftpm/xcode -experimental-emit-module-separately -disable-cmo
SwiftExplicitDependencyGeneratePcm arm64 /Users/admin/builder/spi-builder-workspace/.derivedData/SDKExplicitPrecompiledModules/ptrauth-8X2KEPL7CTRPS40TUB9APHPK6.pcm
SwiftExplicitDependencyGeneratePcm arm64 /Users/admin/builder/spi-builder-workspace/.derivedData/SDKExplicitPrecompiledModules/_Builtin_stddef-9ZJZ6FDEZNKTZU8YLPMFT9RAQ.pcm
SwiftExplicitDependencyGeneratePcm arm64 /Users/admin/builder/spi-builder-workspace/.derivedData/SDKExplicitPrecompiledModules/_Builtin_stdbool-AHRDH5EKLY6D04C5E42F3VCQI.pcm
SwiftExplicitDependencyGeneratePcm arm64 /Users/admin/builder/spi-builder-workspace/.derivedData/SDKExplicitPrecompiledModules/_Builtin_stdarg-BO2OCAUYVAXDRVQWQ8ISKGNUQ.pcm
SwiftExplicitDependencyGeneratePcm arm64 /Users/admin/builder/spi-builder-workspace/.derivedData/SDKExplicitPrecompiledModules/DeveloperToolsSupport-B1X8RI63V48AJRTH2RK6JAARV.pcm
SwiftExplicitDependencyGeneratePcm arm64 /Users/admin/builder/spi-builder-workspace/.derivedData/SDKExplicitPrecompiledModules/_SwiftConcurrencyShims-BY5PD8KF1L5KF6F4Q69HE3TJ4.pcm
SwiftExplicitDependencyGeneratePcm arm64 /Users/admin/builder/spi-builder-workspace/.derivedData/SDKExplicitPrecompiledModules/_Builtin_float-8ZJAYZ85YBOAOP52Y9H6IUNP3.pcm
SwiftExplicitDependencyGeneratePcm arm64 /Users/admin/builder/spi-builder-workspace/.derivedData/SDKExplicitPrecompiledModules/_AvailabilityInternal-BV2EDDP0MI5QJDDPEEV4D9D3V.pcm
SwiftExplicitDependencyGeneratePcm arm64 /Users/admin/builder/spi-builder-workspace/.derivedData/SDKExplicitPrecompiledModules/SwiftShims-8N4EXJ4RUJTR8K9OO3CMOH1EP.pcm
SwiftExplicitDependencyGeneratePcm arm64 /Users/admin/builder/spi-builder-workspace/.derivedData/SDKExplicitPrecompiledModules/ptrcheck-2AZ6B5IBYD3RRRTFWN2ONASY3.pcm
SwiftExplicitDependencyGeneratePcm arm64 /Users/admin/builder/spi-builder-workspace/.derivedData/SDKExplicitPrecompiledModules/_DarwinFoundation1-JOTYMOA1YZCIJ2NON6FQ848O.pcm
SwiftExplicitDependencyGeneratePcm arm64 /Users/admin/builder/spi-builder-workspace/.derivedData/SDKExplicitPrecompiledModules/_Builtin_limits-7JU2HP127LIT1X9E2V3D8WZ1.pcm
SwiftExplicitDependencyGeneratePcm arm64 /Users/admin/builder/spi-builder-workspace/.derivedData/SDKExplicitPrecompiledModules/_DarwinFoundation2-AOGAN1O02NKXRJN5V73AV3V3M.pcm
SwiftExplicitDependencyGeneratePcm arm64 /Users/admin/builder/spi-builder-workspace/.derivedData/SDKExplicitPrecompiledModules/sys_types-8GCAV1YMG5UUGHUID3CA20TCH.pcm
SwiftExplicitDependencyGeneratePcm arm64 /Users/admin/builder/spi-builder-workspace/.derivedData/SDKExplicitPrecompiledModules/_Builtin_stdint-6NFTB6IBKS143IVPGT1EKB7HO.pcm
SwiftExplicitDependencyGeneratePcm arm64 /Users/admin/builder/spi-builder-workspace/.derivedData/SDKExplicitPrecompiledModules/_Builtin_tgmath-7ULT1EUHDHW4OZPSTT33H6QGE.pcm
SwiftExplicitDependencyGeneratePcm arm64 /Users/admin/builder/spi-builder-workspace/.derivedData/SDKExplicitPrecompiledModules/string_h-6EVHP7A717OUS5DMC78F79HWO.pcm
SwiftExplicitDependencyGeneratePcm arm64 /Users/admin/builder/spi-builder-workspace/.derivedData/SDKExplicitPrecompiledModules/_DarwinFoundation3-8SR3855WDFHQPR6G9GHOI2C07.pcm
SwiftExplicitDependencyGeneratePcm arm64 /Users/admin/builder/spi-builder-workspace/.derivedData/SDKExplicitPrecompiledModules/_Builtin_stdatomic-3YXHN678NGYM3NL9POJ2HVEIF.pcm
SwiftExplicitDependencyGeneratePcm arm64 /Users/admin/builder/spi-builder-workspace/.derivedData/SDKExplicitPrecompiledModules/_Builtin_intrinsics-437O2R2NID4WAQVENR63GR82C.pcm
SwiftExplicitDependencyGeneratePcm arm64 /Users/admin/builder/spi-builder-workspace/.derivedData/SDKExplicitPrecompiledModules/_Builtin_inttypes-6X1IQ3QK9KEVKXOK9Y79EW7J3.pcm
SwiftExplicitDependencyGeneratePcm arm64 /Users/admin/builder/spi-builder-workspace/.derivedData/SDKExplicitPrecompiledModules/Darwin-DBSQAVBBPC3D2OMU5ZI2RXMST.pcm
SwiftExplicitDependencyGeneratePcm arm64 /Users/admin/builder/spi-builder-workspace/.derivedData/SDKExplicitPrecompiledModules/simd-117QUXEUT3Z7UQCUYWV2UA228.pcm
SwiftExplicitDependencyGeneratePcm arm64 /Users/admin/builder/spi-builder-workspace/.derivedData/SDKExplicitPrecompiledModules/MachO-EH3F5PJCIZG05NO51CEFSZYPW.pcm
SwiftExplicitDependencyGeneratePcm arm64 /Users/admin/builder/spi-builder-workspace/.derivedData/SDKExplicitPrecompiledModules/ObjectiveC-5250FDCE56N8508OR6XUYDKZM.pcm
SwiftExplicitDependencyGeneratePcm arm64 /Users/admin/builder/spi-builder-workspace/.derivedData/SDKExplicitPrecompiledModules/os_object-E2DGZ0SX0TULQHULZRPO6OKNW.pcm
SwiftExplicitDependencyGeneratePcm arm64 /Users/admin/builder/spi-builder-workspace/.derivedData/SDKExplicitPrecompiledModules/os_workgroup-DBUFF7811DKMX7VPBOJPGGF1U.pcm
SwiftExplicitDependencyGeneratePcm arm64 /Users/admin/builder/spi-builder-workspace/.derivedData/SDKExplicitPrecompiledModules/Spatial-7U8NLEFXSB8BR7PJQGVMF5A4Q.pcm
SwiftExplicitDependencyGeneratePcm arm64 /Users/admin/builder/spi-builder-workspace/.derivedData/SDKExplicitPrecompiledModules/Dispatch-1QL58A0V50C39KVAIC6C38SHL.pcm
SwiftExplicitDependencyGeneratePcm arm64 /Users/admin/builder/spi-builder-workspace/.derivedData/SDKExplicitPrecompiledModules/CoreFoundation-7TPJ7ENDC4L1A1ESHYI9TXS0D.pcm
SwiftExplicitDependencyGeneratePcm arm64 /Users/admin/builder/spi-builder-workspace/.derivedData/SDKExplicitPrecompiledModules/XPC-6O2DJFT3QUJ7QKTD3SNUB6PCR.pcm
SwiftExplicitDependencyGeneratePcm arm64 /Users/admin/builder/spi-builder-workspace/.derivedData/SDKExplicitPrecompiledModules/os-3GJI8H0BNAEZPQPQ1V0VVY3FY.pcm
SwiftExplicitDependencyGeneratePcm arm64 /Users/admin/builder/spi-builder-workspace/.derivedData/SDKExplicitPrecompiledModules/CFNetwork-2CUR2VK9S3S3WPFXPNXNUWYGN.pcm
SwiftExplicitDependencyGeneratePcm arm64 /Users/admin/builder/spi-builder-workspace/.derivedData/SDKExplicitPrecompiledModules/Security-8VMXEKVDA3MHUH9AOTP905DID.pcm
SwiftExplicitDependencyGeneratePcm arm64 /Users/admin/builder/spi-builder-workspace/.derivedData/SDKExplicitPrecompiledModules/CoreServices-2LPX99NW2QG44GNSEPKSMYBHY.pcm
SwiftExplicitDependencyGeneratePcm arm64 /Users/admin/builder/spi-builder-workspace/.derivedData/SDKExplicitPrecompiledModules/CoreGraphics-CWSP3J98S2658BYCVL6RP99T3.pcm
SwiftExplicitDependencyGeneratePcm arm64 /Users/admin/builder/spi-builder-workspace/.derivedData/SDKExplicitPrecompiledModules/MobileCoreServices-91PEMXH7W5D3HCE5IQEFGX2K5.pcm
SwiftExplicitDependencyGeneratePcm arm64 /Users/admin/builder/spi-builder-workspace/.derivedData/SDKExplicitPrecompiledModules/Foundation-BSSIP64DIGUKMAYJOG1WPQ78X.pcm
SwiftExplicitDependencyGeneratePcm arm64 /Users/admin/builder/spi-builder-workspace/.derivedData/SDKExplicitPrecompiledModules/CoreText-59NY7PABM0I4V978161FOC04A.pcm
SwiftExplicitDependencyGeneratePcm arm64 /Users/admin/builder/spi-builder-workspace/.derivedData/SDKExplicitPrecompiledModules/ImageIO-88D4CLEBD4CLWQKT78PZ6H1O8.pcm
SwiftExplicitDependencyGeneratePcm arm64 /Users/admin/builder/spi-builder-workspace/.derivedData/SDKExplicitPrecompiledModules/DataDetection-37JIYZ2GWDA1L166PP1D9JKAF.pcm
SwiftExplicitDependencyGeneratePcm arm64 /Users/admin/builder/spi-builder-workspace/.derivedData/SDKExplicitPrecompiledModules/CoreTransferable-7V4O8DATEQ9F7SDNTCW8YWLG3.pcm
SwiftExplicitDependencyGeneratePcm arm64 /Users/admin/builder/spi-builder-workspace/.derivedData/SDKExplicitPrecompiledModules/UniformTypeIdentifiers-95CC8U42ZA9STP5K6GP9ZVJS5.pcm
SwiftExplicitDependencyGeneratePcm arm64 /Users/admin/builder/spi-builder-workspace/.derivedData/SDKExplicitPrecompiledModules/OSLog-7OT6HHTMY0ZFEQJ095LJZ6NLC.pcm
SwiftExplicitDependencyGeneratePcm arm64 /Users/admin/builder/spi-builder-workspace/.derivedData/SDKExplicitPrecompiledModules/UserNotifications-E9ZW5TH066WIJWH9080RC5NG4.pcm
SwiftExplicitDependencyGeneratePcm arm64 /Users/admin/builder/spi-builder-workspace/.derivedData/SDKExplicitPrecompiledModules/UIUtilities-6ZFJ1AK4H8IBGEBMYQBWGBYLK.pcm
SwiftExplicitDependencyGeneratePcm arm64 /Users/admin/builder/spi-builder-workspace/.derivedData/SDKExplicitPrecompiledModules/Accessibility-B6BODGZ4MQQTY0PBC4SHRP009.pcm
SwiftExplicitDependencyGeneratePcm arm64 /Users/admin/builder/spi-builder-workspace/.derivedData/SDKExplicitPrecompiledModules/IOSurface-38FJ1CKX9FV2RD97O64Z7QB17.pcm
SwiftExplicitDependencyGeneratePcm arm64 /Users/admin/builder/spi-builder-workspace/.derivedData/SDKExplicitPrecompiledModules/_LocationEssentials-ETSJ65FELPWR8WH8G49R1DF2E.pcm
SwiftExplicitDependencyGeneratePcm arm64 /Users/admin/builder/spi-builder-workspace/.derivedData/SDKExplicitPrecompiledModules/Symbols-B5AU9VM9Y7NU79RLMH13Z4IFM.pcm
SwiftExplicitDependencyGeneratePcm arm64 /Users/admin/builder/spi-builder-workspace/.derivedData/SDKExplicitPrecompiledModules/CoreLocation-YVXXAOMVX0JH2KO1XTTKTY51.pcm
SwiftExplicitDependencyGeneratePcm arm64 /Users/admin/builder/spi-builder-workspace/.derivedData/SDKExplicitPrecompiledModules/Metal-2KYBS7IML1SD788M91YV7Q0CC.pcm
SwiftExplicitDependencyGeneratePcm arm64 /Users/admin/builder/spi-builder-workspace/.derivedData/SDKExplicitPrecompiledModules/OpenGLES-4NY99CNDU9WUNUYEIXSS1QFGE.pcm
SwiftExplicitDependencyGeneratePcm arm64 /Users/admin/builder/spi-builder-workspace/.derivedData/SDKExplicitPrecompiledModules/CoreVideo-DPU0PB5X0XLSVA2ETRGI6FJBM.pcm
SwiftExplicitDependencyGeneratePcm arm64 /Users/admin/builder/spi-builder-workspace/.derivedData/SDKExplicitPrecompiledModules/QuartzCore-DJSYAWKXFGVSAK5CQMOB3JSR.pcm
SwiftExplicitDependencyGeneratePcm arm64 /Users/admin/builder/spi-builder-workspace/.derivedData/SDKExplicitPrecompiledModules/CoreImage-7S2AFJ8EIY3DUFYLEAX1JR1QV.pcm
SwiftExplicitDependencyGeneratePcm arm64 /Users/admin/builder/spi-builder-workspace/.derivedData/SDKExplicitPrecompiledModules/SwiftUICore-543QU5V2NHKUFCYFJDKUJ7NYG.pcm
SwiftExplicitDependencyGeneratePcm arm64 /Users/admin/builder/spi-builder-workspace/.derivedData/SDKExplicitPrecompiledModules/UIKit-1TKWN7VC2X6N3ITMRVA2G0EB2.pcm
SwiftEmitModule normal arm64 Emitting\ module\ for\ TwitterTextEditor (in target 'TwitterTextEditor' from project 'TwitterTextEditor')
/Users/admin/builder/spi-builder-workspace/Sources/TwitterTextEditor/TextEditorView.swift:1025:48: error: 'UIDragSession' is unavailable in tvOS
1023 |        - `isDropInteractionEnabled`
1024 |      */
1025 |     public func isDraggingText(of dragSession: UIDragSession) -> Bool {
     |                                                `- error: 'UIDragSession' is unavailable in tvOS
1026 |         if let localContext = dragSession.localContext as? LocalTextDragContext,
1027 |            let currentTextDragSessionLocalContext = currentTextDragSessionLocalContext
/Applications/Xcode-27.0.0-Release.Candidate.app/Contents/Developer/Platforms/AppleTVOS.platform/Developer/SDKs/AppleTVOS27.0.sdk/System/Library/Frameworks/UIKit.framework/Headers/UIDragSession.h:70:11: note: 'UIDragSession' has been explicitly marked unavailable here
 68 |
 69 | API_AVAILABLE(ios(11.0)) API_UNAVAILABLE(watchos, tvos) NS_SWIFT_UI_ACTOR
 70 | @protocol UIDragSession <UIDragDropSession>
    |           `- note: 'UIDragSession' has been explicitly marked unavailable here
 71 |
 72 | /* Use `localContext` to attach additional information to this drag session,
/Users/admin/builder/spi-builder-workspace/Sources/TwitterTextEditor/TextEditorView.swift:1807:86: error: 'UITextPasteConfigurationSupporting' is unavailable in tvOS
1805 | /// :nodoc:
1806 | extension TextEditorView: TextViewTextPasteDelegate {
1807 |     public func textPasteConfigurationSupporting(_ textPasteConfigurationSupporting: UITextPasteConfigurationSupporting,
     |                                                                                      `- error: 'UITextPasteConfigurationSupporting' is unavailable in tvOS
1808 |                                                  canPaste itemProviders: [NSItemProvider]) -> Bool
1809 |     {
/Applications/Xcode-27.0.0-Release.Candidate.app/Contents/Developer/Platforms/AppleTVOS.platform/Developer/SDKs/AppleTVOS27.0.sdk/System/Library/Frameworks/UIKit.framework/Headers/UITextPasteConfigurationSupporting.h:18:11: note: 'UITextPasteConfigurationSupporting' has been explicitly marked unavailable here
16 |
17 | UIKIT_EXTERN API_AVAILABLE(ios(11.0)) API_UNAVAILABLE(watchos, tvos) NS_SWIFT_UI_ACTOR
18 | @protocol UITextPasteConfigurationSupporting <UIPasteConfigurationSupporting>
   |           `- note: 'UITextPasteConfigurationSupporting' has been explicitly marked unavailable here
19 |
20 | @property (nonatomic, weak, nullable) id<UITextPasteDelegate> pasteDelegate;
/Users/admin/builder/spi-builder-workspace/Sources/TwitterTextEditor/TextEditorView.swift:1849:27: error: 'UITextPasteItem' is unavailable in tvOS
1847 |
1848 |     private final class UITextPasteItemToSetResultOnce {
1849 |         private var item: UITextPasteItem?
     |                           `- error: 'UITextPasteItem' is unavailable in tvOS
1850 |
1851 |         init(item: UITextPasteItem) {
/Applications/Xcode-27.0.0-Release.Candidate.app/Contents/Developer/Platforms/AppleTVOS.platform/Developer/SDKs/AppleTVOS27.0.sdk/System/Library/Frameworks/UIKit.framework/Headers/UITextPasteDelegate.h:106:11: note: 'UITextPasteItem' has been explicitly marked unavailable here
104 |
105 | UIKIT_EXTERN API_AVAILABLE(ios(11.0)) API_UNAVAILABLE(watchos, tvos) NS_SWIFT_UI_ACTOR
106 | @protocol UITextPasteItem <NSObject>
    |           `- note: 'UITextPasteItem' has been explicitly marked unavailable here
107 |
108 | // This is the NSItemProvider for the item being pasted or dropped.
/Users/admin/builder/spi-builder-workspace/Sources/TwitterTextEditor/TextEditorView.swift:1851:20: error: 'UITextPasteItem' is unavailable in tvOS
1849 |         private var item: UITextPasteItem?
1850 |
1851 |         init(item: UITextPasteItem) {
     |                    `- error: 'UITextPasteItem' is unavailable in tvOS
1852 |             self.item = item
1853 |         }
/Applications/Xcode-27.0.0-Release.Candidate.app/Contents/Developer/Platforms/AppleTVOS.platform/Developer/SDKs/AppleTVOS27.0.sdk/System/Library/Frameworks/UIKit.framework/Headers/UITextPasteDelegate.h:106:11: note: 'UITextPasteItem' has been explicitly marked unavailable here
104 |
105 | UIKIT_EXTERN API_AVAILABLE(ios(11.0)) API_UNAVAILABLE(watchos, tvos) NS_SWIFT_UI_ACTOR
106 | @protocol UITextPasteItem <NSObject>
    |           `- note: 'UITextPasteItem' has been explicitly marked unavailable here
107 |
108 | // This is the NSItemProvider for the item being pasted or dropped.
/Users/admin/builder/spi-builder-workspace/Sources/TwitterTextEditor/TextEditorView.swift:1871:86: error: 'UITextPasteConfigurationSupporting' is unavailable in tvOS
1869 |     }
1870 |
1871 |     public func textPasteConfigurationSupporting(_ textPasteConfigurationSupporting: UITextPasteConfigurationSupporting,
     |                                                                                      `- error: 'UITextPasteConfigurationSupporting' is unavailable in tvOS
1872 |                                                  transform item: UITextPasteItem)
1873 |     {
/Applications/Xcode-27.0.0-Release.Candidate.app/Contents/Developer/Platforms/AppleTVOS.platform/Developer/SDKs/AppleTVOS27.0.sdk/System/Library/Frameworks/UIKit.framework/Headers/UITextPasteConfigurationSupporting.h:18:11: note: 'UITextPasteConfigurationSupporting' has been explicitly marked unavailable here
16 |
17 | UIKIT_EXTERN API_AVAILABLE(ios(11.0)) API_UNAVAILABLE(watchos, tvos) NS_SWIFT_UI_ACTOR
18 | @protocol UITextPasteConfigurationSupporting <UIPasteConfigurationSupporting>
   |           `- note: 'UITextPasteConfigurationSupporting' has been explicitly marked unavailable here
19 |
20 | @property (nonatomic, weak, nullable) id<UITextPasteDelegate> pasteDelegate;
/Users/admin/builder/spi-builder-workspace/Sources/TwitterTextEditor/TextEditorView.swift:1872:66: error: 'UITextPasteItem' is unavailable in tvOS
1870 |
1871 |     public func textPasteConfigurationSupporting(_ textPasteConfigurationSupporting: UITextPasteConfigurationSupporting,
1872 |                                                  transform item: UITextPasteItem)
     |                                                                  `- error: 'UITextPasteItem' is unavailable in tvOS
1873 |     {
1874 |         let itemProvider = item.itemProvider
/Applications/Xcode-27.0.0-Release.Candidate.app/Contents/Developer/Platforms/AppleTVOS.platform/Developer/SDKs/AppleTVOS27.0.sdk/System/Library/Frameworks/UIKit.framework/Headers/UITextPasteDelegate.h:106:11: note: 'UITextPasteItem' has been explicitly marked unavailable here
104 |
105 | UIKIT_EXTERN API_AVAILABLE(ios(11.0)) API_UNAVAILABLE(watchos, tvos) NS_SWIFT_UI_ACTOR
106 | @protocol UITextPasteItem <NSObject>
    |           `- note: 'UITextPasteItem' has been explicitly marked unavailable here
107 |
108 | // This is the NSItemProvider for the item being pasted or dropped.
/Users/admin/builder/spi-builder-workspace/Sources/TwitterTextEditor/TextEditorView.swift:1969:86: error: 'UITextPasteConfigurationSupporting' is unavailable in tvOS
1967 |     }
1968 |
1969 |     public func textPasteConfigurationSupporting(_ textPasteConfigurationSupporting: UITextPasteConfigurationSupporting,
     |                                                                                      `- error: 'UITextPasteConfigurationSupporting' is unavailable in tvOS
1970 |                                                  shouldAnimatePasteOf attributedString: NSAttributedString,
1971 |                                                  to textRange: UITextRange) -> Bool
/Applications/Xcode-27.0.0-Release.Candidate.app/Contents/Developer/Platforms/AppleTVOS.platform/Developer/SDKs/AppleTVOS27.0.sdk/System/Library/Frameworks/UIKit.framework/Headers/UITextPasteConfigurationSupporting.h:18:11: note: 'UITextPasteConfigurationSupporting' has been explicitly marked unavailable here
16 |
17 | UIKIT_EXTERN API_AVAILABLE(ios(11.0)) API_UNAVAILABLE(watchos, tvos) NS_SWIFT_UI_ACTOR
18 | @protocol UITextPasteConfigurationSupporting <UIPasteConfigurationSupporting>
   |           `- note: 'UITextPasteConfigurationSupporting' has been explicitly marked unavailable here
19 |
20 | @property (nonatomic, weak, nullable) id<UITextPasteDelegate> pasteDelegate;
/Users/admin/builder/spi-builder-workspace/Sources/TwitterTextEditor/TextEditorView.swift:1996:65: error: 'UITextDraggable' is unavailable in tvOS
1994 | /// :nodoc:
1995 | extension TextEditorView: UITextDragDelegate {
1996 |     public func textDraggableView(_ textDraggableView: UIView & UITextDraggable,
     |                                                                 `- error: 'UITextDraggable' is unavailable in tvOS
1997 |                                   dragSessionWillBegin session: UIDragSession)
1998 |     {
/Applications/Xcode-27.0.0-Release.Candidate.app/Contents/Developer/Platforms/AppleTVOS.platform/Developer/SDKs/AppleTVOS27.0.sdk/System/Library/Frameworks/UIKit.framework/Headers/UITextDragging.h:33:11: note: 'UITextDraggable' has been explicitly marked unavailable here
 31 |  */
 32 | API_AVAILABLE(ios(11.0)) API_UNAVAILABLE(watchos, tvos) NS_SWIFT_UI_ACTOR
 33 | @protocol UITextDraggable <UITextInput>
    |           `- note: 'UITextDraggable' has been explicitly marked unavailable here
 34 |
 35 | @property (nonatomic, weak, nullable) id<UITextDragDelegate> textDragDelegate;
/Users/admin/builder/spi-builder-workspace/Sources/TwitterTextEditor/TextEditorView.swift:1997:65: error: 'UIDragSession' is unavailable in tvOS
1995 | extension TextEditorView: UITextDragDelegate {
1996 |     public func textDraggableView(_ textDraggableView: UIView & UITextDraggable,
1997 |                                   dragSessionWillBegin session: UIDragSession)
     |                                                                 `- error: 'UIDragSession' is unavailable in tvOS
1998 |     {
1999 |         currentTextDragSessionLocalContext = LocalTextDragContext()
/Applications/Xcode-27.0.0-Release.Candidate.app/Contents/Developer/Platforms/AppleTVOS.platform/Developer/SDKs/AppleTVOS27.0.sdk/System/Library/Frameworks/UIKit.framework/Headers/UIDragSession.h:70:11: note: 'UIDragSession' has been explicitly marked unavailable here
 68 |
 69 | API_AVAILABLE(ios(11.0)) API_UNAVAILABLE(watchos, tvos) NS_SWIFT_UI_ACTOR
 70 | @protocol UIDragSession <UIDragDropSession>
    |           `- note: 'UIDragSession' has been explicitly marked unavailable here
 71 |
 72 | /* Use `localContext` to attach additional information to this drag session,
/Users/admin/builder/spi-builder-workspace/Sources/TwitterTextEditor/TextEditorView.swift:2003:65: error: 'UITextDraggable' is unavailable in tvOS
2001 |     }
2002 |
2003 |     public func textDraggableView(_ textDraggableView: UIView & UITextDraggable,
     |                                                                 `- error: 'UITextDraggable' is unavailable in tvOS
2004 |                                   dragSessionDidEnd session: UIDragSession,
2005 |                                   with operation: UIDropOperation)
/Applications/Xcode-27.0.0-Release.Candidate.app/Contents/Developer/Platforms/AppleTVOS.platform/Developer/SDKs/AppleTVOS27.0.sdk/System/Library/Frameworks/UIKit.framework/Headers/UITextDragging.h:33:11: note: 'UITextDraggable' has been explicitly marked unavailable here
 31 |  */
 32 | API_AVAILABLE(ios(11.0)) API_UNAVAILABLE(watchos, tvos) NS_SWIFT_UI_ACTOR
 33 | @protocol UITextDraggable <UITextInput>
    |           `- note: 'UITextDraggable' has been explicitly marked unavailable here
 34 |
 35 | @property (nonatomic, weak, nullable) id<UITextDragDelegate> textDragDelegate;
/Users/admin/builder/spi-builder-workspace/Sources/TwitterTextEditor/TextEditorView.swift:2004:62: error: 'UIDragSession' is unavailable in tvOS
2002 |
2003 |     public func textDraggableView(_ textDraggableView: UIView & UITextDraggable,
2004 |                                   dragSessionDidEnd session: UIDragSession,
     |                                                              `- error: 'UIDragSession' is unavailable in tvOS
2005 |                                   with operation: UIDropOperation)
2006 |     {
/Applications/Xcode-27.0.0-Release.Candidate.app/Contents/Developer/Platforms/AppleTVOS.platform/Developer/SDKs/AppleTVOS27.0.sdk/System/Library/Frameworks/UIKit.framework/Headers/UIDragSession.h:70:11: note: 'UIDragSession' has been explicitly marked unavailable here
 68 |
 69 | API_AVAILABLE(ios(11.0)) API_UNAVAILABLE(watchos, tvos) NS_SWIFT_UI_ACTOR
 70 | @protocol UIDragSession <UIDragDropSession>
    |           `- note: 'UIDragSession' has been explicitly marked unavailable here
 71 |
 72 | /* Use `localContext` to attach additional information to this drag session,
/Users/admin/builder/spi-builder-workspace/Sources/TwitterTextEditor/TextEditorView.swift:2005:51: error: 'UIDropOperation' is unavailable in tvOS
2003 |     public func textDraggableView(_ textDraggableView: UIView & UITextDraggable,
2004 |                                   dragSessionDidEnd session: UIDragSession,
2005 |                                   with operation: UIDropOperation)
     |                                                   `- error: 'UIDropOperation' is unavailable in tvOS
2006 |     {
2007 |         currentTextDragSessionLocalContext = nil
/Applications/Xcode-27.0.0-Release.Candidate.app/Contents/Developer/Platforms/AppleTVOS.platform/Developer/SDKs/AppleTVOS27.0.sdk/System/Library/Frameworks/UIKit.framework/Headers/UIDropInteraction.h:41:29: note: 'UIDropOperation' has been explicitly marked unavailable here
 39 |  * what operation it will perform if the user drops.
 40 |  */
 41 | typedef NS_ENUM(NSUInteger, UIDropOperation) {
    |                             `- note: 'UIDropOperation' has been explicitly marked unavailable here
 42 |     /* Operations that do NOT cause data transfer.
 43 |      *
/Users/admin/builder/spi-builder-workspace/Sources/TwitterTextEditor/TextEditorView.swift:1995:27: error: 'UITextDragDelegate' is unavailable in tvOS
1993 |
1994 | /// :nodoc:
1995 | extension TextEditorView: UITextDragDelegate {
     |                           `- error: 'UITextDragDelegate' is unavailable in tvOS
1996 |     public func textDraggableView(_ textDraggableView: UIView & UITextDraggable,
1997 |                                   dragSessionWillBegin session: UIDragSession)
/Applications/Xcode-27.0.0-Release.Candidate.app/Contents/Developer/Platforms/AppleTVOS.platform/Developer/SDKs/AppleTVOS27.0.sdk/System/Library/Frameworks/UIKit.framework/Headers/UITextDragging.h:56:11: note: 'UITextDragDelegate' has been explicitly marked unavailable here
 54 |
 55 | API_AVAILABLE(ios(11.0)) API_UNAVAILABLE(watchos, tvos) NS_SWIFT_UI_ACTOR
 56 | @protocol UITextDragDelegate <NSObject>
    |           `- note: 'UITextDragDelegate' has been explicitly marked unavailable here
 57 |
 58 | @optional
/Users/admin/builder/spi-builder-workspace/Sources/TwitterTextEditor/TextEditorView.swift:2013:65: error: 'UITextDroppable' is unavailable in tvOS
2011 | /// :nodoc:
2012 | extension TextEditorView: UITextDropDelegate {
2013 |     public func textDroppableView(_ textDroppableView: UIView & UITextDroppable,
     |                                                                 `- error: 'UITextDroppable' is unavailable in tvOS
2014 |                                   proposalForDrop drop: UITextDropRequest) -> UITextDropProposal
2015 |     {
/Applications/Xcode-27.0.0-Release.Candidate.app/Contents/Developer/Platforms/AppleTVOS.platform/Developer/SDKs/AppleTVOS27.0.sdk/System/Library/Frameworks/UIKit.framework/Headers/UITextDropping.h:22:11: note: 'UITextDroppable' has been explicitly marked unavailable here
 20 |  */
 21 | API_AVAILABLE(ios(11.0)) API_UNAVAILABLE(watchos, tvos) NS_SWIFT_UI_ACTOR
 22 | @protocol UITextDroppable <UITextInput, UITextPasteConfigurationSupporting>
    |           `- note: 'UITextDroppable' has been explicitly marked unavailable here
 23 |
 24 | @property (nonatomic, weak, nullable) id<UITextDropDelegate> textDropDelegate;
/Users/admin/builder/spi-builder-workspace/Sources/TwitterTextEditor/TextEditorView.swift:2014:57: error: 'UITextDropRequest' is unavailable in tvOS
2012 | extension TextEditorView: UITextDropDelegate {
2013 |     public func textDroppableView(_ textDroppableView: UIView & UITextDroppable,
2014 |                                   proposalForDrop drop: UITextDropRequest) -> UITextDropProposal
     |                                                         `- error: 'UITextDropRequest' is unavailable in tvOS
2015 |     {
2016 |         // Drag and drop interaction within the text view is always allowed.
/Applications/Xcode-27.0.0-Release.Candidate.app/Contents/Developer/Platforms/AppleTVOS.platform/Developer/SDKs/AppleTVOS27.0.sdk/System/Library/Frameworks/UIKit.framework/Headers/UITextDropping.h:130:11: note: 'UITextDropRequest' has been explicitly marked unavailable here
128 |
129 | API_AVAILABLE(ios(11.0)) API_UNAVAILABLE(watchos, tvos) NS_SWIFT_UI_ACTOR
130 | @protocol UITextDropRequest <NSObject>
    |           `- note: 'UITextDropRequest' has been explicitly marked unavailable here
131 |
132 | /* The text position that the drag is over.
/Users/admin/builder/spi-builder-workspace/Sources/TwitterTextEditor/TextEditorView.swift:2014:79: error: 'UITextDropProposal' is unavailable in tvOS
2012 | extension TextEditorView: UITextDropDelegate {
2013 |     public func textDroppableView(_ textDroppableView: UIView & UITextDroppable,
2014 |                                   proposalForDrop drop: UITextDropRequest) -> UITextDropProposal
     |                                                                               `- error: 'UITextDropProposal' is unavailable in tvOS
2015 |     {
2016 |         // Drag and drop interaction within the text view is always allowed.
/Applications/Xcode-27.0.0-Release.Candidate.app/Contents/Developer/Platforms/AppleTVOS.platform/Developer/SDKs/AppleTVOS27.0.sdk/System/Library/Frameworks/UIKit.framework/Headers/UITextDropProposal.h:65:12: note: 'UITextDropProposal' has been explicitly marked unavailable here
 63 |
 64 | UIKIT_EXTERN API_AVAILABLE(ios(11.0)) API_UNAVAILABLE(watchos, tvos) NS_SWIFT_UI_ACTOR
 65 | @interface UITextDropProposal : UIDropProposal <NSCopying>
    |            `- note: 'UITextDropProposal' has been explicitly marked unavailable here
 66 |
 67 | /* Note: creating a UITextDropProposal sets the superclass's .precise property to true.
/Users/admin/builder/spi-builder-workspace/Sources/TwitterTextEditor/TextEditorView.swift:2012:27: error: 'UITextDropDelegate' is unavailable in tvOS
2010 |
2011 | /// :nodoc:
2012 | extension TextEditorView: UITextDropDelegate {
     |                           `- error: 'UITextDropDelegate' is unavailable in tvOS
2013 |     public func textDroppableView(_ textDroppableView: UIView & UITextDroppable,
2014 |                                   proposalForDrop drop: UITextDropRequest) -> UITextDropProposal
/Applications/Xcode-27.0.0-Release.Candidate.app/Contents/Developer/Platforms/AppleTVOS.platform/Developer/SDKs/AppleTVOS27.0.sdk/System/Library/Frameworks/UIKit.framework/Headers/UITextDropping.h:61:11: note: 'UITextDropDelegate' has been explicitly marked unavailable here
 59 |
 60 | API_AVAILABLE(ios(11.0)) API_UNAVAILABLE(watchos, tvos) NS_SWIFT_UI_ACTOR
 61 | @protocol UITextDropDelegate <NSObject>
    |           `- note: 'UITextDropDelegate' has been explicitly marked unavailable here
 62 |
 63 | @optional
/Users/admin/builder/spi-builder-workspace/Sources/TwitterTextEditor/TextView.swift:64:88: error: 'UITextPasteConfigurationSupporting' is unavailable in tvOS
 62 |      */
 63 |     @objc
 64 |     optional func textPasteConfigurationSupporting(_ textPasteConfigurationSupporting: UITextPasteConfigurationSupporting,
    |                                                                                        `- error: 'UITextPasteConfigurationSupporting' is unavailable in tvOS
 65 |                                                    canPaste itemProviders: [NSItemProvider]) -> Bool
 66 | }
/Applications/Xcode-27.0.0-Release.Candidate.app/Contents/Developer/Platforms/AppleTVOS.platform/Developer/SDKs/AppleTVOS27.0.sdk/System/Library/Frameworks/UIKit.framework/Headers/UITextPasteConfigurationSupporting.h:18:11: note: 'UITextPasteConfigurationSupporting' has been explicitly marked unavailable here
16 |
17 | UIKIT_EXTERN API_AVAILABLE(ios(11.0)) API_UNAVAILABLE(watchos, tvos) NS_SWIFT_UI_ACTOR
18 | @protocol UITextPasteConfigurationSupporting <UIPasteConfigurationSupporting>
   |           `- note: 'UITextPasteConfigurationSupporting' has been explicitly marked unavailable here
19 |
20 | @property (nonatomic, weak, nullable) id<UITextPasteDelegate> pasteDelegate;
/Users/admin/builder/spi-builder-workspace/Sources/TwitterTextEditor/TextView.swift:45:37: error: 'UITextPasteDelegate' is unavailable in tvOS
 43 |  */
 44 | @objc
 45 | protocol TextViewTextPasteDelegate: UITextPasteDelegate {
    |                                     `- error: 'UITextPasteDelegate' is unavailable in tvOS
 46 |     /**
 47 |      Delegate callback to ask if text view can accept the current paste or drop items or not.
/Applications/Xcode-27.0.0-Release.Candidate.app/Contents/Developer/Platforms/AppleTVOS.platform/Developer/SDKs/AppleTVOS27.0.sdk/System/Library/Frameworks/UIKit.framework/Headers/UITextPasteDelegate.h:51:11: note: 'UITextPasteDelegate' has been explicitly marked unavailable here
 49 |
 50 | UIKIT_EXTERN API_AVAILABLE(ios(11.0)) API_UNAVAILABLE(watchos, tvos) NS_SWIFT_UI_ACTOR
 51 | @protocol UITextPasteDelegate <NSObject>
    |           `- note: 'UITextPasteDelegate' has been explicitly marked unavailable here
 52 |
 53 | @optional
/Users/admin/builder/spi-builder-workspace/Sources/TwitterTextEditor/TextView.swift:178:18: error: property does not override any property from its superclass
176 |     private let pasteboardObserverCache = TextInputPasteboardObserverCache<Bool>()
177 |
178 |     override var pasteConfiguration: UIPasteConfiguration? {
    |                  `- error: property does not override any property from its superclass
179 |         get {
180 |             super.pasteConfiguration
/Users/admin/builder/spi-builder-workspace/Sources/TwitterTextEditor/TextView.swift:178:38: error: 'UIPasteConfiguration' is unavailable in tvOS
176 |     private let pasteboardObserverCache = TextInputPasteboardObserverCache<Bool>()
177 |
178 |     override var pasteConfiguration: UIPasteConfiguration? {
    |                                      `- error: 'UIPasteConfiguration' is unavailable in tvOS
179 |         get {
180 |             super.pasteConfiguration
/Applications/Xcode-27.0.0-Release.Candidate.app/Contents/Developer/Platforms/AppleTVOS.platform/Developer/SDKs/AppleTVOS27.0.sdk/System/Library/Frameworks/UIKit.framework/Headers/UIPasteConfiguration.h:16:12: note: 'UIPasteConfiguration' has been explicitly marked unavailable here
14 |
15 | UIKIT_EXTERN API_AVAILABLE(ios(11.0)) API_UNAVAILABLE(watchos, tvos) NS_SWIFT_UI_ACTOR
16 | @interface UIPasteConfiguration : NSObject <NSSecureCoding, NSCopying>
   |            `- note: 'UIPasteConfiguration' has been explicitly marked unavailable here
17 |
18 | @property (nonatomic, copy) NSArray<NSString *> *acceptableTypeIdentifiers;
/Users/admin/builder/spi-builder-workspace/Sources/TwitterTextEditor/TextView.swift:338:19: error: method does not override any method from its superclass
336 |     // MARK: - UIPasteConfigurationSupporting
337 |
338 |     override func canPaste(_ itemProviders: [NSItemProvider]) -> Bool {
    |                   `- error: method does not override any method from its superclass
339 |         /*
340 |          UIKit behavior note
Failed frontend command:
SwiftCompile normal arm64 (in target 'TwitterTextEditor' from project 'TwitterTextEditor')
    cd /Users/admin/builder/spi-builder-workspace/.swiftpm/xcode

/Applications/Xcode-27.0.0-Release.Candidate.app/Contents/Developer/Toolchains/XcodeDefault.xctoolchain/usr/bin/swift-frontend -frontend -emit-module -experimental-skip-non-inlinable-function-bodies-without-types /Users/admin/builder/spi-builder-workspace/Sources/TwitterTextEditor/Configuration.swift /Users/admin/builder/spi-builder-workspace/Sources/TwitterTextEditor/EditingContent.swift /Users/admin/builder/spi-builder-workspace/Sources/TwitterTextEditor/LayoutManager.swift /Users/admin/builder/spi-builder-workspace/Sources/TwitterTextEditor/Logger.swift /Users/admin/builder/spi-builder-workspace/Sources/TwitterTextEditor/NSAttributedString.swift /Users/admin/builder/spi-builder-workspace/Sources/TwitterTextEditor/NSRange.swift /Users/admin/builder/spi-builder-workspace/Sources/TwitterTextEditor/NotificationCenter.swift /Users/admin/builder/spi-builder-workspace/Sources/TwitterTextEditor/Scheduler.swift /Users/admin/builder/spi-builder-workspace/Sources/TwitterTextEditor/Sequence.swift /Users/admin/builder/spi-builder-workspace/Sources/TwitterTextEditor/String.swift /Users/admin/builder/spi-builder-workspace/Sources/TwitterTextEditor/TextAttributes.swift /Users/admin/builder/spi-builder-workspace/Sources/TwitterTextEditor/TextEditorView.swift /Users/admin/builder/spi-builder-workspace/Sources/TwitterTextEditor/TextEditorViewTextInputTraits.swift /Users/admin/builder/spi-builder-workspace/Sources/TwitterTextEditor/TextView.swift /Users/admin/builder/spi-builder-workspace/Sources/TwitterTextEditor/TextViewDelegateForwarder.swift /Users/admin/builder/spi-builder-workspace/Sources/TwitterTextEditor/Tracer.swift /Users/admin/builder/spi-builder-workspace/Sources/TwitterTextEditor/UIResponder.swift /Users/admin/builder/spi-builder-workspace/Sources/TwitterTextEditor/UITextInput.swift -target arm64-apple-tvos15.0 -disable-cross-import-overlay-search -load-resolved-plugin /Applications/Xcode-27.0.0-Release.Candidate.app/Contents/Developer/Platforms/AppleTVOS.platform/Developer/usr/lib/swift/host/plugins/libFoundationMacros.dylib\#/Applications/Xcode-27.0.0-Release.Candidate.app/Contents/Developer/Platforms/AppleTVOS.platform/Developer/usr/bin/swift-plugin-server\#FoundationMacros -load-resolved-plugin /Applications/Xcode-27.0.0-Release.Candidate.app/Contents/Developer/Platforms/AppleTVOS.platform/Developer/usr/lib/swift/host/plugins/libObservationMacros.dylib\#/Applications/Xcode-27.0.0-Release.Candidate.app/Contents/Developer/Platforms/AppleTVOS.platform/Developer/usr/bin/swift-plugin-server\#ObservationMacros -load-resolved-plugin /Applications/Xcode-27.0.0-Release.Candidate.app/Contents/Developer/Platforms/AppleTVOS.platform/Developer/usr/lib/swift/host/plugins/libPreviewsMacros.dylib\#/Applications/Xcode-27.0.0-Release.Candidate.app/Contents/Developer/Platforms/AppleTVOS.platform/Developer/usr/bin/swift-plugin-server\#PreviewsMacros -load-resolved-plugin /Applications/Xcode-27.0.0-Release.Candidate.app/Contents/Developer/Platforms/AppleTVOS.platform/Developer/usr/lib/swift/host/plugins/libSwiftMacros.dylib\#/Applications/Xcode-27.0.0-Release.Candidate.app/Contents/Developer/Platforms/AppleTVOS.platform/Developer/usr/bin/swift-plugin-server\#SwiftMacros -load-resolved-plugin /Applications/Xcode-27.0.0-Release.Candidate.app/Contents/Developer/Platforms/AppleTVOS.platform/Developer/usr/lib/swift/host/plugins/libSwiftUIMacros.dylib\#/Applications/Xcode-27.0.0-Release.Candidate.app/Contents/Developer/Platforms/AppleTVOS.platform/Developer/usr/bin/swift-plugin-server\#SwiftUIMacros -disable-implicit-swift-modules -Xcc -fno-implicit-modules -Xcc -fno-implicit-module-maps -explicit-swift-module-map-file /Users/admin/builder/spi-builder-workspace/.derivedData/Build/Intermediates.noindex/TwitterTextEditor.build/Debug-appletvos/TwitterTextEditor-t.build/Objects-normal/arm64/TwitterTextEditor-dependencies-1.json -Xllvm -aarch64-use-tbi -enable-objc-interop -stack-check -sdk /Applications/Xcode-27.0.0-Release.Candidate.app/Contents/Developer/Platforms/AppleTVOS.platform/Developer/SDKs/AppleTVOS27.0.sdk -I /Users/admin/builder/spi-builder-workspace/.derivedData/Build/Products/Debug-appletvos -Isystem /Applications/Xcode-27.0.0-Release.Candidate.app/Contents/Developer/Platforms/AppleTVOS.platform/Developer/usr/lib -F /Users/admin/builder/spi-builder-workspace/.derivedData/Build/Products/Debug-appletvos -F /Applications/Xcode-27.0.0-Release.Candidate.app/Contents/Developer/Platforms/AppleTVOS.platform/Developer/Library/Frameworks -F /Applications/Xcode-27.0.0-Release.Candidate.app/Contents/Developer/Platforms/AppleTVOS.platform/Developer/SDKs/AppleTVOS27.0.sdk/Developer/Library/Frameworks -module-cache-path /Users/admin/builder/spi-builder-workspace/.derivedData/Build/Intermediates.noindex/SwiftExplicitPrecompiledModules -no-color-diagnostics -Xcc -fno-color-diagnostics -enable-testing -g -debug-info-format\=dwarf -dwarf-version\=4 -profile-generate -profile-coverage-mapping -swift-version 5 -Onone -D SWIFT_PACKAGE -D DEBUG -D SWIFT_MODULE_RESOURCE_BUNDLE_UNAVAILABLE -D Xcode -serialize-debugging-options -enable-experimental-feature DebugDescriptionMacro -empty-abi-descriptor -validate-clang-modules-once -clang-build-session-file /Users/admin/builder/spi-builder-workspace/.derivedData/ModuleCache.noindex/Session.modulevalidation -Xcc -working-directory -Xcc /Users/admin/builder/spi-builder-workspace/.swiftpm/xcode -enable-anonymous-context-mangled-names -file-compilation-dir /Users/admin/builder/spi-builder-workspace/.swiftpm/xcode -Xcc -D_LIBCPP_HARDENING_MODE\=_LIBCPP_HARDENING_MODE_DEBUG -Xcc -ivfsstatcache -Xcc /Users/admin/builder/spi-builder-workspace/.derivedData/SDKStatCaches.noindex/appletvos27.0-24J360-e829b21a6f8c9b70876ba0858053c044b32bfd8d43560033f8d89884cdb90028.sdkstatcache -Xcc -fmodules-prune-interval\=86400 -Xcc -fmodules-prune-after\=345600 -Xcc -I/Users/admin/builder/spi-builder-workspace/.derivedData/Build/Products/Debug-appletvos/include -Xcc -I/Users/admin/builder/spi-builder-workspace/.derivedData/Build/Intermediates.noindex/TwitterTextEditor.build/Debug-appletvos/TwitterTextEditor-t.build/DerivedSources-normal/arm64 -Xcc -I/Users/admin/builder/spi-builder-workspace/.derivedData/Build/Intermediates.noindex/TwitterTextEditor.build/Debug-appletvos/TwitterTextEditor-t.build/DerivedSources/arm64 -Xcc -I/Users/admin/builder/spi-builder-workspace/.derivedData/Build/Intermediates.noindex/TwitterTextEditor.build/Debug-appletvos/TwitterTextEditor-t.build/DerivedSources -Xcc -DSWIFT_PACKAGE -Xcc -DDEBUG\=1 -no-auto-bridging-header-chaining -module-name TwitterTextEditor -const-gather-protocols-file /Users/admin/builder/spi-builder-workspace/.derivedData/Build/Intermediates.noindex/TwitterTextEditor.build/Debug-appletvos/TwitterTextEditor-t.build/Objects-normal/arm64/TwitterTextEditor_const_extract_protocols.json -disable-clang-spi -clang-target arm64-apple-tvos27.0 -target-sdk-version 27.0 -target-sdk-name appletvos27.0 -in-process-plugin-server-path /Applications/Xcode-27.0.0-Release.Candidate.app/Contents/Developer/Toolchains/XcodeDefault.xctoolchain/usr/lib/swift/host/libSwiftInProcPluginServer.dylib -emit-module-doc-path /Users/admin/builder/spi-builder-workspace/.derivedData/Build/Intermediates.noindex/TwitterTextEditor.build/Debug-appletvos/TwitterTextEditor-t.build/Objects-normal/arm64/TwitterTextEditor.swiftdoc -emit-module-source-info-path /Users/admin/builder/spi-builder-workspace/.derivedData/Build/Intermediates.noindex/TwitterTextEditor.build/Debug-appletvos/TwitterTextEditor-t.build/Objects-normal/arm64/TwitterTextEditor.swiftsourceinfo -emit-objc-header-path /Users/admin/builder/spi-builder-workspace/.derivedData/Build/Intermediates.noindex/TwitterTextEditor.build/Debug-appletvos/TwitterTextEditor-t.build/Objects-normal/arm64/TwitterTextEditor-Swift.h -serialize-diagnostics-path /Users/admin/builder/spi-builder-workspace/.derivedData/Build/Intermediates.noindex/TwitterTextEditor.build/Debug-appletvos/TwitterTextEditor-t.build/Objects-normal/arm64/TwitterTextEditor-primary-emit-module.dia -emit-dependencies-path /Users/admin/builder/spi-builder-workspace/.derivedData/Build/Intermediates.noindex/TwitterTextEditor.build/Debug-appletvos/TwitterTextEditor-t.build/Objects-normal/arm64/TwitterTextEditor-primary-emit-module.d -parse-as-library -o /Users/admin/builder/spi-builder-workspace/.derivedData/Build/Intermediates.noindex/TwitterTextEditor.build/Debug-appletvos/TwitterTextEditor-t.build/Objects-normal/arm64/TwitterTextEditor.swiftmodule -emit-abi-descriptor-path /Users/admin/builder/spi-builder-workspace/.derivedData/Build/Intermediates.noindex/TwitterTextEditor.build/Debug-appletvos/TwitterTextEditor-t.build/Objects-normal/arm64/TwitterTextEditor.abi.json
SwiftCompile normal arm64 Compiling\ UITextInput.swift /Users/admin/builder/spi-builder-workspace/Sources/TwitterTextEditor/UITextInput.swift (in target 'TwitterTextEditor' from project 'TwitterTextEditor')
SwiftCompile normal arm64 /Users/admin/builder/spi-builder-workspace/Sources/TwitterTextEditor/UITextInput.swift (in target 'TwitterTextEditor' from project 'TwitterTextEditor')
    cd /Users/admin/builder/spi-builder-workspace/.swiftpm/xcode
    builtin-SwiftPerFileCompile UITextInput.swift
SwiftCompile normal arm64 Compiling\ TextViewDelegateForwarder.swift,\ Tracer.swift /Users/admin/builder/spi-builder-workspace/Sources/TwitterTextEditor/TextViewDelegateForwarder.swift /Users/admin/builder/spi-builder-workspace/Sources/TwitterTextEditor/Tracer.swift (in target 'TwitterTextEditor' from project 'TwitterTextEditor')
SwiftCompile normal arm64 /Users/admin/builder/spi-builder-workspace/Sources/TwitterTextEditor/TextViewDelegateForwarder.swift (in target 'TwitterTextEditor' from project 'TwitterTextEditor')
    cd /Users/admin/builder/spi-builder-workspace/.swiftpm/xcode
    builtin-SwiftPerFileCompile TextViewDelegateForwarder.swift
SwiftCompile normal arm64 /Users/admin/builder/spi-builder-workspace/Sources/TwitterTextEditor/Tracer.swift (in target 'TwitterTextEditor' from project 'TwitterTextEditor')
    cd /Users/admin/builder/spi-builder-workspace/.swiftpm/xcode
    builtin-SwiftPerFileCompile Tracer.swift
SwiftCompile normal arm64 Compiling\ UIResponder.swift /Users/admin/builder/spi-builder-workspace/Sources/TwitterTextEditor/UIResponder.swift (in target 'TwitterTextEditor' from project 'TwitterTextEditor')
SwiftCompile normal arm64 /Users/admin/builder/spi-builder-workspace/Sources/TwitterTextEditor/UIResponder.swift (in target 'TwitterTextEditor' from project 'TwitterTextEditor')
    cd /Users/admin/builder/spi-builder-workspace/.swiftpm/xcode
    builtin-SwiftPerFileCompile UIResponder.swift
SwiftCompile normal arm64 Compiling\ TextEditorViewTextInputTraits.swift,\ TextView.swift /Users/admin/builder/spi-builder-workspace/Sources/TwitterTextEditor/TextEditorViewTextInputTraits.swift /Users/admin/builder/spi-builder-workspace/Sources/TwitterTextEditor/TextView.swift (in target 'TwitterTextEditor' from project 'TwitterTextEditor')
/Users/admin/builder/spi-builder-workspace/Sources/TwitterTextEditor/TextView.swift:64:88: error: 'UITextPasteConfigurationSupporting' is unavailable in tvOS
 62 |      */
 63 |     @objc
 64 |     optional func textPasteConfigurationSupporting(_ textPasteConfigurationSupporting: UITextPasteConfigurationSupporting,
    |                                                                                        `- error: 'UITextPasteConfigurationSupporting' is unavailable in tvOS
 65 |                                                    canPaste itemProviders: [NSItemProvider]) -> Bool
 66 | }
/Applications/Xcode-27.0.0-Release.Candidate.app/Contents/Developer/Platforms/AppleTVOS.platform/Developer/SDKs/AppleTVOS27.0.sdk/System/Library/Frameworks/UIKit.framework/Headers/UITextPasteConfigurationSupporting.h:18:11: note: 'UITextPasteConfigurationSupporting' has been explicitly marked unavailable here
16 |
17 | UIKIT_EXTERN API_AVAILABLE(ios(11.0)) API_UNAVAILABLE(watchos, tvos) NS_SWIFT_UI_ACTOR
18 | @protocol UITextPasteConfigurationSupporting <UIPasteConfigurationSupporting>
   |           `- note: 'UITextPasteConfigurationSupporting' has been explicitly marked unavailable here
19 |
20 | @property (nonatomic, weak, nullable) id<UITextPasteDelegate> pasteDelegate;
/Users/admin/builder/spi-builder-workspace/Sources/TwitterTextEditor/TextView.swift:45:37: error: 'UITextPasteDelegate' is unavailable in tvOS
 43 |  */
 44 | @objc
 45 | protocol TextViewTextPasteDelegate: UITextPasteDelegate {
    |                                     `- error: 'UITextPasteDelegate' is unavailable in tvOS
 46 |     /**
 47 |      Delegate callback to ask if text view can accept the current paste or drop items or not.
/Applications/Xcode-27.0.0-Release.Candidate.app/Contents/Developer/Platforms/AppleTVOS.platform/Developer/SDKs/AppleTVOS27.0.sdk/System/Library/Frameworks/UIKit.framework/Headers/UITextPasteDelegate.h:51:11: note: 'UITextPasteDelegate' has been explicitly marked unavailable here
 49 |
 50 | UIKIT_EXTERN API_AVAILABLE(ios(11.0)) API_UNAVAILABLE(watchos, tvos) NS_SWIFT_UI_ACTOR
 51 | @protocol UITextPasteDelegate <NSObject>
    |           `- note: 'UITextPasteDelegate' has been explicitly marked unavailable here
 52 |
 53 | @optional
/Users/admin/builder/spi-builder-workspace/Sources/TwitterTextEditor/TextView.swift:178:18: error: property does not override any property from its superclass
176 |     private let pasteboardObserverCache = TextInputPasteboardObserverCache<Bool>()
177 |
178 |     override var pasteConfiguration: UIPasteConfiguration? {
    |                  `- error: property does not override any property from its superclass
179 |         get {
180 |             super.pasteConfiguration
/Users/admin/builder/spi-builder-workspace/Sources/TwitterTextEditor/TextView.swift:178:38: error: 'UIPasteConfiguration' is unavailable in tvOS
176 |     private let pasteboardObserverCache = TextInputPasteboardObserverCache<Bool>()
177 |
178 |     override var pasteConfiguration: UIPasteConfiguration? {
    |                                      `- error: 'UIPasteConfiguration' is unavailable in tvOS
179 |         get {
180 |             super.pasteConfiguration
/Applications/Xcode-27.0.0-Release.Candidate.app/Contents/Developer/Platforms/AppleTVOS.platform/Developer/SDKs/AppleTVOS27.0.sdk/System/Library/Frameworks/UIKit.framework/Headers/UIPasteConfiguration.h:16:12: note: 'UIPasteConfiguration' has been explicitly marked unavailable here
14 |
15 | UIKIT_EXTERN API_AVAILABLE(ios(11.0)) API_UNAVAILABLE(watchos, tvos) NS_SWIFT_UI_ACTOR
16 | @interface UIPasteConfiguration : NSObject <NSSecureCoding, NSCopying>
   |            `- note: 'UIPasteConfiguration' has been explicitly marked unavailable here
17 |
18 | @property (nonatomic, copy) NSArray<NSString *> *acceptableTypeIdentifiers;
/Users/admin/builder/spi-builder-workspace/Sources/TwitterTextEditor/TextView.swift:338:19: error: method does not override any method from its superclass
336 |     // MARK: - UIPasteConfigurationSupporting
337 |
338 |     override func canPaste(_ itemProviders: [NSItemProvider]) -> Bool {
    |                   `- error: method does not override any method from its superclass
339 |         /*
340 |          UIKit behavior note
/Users/admin/builder/spi-builder-workspace/Sources/TwitterTextEditor/TextView.swift:149:69: error: 'UIPasteboard' is unavailable in tvOS
147 |             if pasteboardChangedNotificationObserverToken == nil {
148 |                 pasteboardChangedNotificationObserverToken =
149 |                     NotificationCenter.default.addObserver(forName: UIPasteboard.changedNotification,
    |                                                                     `- error: 'UIPasteboard' is unavailable in tvOS
150 |                                                            object: nil,
151 |                                                            queue: nil) { [weak self] _ in
/Applications/Xcode-27.0.0-Release.Candidate.app/Contents/Developer/Platforms/AppleTVOS.platform/Developer/SDKs/AppleTVOS27.0.sdk/System/Library/Frameworks/UIKit.framework/Headers/UIPasteboard.h:50:12: note: 'UIPasteboard' has been explicitly marked unavailable here
 48 |
 49 | UIKIT_EXTERN API_AVAILABLE(ios(3.0)) API_UNAVAILABLE(tvos) API_UNAVAILABLE(watchos) NS_SWIFT_SENDABLE
 50 | @interface UIPasteboard : NSObject
    |            `- note: 'UIPasteboard' has been explicitly marked unavailable here
 51 |
 52 | @property(class, nonatomic, readonly) UIPasteboard *generalPasteboard;
/Users/admin/builder/spi-builder-workspace/Sources/TwitterTextEditor/TextView.swift:149:82: error: 'changedNotification' is unavailable in tvOS
147 |             if pasteboardChangedNotificationObserverToken == nil {
148 |                 pasteboardChangedNotificationObserverToken =
149 |                     NotificationCenter.default.addObserver(forName: UIPasteboard.changedNotification,
    |                                                                                  `- error: 'changedNotification' is unavailable in tvOS
150 |                                                            object: nil,
151 |                                                            queue: nil) { [weak self] _ in
/Applications/Xcode-27.0.0-Release.Candidate.app/Contents/Developer/Platforms/AppleTVOS.platform/Developer/SDKs/AppleTVOS27.0.sdk/System/Library/Frameworks/UIKit.framework/Headers/UIPasteboard.h:171:39: note: 'changedNotification' has been explicitly marked unavailable here
169 | // Notification
170 |
171 | UIKIT_EXTERN NSNotificationName const UIPasteboardChangedNotification API_UNAVAILABLE(tvos) API_UNAVAILABLE(watchos) NS_SWIFT_NONISOLATED;
    |                                       `- note: 'changedNotification' has been explicitly marked unavailable here
172 | UIKIT_EXTERN NSString *const UIPasteboardChangedTypesAddedKey API_UNAVAILABLE(tvos) API_UNAVAILABLE(watchos) NS_SWIFT_NONISOLATED;
173 | UIKIT_EXTERN NSString *const UIPasteboardChangedTypesRemovedKey API_UNAVAILABLE(tvos) API_UNAVAILABLE(watchos) NS_SWIFT_NONISOLATED;
/Users/admin/builder/spi-builder-workspace/Sources/TwitterTextEditor/TextView.swift:180:19: error: value of type 'UITextView' has no member 'pasteConfiguration'
178 |     override var pasteConfiguration: UIPasteConfiguration? {
179 |         get {
180 |             super.pasteConfiguration
    |                   `- error: value of type 'UITextView' has no member 'pasteConfiguration'
181 |         }
182 |         set {
/Users/admin/builder/spi-builder-workspace/Sources/TwitterTextEditor/TextView.swift:183:19: error: value of type 'UITextView' has no member 'pasteConfiguration'
181 |         }
182 |         set {
183 |             super.pasteConfiguration = newValue
    |                   `- error: value of type 'UITextView' has no member 'pasteConfiguration'
184 |             pasteboardObserverCache.invalidate()
185 |         }
/Users/admin/builder/spi-builder-workspace/Sources/TwitterTextEditor/TextView.swift:236:39: error: cannot find 'pasteDelegate' in scope
234 |                     }
235 |                 if isPasteboardConformingAcceptableType {
236 |                     if let delegate = pasteDelegate as? TextViewTextPasteDelegate {
    |                                       `- error: cannot find 'pasteDelegate' in scope
237 |                         let itemProviders = UIPasteboard.general.itemProviders
238 |                         if let result = delegate.textPasteConfigurationSupporting?(self, canPaste: itemProviders) {
/Users/admin/builder/spi-builder-workspace/Sources/TwitterTextEditor/TextView.swift:322:19: error: 'isEditable' is unavailable in tvOS
320 |          */
321 |         if #available(iOS 13.0, *) {
322 |             guard isEditable else {
    |                   `- error: 'isEditable' is unavailable in tvOS
323 |                 return
324 |             }
/Applications/Xcode-27.0.0-Release.Candidate.app/Contents/Developer/Platforms/AppleTVOS.platform/Developer/SDKs/AppleTVOS27.0.sdk/System/Library/Frameworks/UIKit.framework/Headers/UITextView.h:238:45: note: 'isEditable' has been explicitly marked unavailable here
236 | @property(nonatomic, copy, nonnull) NSArray<NSValue *> *selectedRanges API_AVAILABLE(ios(26.0), tvos(26.0), visionos(26.0), watchos(26.0)) NS_REFINED_FOR_SWIFT;
237 |
238 | @property(nonatomic,getter=isEditable) BOOL editable API_UNAVAILABLE(tvos);
    |                                             `- note: 'isEditable' has been explicitly marked unavailable here
239 | // Toggle selectability, which controls the ability of the user to select content and interact with URLs & attachments. On tvOS this also makes the text view focusable.
240 | // By default, text item interaction follows selectable if the text item methods on UITextViewDelegate are not implemented; otherwise, they follow the result of the specified delegate methods.
/Users/admin/builder/spi-builder-workspace/Sources/TwitterTextEditor/TextView.swift:356:18: error: value of type 'UITextView' has no member 'canPaste'
354 |         // This logic is the same logic as for `paste(_:)` action in `canPerformAction(_:withSender:)`.
355 |         // See `-[UIResponder canPasteItemProviders:]`.
356 |         if super.canPaste(itemProviders) {
    |                  `- error: value of type 'UITextView' has no member 'canPaste'
357 |             if let delegate = pasteDelegate as? TextViewTextPasteDelegate {
358 |                 if let result = delegate.textPasteConfigurationSupporting?(self, canPaste: itemProviders) {
SwiftCompile normal arm64 /Users/admin/builder/spi-builder-workspace/Sources/TwitterTextEditor/TextEditorViewTextInputTraits.swift (in target 'TwitterTextEditor' from project 'TwitterTextEditor')
    cd /Users/admin/builder/spi-builder-workspace/.swiftpm/xcode
    builtin-SwiftPerFileCompile TextEditorViewTextInputTraits.swift
SwiftCompile normal arm64 /Users/admin/builder/spi-builder-workspace/Sources/TwitterTextEditor/TextView.swift (in target 'TwitterTextEditor' from project 'TwitterTextEditor')
    cd /Users/admin/builder/spi-builder-workspace/.swiftpm/xcode
    builtin-SwiftPerFileCompile TextView.swift
SwiftCompile normal arm64 Compiling\ Sequence.swift,\ String.swift /Users/admin/builder/spi-builder-workspace/Sources/TwitterTextEditor/Sequence.swift /Users/admin/builder/spi-builder-workspace/Sources/TwitterTextEditor/String.swift (in target 'TwitterTextEditor' from project 'TwitterTextEditor')
SwiftCompile normal arm64 /Users/admin/builder/spi-builder-workspace/Sources/TwitterTextEditor/Sequence.swift (in target 'TwitterTextEditor' from project 'TwitterTextEditor')
    cd /Users/admin/builder/spi-builder-workspace/.swiftpm/xcode
    builtin-SwiftPerFileCompile Sequence.swift
SwiftCompile normal arm64 /Users/admin/builder/spi-builder-workspace/Sources/TwitterTextEditor/String.swift (in target 'TwitterTextEditor' from project 'TwitterTextEditor')
    cd /Users/admin/builder/spi-builder-workspace/.swiftpm/xcode
    builtin-SwiftPerFileCompile String.swift
SwiftCompile normal arm64 Compiling\ TextAttributes.swift,\ TextEditorView.swift /Users/admin/builder/spi-builder-workspace/Sources/TwitterTextEditor/TextAttributes.swift /Users/admin/builder/spi-builder-workspace/Sources/TwitterTextEditor/TextEditorView.swift (in target 'TwitterTextEditor' from project 'TwitterTextEditor')
/Users/admin/builder/spi-builder-workspace/Sources/TwitterTextEditor/TextEditorView.swift:1025:48: error: 'UIDragSession' is unavailable in tvOS
1023 |        - `isDropInteractionEnabled`
1024 |      */
1025 |     public func isDraggingText(of dragSession: UIDragSession) -> Bool {
     |                                                `- error: 'UIDragSession' is unavailable in tvOS
1026 |         if let localContext = dragSession.localContext as? LocalTextDragContext,
1027 |            let currentTextDragSessionLocalContext = currentTextDragSessionLocalContext
/Applications/Xcode-27.0.0-Release.Candidate.app/Contents/Developer/Platforms/AppleTVOS.platform/Developer/SDKs/AppleTVOS27.0.sdk/System/Library/Frameworks/UIKit.framework/Headers/UIDragSession.h:70:11: note: 'UIDragSession' has been explicitly marked unavailable here
 68 |
 69 | API_AVAILABLE(ios(11.0)) API_UNAVAILABLE(watchos, tvos) NS_SWIFT_UI_ACTOR
 70 | @protocol UIDragSession <UIDragDropSession>
    |           `- note: 'UIDragSession' has been explicitly marked unavailable here
 71 |
 72 | /* Use `localContext` to attach additional information to this drag session,
/Users/admin/builder/spi-builder-workspace/Sources/TwitterTextEditor/TextEditorView.swift:1807:86: error: 'UITextPasteConfigurationSupporting' is unavailable in tvOS
1805 | /// :nodoc:
1806 | extension TextEditorView: TextViewTextPasteDelegate {
1807 |     public func textPasteConfigurationSupporting(_ textPasteConfigurationSupporting: UITextPasteConfigurationSupporting,
     |                                                                                      `- error: 'UITextPasteConfigurationSupporting' is unavailable in tvOS
1808 |                                                  canPaste itemProviders: [NSItemProvider]) -> Bool
1809 |     {
/Applications/Xcode-27.0.0-Release.Candidate.app/Contents/Developer/Platforms/AppleTVOS.platform/Developer/SDKs/AppleTVOS27.0.sdk/System/Library/Frameworks/UIKit.framework/Headers/UITextPasteConfigurationSupporting.h:18:11: note: 'UITextPasteConfigurationSupporting' has been explicitly marked unavailable here
16 |
17 | UIKIT_EXTERN API_AVAILABLE(ios(11.0)) API_UNAVAILABLE(watchos, tvos) NS_SWIFT_UI_ACTOR
18 | @protocol UITextPasteConfigurationSupporting <UIPasteConfigurationSupporting>
   |           `- note: 'UITextPasteConfigurationSupporting' has been explicitly marked unavailable here
19 |
20 | @property (nonatomic, weak, nullable) id<UITextPasteDelegate> pasteDelegate;
/Users/admin/builder/spi-builder-workspace/Sources/TwitterTextEditor/TextEditorView.swift:1849:27: error: 'UITextPasteItem' is unavailable in tvOS
1847 |
1848 |     private final class UITextPasteItemToSetResultOnce {
1849 |         private var item: UITextPasteItem?
     |                           `- error: 'UITextPasteItem' is unavailable in tvOS
1850 |
1851 |         init(item: UITextPasteItem) {
/Applications/Xcode-27.0.0-Release.Candidate.app/Contents/Developer/Platforms/AppleTVOS.platform/Developer/SDKs/AppleTVOS27.0.sdk/System/Library/Frameworks/UIKit.framework/Headers/UITextPasteDelegate.h:106:11: note: 'UITextPasteItem' has been explicitly marked unavailable here
104 |
105 | UIKIT_EXTERN API_AVAILABLE(ios(11.0)) API_UNAVAILABLE(watchos, tvos) NS_SWIFT_UI_ACTOR
106 | @protocol UITextPasteItem <NSObject>
    |           `- note: 'UITextPasteItem' has been explicitly marked unavailable here
107 |
108 | // This is the NSItemProvider for the item being pasted or dropped.
/Users/admin/builder/spi-builder-workspace/Sources/TwitterTextEditor/TextEditorView.swift:1851:20: error: 'UITextPasteItem' is unavailable in tvOS
1849 |         private var item: UITextPasteItem?
1850 |
1851 |         init(item: UITextPasteItem) {
     |                    `- error: 'UITextPasteItem' is unavailable in tvOS
1852 |             self.item = item
1853 |         }
/Applications/Xcode-27.0.0-Release.Candidate.app/Contents/Developer/Platforms/AppleTVOS.platform/Developer/SDKs/AppleTVOS27.0.sdk/System/Library/Frameworks/UIKit.framework/Headers/UITextPasteDelegate.h:106:11: note: 'UITextPasteItem' has been explicitly marked unavailable here
104 |
105 | UIKIT_EXTERN API_AVAILABLE(ios(11.0)) API_UNAVAILABLE(watchos, tvos) NS_SWIFT_UI_ACTOR
106 | @protocol UITextPasteItem <NSObject>
    |           `- note: 'UITextPasteItem' has been explicitly marked unavailable here
107 |
108 | // This is the NSItemProvider for the item being pasted or dropped.
/Users/admin/builder/spi-builder-workspace/Sources/TwitterTextEditor/TextEditorView.swift:1871:86: error: 'UITextPasteConfigurationSupporting' is unavailable in tvOS
1869 |     }
1870 |
1871 |     public func textPasteConfigurationSupporting(_ textPasteConfigurationSupporting: UITextPasteConfigurationSupporting,
     |                                                                                      `- error: 'UITextPasteConfigurationSupporting' is unavailable in tvOS
1872 |                                                  transform item: UITextPasteItem)
1873 |     {
/Applications/Xcode-27.0.0-Release.Candidate.app/Contents/Developer/Platforms/AppleTVOS.platform/Developer/SDKs/AppleTVOS27.0.sdk/System/Library/Frameworks/UIKit.framework/Headers/UITextPasteConfigurationSupporting.h:18:11: note: 'UITextPasteConfigurationSupporting' has been explicitly marked unavailable here
16 |
17 | UIKIT_EXTERN API_AVAILABLE(ios(11.0)) API_UNAVAILABLE(watchos, tvos) NS_SWIFT_UI_ACTOR
18 | @protocol UITextPasteConfigurationSupporting <UIPasteConfigurationSupporting>
   |           `- note: 'UITextPasteConfigurationSupporting' has been explicitly marked unavailable here
19 |
20 | @property (nonatomic, weak, nullable) id<UITextPasteDelegate> pasteDelegate;
/Users/admin/builder/spi-builder-workspace/Sources/TwitterTextEditor/TextEditorView.swift:1872:66: error: 'UITextPasteItem' is unavailable in tvOS
1870 |
1871 |     public func textPasteConfigurationSupporting(_ textPasteConfigurationSupporting: UITextPasteConfigurationSupporting,
1872 |                                                  transform item: UITextPasteItem)
     |                                                                  `- error: 'UITextPasteItem' is unavailable in tvOS
1873 |     {
1874 |         let itemProvider = item.itemProvider
/Applications/Xcode-27.0.0-Release.Candidate.app/Contents/Developer/Platforms/AppleTVOS.platform/Developer/SDKs/AppleTVOS27.0.sdk/System/Library/Frameworks/UIKit.framework/Headers/UITextPasteDelegate.h:106:11: note: 'UITextPasteItem' has been explicitly marked unavailable here
104 |
105 | UIKIT_EXTERN API_AVAILABLE(ios(11.0)) API_UNAVAILABLE(watchos, tvos) NS_SWIFT_UI_ACTOR
106 | @protocol UITextPasteItem <NSObject>
    |           `- note: 'UITextPasteItem' has been explicitly marked unavailable here
107 |
108 | // This is the NSItemProvider for the item being pasted or dropped.
/Users/admin/builder/spi-builder-workspace/Sources/TwitterTextEditor/TextEditorView.swift:1969:86: error: 'UITextPasteConfigurationSupporting' is unavailable in tvOS
1967 |     }
1968 |
1969 |     public func textPasteConfigurationSupporting(_ textPasteConfigurationSupporting: UITextPasteConfigurationSupporting,
     |                                                                                      `- error: 'UITextPasteConfigurationSupporting' is unavailable in tvOS
1970 |                                                  shouldAnimatePasteOf attributedString: NSAttributedString,
1971 |                                                  to textRange: UITextRange) -> Bool
/Applications/Xcode-27.0.0-Release.Candidate.app/Contents/Developer/Platforms/AppleTVOS.platform/Developer/SDKs/AppleTVOS27.0.sdk/System/Library/Frameworks/UIKit.framework/Headers/UITextPasteConfigurationSupporting.h:18:11: note: 'UITextPasteConfigurationSupporting' has been explicitly marked unavailable here
16 |
17 | UIKIT_EXTERN API_AVAILABLE(ios(11.0)) API_UNAVAILABLE(watchos, tvos) NS_SWIFT_UI_ACTOR
18 | @protocol UITextPasteConfigurationSupporting <UIPasteConfigurationSupporting>
   |           `- note: 'UITextPasteConfigurationSupporting' has been explicitly marked unavailable here
19 |
20 | @property (nonatomic, weak, nullable) id<UITextPasteDelegate> pasteDelegate;
/Users/admin/builder/spi-builder-workspace/Sources/TwitterTextEditor/TextEditorView.swift:1996:65: error: 'UITextDraggable' is unavailable in tvOS
1994 | /// :nodoc:
1995 | extension TextEditorView: UITextDragDelegate {
1996 |     public func textDraggableView(_ textDraggableView: UIView & UITextDraggable,
     |                                                                 `- error: 'UITextDraggable' is unavailable in tvOS
1997 |                                   dragSessionWillBegin session: UIDragSession)
1998 |     {
/Applications/Xcode-27.0.0-Release.Candidate.app/Contents/Developer/Platforms/AppleTVOS.platform/Developer/SDKs/AppleTVOS27.0.sdk/System/Library/Frameworks/UIKit.framework/Headers/UITextDragging.h:33:11: note: 'UITextDraggable' has been explicitly marked unavailable here
 31 |  */
 32 | API_AVAILABLE(ios(11.0)) API_UNAVAILABLE(watchos, tvos) NS_SWIFT_UI_ACTOR
 33 | @protocol UITextDraggable <UITextInput>
    |           `- note: 'UITextDraggable' has been explicitly marked unavailable here
 34 |
 35 | @property (nonatomic, weak, nullable) id<UITextDragDelegate> textDragDelegate;
/Users/admin/builder/spi-builder-workspace/Sources/TwitterTextEditor/TextEditorView.swift:1997:65: error: 'UIDragSession' is unavailable in tvOS
1995 | extension TextEditorView: UITextDragDelegate {
1996 |     public func textDraggableView(_ textDraggableView: UIView & UITextDraggable,
1997 |                                   dragSessionWillBegin session: UIDragSession)
     |                                                                 `- error: 'UIDragSession' is unavailable in tvOS
1998 |     {
1999 |         currentTextDragSessionLocalContext = LocalTextDragContext()
/Applications/Xcode-27.0.0-Release.Candidate.app/Contents/Developer/Platforms/AppleTVOS.platform/Developer/SDKs/AppleTVOS27.0.sdk/System/Library/Frameworks/UIKit.framework/Headers/UIDragSession.h:70:11: note: 'UIDragSession' has been explicitly marked unavailable here
 68 |
 69 | API_AVAILABLE(ios(11.0)) API_UNAVAILABLE(watchos, tvos) NS_SWIFT_UI_ACTOR
 70 | @protocol UIDragSession <UIDragDropSession>
    |           `- note: 'UIDragSession' has been explicitly marked unavailable here
 71 |
 72 | /* Use `localContext` to attach additional information to this drag session,
/Users/admin/builder/spi-builder-workspace/Sources/TwitterTextEditor/TextEditorView.swift:2003:65: error: 'UITextDraggable' is unavailable in tvOS
2001 |     }
2002 |
2003 |     public func textDraggableView(_ textDraggableView: UIView & UITextDraggable,
     |                                                                 `- error: 'UITextDraggable' is unavailable in tvOS
2004 |                                   dragSessionDidEnd session: UIDragSession,
2005 |                                   with operation: UIDropOperation)
/Applications/Xcode-27.0.0-Release.Candidate.app/Contents/Developer/Platforms/AppleTVOS.platform/Developer/SDKs/AppleTVOS27.0.sdk/System/Library/Frameworks/UIKit.framework/Headers/UITextDragging.h:33:11: note: 'UITextDraggable' has been explicitly marked unavailable here
 31 |  */
 32 | API_AVAILABLE(ios(11.0)) API_UNAVAILABLE(watchos, tvos) NS_SWIFT_UI_ACTOR
 33 | @protocol UITextDraggable <UITextInput>
    |           `- note: 'UITextDraggable' has been explicitly marked unavailable here
 34 |
 35 | @property (nonatomic, weak, nullable) id<UITextDragDelegate> textDragDelegate;
/Users/admin/builder/spi-builder-workspace/Sources/TwitterTextEditor/TextEditorView.swift:2004:62: error: 'UIDragSession' is unavailable in tvOS
2002 |
2003 |     public func textDraggableView(_ textDraggableView: UIView & UITextDraggable,
2004 |                                   dragSessionDidEnd session: UIDragSession,
     |                                                              `- error: 'UIDragSession' is unavailable in tvOS
2005 |                                   with operation: UIDropOperation)
2006 |     {
/Applications/Xcode-27.0.0-Release.Candidate.app/Contents/Developer/Platforms/AppleTVOS.platform/Developer/SDKs/AppleTVOS27.0.sdk/System/Library/Frameworks/UIKit.framework/Headers/UIDragSession.h:70:11: note: 'UIDragSession' has been explicitly marked unavailable here
 68 |
 69 | API_AVAILABLE(ios(11.0)) API_UNAVAILABLE(watchos, tvos) NS_SWIFT_UI_ACTOR
 70 | @protocol UIDragSession <UIDragDropSession>
    |           `- note: 'UIDragSession' has been explicitly marked unavailable here
 71 |
 72 | /* Use `localContext` to attach additional information to this drag session,
/Users/admin/builder/spi-builder-workspace/Sources/TwitterTextEditor/TextEditorView.swift:2005:51: error: 'UIDropOperation' is unavailable in tvOS
2003 |     public func textDraggableView(_ textDraggableView: UIView & UITextDraggable,
2004 |                                   dragSessionDidEnd session: UIDragSession,
2005 |                                   with operation: UIDropOperation)
     |                                                   `- error: 'UIDropOperation' is unavailable in tvOS
2006 |     {
2007 |         currentTextDragSessionLocalContext = nil
/Applications/Xcode-27.0.0-Release.Candidate.app/Contents/Developer/Platforms/AppleTVOS.platform/Developer/SDKs/AppleTVOS27.0.sdk/System/Library/Frameworks/UIKit.framework/Headers/UIDropInteraction.h:41:29: note: 'UIDropOperation' has been explicitly marked unavailable here
 39 |  * what operation it will perform if the user drops.
 40 |  */
 41 | typedef NS_ENUM(NSUInteger, UIDropOperation) {
    |                             `- note: 'UIDropOperation' has been explicitly marked unavailable here
 42 |     /* Operations that do NOT cause data transfer.
 43 |      *
/Users/admin/builder/spi-builder-workspace/Sources/TwitterTextEditor/TextEditorView.swift:1995:27: error: 'UITextDragDelegate' is unavailable in tvOS
1993 |
1994 | /// :nodoc:
1995 | extension TextEditorView: UITextDragDelegate {
     |                           `- error: 'UITextDragDelegate' is unavailable in tvOS
1996 |     public func textDraggableView(_ textDraggableView: UIView & UITextDraggable,
1997 |                                   dragSessionWillBegin session: UIDragSession)
/Applications/Xcode-27.0.0-Release.Candidate.app/Contents/Developer/Platforms/AppleTVOS.platform/Developer/SDKs/AppleTVOS27.0.sdk/System/Library/Frameworks/UIKit.framework/Headers/UITextDragging.h:56:11: note: 'UITextDragDelegate' has been explicitly marked unavailable here
 54 |
 55 | API_AVAILABLE(ios(11.0)) API_UNAVAILABLE(watchos, tvos) NS_SWIFT_UI_ACTOR
 56 | @protocol UITextDragDelegate <NSObject>
    |           `- note: 'UITextDragDelegate' has been explicitly marked unavailable here
 57 |
 58 | @optional
/Users/admin/builder/spi-builder-workspace/Sources/TwitterTextEditor/TextEditorView.swift:2013:65: error: 'UITextDroppable' is unavailable in tvOS
2011 | /// :nodoc:
2012 | extension TextEditorView: UITextDropDelegate {
2013 |     public func textDroppableView(_ textDroppableView: UIView & UITextDroppable,
     |                                                                 `- error: 'UITextDroppable' is unavailable in tvOS
2014 |                                   proposalForDrop drop: UITextDropRequest) -> UITextDropProposal
2015 |     {
/Applications/Xcode-27.0.0-Release.Candidate.app/Contents/Developer/Platforms/AppleTVOS.platform/Developer/SDKs/AppleTVOS27.0.sdk/System/Library/Frameworks/UIKit.framework/Headers/UITextDropping.h:22:11: note: 'UITextDroppable' has been explicitly marked unavailable here
 20 |  */
 21 | API_AVAILABLE(ios(11.0)) API_UNAVAILABLE(watchos, tvos) NS_SWIFT_UI_ACTOR
 22 | @protocol UITextDroppable <UITextInput, UITextPasteConfigurationSupporting>
    |           `- note: 'UITextDroppable' has been explicitly marked unavailable here
 23 |
 24 | @property (nonatomic, weak, nullable) id<UITextDropDelegate> textDropDelegate;
/Users/admin/builder/spi-builder-workspace/Sources/TwitterTextEditor/TextEditorView.swift:2014:57: error: 'UITextDropRequest' is unavailable in tvOS
2012 | extension TextEditorView: UITextDropDelegate {
2013 |     public func textDroppableView(_ textDroppableView: UIView & UITextDroppable,
2014 |                                   proposalForDrop drop: UITextDropRequest) -> UITextDropProposal
     |                                                         `- error: 'UITextDropRequest' is unavailable in tvOS
2015 |     {
2016 |         // Drag and drop interaction within the text view is always allowed.
/Applications/Xcode-27.0.0-Release.Candidate.app/Contents/Developer/Platforms/AppleTVOS.platform/Developer/SDKs/AppleTVOS27.0.sdk/System/Library/Frameworks/UIKit.framework/Headers/UITextDropping.h:130:11: note: 'UITextDropRequest' has been explicitly marked unavailable here
128 |
129 | API_AVAILABLE(ios(11.0)) API_UNAVAILABLE(watchos, tvos) NS_SWIFT_UI_ACTOR
130 | @protocol UITextDropRequest <NSObject>
    |           `- note: 'UITextDropRequest' has been explicitly marked unavailable here
131 |
132 | /* The text position that the drag is over.
/Users/admin/builder/spi-builder-workspace/Sources/TwitterTextEditor/TextEditorView.swift:2014:79: error: 'UITextDropProposal' is unavailable in tvOS
2012 | extension TextEditorView: UITextDropDelegate {
2013 |     public func textDroppableView(_ textDroppableView: UIView & UITextDroppable,
2014 |                                   proposalForDrop drop: UITextDropRequest) -> UITextDropProposal
     |                                                                               `- error: 'UITextDropProposal' is unavailable in tvOS
2015 |     {
2016 |         // Drag and drop interaction within the text view is always allowed.
/Applications/Xcode-27.0.0-Release.Candidate.app/Contents/Developer/Platforms/AppleTVOS.platform/Developer/SDKs/AppleTVOS27.0.sdk/System/Library/Frameworks/UIKit.framework/Headers/UITextDropProposal.h:65:12: note: 'UITextDropProposal' has been explicitly marked unavailable here
 63 |
 64 | UIKIT_EXTERN API_AVAILABLE(ios(11.0)) API_UNAVAILABLE(watchos, tvos) NS_SWIFT_UI_ACTOR
 65 | @interface UITextDropProposal : UIDropProposal <NSCopying>
    |            `- note: 'UITextDropProposal' has been explicitly marked unavailable here
 66 |
 67 | /* Note: creating a UITextDropProposal sets the superclass's .precise property to true.
/Users/admin/builder/spi-builder-workspace/Sources/TwitterTextEditor/TextEditorView.swift:2012:27: error: 'UITextDropDelegate' is unavailable in tvOS
2010 |
2011 | /// :nodoc:
2012 | extension TextEditorView: UITextDropDelegate {
     |                           `- error: 'UITextDropDelegate' is unavailable in tvOS
2013 |     public func textDroppableView(_ textDroppableView: UIView & UITextDroppable,
2014 |                                   proposalForDrop drop: UITextDropRequest) -> UITextDropProposal
/Applications/Xcode-27.0.0-Release.Candidate.app/Contents/Developer/Platforms/AppleTVOS.platform/Developer/SDKs/AppleTVOS27.0.sdk/System/Library/Frameworks/UIKit.framework/Headers/UITextDropping.h:61:11: note: 'UITextDropDelegate' has been explicitly marked unavailable here
 59 |
 60 | API_AVAILABLE(ios(11.0)) API_UNAVAILABLE(watchos, tvos) NS_SWIFT_UI_ACTOR
 61 | @protocol UITextDropDelegate <NSObject>
    |           `- note: 'UITextDropDelegate' has been explicitly marked unavailable here
 62 |
 63 | @optional
/Users/admin/builder/spi-builder-workspace/Sources/TwitterTextEditor/TextEditorView.swift:382:18: error: value of type 'TextView' has no member 'pasteDelegate'
 380 |         textView.textViewTextInputDelegate = self
 381 |
 382 |         textView.pasteDelegate = self
     |                  `- error: value of type 'TextView' has no member 'pasteDelegate'
 383 |
 384 |         textView.textDragDelegate = self
/Users/admin/builder/spi-builder-workspace/Sources/TwitterTextEditor/TextEditorView.swift:384:18: error: value of type 'TextView' has no member 'textDragDelegate'
 382 |         textView.pasteDelegate = self
 383 |
 384 |         textView.textDragDelegate = self
     |                  `- error: value of type 'TextView' has no member 'textDragDelegate'
 385 |         textView.textDropDelegate = self
 386 |
/Users/admin/builder/spi-builder-workspace/Sources/TwitterTextEditor/TextEditorView.swift:385:18: error: value of type 'TextView' has no member 'textDropDelegate'
 383 |
 384 |         textView.textDragDelegate = self
 385 |         textView.textDropDelegate = self
     |                  `- error: value of type 'TextView' has no member 'textDropDelegate'
 386 |
 387 |         // UIView
/Users/admin/builder/spi-builder-workspace/Sources/TwitterTextEditor/TextEditorView.swift:395:18: error: value of type 'TextView' has no member 'textDragOptions'
 393 |
 394 |         // UITextDraggable
 395 |         textView.textDragOptions = [.stripTextColorFromPreviews]
     |                  `- error: value of type 'TextView' has no member 'textDragOptions'
 396 |
 397 |         addSubview(textView)
/Users/admin/builder/spi-builder-workspace/Sources/TwitterTextEditor/TextEditorView.swift:395:38: error: reference to member 'stripTextColorFromPreviews' cannot be resolved without a contextual type
 393 |
 394 |         // UITextDraggable
 395 |         textView.textDragOptions = [.stripTextColorFromPreviews]
     |                                      `- error: reference to member 'stripTextColorFromPreviews' cannot be resolved without a contextual type
 396 |
 397 |         addSubview(textView)
SwiftCompile normal arm64 /Users/admin/builder/spi-builder-workspace/Sources/TwitterTextEditor/TextAttributes.swift (in target 'TwitterTextEditor' from project 'TwitterTextEditor')
    cd /Users/admin/builder/spi-builder-workspace/.swiftpm/xcode
    builtin-SwiftPerFileCompile TextAttributes.swift
SwiftCompile normal arm64 /Users/admin/builder/spi-builder-workspace/Sources/TwitterTextEditor/TextEditorView.swift (in target 'TwitterTextEditor' from project 'TwitterTextEditor')
    cd /Users/admin/builder/spi-builder-workspace/.swiftpm/xcode
    builtin-SwiftPerFileCompile TextEditorView.swift
SwiftCompile normal arm64 Compiling\ LayoutManager.swift,\ Logger.swift /Users/admin/builder/spi-builder-workspace/Sources/TwitterTextEditor/LayoutManager.swift /Users/admin/builder/spi-builder-workspace/Sources/TwitterTextEditor/Logger.swift (in target 'TwitterTextEditor' from project 'TwitterTextEditor')
SwiftCompile normal arm64 /Users/admin/builder/spi-builder-workspace/Sources/TwitterTextEditor/LayoutManager.swift (in target 'TwitterTextEditor' from project 'TwitterTextEditor')
    cd /Users/admin/builder/spi-builder-workspace/.swiftpm/xcode
    builtin-SwiftPerFileCompile LayoutManager.swift
SwiftCompile normal arm64 /Users/admin/builder/spi-builder-workspace/Sources/TwitterTextEditor/Logger.swift (in target 'TwitterTextEditor' from project 'TwitterTextEditor')
    cd /Users/admin/builder/spi-builder-workspace/.swiftpm/xcode
    builtin-SwiftPerFileCompile Logger.swift
SwiftCompile normal arm64 Compiling\ Configuration.swift,\ EditingContent.swift /Users/admin/builder/spi-builder-workspace/Sources/TwitterTextEditor/Configuration.swift /Users/admin/builder/spi-builder-workspace/Sources/TwitterTextEditor/EditingContent.swift (in target 'TwitterTextEditor' from project 'TwitterTextEditor')
SwiftCompile normal arm64 /Users/admin/builder/spi-builder-workspace/Sources/TwitterTextEditor/Configuration.swift (in target 'TwitterTextEditor' from project 'TwitterTextEditor')
    cd /Users/admin/builder/spi-builder-workspace/.swiftpm/xcode
    builtin-SwiftPerFileCompile Configuration.swift
SwiftCompile normal arm64 /Users/admin/builder/spi-builder-workspace/Sources/TwitterTextEditor/EditingContent.swift (in target 'TwitterTextEditor' from project 'TwitterTextEditor')
    cd /Users/admin/builder/spi-builder-workspace/.swiftpm/xcode
    builtin-SwiftPerFileCompile EditingContent.swift
SwiftCompile normal arm64 Compiling\ NSAttributedString.swift,\ NSRange.swift /Users/admin/builder/spi-builder-workspace/Sources/TwitterTextEditor/NSAttributedString.swift /Users/admin/builder/spi-builder-workspace/Sources/TwitterTextEditor/NSRange.swift (in target 'TwitterTextEditor' from project 'TwitterTextEditor')
SwiftCompile normal arm64 /Users/admin/builder/spi-builder-workspace/Sources/TwitterTextEditor/NSAttributedString.swift (in target 'TwitterTextEditor' from project 'TwitterTextEditor')
    cd /Users/admin/builder/spi-builder-workspace/.swiftpm/xcode
    builtin-SwiftPerFileCompile NSAttributedString.swift
SwiftCompile normal arm64 /Users/admin/builder/spi-builder-workspace/Sources/TwitterTextEditor/NSRange.swift (in target 'TwitterTextEditor' from project 'TwitterTextEditor')
    cd /Users/admin/builder/spi-builder-workspace/.swiftpm/xcode
    builtin-SwiftPerFileCompile NSRange.swift
SwiftCompile normal arm64 Compiling\ NotificationCenter.swift,\ Scheduler.swift /Users/admin/builder/spi-builder-workspace/Sources/TwitterTextEditor/NotificationCenter.swift /Users/admin/builder/spi-builder-workspace/Sources/TwitterTextEditor/Scheduler.swift (in target 'TwitterTextEditor' from project 'TwitterTextEditor')
SwiftCompile normal arm64 /Users/admin/builder/spi-builder-workspace/Sources/TwitterTextEditor/NotificationCenter.swift (in target 'TwitterTextEditor' from project 'TwitterTextEditor')
    cd /Users/admin/builder/spi-builder-workspace/.swiftpm/xcode
    builtin-SwiftPerFileCompile NotificationCenter.swift
SwiftCompile normal arm64 /Users/admin/builder/spi-builder-workspace/Sources/TwitterTextEditor/Scheduler.swift (in target 'TwitterTextEditor' from project 'TwitterTextEditor')
    cd /Users/admin/builder/spi-builder-workspace/.swiftpm/xcode
    builtin-SwiftPerFileCompile Scheduler.swift
PruneExplicitPrecompiledModules /Users/admin/builder/spi-builder-workspace/.derivedData/Build/Intermediates.noindex/SwiftExplicitPrecompiledModules
PruneExplicitPrecompiledModules /Users/admin/builder/spi-builder-workspace/.derivedData/SDKExplicitPrecompiledModules
PruneExplicitPrecompiledModules /Users/admin/builder/spi-builder-workspace/.derivedData/Build/Intermediates.noindex/ExplicitPrecompiledModules
2026-09-17 14:25:00.837 xcodebuild[655:4223] [MT] IDERunDestination: Supported platforms for the buildables in the current scheme is empty.
** BUILD FAILED **
The following build commands failed:
	SwiftCompile normal arm64 (in target 'TwitterTextEditor' from project 'TwitterTextEditor')
	SwiftEmitModule normal arm64 Emitting\ module\ for\ TwitterTextEditor (in target 'TwitterTextEditor' from project 'TwitterTextEditor')
	Building workspace TwitterTextEditor with scheme TwitterTextEditor-Package
(3 failures)
Command line invocation:
    /Applications/Xcode-27.0.0-Release.Candidate.app/Contents/Developer/usr/bin/xcodebuild -IDEClonedSourcePackagesDirPathOverride=/Users/admin/builder/spi-builder-workspace/.dependencies -resolvePackageDependencies
Resolve Package Graph
Resolved source packages:
  TwitterTextEditor: /Users/admin/builder/spi-builder-workspace
resolved source packages: TwitterTextEditor
2026-09-17 14:25:07.179 xcodebuild[738:4587] [MT] IDERunDestination: Supported platforms for the buildables in the current scheme is empty.
{
  "dependencies" : [
  ],
  "manifest_display_name" : "TwitterTextEditor",
  "name" : "TwitterTextEditor",
  "path" : "/Users/admin/builder/spi-builder-workspace",
  "platforms" : [
    {
      "name" : "ios",
      "version" : "11.0"
    }
  ],
  "products" : [
    {
      "name" : "TwitterTextEditor-Auto",
      "targets" : [
        "TwitterTextEditor"
      ],
      "type" : {
        "library" : [
          "automatic"
        ]
      }
    },
    {
      "name" : "TwitterTextEditor",
      "targets" : [
        "TwitterTextEditor"
      ],
      "type" : {
        "library" : [
          "dynamic"
        ]
      }
    }
  ],
  "targets" : [
    {
      "c99name" : "TwitterTextEditorTests",
      "module_type" : "SwiftTarget",
      "name" : "TwitterTextEditorTests",
      "path" : "Tests/TwitterTextEditorTests",
      "sources" : [
        "EditingContentTests.swift",
        "NSRangeTests.swift",
        "SchedulerTest.swift",
        "SequenceTest.swift"
      ],
      "target_dependencies" : [
        "TwitterTextEditor"
      ],
      "type" : "test"
    },
    {
      "c99name" : "TwitterTextEditor",
      "module_type" : "SwiftTarget",
      "name" : "TwitterTextEditor",
      "path" : "Sources/TwitterTextEditor",
      "product_memberships" : [
        "TwitterTextEditor-Auto",
        "TwitterTextEditor"
      ],
      "sources" : [
        "Configuration.swift",
        "EditingContent.swift",
        "LayoutManager.swift",
        "Logger.swift",
        "NSAttributedString.swift",
        "NSRange.swift",
        "NotificationCenter.swift",
        "Scheduler.swift",
        "Sequence.swift",
        "String.swift",
        "TextAttributes.swift",
        "TextEditorView.swift",
        "TextEditorViewTextInputTraits.swift",
        "TextView.swift",
        "TextViewDelegateForwarder.swift",
        "Tracer.swift",
        "UIResponder.swift",
        "UITextInput.swift"
      ],
      "type" : "library"
    }
  ],
  "tools_version" : "5.6"
}
{
  "workspace" : {
    "name" : "TwitterTextEditor",
    "schemes" : [
      "TwitterTextEditor",
      "TwitterTextEditor-Auto",
      "TwitterTextEditor-Package"
    ]
  }
}
2026-09-17 14:25:08.353 xcodebuild[746:4654] [MT] IDERunDestination: Supported platforms for the buildables in the current scheme is empty.
Running build ...
env DEVELOPER_DIR=/Applications/Xcode-27.0.0-Release.Candidate.app xcrun xcodebuild -IDEClonedSourcePackagesDirPathOverride=$PWD/.dependencies -skipMacroValidation -skipPackagePluginValidation -derivedDataPath $PWD/.derivedData build -scheme TwitterTextEditor-Package -destination generic/platform=tvOS
Command line invocation:
    /Applications/Xcode-27.0.0-Release.Candidate.app/Contents/Developer/usr/bin/xcodebuild -IDEClonedSourcePackagesDirPathOverride=/Users/admin/builder/spi-builder-workspace/.dependencies -skipMacroValidation -skipPackagePluginValidation -derivedDataPath /Users/admin/builder/spi-builder-workspace/.derivedData build -scheme TwitterTextEditor-Package -destination generic/platform=tvOS
Resolve Package Graph
Resolved source packages:
  TwitterTextEditor: /Users/admin/builder/spi-builder-workspace
ComputePackagePrebuildTargetDependencyGraph
Prepare packages
CreateBuildRequest
SendProjectDescription
CreateBuildOperation
ComputeTargetDependencyGraph
note: Building targets in dependency order
note: Target dependency graph (3 targets)
    Target 'TwitterTextEditor-product' in project 'TwitterTextEditor'
        ➜ Explicit dependency on target 'TwitterTextEditor' in project 'TwitterTextEditor'
    Target 'TwitterTextEditor-Auto-product' in project 'TwitterTextEditor'
        ➜ Explicit dependency on target 'TwitterTextEditor' in project 'TwitterTextEditor'
    Target 'TwitterTextEditor' in project 'TwitterTextEditor' (no dependencies)
GatherProvisioningInputs
CreateBuildDescription
ClangStatCache /Applications/Xcode-27.0.0-Release.Candidate.app/Contents/Developer/Toolchains/XcodeDefault.xctoolchain/usr/bin/clang-stat-cache /Applications/Xcode-27.0.0-Release.Candidate.app/Contents/Developer/Platforms/AppleTVOS.platform/Developer/SDKs/AppleTVOS27.0.sdk /Users/admin/builder/spi-builder-workspace/.derivedData/SDKStatCaches.noindex/appletvos27.0-24J360-e829b21a6f8c9b70876ba0858053c044b32bfd8d43560033f8d89884cdb90028.sdkstatcache
    cd /Users/admin/builder/spi-builder-workspace/.swiftpm/xcode
    /Applications/Xcode-27.0.0-Release.Candidate.app/Contents/Developer/Toolchains/XcodeDefault.xctoolchain/usr/bin/clang-stat-cache /Applications/Xcode-27.0.0-Release.Candidate.app/Contents/Developer/Platforms/AppleTVOS.platform/Developer/SDKs/AppleTVOS27.0.sdk -o /Users/admin/builder/spi-builder-workspace/.derivedData/SDKStatCaches.noindex/appletvos27.0-24J360-e829b21a6f8c9b70876ba0858053c044b32bfd8d43560033f8d89884cdb90028.sdkstatcache
SwiftDriver TwitterTextEditor normal arm64 com.apple.xcode.tools.swift.compiler (in target 'TwitterTextEditor' from project 'TwitterTextEditor')
    cd /Users/admin/builder/spi-builder-workspace/.swiftpm/xcode
    builtin-SwiftDriver -- /Applications/Xcode-27.0.0-Release.Candidate.app/Contents/Developer/Toolchains/XcodeDefault.xctoolchain/usr/bin/swiftc -parse-as-library -module-name TwitterTextEditor -Onone @/Users/admin/builder/spi-builder-workspace/.derivedData/Build/Intermediates.noindex/TwitterTextEditor.build/Debug-appletvos/TwitterTextEditor-t.build/Objects-normal/arm64/TwitterTextEditor.SwiftFileList -DSWIFT_PACKAGE -DDEBUG -DSWIFT_MODULE_RESOURCE_BUNDLE_UNAVAILABLE -DXcode -plugin-path /Applications/Xcode-27.0.0-Release.Candidate.app/Contents/Developer/Toolchains/XcodeDefault.xctoolchain/usr/lib/swift/host/plugins/testing -enable-experimental-feature DebugDescriptionMacro -sdk /Applications/Xcode-27.0.0-Release.Candidate.app/Contents/Developer/Platforms/AppleTVOS.platform/Developer/SDKs/AppleTVOS27.0.sdk -target arm64-apple-tvos15.0 -g -module-cache-path /Users/admin/builder/spi-builder-workspace/.derivedData/ModuleCache.noindex -Xfrontend -serialize-debugging-options -profile-coverage-mapping -profile-generate -enable-testing -index-store-path /Users/admin/builder/spi-builder-workspace/.derivedData/Index.noindex/DataStore -Xcc -D_LIBCPP_HARDENING_MODE\=_LIBCPP_HARDENING_MODE_DEBUG -swift-version 5 -I /Users/admin/builder/spi-builder-workspace/.derivedData/Build/Products/Debug-appletvos -Isystem /Applications/Xcode-27.0.0-Release.Candidate.app/Contents/Developer/Platforms/AppleTVOS.platform/Developer/usr/lib -F /Users/admin/builder/spi-builder-workspace/.derivedData/Build/Products/Debug-appletvos -F /Applications/Xcode-27.0.0-Release.Candidate.app/Contents/Developer/Platforms/AppleTVOS.platform/Developer/Library/Frameworks -F /Applications/Xcode-27.0.0-Release.Candidate.app/Contents/Developer/Platforms/AppleTVOS.platform/Developer/SDKs/AppleTVOS27.0.sdk/Developer/Library/Frameworks -c -j10 -enable-batch-mode -incremental -Xcc -ivfsstatcache -Xcc /Users/admin/builder/spi-builder-workspace/.derivedData/SDKStatCaches.noindex/appletvos27.0-24J360-e829b21a6f8c9b70876ba0858053c044b32bfd8d43560033f8d89884cdb90028.sdkstatcache -output-file-map /Users/admin/builder/spi-builder-workspace/.derivedData/Build/Intermediates.noindex/TwitterTextEditor.build/Debug-appletvos/TwitterTextEditor-t.build/Objects-normal/arm64/TwitterTextEditor-OutputFileMap.json -save-temps -no-color-diagnostics -explicit-module-build -module-cache-path /Users/admin/builder/spi-builder-workspace/.derivedData/Build/Intermediates.noindex/SwiftExplicitPrecompiledModules -clang-scanner-module-cache-path /Users/admin/builder/spi-builder-workspace/.derivedData/ModuleCache.noindex -sdk-module-cache-path /Users/admin/builder/spi-builder-workspace/.derivedData/SDKExplicitPrecompiledModules -emit-dependencies -emit-module -emit-module-path /Users/admin/builder/spi-builder-workspace/.derivedData/Build/Intermediates.noindex/TwitterTextEditor.build/Debug-appletvos/TwitterTextEditor-t.build/Objects-normal/arm64/TwitterTextEditor.swiftmodule -serialize-diagnostics -dependency-scan-serialize-diagnostics-path /Users/admin/builder/spi-builder-workspace/.derivedData/Build/Intermediates.noindex/TwitterTextEditor.build/Debug-appletvos/TwitterTextEditor-t.build/Objects-normal/arm64/TwitterTextEditor-dependency-scan.dia -validate-clang-modules-once -clang-build-session-file /Users/admin/builder/spi-builder-workspace/.derivedData/ModuleCache.noindex/Session.modulevalidation -Xcc -fmodules-prune-interval\=86400 -Xcc -fmodules-prune-after\=345600 -emit-const-values -const-gather-protocols-list /Users/admin/builder/spi-builder-workspace/.derivedData/Build/Intermediates.noindex/TwitterTextEditor.build/Debug-appletvos/TwitterTextEditor-t.build/Objects-normal/arm64/TwitterTextEditor_const_extract_protocols.json -Xcc -I/Users/admin/builder/spi-builder-workspace/.derivedData/Build/Products/Debug-appletvos/include -Xcc -I/Users/admin/builder/spi-builder-workspace/.derivedData/Build/Intermediates.noindex/TwitterTextEditor.build/Debug-appletvos/TwitterTextEditor-t.build/DerivedSources-normal/arm64 -Xcc -I/Users/admin/builder/spi-builder-workspace/.derivedData/Build/Intermediates.noindex/TwitterTextEditor.build/Debug-appletvos/TwitterTextEditor-t.build/DerivedSources/arm64 -Xcc -I/Users/admin/builder/spi-builder-workspace/.derivedData/Build/Intermediates.noindex/TwitterTextEditor.build/Debug-appletvos/TwitterTextEditor-t.build/DerivedSources -Xcc -DSWIFT_PACKAGE -Xcc -DDEBUG\=1 -emit-objc-header -emit-objc-header-path /Users/admin/builder/spi-builder-workspace/.derivedData/Build/Intermediates.noindex/TwitterTextEditor.build/Debug-appletvos/TwitterTextEditor-t.build/Objects-normal/arm64/TwitterTextEditor-Swift.h -working-directory /Users/admin/builder/spi-builder-workspace/.swiftpm/xcode -experimental-emit-module-separately -disable-cmo
SwiftCompile normal arm64 Compiling\ NSAttributedString.swift,\ NSRange.swift /Users/admin/builder/spi-builder-workspace/Sources/TwitterTextEditor/NSAttributedString.swift /Users/admin/builder/spi-builder-workspace/Sources/TwitterTextEditor/NSRange.swift (in target 'TwitterTextEditor' from project 'TwitterTextEditor')
SwiftCompile normal arm64 /Users/admin/builder/spi-builder-workspace/Sources/TwitterTextEditor/NSAttributedString.swift (in target 'TwitterTextEditor' from project 'TwitterTextEditor')
    cd /Users/admin/builder/spi-builder-workspace/.swiftpm/xcode
    builtin-SwiftPerFileCompile NSAttributedString.swift
SwiftCompile normal arm64 /Users/admin/builder/spi-builder-workspace/Sources/TwitterTextEditor/NSRange.swift (in target 'TwitterTextEditor' from project 'TwitterTextEditor')
    cd /Users/admin/builder/spi-builder-workspace/.swiftpm/xcode
    builtin-SwiftPerFileCompile NSRange.swift
SwiftCompile normal arm64 Compiling\ TextAttributes.swift,\ TextEditorView.swift /Users/admin/builder/spi-builder-workspace/Sources/TwitterTextEditor/TextAttributes.swift /Users/admin/builder/spi-builder-workspace/Sources/TwitterTextEditor/TextEditorView.swift (in target 'TwitterTextEditor' from project 'TwitterTextEditor')
/Users/admin/builder/spi-builder-workspace/Sources/TwitterTextEditor/TextEditorView.swift:1025:48: error: 'UIDragSession' is unavailable in tvOS
1023 |        - `isDropInteractionEnabled`
1024 |      */
1025 |     public func isDraggingText(of dragSession: UIDragSession) -> Bool {
     |                                                `- error: 'UIDragSession' is unavailable in tvOS
1026 |         if let localContext = dragSession.localContext as? LocalTextDragContext,
1027 |            let currentTextDragSessionLocalContext = currentTextDragSessionLocalContext
/Applications/Xcode-27.0.0-Release.Candidate.app/Contents/Developer/Platforms/AppleTVOS.platform/Developer/SDKs/AppleTVOS27.0.sdk/System/Library/Frameworks/UIKit.framework/Headers/UIDragSession.h:70:11: note: 'UIDragSession' has been explicitly marked unavailable here
 68 |
 69 | API_AVAILABLE(ios(11.0)) API_UNAVAILABLE(watchos, tvos) NS_SWIFT_UI_ACTOR
 70 | @protocol UIDragSession <UIDragDropSession>
    |           `- note: 'UIDragSession' has been explicitly marked unavailable here
 71 |
 72 | /* Use `localContext` to attach additional information to this drag session,
/Users/admin/builder/spi-builder-workspace/Sources/TwitterTextEditor/TextEditorView.swift:1807:86: error: 'UITextPasteConfigurationSupporting' is unavailable in tvOS
1805 | /// :nodoc:
1806 | extension TextEditorView: TextViewTextPasteDelegate {
1807 |     public func textPasteConfigurationSupporting(_ textPasteConfigurationSupporting: UITextPasteConfigurationSupporting,
     |                                                                                      `- error: 'UITextPasteConfigurationSupporting' is unavailable in tvOS
1808 |                                                  canPaste itemProviders: [NSItemProvider]) -> Bool
1809 |     {
/Applications/Xcode-27.0.0-Release.Candidate.app/Contents/Developer/Platforms/AppleTVOS.platform/Developer/SDKs/AppleTVOS27.0.sdk/System/Library/Frameworks/UIKit.framework/Headers/UITextPasteConfigurationSupporting.h:18:11: note: 'UITextPasteConfigurationSupporting' has been explicitly marked unavailable here
16 |
17 | UIKIT_EXTERN API_AVAILABLE(ios(11.0)) API_UNAVAILABLE(watchos, tvos) NS_SWIFT_UI_ACTOR
18 | @protocol UITextPasteConfigurationSupporting <UIPasteConfigurationSupporting>
   |           `- note: 'UITextPasteConfigurationSupporting' has been explicitly marked unavailable here
19 |
20 | @property (nonatomic, weak, nullable) id<UITextPasteDelegate> pasteDelegate;
/Users/admin/builder/spi-builder-workspace/Sources/TwitterTextEditor/TextEditorView.swift:1849:27: error: 'UITextPasteItem' is unavailable in tvOS
1847 |
1848 |     private final class UITextPasteItemToSetResultOnce {
1849 |         private var item: UITextPasteItem?
     |                           `- error: 'UITextPasteItem' is unavailable in tvOS
1850 |
1851 |         init(item: UITextPasteItem) {
/Applications/Xcode-27.0.0-Release.Candidate.app/Contents/Developer/Platforms/AppleTVOS.platform/Developer/SDKs/AppleTVOS27.0.sdk/System/Library/Frameworks/UIKit.framework/Headers/UITextPasteDelegate.h:106:11: note: 'UITextPasteItem' has been explicitly marked unavailable here
104 |
105 | UIKIT_EXTERN API_AVAILABLE(ios(11.0)) API_UNAVAILABLE(watchos, tvos) NS_SWIFT_UI_ACTOR
106 | @protocol UITextPasteItem <NSObject>
    |           `- note: 'UITextPasteItem' has been explicitly marked unavailable here
107 |
108 | // This is the NSItemProvider for the item being pasted or dropped.
/Users/admin/builder/spi-builder-workspace/Sources/TwitterTextEditor/TextEditorView.swift:1851:20: error: 'UITextPasteItem' is unavailable in tvOS
1849 |         private var item: UITextPasteItem?
1850 |
1851 |         init(item: UITextPasteItem) {
     |                    `- error: 'UITextPasteItem' is unavailable in tvOS
1852 |             self.item = item
1853 |         }
/Applications/Xcode-27.0.0-Release.Candidate.app/Contents/Developer/Platforms/AppleTVOS.platform/Developer/SDKs/AppleTVOS27.0.sdk/System/Library/Frameworks/UIKit.framework/Headers/UITextPasteDelegate.h:106:11: note: 'UITextPasteItem' has been explicitly marked unavailable here
104 |
105 | UIKIT_EXTERN API_AVAILABLE(ios(11.0)) API_UNAVAILABLE(watchos, tvos) NS_SWIFT_UI_ACTOR
106 | @protocol UITextPasteItem <NSObject>
    |           `- note: 'UITextPasteItem' has been explicitly marked unavailable here
107 |
108 | // This is the NSItemProvider for the item being pasted or dropped.
/Users/admin/builder/spi-builder-workspace/Sources/TwitterTextEditor/TextEditorView.swift:1871:86: error: 'UITextPasteConfigurationSupporting' is unavailable in tvOS
1869 |     }
1870 |
1871 |     public func textPasteConfigurationSupporting(_ textPasteConfigurationSupporting: UITextPasteConfigurationSupporting,
     |                                                                                      `- error: 'UITextPasteConfigurationSupporting' is unavailable in tvOS
1872 |                                                  transform item: UITextPasteItem)
1873 |     {
/Applications/Xcode-27.0.0-Release.Candidate.app/Contents/Developer/Platforms/AppleTVOS.platform/Developer/SDKs/AppleTVOS27.0.sdk/System/Library/Frameworks/UIKit.framework/Headers/UITextPasteConfigurationSupporting.h:18:11: note: 'UITextPasteConfigurationSupporting' has been explicitly marked unavailable here
16 |
17 | UIKIT_EXTERN API_AVAILABLE(ios(11.0)) API_UNAVAILABLE(watchos, tvos) NS_SWIFT_UI_ACTOR
18 | @protocol UITextPasteConfigurationSupporting <UIPasteConfigurationSupporting>
   |           `- note: 'UITextPasteConfigurationSupporting' has been explicitly marked unavailable here
19 |
20 | @property (nonatomic, weak, nullable) id<UITextPasteDelegate> pasteDelegate;
/Users/admin/builder/spi-builder-workspace/Sources/TwitterTextEditor/TextEditorView.swift:1872:66: error: 'UITextPasteItem' is unavailable in tvOS
1870 |
1871 |     public func textPasteConfigurationSupporting(_ textPasteConfigurationSupporting: UITextPasteConfigurationSupporting,
1872 |                                                  transform item: UITextPasteItem)
     |                                                                  `- error: 'UITextPasteItem' is unavailable in tvOS
1873 |     {
1874 |         let itemProvider = item.itemProvider
/Applications/Xcode-27.0.0-Release.Candidate.app/Contents/Developer/Platforms/AppleTVOS.platform/Developer/SDKs/AppleTVOS27.0.sdk/System/Library/Frameworks/UIKit.framework/Headers/UITextPasteDelegate.h:106:11: note: 'UITextPasteItem' has been explicitly marked unavailable here
104 |
105 | UIKIT_EXTERN API_AVAILABLE(ios(11.0)) API_UNAVAILABLE(watchos, tvos) NS_SWIFT_UI_ACTOR
106 | @protocol UITextPasteItem <NSObject>
    |           `- note: 'UITextPasteItem' has been explicitly marked unavailable here
107 |
108 | // This is the NSItemProvider for the item being pasted or dropped.
/Users/admin/builder/spi-builder-workspace/Sources/TwitterTextEditor/TextEditorView.swift:1969:86: error: 'UITextPasteConfigurationSupporting' is unavailable in tvOS
1967 |     }
1968 |
1969 |     public func textPasteConfigurationSupporting(_ textPasteConfigurationSupporting: UITextPasteConfigurationSupporting,
     |                                                                                      `- error: 'UITextPasteConfigurationSupporting' is unavailable in tvOS
1970 |                                                  shouldAnimatePasteOf attributedString: NSAttributedString,
1971 |                                                  to textRange: UITextRange) -> Bool
/Applications/Xcode-27.0.0-Release.Candidate.app/Contents/Developer/Platforms/AppleTVOS.platform/Developer/SDKs/AppleTVOS27.0.sdk/System/Library/Frameworks/UIKit.framework/Headers/UITextPasteConfigurationSupporting.h:18:11: note: 'UITextPasteConfigurationSupporting' has been explicitly marked unavailable here
16 |
17 | UIKIT_EXTERN API_AVAILABLE(ios(11.0)) API_UNAVAILABLE(watchos, tvos) NS_SWIFT_UI_ACTOR
18 | @protocol UITextPasteConfigurationSupporting <UIPasteConfigurationSupporting>
   |           `- note: 'UITextPasteConfigurationSupporting' has been explicitly marked unavailable here
19 |
20 | @property (nonatomic, weak, nullable) id<UITextPasteDelegate> pasteDelegate;
/Users/admin/builder/spi-builder-workspace/Sources/TwitterTextEditor/TextEditorView.swift:1996:65: error: 'UITextDraggable' is unavailable in tvOS
1994 | /// :nodoc:
1995 | extension TextEditorView: UITextDragDelegate {
1996 |     public func textDraggableView(_ textDraggableView: UIView & UITextDraggable,
     |                                                                 `- error: 'UITextDraggable' is unavailable in tvOS
1997 |                                   dragSessionWillBegin session: UIDragSession)
1998 |     {
/Applications/Xcode-27.0.0-Release.Candidate.app/Contents/Developer/Platforms/AppleTVOS.platform/Developer/SDKs/AppleTVOS27.0.sdk/System/Library/Frameworks/UIKit.framework/Headers/UITextDragging.h:33:11: note: 'UITextDraggable' has been explicitly marked unavailable here
 31 |  */
 32 | API_AVAILABLE(ios(11.0)) API_UNAVAILABLE(watchos, tvos) NS_SWIFT_UI_ACTOR
 33 | @protocol UITextDraggable <UITextInput>
    |           `- note: 'UITextDraggable' has been explicitly marked unavailable here
 34 |
 35 | @property (nonatomic, weak, nullable) id<UITextDragDelegate> textDragDelegate;
/Users/admin/builder/spi-builder-workspace/Sources/TwitterTextEditor/TextEditorView.swift:1997:65: error: 'UIDragSession' is unavailable in tvOS
1995 | extension TextEditorView: UITextDragDelegate {
1996 |     public func textDraggableView(_ textDraggableView: UIView & UITextDraggable,
1997 |                                   dragSessionWillBegin session: UIDragSession)
     |                                                                 `- error: 'UIDragSession' is unavailable in tvOS
1998 |     {
1999 |         currentTextDragSessionLocalContext = LocalTextDragContext()
/Applications/Xcode-27.0.0-Release.Candidate.app/Contents/Developer/Platforms/AppleTVOS.platform/Developer/SDKs/AppleTVOS27.0.sdk/System/Library/Frameworks/UIKit.framework/Headers/UIDragSession.h:70:11: note: 'UIDragSession' has been explicitly marked unavailable here
 68 |
 69 | API_AVAILABLE(ios(11.0)) API_UNAVAILABLE(watchos, tvos) NS_SWIFT_UI_ACTOR
 70 | @protocol UIDragSession <UIDragDropSession>
    |           `- note: 'UIDragSession' has been explicitly marked unavailable here
 71 |
 72 | /* Use `localContext` to attach additional information to this drag session,
/Users/admin/builder/spi-builder-workspace/Sources/TwitterTextEditor/TextEditorView.swift:2003:65: error: 'UITextDraggable' is unavailable in tvOS
2001 |     }
2002 |
2003 |     public func textDraggableView(_ textDraggableView: UIView & UITextDraggable,
     |                                                                 `- error: 'UITextDraggable' is unavailable in tvOS
2004 |                                   dragSessionDidEnd session: UIDragSession,
2005 |                                   with operation: UIDropOperation)
/Applications/Xcode-27.0.0-Release.Candidate.app/Contents/Developer/Platforms/AppleTVOS.platform/Developer/SDKs/AppleTVOS27.0.sdk/System/Library/Frameworks/UIKit.framework/Headers/UITextDragging.h:33:11: note: 'UITextDraggable' has been explicitly marked unavailable here
 31 |  */
 32 | API_AVAILABLE(ios(11.0)) API_UNAVAILABLE(watchos, tvos) NS_SWIFT_UI_ACTOR
 33 | @protocol UITextDraggable <UITextInput>
    |           `- note: 'UITextDraggable' has been explicitly marked unavailable here
 34 |
 35 | @property (nonatomic, weak, nullable) id<UITextDragDelegate> textDragDelegate;
/Users/admin/builder/spi-builder-workspace/Sources/TwitterTextEditor/TextEditorView.swift:2004:62: error: 'UIDragSession' is unavailable in tvOS
2002 |
2003 |     public func textDraggableView(_ textDraggableView: UIView & UITextDraggable,
2004 |                                   dragSessionDidEnd session: UIDragSession,
     |                                                              `- error: 'UIDragSession' is unavailable in tvOS
2005 |                                   with operation: UIDropOperation)
2006 |     {
/Applications/Xcode-27.0.0-Release.Candidate.app/Contents/Developer/Platforms/AppleTVOS.platform/Developer/SDKs/AppleTVOS27.0.sdk/System/Library/Frameworks/UIKit.framework/Headers/UIDragSession.h:70:11: note: 'UIDragSession' has been explicitly marked unavailable here
 68 |
 69 | API_AVAILABLE(ios(11.0)) API_UNAVAILABLE(watchos, tvos) NS_SWIFT_UI_ACTOR
 70 | @protocol UIDragSession <UIDragDropSession>
    |           `- note: 'UIDragSession' has been explicitly marked unavailable here
 71 |
 72 | /* Use `localContext` to attach additional information to this drag session,
/Users/admin/builder/spi-builder-workspace/Sources/TwitterTextEditor/TextEditorView.swift:2005:51: error: 'UIDropOperation' is unavailable in tvOS
2003 |     public func textDraggableView(_ textDraggableView: UIView & UITextDraggable,
2004 |                                   dragSessionDidEnd session: UIDragSession,
2005 |                                   with operation: UIDropOperation)
     |                                                   `- error: 'UIDropOperation' is unavailable in tvOS
2006 |     {
2007 |         currentTextDragSessionLocalContext = nil
/Applications/Xcode-27.0.0-Release.Candidate.app/Contents/Developer/Platforms/AppleTVOS.platform/Developer/SDKs/AppleTVOS27.0.sdk/System/Library/Frameworks/UIKit.framework/Headers/UIDropInteraction.h:41:29: note: 'UIDropOperation' has been explicitly marked unavailable here
 39 |  * what operation it will perform if the user drops.
 40 |  */
 41 | typedef NS_ENUM(NSUInteger, UIDropOperation) {
    |                             `- note: 'UIDropOperation' has been explicitly marked unavailable here
 42 |     /* Operations that do NOT cause data transfer.
 43 |      *
/Users/admin/builder/spi-builder-workspace/Sources/TwitterTextEditor/TextEditorView.swift:1995:27: error: 'UITextDragDelegate' is unavailable in tvOS
1993 |
1994 | /// :nodoc:
1995 | extension TextEditorView: UITextDragDelegate {
     |                           `- error: 'UITextDragDelegate' is unavailable in tvOS
1996 |     public func textDraggableView(_ textDraggableView: UIView & UITextDraggable,
1997 |                                   dragSessionWillBegin session: UIDragSession)
/Applications/Xcode-27.0.0-Release.Candidate.app/Contents/Developer/Platforms/AppleTVOS.platform/Developer/SDKs/AppleTVOS27.0.sdk/System/Library/Frameworks/UIKit.framework/Headers/UITextDragging.h:56:11: note: 'UITextDragDelegate' has been explicitly marked unavailable here
 54 |
 55 | API_AVAILABLE(ios(11.0)) API_UNAVAILABLE(watchos, tvos) NS_SWIFT_UI_ACTOR
 56 | @protocol UITextDragDelegate <NSObject>
    |           `- note: 'UITextDragDelegate' has been explicitly marked unavailable here
 57 |
 58 | @optional
/Users/admin/builder/spi-builder-workspace/Sources/TwitterTextEditor/TextEditorView.swift:2013:65: error: 'UITextDroppable' is unavailable in tvOS
2011 | /// :nodoc:
2012 | extension TextEditorView: UITextDropDelegate {
2013 |     public func textDroppableView(_ textDroppableView: UIView & UITextDroppable,
     |                                                                 `- error: 'UITextDroppable' is unavailable in tvOS
2014 |                                   proposalForDrop drop: UITextDropRequest) -> UITextDropProposal
2015 |     {
/Applications/Xcode-27.0.0-Release.Candidate.app/Contents/Developer/Platforms/AppleTVOS.platform/Developer/SDKs/AppleTVOS27.0.sdk/System/Library/Frameworks/UIKit.framework/Headers/UITextDropping.h:22:11: note: 'UITextDroppable' has been explicitly marked unavailable here
 20 |  */
 21 | API_AVAILABLE(ios(11.0)) API_UNAVAILABLE(watchos, tvos) NS_SWIFT_UI_ACTOR
 22 | @protocol UITextDroppable <UITextInput, UITextPasteConfigurationSupporting>
    |           `- note: 'UITextDroppable' has been explicitly marked unavailable here
 23 |
 24 | @property (nonatomic, weak, nullable) id<UITextDropDelegate> textDropDelegate;
/Users/admin/builder/spi-builder-workspace/Sources/TwitterTextEditor/TextEditorView.swift:2014:57: error: 'UITextDropRequest' is unavailable in tvOS
2012 | extension TextEditorView: UITextDropDelegate {
2013 |     public func textDroppableView(_ textDroppableView: UIView & UITextDroppable,
2014 |                                   proposalForDrop drop: UITextDropRequest) -> UITextDropProposal
     |                                                         `- error: 'UITextDropRequest' is unavailable in tvOS
2015 |     {
2016 |         // Drag and drop interaction within the text view is always allowed.
/Applications/Xcode-27.0.0-Release.Candidate.app/Contents/Developer/Platforms/AppleTVOS.platform/Developer/SDKs/AppleTVOS27.0.sdk/System/Library/Frameworks/UIKit.framework/Headers/UITextDropping.h:130:11: note: 'UITextDropRequest' has been explicitly marked unavailable here
128 |
129 | API_AVAILABLE(ios(11.0)) API_UNAVAILABLE(watchos, tvos) NS_SWIFT_UI_ACTOR
130 | @protocol UITextDropRequest <NSObject>
    |           `- note: 'UITextDropRequest' has been explicitly marked unavailable here
131 |
132 | /* The text position that the drag is over.
/Users/admin/builder/spi-builder-workspace/Sources/TwitterTextEditor/TextEditorView.swift:2014:79: error: 'UITextDropProposal' is unavailable in tvOS
2012 | extension TextEditorView: UITextDropDelegate {
2013 |     public func textDroppableView(_ textDroppableView: UIView & UITextDroppable,
2014 |                                   proposalForDrop drop: UITextDropRequest) -> UITextDropProposal
     |                                                                               `- error: 'UITextDropProposal' is unavailable in tvOS
2015 |     {
2016 |         // Drag and drop interaction within the text view is always allowed.
/Applications/Xcode-27.0.0-Release.Candidate.app/Contents/Developer/Platforms/AppleTVOS.platform/Developer/SDKs/AppleTVOS27.0.sdk/System/Library/Frameworks/UIKit.framework/Headers/UITextDropProposal.h:65:12: note: 'UITextDropProposal' has been explicitly marked unavailable here
 63 |
 64 | UIKIT_EXTERN API_AVAILABLE(ios(11.0)) API_UNAVAILABLE(watchos, tvos) NS_SWIFT_UI_ACTOR
 65 | @interface UITextDropProposal : UIDropProposal <NSCopying>
    |            `- note: 'UITextDropProposal' has been explicitly marked unavailable here
 66 |
 67 | /* Note: creating a UITextDropProposal sets the superclass's .precise property to true.
/Users/admin/builder/spi-builder-workspace/Sources/TwitterTextEditor/TextEditorView.swift:2012:27: error: 'UITextDropDelegate' is unavailable in tvOS
2010 |
2011 | /// :nodoc:
2012 | extension TextEditorView: UITextDropDelegate {
     |                           `- error: 'UITextDropDelegate' is unavailable in tvOS
2013 |     public func textDroppableView(_ textDroppableView: UIView & UITextDroppable,
2014 |                                   proposalForDrop drop: UITextDropRequest) -> UITextDropProposal
/Applications/Xcode-27.0.0-Release.Candidate.app/Contents/Developer/Platforms/AppleTVOS.platform/Developer/SDKs/AppleTVOS27.0.sdk/System/Library/Frameworks/UIKit.framework/Headers/UITextDropping.h:61:11: note: 'UITextDropDelegate' has been explicitly marked unavailable here
 59 |
 60 | API_AVAILABLE(ios(11.0)) API_UNAVAILABLE(watchos, tvos) NS_SWIFT_UI_ACTOR
 61 | @protocol UITextDropDelegate <NSObject>
    |           `- note: 'UITextDropDelegate' has been explicitly marked unavailable here
 62 |
 63 | @optional
/Users/admin/builder/spi-builder-workspace/Sources/TwitterTextEditor/TextEditorView.swift:382:18: error: value of type 'TextView' has no member 'pasteDelegate'
 380 |         textView.textViewTextInputDelegate = self
 381 |
 382 |         textView.pasteDelegate = self
     |                  `- error: value of type 'TextView' has no member 'pasteDelegate'
 383 |
 384 |         textView.textDragDelegate = self
/Users/admin/builder/spi-builder-workspace/Sources/TwitterTextEditor/TextEditorView.swift:384:18: error: value of type 'TextView' has no member 'textDragDelegate'
 382 |         textView.pasteDelegate = self
 383 |
 384 |         textView.textDragDelegate = self
     |                  `- error: value of type 'TextView' has no member 'textDragDelegate'
 385 |         textView.textDropDelegate = self
 386 |
/Users/admin/builder/spi-builder-workspace/Sources/TwitterTextEditor/TextEditorView.swift:385:18: error: value of type 'TextView' has no member 'textDropDelegate'
 383 |
 384 |         textView.textDragDelegate = self
 385 |         textView.textDropDelegate = self
     |                  `- error: value of type 'TextView' has no member 'textDropDelegate'
 386 |
 387 |         // UIView
/Users/admin/builder/spi-builder-workspace/Sources/TwitterTextEditor/TextEditorView.swift:395:18: error: value of type 'TextView' has no member 'textDragOptions'
 393 |
 394 |         // UITextDraggable
 395 |         textView.textDragOptions = [.stripTextColorFromPreviews]
     |                  `- error: value of type 'TextView' has no member 'textDragOptions'
 396 |
 397 |         addSubview(textView)
/Users/admin/builder/spi-builder-workspace/Sources/TwitterTextEditor/TextEditorView.swift:395:38: error: reference to member 'stripTextColorFromPreviews' cannot be resolved without a contextual type
 393 |
 394 |         // UITextDraggable
 395 |         textView.textDragOptions = [.stripTextColorFromPreviews]
     |                                      `- error: reference to member 'stripTextColorFromPreviews' cannot be resolved without a contextual type
 396 |
 397 |         addSubview(textView)
SwiftCompile normal arm64 /Users/admin/builder/spi-builder-workspace/Sources/TwitterTextEditor/TextAttributes.swift (in target 'TwitterTextEditor' from project 'TwitterTextEditor')
    cd /Users/admin/builder/spi-builder-workspace/.swiftpm/xcode
    builtin-SwiftPerFileCompile TextAttributes.swift
SwiftCompile normal arm64 /Users/admin/builder/spi-builder-workspace/Sources/TwitterTextEditor/TextEditorView.swift (in target 'TwitterTextEditor' from project 'TwitterTextEditor')
    cd /Users/admin/builder/spi-builder-workspace/.swiftpm/xcode
    builtin-SwiftPerFileCompile TextEditorView.swift
SwiftCompile normal arm64 Compiling\ TextViewDelegateForwarder.swift,\ Tracer.swift /Users/admin/builder/spi-builder-workspace/Sources/TwitterTextEditor/TextViewDelegateForwarder.swift /Users/admin/builder/spi-builder-workspace/Sources/TwitterTextEditor/Tracer.swift (in target 'TwitterTextEditor' from project 'TwitterTextEditor')
SwiftCompile normal arm64 /Users/admin/builder/spi-builder-workspace/Sources/TwitterTextEditor/TextViewDelegateForwarder.swift (in target 'TwitterTextEditor' from project 'TwitterTextEditor')
    cd /Users/admin/builder/spi-builder-workspace/.swiftpm/xcode
    builtin-SwiftPerFileCompile TextViewDelegateForwarder.swift
SwiftCompile normal arm64 /Users/admin/builder/spi-builder-workspace/Sources/TwitterTextEditor/Tracer.swift (in target 'TwitterTextEditor' from project 'TwitterTextEditor')
    cd /Users/admin/builder/spi-builder-workspace/.swiftpm/xcode
    builtin-SwiftPerFileCompile Tracer.swift
SwiftCompile normal arm64 Compiling\ TextEditorViewTextInputTraits.swift,\ TextView.swift /Users/admin/builder/spi-builder-workspace/Sources/TwitterTextEditor/TextEditorViewTextInputTraits.swift /Users/admin/builder/spi-builder-workspace/Sources/TwitterTextEditor/TextView.swift (in target 'TwitterTextEditor' from project 'TwitterTextEditor')
/Users/admin/builder/spi-builder-workspace/Sources/TwitterTextEditor/TextView.swift:64:88: error: 'UITextPasteConfigurationSupporting' is unavailable in tvOS
 62 |      */
 63 |     @objc
 64 |     optional func textPasteConfigurationSupporting(_ textPasteConfigurationSupporting: UITextPasteConfigurationSupporting,
    |                                                                                        `- error: 'UITextPasteConfigurationSupporting' is unavailable in tvOS
 65 |                                                    canPaste itemProviders: [NSItemProvider]) -> Bool
 66 | }
/Applications/Xcode-27.0.0-Release.Candidate.app/Contents/Developer/Platforms/AppleTVOS.platform/Developer/SDKs/AppleTVOS27.0.sdk/System/Library/Frameworks/UIKit.framework/Headers/UITextPasteConfigurationSupporting.h:18:11: note: 'UITextPasteConfigurationSupporting' has been explicitly marked unavailable here
16 |
17 | UIKIT_EXTERN API_AVAILABLE(ios(11.0)) API_UNAVAILABLE(watchos, tvos) NS_SWIFT_UI_ACTOR
18 | @protocol UITextPasteConfigurationSupporting <UIPasteConfigurationSupporting>
   |           `- note: 'UITextPasteConfigurationSupporting' has been explicitly marked unavailable here
19 |
20 | @property (nonatomic, weak, nullable) id<UITextPasteDelegate> pasteDelegate;
/Users/admin/builder/spi-builder-workspace/Sources/TwitterTextEditor/TextView.swift:45:37: error: 'UITextPasteDelegate' is unavailable in tvOS
 43 |  */
 44 | @objc
 45 | protocol TextViewTextPasteDelegate: UITextPasteDelegate {
    |                                     `- error: 'UITextPasteDelegate' is unavailable in tvOS
 46 |     /**
 47 |      Delegate callback to ask if text view can accept the current paste or drop items or not.
/Applications/Xcode-27.0.0-Release.Candidate.app/Contents/Developer/Platforms/AppleTVOS.platform/Developer/SDKs/AppleTVOS27.0.sdk/System/Library/Frameworks/UIKit.framework/Headers/UITextPasteDelegate.h:51:11: note: 'UITextPasteDelegate' has been explicitly marked unavailable here
 49 |
 50 | UIKIT_EXTERN API_AVAILABLE(ios(11.0)) API_UNAVAILABLE(watchos, tvos) NS_SWIFT_UI_ACTOR
 51 | @protocol UITextPasteDelegate <NSObject>
    |           `- note: 'UITextPasteDelegate' has been explicitly marked unavailable here
 52 |
 53 | @optional
/Users/admin/builder/spi-builder-workspace/Sources/TwitterTextEditor/TextView.swift:178:18: error: property does not override any property from its superclass
176 |     private let pasteboardObserverCache = TextInputPasteboardObserverCache<Bool>()
177 |
178 |     override var pasteConfiguration: UIPasteConfiguration? {
    |                  `- error: property does not override any property from its superclass
179 |         get {
180 |             super.pasteConfiguration
/Users/admin/builder/spi-builder-workspace/Sources/TwitterTextEditor/TextView.swift:178:38: error: 'UIPasteConfiguration' is unavailable in tvOS
176 |     private let pasteboardObserverCache = TextInputPasteboardObserverCache<Bool>()
177 |
178 |     override var pasteConfiguration: UIPasteConfiguration? {
    |                                      `- error: 'UIPasteConfiguration' is unavailable in tvOS
179 |         get {
180 |             super.pasteConfiguration
/Applications/Xcode-27.0.0-Release.Candidate.app/Contents/Developer/Platforms/AppleTVOS.platform/Developer/SDKs/AppleTVOS27.0.sdk/System/Library/Frameworks/UIKit.framework/Headers/UIPasteConfiguration.h:16:12: note: 'UIPasteConfiguration' has been explicitly marked unavailable here
14 |
15 | UIKIT_EXTERN API_AVAILABLE(ios(11.0)) API_UNAVAILABLE(watchos, tvos) NS_SWIFT_UI_ACTOR
16 | @interface UIPasteConfiguration : NSObject <NSSecureCoding, NSCopying>
   |            `- note: 'UIPasteConfiguration' has been explicitly marked unavailable here
17 |
18 | @property (nonatomic, copy) NSArray<NSString *> *acceptableTypeIdentifiers;
/Users/admin/builder/spi-builder-workspace/Sources/TwitterTextEditor/TextView.swift:338:19: error: method does not override any method from its superclass
336 |     // MARK: - UIPasteConfigurationSupporting
337 |
338 |     override func canPaste(_ itemProviders: [NSItemProvider]) -> Bool {
    |                   `- error: method does not override any method from its superclass
339 |         /*
340 |          UIKit behavior note
/Users/admin/builder/spi-builder-workspace/Sources/TwitterTextEditor/TextView.swift:149:69: error: 'UIPasteboard' is unavailable in tvOS
147 |             if pasteboardChangedNotificationObserverToken == nil {
148 |                 pasteboardChangedNotificationObserverToken =
149 |                     NotificationCenter.default.addObserver(forName: UIPasteboard.changedNotification,
    |                                                                     `- error: 'UIPasteboard' is unavailable in tvOS
150 |                                                            object: nil,
151 |                                                            queue: nil) { [weak self] _ in
/Applications/Xcode-27.0.0-Release.Candidate.app/Contents/Developer/Platforms/AppleTVOS.platform/Developer/SDKs/AppleTVOS27.0.sdk/System/Library/Frameworks/UIKit.framework/Headers/UIPasteboard.h:50:12: note: 'UIPasteboard' has been explicitly marked unavailable here
 48 |
 49 | UIKIT_EXTERN API_AVAILABLE(ios(3.0)) API_UNAVAILABLE(tvos) API_UNAVAILABLE(watchos) NS_SWIFT_SENDABLE
 50 | @interface UIPasteboard : NSObject
    |            `- note: 'UIPasteboard' has been explicitly marked unavailable here
 51 |
 52 | @property(class, nonatomic, readonly) UIPasteboard *generalPasteboard;
/Users/admin/builder/spi-builder-workspace/Sources/TwitterTextEditor/TextView.swift:149:82: error: 'changedNotification' is unavailable in tvOS
147 |             if pasteboardChangedNotificationObserverToken == nil {
148 |                 pasteboardChangedNotificationObserverToken =
149 |                     NotificationCenter.default.addObserver(forName: UIPasteboard.changedNotification,
    |                                                                                  `- error: 'changedNotification' is unavailable in tvOS
150 |                                                            object: nil,
151 |                                                            queue: nil) { [weak self] _ in
/Applications/Xcode-27.0.0-Release.Candidate.app/Contents/Developer/Platforms/AppleTVOS.platform/Developer/SDKs/AppleTVOS27.0.sdk/System/Library/Frameworks/UIKit.framework/Headers/UIPasteboard.h:171:39: note: 'changedNotification' has been explicitly marked unavailable here
169 | // Notification
170 |
171 | UIKIT_EXTERN NSNotificationName const UIPasteboardChangedNotification API_UNAVAILABLE(tvos) API_UNAVAILABLE(watchos) NS_SWIFT_NONISOLATED;
    |                                       `- note: 'changedNotification' has been explicitly marked unavailable here
172 | UIKIT_EXTERN NSString *const UIPasteboardChangedTypesAddedKey API_UNAVAILABLE(tvos) API_UNAVAILABLE(watchos) NS_SWIFT_NONISOLATED;
173 | UIKIT_EXTERN NSString *const UIPasteboardChangedTypesRemovedKey API_UNAVAILABLE(tvos) API_UNAVAILABLE(watchos) NS_SWIFT_NONISOLATED;
/Users/admin/builder/spi-builder-workspace/Sources/TwitterTextEditor/TextView.swift:180:19: error: value of type 'UITextView' has no member 'pasteConfiguration'
178 |     override var pasteConfiguration: UIPasteConfiguration? {
179 |         get {
180 |             super.pasteConfiguration
    |                   `- error: value of type 'UITextView' has no member 'pasteConfiguration'
181 |         }
182 |         set {
/Users/admin/builder/spi-builder-workspace/Sources/TwitterTextEditor/TextView.swift:183:19: error: value of type 'UITextView' has no member 'pasteConfiguration'
181 |         }
182 |         set {
183 |             super.pasteConfiguration = newValue
    |                   `- error: value of type 'UITextView' has no member 'pasteConfiguration'
184 |             pasteboardObserverCache.invalidate()
185 |         }
/Users/admin/builder/spi-builder-workspace/Sources/TwitterTextEditor/TextView.swift:236:39: error: cannot find 'pasteDelegate' in scope
234 |                     }
235 |                 if isPasteboardConformingAcceptableType {
236 |                     if let delegate = pasteDelegate as? TextViewTextPasteDelegate {
    |                                       `- error: cannot find 'pasteDelegate' in scope
237 |                         let itemProviders = UIPasteboard.general.itemProviders
238 |                         if let result = delegate.textPasteConfigurationSupporting?(self, canPaste: itemProviders) {
SwiftCompile normal arm64 /Users/admin/builder/spi-builder-workspace/Sources/TwitterTextEditor/TextEditorViewTextInputTraits.swift (in target 'TwitterTextEditor' from project 'TwitterTextEditor')
    cd /Users/admin/builder/spi-builder-workspace/.swiftpm/xcode
    builtin-SwiftPerFileCompile TextEditorViewTextInputTraits.swift
SwiftCompile normal arm64 /Users/admin/builder/spi-builder-workspace/Sources/TwitterTextEditor/TextView.swift (in target 'TwitterTextEditor' from project 'TwitterTextEditor')
    cd /Users/admin/builder/spi-builder-workspace/.swiftpm/xcode
    builtin-SwiftPerFileCompile TextView.swift
/Users/admin/builder/spi-builder-workspace/Sources/TwitterTextEditor/TextView.swift:322:19: error: 'isEditable' is unavailable in tvOS
320 |          */
321 |         if #available(iOS 13.0, *) {
322 |             guard isEditable else {
    |                   `- error: 'isEditable' is unavailable in tvOS
323 |                 return
324 |             }
/Applications/Xcode-27.0.0-Release.Candidate.app/Contents/Developer/Platforms/AppleTVOS.platform/Developer/SDKs/AppleTVOS27.0.sdk/System/Library/Frameworks/UIKit.framework/Headers/UITextView.h:238:45: note: 'isEditable' has been explicitly marked unavailable here
236 | @property(nonatomic, copy, nonnull) NSArray<NSValue *> *selectedRanges API_AVAILABLE(ios(26.0), tvos(26.0), visionos(26.0), watchos(26.0)) NS_REFINED_FOR_SWIFT;
237 |
238 | @property(nonatomic,getter=isEditable) BOOL editable API_UNAVAILABLE(tvos);
    |                                             `- note: 'isEditable' has been explicitly marked unavailable here
239 | // Toggle selectability, which controls the ability of the user to select content and interact with URLs & attachments. On tvOS this also makes the text view focusable.
240 | // By default, text item interaction follows selectable if the text item methods on UITextViewDelegate are not implemented; otherwise, they follow the result of the specified delegate methods.
/Users/admin/builder/spi-builder-workspace/Sources/TwitterTextEditor/TextView.swift:356:18: error: value of type 'UITextView' has no member 'canPaste'
354 |         // This logic is the same logic as for `paste(_:)` action in `canPerformAction(_:withSender:)`.
355 |         // See `-[UIResponder canPasteItemProviders:]`.
356 |         if super.canPaste(itemProviders) {
    |                  `- error: value of type 'UITextView' has no member 'canPaste'
357 |             if let delegate = pasteDelegate as? TextViewTextPasteDelegate {
358 |                 if let result = delegate.textPasteConfigurationSupporting?(self, canPaste: itemProviders) {
SwiftCompile normal arm64 Compiling\ NotificationCenter.swift,\ Scheduler.swift /Users/admin/builder/spi-builder-workspace/Sources/TwitterTextEditor/NotificationCenter.swift /Users/admin/builder/spi-builder-workspace/Sources/TwitterTextEditor/Scheduler.swift (in target 'TwitterTextEditor' from project 'TwitterTextEditor')
SwiftCompile normal arm64 /Users/admin/builder/spi-builder-workspace/Sources/TwitterTextEditor/NotificationCenter.swift (in target 'TwitterTextEditor' from project 'TwitterTextEditor')
    cd /Users/admin/builder/spi-builder-workspace/.swiftpm/xcode
    builtin-SwiftPerFileCompile NotificationCenter.swift
SwiftCompile normal arm64 /Users/admin/builder/spi-builder-workspace/Sources/TwitterTextEditor/Scheduler.swift (in target 'TwitterTextEditor' from project 'TwitterTextEditor')
    cd /Users/admin/builder/spi-builder-workspace/.swiftpm/xcode
    builtin-SwiftPerFileCompile Scheduler.swift
SwiftCompile normal arm64 Compiling\ UIResponder.swift /Users/admin/builder/spi-builder-workspace/Sources/TwitterTextEditor/UIResponder.swift (in target 'TwitterTextEditor' from project 'TwitterTextEditor')
SwiftCompile normal arm64 /Users/admin/builder/spi-builder-workspace/Sources/TwitterTextEditor/UIResponder.swift (in target 'TwitterTextEditor' from project 'TwitterTextEditor')
    cd /Users/admin/builder/spi-builder-workspace/.swiftpm/xcode
    builtin-SwiftPerFileCompile UIResponder.swift
SwiftEmitModule normal arm64 Emitting\ module\ for\ TwitterTextEditor (in target 'TwitterTextEditor' from project 'TwitterTextEditor')
/Users/admin/builder/spi-builder-workspace/Sources/TwitterTextEditor/TextEditorView.swift:1025:48: error: 'UIDragSession' is unavailable in tvOS
1023 |        - `isDropInteractionEnabled`
1024 |      */
1025 |     public func isDraggingText(of dragSession: UIDragSession) -> Bool {
     |                                                `- error: 'UIDragSession' is unavailable in tvOS
1026 |         if let localContext = dragSession.localContext as? LocalTextDragContext,
1027 |            let currentTextDragSessionLocalContext = currentTextDragSessionLocalContext
/Applications/Xcode-27.0.0-Release.Candidate.app/Contents/Developer/Platforms/AppleTVOS.platform/Developer/SDKs/AppleTVOS27.0.sdk/System/Library/Frameworks/UIKit.framework/Headers/UIDragSession.h:70:11: note: 'UIDragSession' has been explicitly marked unavailable here
 68 |
 69 | API_AVAILABLE(ios(11.0)) API_UNAVAILABLE(watchos, tvos) NS_SWIFT_UI_ACTOR
 70 | @protocol UIDragSession <UIDragDropSession>
    |           `- note: 'UIDragSession' has been explicitly marked unavailable here
 71 |
 72 | /* Use `localContext` to attach additional information to this drag session,
/Users/admin/builder/spi-builder-workspace/Sources/TwitterTextEditor/TextEditorView.swift:1807:86: error: 'UITextPasteConfigurationSupporting' is unavailable in tvOS
1805 | /// :nodoc:
1806 | extension TextEditorView: TextViewTextPasteDelegate {
1807 |     public func textPasteConfigurationSupporting(_ textPasteConfigurationSupporting: UITextPasteConfigurationSupporting,
     |                                                                                      `- error: 'UITextPasteConfigurationSupporting' is unavailable in tvOS
1808 |                                                  canPaste itemProviders: [NSItemProvider]) -> Bool
1809 |     {
/Applications/Xcode-27.0.0-Release.Candidate.app/Contents/Developer/Platforms/AppleTVOS.platform/Developer/SDKs/AppleTVOS27.0.sdk/System/Library/Frameworks/UIKit.framework/Headers/UITextPasteConfigurationSupporting.h:18:11: note: 'UITextPasteConfigurationSupporting' has been explicitly marked unavailable here
16 |
17 | UIKIT_EXTERN API_AVAILABLE(ios(11.0)) API_UNAVAILABLE(watchos, tvos) NS_SWIFT_UI_ACTOR
18 | @protocol UITextPasteConfigurationSupporting <UIPasteConfigurationSupporting>
   |           `- note: 'UITextPasteConfigurationSupporting' has been explicitly marked unavailable here
19 |
20 | @property (nonatomic, weak, nullable) id<UITextPasteDelegate> pasteDelegate;
/Users/admin/builder/spi-builder-workspace/Sources/TwitterTextEditor/TextEditorView.swift:1849:27: error: 'UITextPasteItem' is unavailable in tvOS
1847 |
1848 |     private final class UITextPasteItemToSetResultOnce {
1849 |         private var item: UITextPasteItem?
     |                           `- error: 'UITextPasteItem' is unavailable in tvOS
1850 |
1851 |         init(item: UITextPasteItem) {
/Applications/Xcode-27.0.0-Release.Candidate.app/Contents/Developer/Platforms/AppleTVOS.platform/Developer/SDKs/AppleTVOS27.0.sdk/System/Library/Frameworks/UIKit.framework/Headers/UITextPasteDelegate.h:106:11: note: 'UITextPasteItem' has been explicitly marked unavailable here
104 |
105 | UIKIT_EXTERN API_AVAILABLE(ios(11.0)) API_UNAVAILABLE(watchos, tvos) NS_SWIFT_UI_ACTOR
106 | @protocol UITextPasteItem <NSObject>
    |           `- note: 'UITextPasteItem' has been explicitly marked unavailable here
107 |
108 | // This is the NSItemProvider for the item being pasted or dropped.
/Users/admin/builder/spi-builder-workspace/Sources/TwitterTextEditor/TextEditorView.swift:1851:20: error: 'UITextPasteItem' is unavailable in tvOS
1849 |         private var item: UITextPasteItem?
1850 |
1851 |         init(item: UITextPasteItem) {
     |                    `- error: 'UITextPasteItem' is unavailable in tvOS
1852 |             self.item = item
1853 |         }
/Applications/Xcode-27.0.0-Release.Candidate.app/Contents/Developer/Platforms/AppleTVOS.platform/Developer/SDKs/AppleTVOS27.0.sdk/System/Library/Frameworks/UIKit.framework/Headers/UITextPasteDelegate.h:106:11: note: 'UITextPasteItem' has been explicitly marked unavailable here
104 |
105 | UIKIT_EXTERN API_AVAILABLE(ios(11.0)) API_UNAVAILABLE(watchos, tvos) NS_SWIFT_UI_ACTOR
106 | @protocol UITextPasteItem <NSObject>
    |           `- note: 'UITextPasteItem' has been explicitly marked unavailable here
107 |
108 | // This is the NSItemProvider for the item being pasted or dropped.
/Users/admin/builder/spi-builder-workspace/Sources/TwitterTextEditor/TextEditorView.swift:1871:86: error: 'UITextPasteConfigurationSupporting' is unavailable in tvOS
1869 |     }
1870 |
1871 |     public func textPasteConfigurationSupporting(_ textPasteConfigurationSupporting: UITextPasteConfigurationSupporting,
     |                                                                                      `- error: 'UITextPasteConfigurationSupporting' is unavailable in tvOS
1872 |                                                  transform item: UITextPasteItem)
1873 |     {
/Applications/Xcode-27.0.0-Release.Candidate.app/Contents/Developer/Platforms/AppleTVOS.platform/Developer/SDKs/AppleTVOS27.0.sdk/System/Library/Frameworks/UIKit.framework/Headers/UITextPasteConfigurationSupporting.h:18:11: note: 'UITextPasteConfigurationSupporting' has been explicitly marked unavailable here
16 |
17 | UIKIT_EXTERN API_AVAILABLE(ios(11.0)) API_UNAVAILABLE(watchos, tvos) NS_SWIFT_UI_ACTOR
18 | @protocol UITextPasteConfigurationSupporting <UIPasteConfigurationSupporting>
   |           `- note: 'UITextPasteConfigurationSupporting' has been explicitly marked unavailable here
19 |
20 | @property (nonatomic, weak, nullable) id<UITextPasteDelegate> pasteDelegate;
/Users/admin/builder/spi-builder-workspace/Sources/TwitterTextEditor/TextEditorView.swift:1872:66: error: 'UITextPasteItem' is unavailable in tvOS
1870 |
1871 |     public func textPasteConfigurationSupporting(_ textPasteConfigurationSupporting: UITextPasteConfigurationSupporting,
1872 |                                                  transform item: UITextPasteItem)
     |                                                                  `- error: 'UITextPasteItem' is unavailable in tvOS
1873 |     {
1874 |         let itemProvider = item.itemProvider
/Applications/Xcode-27.0.0-Release.Candidate.app/Contents/Developer/Platforms/AppleTVOS.platform/Developer/SDKs/AppleTVOS27.0.sdk/System/Library/Frameworks/UIKit.framework/Headers/UITextPasteDelegate.h:106:11: note: 'UITextPasteItem' has been explicitly marked unavailable here
104 |
105 | UIKIT_EXTERN API_AVAILABLE(ios(11.0)) API_UNAVAILABLE(watchos, tvos) NS_SWIFT_UI_ACTOR
106 | @protocol UITextPasteItem <NSObject>
    |           `- note: 'UITextPasteItem' has been explicitly marked unavailable here
107 |
108 | // This is the NSItemProvider for the item being pasted or dropped.
/Users/admin/builder/spi-builder-workspace/Sources/TwitterTextEditor/TextEditorView.swift:1969:86: error: 'UITextPasteConfigurationSupporting' is unavailable in tvOS
1967 |     }
1968 |
1969 |     public func textPasteConfigurationSupporting(_ textPasteConfigurationSupporting: UITextPasteConfigurationSupporting,
     |                                                                                      `- error: 'UITextPasteConfigurationSupporting' is unavailable in tvOS
1970 |                                                  shouldAnimatePasteOf attributedString: NSAttributedString,
1971 |                                                  to textRange: UITextRange) -> Bool
/Applications/Xcode-27.0.0-Release.Candidate.app/Contents/Developer/Platforms/AppleTVOS.platform/Developer/SDKs/AppleTVOS27.0.sdk/System/Library/Frameworks/UIKit.framework/Headers/UITextPasteConfigurationSupporting.h:18:11: note: 'UITextPasteConfigurationSupporting' has been explicitly marked unavailable here
16 |
17 | UIKIT_EXTERN API_AVAILABLE(ios(11.0)) API_UNAVAILABLE(watchos, tvos) NS_SWIFT_UI_ACTOR
18 | @protocol UITextPasteConfigurationSupporting <UIPasteConfigurationSupporting>
   |           `- note: 'UITextPasteConfigurationSupporting' has been explicitly marked unavailable here
19 |
20 | @property (nonatomic, weak, nullable) id<UITextPasteDelegate> pasteDelegate;
/Users/admin/builder/spi-builder-workspace/Sources/TwitterTextEditor/TextEditorView.swift:1996:65: error: 'UITextDraggable' is unavailable in tvOS
1994 | /// :nodoc:
1995 | extension TextEditorView: UITextDragDelegate {
1996 |     public func textDraggableView(_ textDraggableView: UIView & UITextDraggable,
     |                                                                 `- error: 'UITextDraggable' is unavailable in tvOS
1997 |                                   dragSessionWillBegin session: UIDragSession)
1998 |     {
/Applications/Xcode-27.0.0-Release.Candidate.app/Contents/Developer/Platforms/AppleTVOS.platform/Developer/SDKs/AppleTVOS27.0.sdk/System/Library/Frameworks/UIKit.framework/Headers/UITextDragging.h:33:11: note: 'UITextDraggable' has been explicitly marked unavailable here
 31 |  */
 32 | API_AVAILABLE(ios(11.0)) API_UNAVAILABLE(watchos, tvos) NS_SWIFT_UI_ACTOR
 33 | @protocol UITextDraggable <UITextInput>
    |           `- note: 'UITextDraggable' has been explicitly marked unavailable here
 34 |
 35 | @property (nonatomic, weak, nullable) id<UITextDragDelegate> textDragDelegate;
/Users/admin/builder/spi-builder-workspace/Sources/TwitterTextEditor/TextEditorView.swift:1997:65: error: 'UIDragSession' is unavailable in tvOS
1995 | extension TextEditorView: UITextDragDelegate {
1996 |     public func textDraggableView(_ textDraggableView: UIView & UITextDraggable,
1997 |                                   dragSessionWillBegin session: UIDragSession)
     |                                                                 `- error: 'UIDragSession' is unavailable in tvOS
1998 |     {
1999 |         currentTextDragSessionLocalContext = LocalTextDragContext()
/Applications/Xcode-27.0.0-Release.Candidate.app/Contents/Developer/Platforms/AppleTVOS.platform/Developer/SDKs/AppleTVOS27.0.sdk/System/Library/Frameworks/UIKit.framework/Headers/UIDragSession.h:70:11: note: 'UIDragSession' has been explicitly marked unavailable here
 68 |
 69 | API_AVAILABLE(ios(11.0)) API_UNAVAILABLE(watchos, tvos) NS_SWIFT_UI_ACTOR
 70 | @protocol UIDragSession <UIDragDropSession>
    |           `- note: 'UIDragSession' has been explicitly marked unavailable here
 71 |
 72 | /* Use `localContext` to attach additional information to this drag session,
/Users/admin/builder/spi-builder-workspace/Sources/TwitterTextEditor/TextEditorView.swift:2003:65: error: 'UITextDraggable' is unavailable in tvOS
2001 |     }
2002 |
2003 |     public func textDraggableView(_ textDraggableView: UIView & UITextDraggable,
     |                                                                 `- error: 'UITextDraggable' is unavailable in tvOS
2004 |                                   dragSessionDidEnd session: UIDragSession,
2005 |                                   with operation: UIDropOperation)
/Applications/Xcode-27.0.0-Release.Candidate.app/Contents/Developer/Platforms/AppleTVOS.platform/Developer/SDKs/AppleTVOS27.0.sdk/System/Library/Frameworks/UIKit.framework/Headers/UITextDragging.h:33:11: note: 'UITextDraggable' has been explicitly marked unavailable here
 31 |  */
 32 | API_AVAILABLE(ios(11.0)) API_UNAVAILABLE(watchos, tvos) NS_SWIFT_UI_ACTOR
 33 | @protocol UITextDraggable <UITextInput>
    |           `- note: 'UITextDraggable' has been explicitly marked unavailable here
 34 |
 35 | @property (nonatomic, weak, nullable) id<UITextDragDelegate> textDragDelegate;
/Users/admin/builder/spi-builder-workspace/Sources/TwitterTextEditor/TextEditorView.swift:2004:62: error: 'UIDragSession' is unavailable in tvOS
2002 |
2003 |     public func textDraggableView(_ textDraggableView: UIView & UITextDraggable,
2004 |                                   dragSessionDidEnd session: UIDragSession,
     |                                                              `- error: 'UIDragSession' is unavailable in tvOS
2005 |                                   with operation: UIDropOperation)
2006 |     {
/Applications/Xcode-27.0.0-Release.Candidate.app/Contents/Developer/Platforms/AppleTVOS.platform/Developer/SDKs/AppleTVOS27.0.sdk/System/Library/Frameworks/UIKit.framework/Headers/UIDragSession.h:70:11: note: 'UIDragSession' has been explicitly marked unavailable here
 68 |
 69 | API_AVAILABLE(ios(11.0)) API_UNAVAILABLE(watchos, tvos) NS_SWIFT_UI_ACTOR
 70 | @protocol UIDragSession <UIDragDropSession>
    |           `- note: 'UIDragSession' has been explicitly marked unavailable here
 71 |
 72 | /* Use `localContext` to attach additional information to this drag session,
/Users/admin/builder/spi-builder-workspace/Sources/TwitterTextEditor/TextEditorView.swift:2005:51: error: 'UIDropOperation' is unavailable in tvOS
2003 |     public func textDraggableView(_ textDraggableView: UIView & UITextDraggable,
2004 |                                   dragSessionDidEnd session: UIDragSession,
2005 |                                   with operation: UIDropOperation)
     |                                                   `- error: 'UIDropOperation' is unavailable in tvOS
2006 |     {
2007 |         currentTextDragSessionLocalContext = nil
/Applications/Xcode-27.0.0-Release.Candidate.app/Contents/Developer/Platforms/AppleTVOS.platform/Developer/SDKs/AppleTVOS27.0.sdk/System/Library/Frameworks/UIKit.framework/Headers/UIDropInteraction.h:41:29: note: 'UIDropOperation' has been explicitly marked unavailable here
 39 |  * what operation it will perform if the user drops.
 40 |  */
 41 | typedef NS_ENUM(NSUInteger, UIDropOperation) {
    |                             `- note: 'UIDropOperation' has been explicitly marked unavailable here
 42 |     /* Operations that do NOT cause data transfer.
 43 |      *
/Users/admin/builder/spi-builder-workspace/Sources/TwitterTextEditor/TextEditorView.swift:1995:27: error: 'UITextDragDelegate' is unavailable in tvOS
1993 |
1994 | /// :nodoc:
1995 | extension TextEditorView: UITextDragDelegate {
     |                           `- error: 'UITextDragDelegate' is unavailable in tvOS
1996 |     public func textDraggableView(_ textDraggableView: UIView & UITextDraggable,
1997 |                                   dragSessionWillBegin session: UIDragSession)
/Applications/Xcode-27.0.0-Release.Candidate.app/Contents/Developer/Platforms/AppleTVOS.platform/Developer/SDKs/AppleTVOS27.0.sdk/System/Library/Frameworks/UIKit.framework/Headers/UITextDragging.h:56:11: note: 'UITextDragDelegate' has been explicitly marked unavailable here
 54 |
 55 | API_AVAILABLE(ios(11.0)) API_UNAVAILABLE(watchos, tvos) NS_SWIFT_UI_ACTOR
 56 | @protocol UITextDragDelegate <NSObject>
    |           `- note: 'UITextDragDelegate' has been explicitly marked unavailable here
 57 |
 58 | @optional
/Users/admin/builder/spi-builder-workspace/Sources/TwitterTextEditor/TextEditorView.swift:2013:65: error: 'UITextDroppable' is unavailable in tvOS
2011 | /// :nodoc:
2012 | extension TextEditorView: UITextDropDelegate {
2013 |     public func textDroppableView(_ textDroppableView: UIView & UITextDroppable,
     |                                                                 `- error: 'UITextDroppable' is unavailable in tvOS
2014 |                                   proposalForDrop drop: UITextDropRequest) -> UITextDropProposal
2015 |     {
/Applications/Xcode-27.0.0-Release.Candidate.app/Contents/Developer/Platforms/AppleTVOS.platform/Developer/SDKs/AppleTVOS27.0.sdk/System/Library/Frameworks/UIKit.framework/Headers/UITextDropping.h:22:11: note: 'UITextDroppable' has been explicitly marked unavailable here
 20 |  */
 21 | API_AVAILABLE(ios(11.0)) API_UNAVAILABLE(watchos, tvos) NS_SWIFT_UI_ACTOR
 22 | @protocol UITextDroppable <UITextInput, UITextPasteConfigurationSupporting>
    |           `- note: 'UITextDroppable' has been explicitly marked unavailable here
 23 |
 24 | @property (nonatomic, weak, nullable) id<UITextDropDelegate> textDropDelegate;
/Users/admin/builder/spi-builder-workspace/Sources/TwitterTextEditor/TextEditorView.swift:2014:57: error: 'UITextDropRequest' is unavailable in tvOS
2012 | extension TextEditorView: UITextDropDelegate {
2013 |     public func textDroppableView(_ textDroppableView: UIView & UITextDroppable,
2014 |                                   proposalForDrop drop: UITextDropRequest) -> UITextDropProposal
     |                                                         `- error: 'UITextDropRequest' is unavailable in tvOS
2015 |     {
2016 |         // Drag and drop interaction within the text view is always allowed.
/Applications/Xcode-27.0.0-Release.Candidate.app/Contents/Developer/Platforms/AppleTVOS.platform/Developer/SDKs/AppleTVOS27.0.sdk/System/Library/Frameworks/UIKit.framework/Headers/UITextDropping.h:130:11: note: 'UITextDropRequest' has been explicitly marked unavailable here
128 |
129 | API_AVAILABLE(ios(11.0)) API_UNAVAILABLE(watchos, tvos) NS_SWIFT_UI_ACTOR
130 | @protocol UITextDropRequest <NSObject>
    |           `- note: 'UITextDropRequest' has been explicitly marked unavailable here
131 |
132 | /* The text position that the drag is over.
/Users/admin/builder/spi-builder-workspace/Sources/TwitterTextEditor/TextEditorView.swift:2014:79: error: 'UITextDropProposal' is unavailable in tvOS
2012 | extension TextEditorView: UITextDropDelegate {
2013 |     public func textDroppableView(_ textDroppableView: UIView & UITextDroppable,
2014 |                                   proposalForDrop drop: UITextDropRequest) -> UITextDropProposal
     |                                                                               `- error: 'UITextDropProposal' is unavailable in tvOS
2015 |     {
2016 |         // Drag and drop interaction within the text view is always allowed.
/Applications/Xcode-27.0.0-Release.Candidate.app/Contents/Developer/Platforms/AppleTVOS.platform/Developer/SDKs/AppleTVOS27.0.sdk/System/Library/Frameworks/UIKit.framework/Headers/UITextDropProposal.h:65:12: note: 'UITextDropProposal' has been explicitly marked unavailable here
 63 |
 64 | UIKIT_EXTERN API_AVAILABLE(ios(11.0)) API_UNAVAILABLE(watchos, tvos) NS_SWIFT_UI_ACTOR
 65 | @interface UITextDropProposal : UIDropProposal <NSCopying>
    |            `- note: 'UITextDropProposal' has been explicitly marked unavailable here
 66 |
 67 | /* Note: creating a UITextDropProposal sets the superclass's .precise property to true.
/Users/admin/builder/spi-builder-workspace/Sources/TwitterTextEditor/TextEditorView.swift:2012:27: error: 'UITextDropDelegate' is unavailable in tvOS
2010 |
2011 | /// :nodoc:
2012 | extension TextEditorView: UITextDropDelegate {
     |                           `- error: 'UITextDropDelegate' is unavailable in tvOS
2013 |     public func textDroppableView(_ textDroppableView: UIView & UITextDroppable,
2014 |                                   proposalForDrop drop: UITextDropRequest) -> UITextDropProposal
/Applications/Xcode-27.0.0-Release.Candidate.app/Contents/Developer/Platforms/AppleTVOS.platform/Developer/SDKs/AppleTVOS27.0.sdk/System/Library/Frameworks/UIKit.framework/Headers/UITextDropping.h:61:11: note: 'UITextDropDelegate' has been explicitly marked unavailable here
 59 |
 60 | API_AVAILABLE(ios(11.0)) API_UNAVAILABLE(watchos, tvos) NS_SWIFT_UI_ACTOR
 61 | @protocol UITextDropDelegate <NSObject>
    |           `- note: 'UITextDropDelegate' has been explicitly marked unavailable here
 62 |
 63 | @optional
/Users/admin/builder/spi-builder-workspace/Sources/TwitterTextEditor/TextView.swift:64:88: error: 'UITextPasteConfigurationSupporting' is unavailable in tvOS
 62 |      */
 63 |     @objc
 64 |     optional func textPasteConfigurationSupporting(_ textPasteConfigurationSupporting: UITextPasteConfigurationSupporting,
    |                                                                                        `- error: 'UITextPasteConfigurationSupporting' is unavailable in tvOS
 65 |                                                    canPaste itemProviders: [NSItemProvider]) -> Bool
 66 | }
/Applications/Xcode-27.0.0-Release.Candidate.app/Contents/Developer/Platforms/AppleTVOS.platform/Developer/SDKs/AppleTVOS27.0.sdk/System/Library/Frameworks/UIKit.framework/Headers/UITextPasteConfigurationSupporting.h:18:11: note: 'UITextPasteConfigurationSupporting' has been explicitly marked unavailable here
16 |
17 | UIKIT_EXTERN API_AVAILABLE(ios(11.0)) API_UNAVAILABLE(watchos, tvos) NS_SWIFT_UI_ACTOR
18 | @protocol UITextPasteConfigurationSupporting <UIPasteConfigurationSupporting>
   |           `- note: 'UITextPasteConfigurationSupporting' has been explicitly marked unavailable here
19 |
20 | @property (nonatomic, weak, nullable) id<UITextPasteDelegate> pasteDelegate;
/Users/admin/builder/spi-builder-workspace/Sources/TwitterTextEditor/TextView.swift:45:37: error: 'UITextPasteDelegate' is unavailable in tvOS
 43 |  */
 44 | @objc
 45 | protocol TextViewTextPasteDelegate: UITextPasteDelegate {
    |                                     `- error: 'UITextPasteDelegate' is unavailable in tvOS
 46 |     /**
 47 |      Delegate callback to ask if text view can accept the current paste or drop items or not.
/Applications/Xcode-27.0.0-Release.Candidate.app/Contents/Developer/Platforms/AppleTVOS.platform/Developer/SDKs/AppleTVOS27.0.sdk/System/Library/Frameworks/UIKit.framework/Headers/UITextPasteDelegate.h:51:11: note: 'UITextPasteDelegate' has been explicitly marked unavailable here
 49 |
 50 | UIKIT_EXTERN API_AVAILABLE(ios(11.0)) API_UNAVAILABLE(watchos, tvos) NS_SWIFT_UI_ACTOR
 51 | @protocol UITextPasteDelegate <NSObject>
    |           `- note: 'UITextPasteDelegate' has been explicitly marked unavailable here
 52 |
 53 | @optional
/Users/admin/builder/spi-builder-workspace/Sources/TwitterTextEditor/TextView.swift:178:18: error: property does not override any property from its superclass
176 |     private let pasteboardObserverCache = TextInputPasteboardObserverCache<Bool>()
177 |
178 |     override var pasteConfiguration: UIPasteConfiguration? {
    |                  `- error: property does not override any property from its superclass
179 |         get {
180 |             super.pasteConfiguration
/Users/admin/builder/spi-builder-workspace/Sources/TwitterTextEditor/TextView.swift:178:38: error: 'UIPasteConfiguration' is unavailable in tvOS
176 |     private let pasteboardObserverCache = TextInputPasteboardObserverCache<Bool>()
177 |
178 |     override var pasteConfiguration: UIPasteConfiguration? {
    |                                      `- error: 'UIPasteConfiguration' is unavailable in tvOS
179 |         get {
180 |             super.pasteConfiguration
/Applications/Xcode-27.0.0-Release.Candidate.app/Contents/Developer/Platforms/AppleTVOS.platform/Developer/SDKs/AppleTVOS27.0.sdk/System/Library/Frameworks/UIKit.framework/Headers/UIPasteConfiguration.h:16:12: note: 'UIPasteConfiguration' has been explicitly marked unavailable here
14 |
15 | UIKIT_EXTERN API_AVAILABLE(ios(11.0)) API_UNAVAILABLE(watchos, tvos) NS_SWIFT_UI_ACTOR
16 | @interface UIPasteConfiguration : NSObject <NSSecureCoding, NSCopying>
   |            `- note: 'UIPasteConfiguration' has been explicitly marked unavailable here
17 |
18 | @property (nonatomic, copy) NSArray<NSString *> *acceptableTypeIdentifiers;
/Users/admin/builder/spi-builder-workspace/Sources/TwitterTextEditor/TextView.swift:338:19: error: method does not override any method from its superclass
336 |     // MARK: - UIPasteConfigurationSupporting
337 |
338 |     override func canPaste(_ itemProviders: [NSItemProvider]) -> Bool {
    |                   `- error: method does not override any method from its superclass
339 |         /*
340 |          UIKit behavior note
Failed frontend command:
/Applications/Xcode-27.0.0-Release.Candidate.app/Contents/Developer/Toolchains/XcodeDefault.xctoolchain/usr/bin/swift-frontend -frontend -emit-module -experimental-skip-non-inlinable-function-bodies-without-types /Users/admin/builder/spi-builder-workspace/Sources/TwitterTextEditor/Configuration.swift /Users/admin/builder/spi-builder-workspace/Sources/TwitterTextEditor/EditingContent.swift /Users/admin/builder/spi-builder-workspace/Sources/TwitterTextEditor/LayoutManager.swift /Users/admin/builder/spi-builder-workspace/Sources/TwitterTextEditor/Logger.swift /Users/admin/builder/spi-builder-workspace/Sources/TwitterTextEditor/NSAttributedString.swift /Users/admin/builder/spi-builder-workspace/Sources/TwitterTextEditor/NSRange.swift /Users/admin/builder/spi-builder-workspace/Sources/TwitterTextEditor/NotificationCenter.swift /Users/admin/builder/spi-builder-workspace/Sources/TwitterTextEditor/Scheduler.swift /Users/admin/builder/spi-builder-workspace/Sources/TwitterTextEditor/Sequence.swift /Users/admin/builder/spi-builder-workspace/Sources/TwitterTextEditor/String.swift /Users/admin/builder/spi-builder-workspace/Sources/TwitterTextEditor/TextAttributes.swift /Users/admin/builder/spi-builder-workspace/Sources/TwitterTextEditor/TextEditorView.swift /Users/admin/builder/spi-builder-workspace/Sources/TwitterTextEditor/TextEditorViewTextInputTraits.swift /Users/admin/builder/spi-builder-workspace/Sources/TwitterTextEditor/TextView.swift /Users/admin/builder/spi-builder-workspace/Sources/TwitterTextEditor/TextViewDelegateForwarder.swift /Users/admin/builder/spi-builder-workspace/Sources/TwitterTextEditor/Tracer.swift /Users/admin/builder/spi-builder-workspace/Sources/TwitterTextEditor/UIResponder.swift /Users/admin/builder/spi-builder-workspace/Sources/TwitterTextEditor/UITextInput.swift -target arm64-apple-tvos15.0 -disable-cross-import-overlay-search -load-resolved-plugin /Applications/Xcode-27.0.0-Release.Candidate.app/Contents/Developer/Platforms/AppleTVOS.platform/Developer/usr/lib/swift/host/plugins/libFoundationMacros.dylib\#/Applications/Xcode-27.0.0-Release.Candidate.app/Contents/Developer/Platforms/AppleTVOS.platform/Developer/usr/bin/swift-plugin-server\#FoundationMacros -load-resolved-plugin /Applications/Xcode-27.0.0-Release.Candidate.app/Contents/Developer/Platforms/AppleTVOS.platform/Developer/usr/lib/swift/host/plugins/libObservationMacros.dylib\#/Applications/Xcode-27.0.0-Release.Candidate.app/Contents/Developer/Platforms/AppleTVOS.platform/Developer/usr/bin/swift-plugin-server\#ObservationMacros -load-resolved-plugin /Applications/Xcode-27.0.0-Release.Candidate.app/Contents/Developer/Platforms/AppleTVOS.platform/Developer/usr/lib/swift/host/plugins/libPreviewsMacros.dylib\#/Applications/Xcode-27.0.0-Release.Candidate.app/Contents/Developer/Platforms/AppleTVOS.platform/Developer/usr/bin/swift-plugin-server\#PreviewsMacros -load-resolved-plugin /Applications/Xcode-27.0.0-Release.Candidate.app/Contents/Developer/Platforms/AppleTVOS.platform/Developer/usr/lib/swift/host/plugins/libSwiftMacros.dylib\#/Applications/Xcode-27.0.0-Release.Candidate.app/Contents/Developer/Platforms/AppleTVOS.platform/Developer/usr/bin/swift-plugin-server\#SwiftMacros -load-resolved-plugin /Applications/Xcode-27.0.0-Release.Candidate.app/Contents/Developer/Platforms/AppleTVOS.platform/Developer/usr/lib/swift/host/plugins/libSwiftUIMacros.dylib\#/Applications/Xcode-27.0.0-Release.Candidate.app/Contents/Developer/Platforms/AppleTVOS.platform/Developer/usr/bin/swift-plugin-server\#SwiftUIMacros -disable-implicit-swift-modules -Xcc -fno-implicit-modules -Xcc -fno-implicit-module-maps -explicit-swift-module-map-file /Users/admin/builder/spi-builder-workspace/.derivedData/Build/Intermediates.noindex/TwitterTextEditor.build/Debug-appletvos/TwitterTextEditor-t.build/Objects-normal/arm64/TwitterTextEditor-dependencies-1.json -Xllvm -aarch64-use-tbi -enable-objc-interop -stack-check -sdk /Applications/Xcode-27.0.0-Release.Candidate.app/Contents/Developer/Platforms/AppleTVOS.platform/Developer/SDKs/AppleTVOS27.0.sdk -I /Users/admin/builder/spi-builder-workspace/.derivedData/Build/Products/Debug-appletvos -Isystem /Applications/Xcode-27.0.0-Release.Candidate.app/Contents/Developer/Platforms/AppleTVOS.platform/Developer/usr/lib -F /Users/admin/builder/spi-builder-workspace/.derivedData/Build/Products/Debug-appletvos -F /Applications/Xcode-27.0.0-Release.Candidate.app/Contents/Developer/Platforms/AppleTVOS.platform/Developer/Library/Frameworks -F /Applications/Xcode-27.0.0-Release.Candidate.app/Contents/Developer/Platforms/AppleTVOS.platform/Developer/SDKs/AppleTVOS27.0.sdk/Developer/Library/Frameworks -module-cache-path /Users/admin/builder/spi-builder-workspace/.derivedData/Build/Intermediates.noindex/SwiftExplicitPrecompiledModules -no-color-diagnostics -Xcc -fno-color-diagnostics -enable-testing -g -debug-info-format\=dwarf -dwarf-version\=4 -profile-generate -profile-coverage-mapping -swift-version 5 -Onone -D SWIFT_PACKAGE -D DEBUG -D SWIFT_MODULE_RESOURCE_BUNDLE_UNAVAILABLE -D Xcode -serialize-debugging-options -enable-experimental-feature DebugDescriptionMacro -empty-abi-descriptor -validate-clang-modules-once -clang-build-session-file /Users/admin/builder/spi-builder-workspace/.derivedData/ModuleCache.noindex/Session.modulevalidation -Xcc -working-directory -Xcc /Users/admin/builder/spi-builder-workspace/.swiftpm/xcode -enable-anonymous-context-mangled-names -file-compilation-dir /Users/admin/builder/spi-builder-workspace/.swiftpm/xcode -Xcc -D_LIBCPP_HARDENING_MODE\=_LIBCPP_HARDENING_MODE_DEBUG -Xcc -ivfsstatcache -Xcc /Users/admin/builder/spi-builder-workspace/.derivedData/SDKStatCaches.noindex/appletvos27.0-24J360-e829b21a6f8c9b70876ba0858053c044b32bfd8d43560033f8d89884cdb90028.sdkstatcache -Xcc -fmodules-prune-interval\=86400 -Xcc -fmodules-prune-after\=345600 -Xcc -I/Users/admin/builder/spi-builder-workspace/.derivedData/Build/Products/Debug-appletvos/include -Xcc -I/Users/admin/builder/spi-builder-workspace/.derivedData/Build/Intermediates.noindex/TwitterTextEditor.build/Debug-appletvos/TwitterTextEditor-t.build/DerivedSources-normal/arm64 -Xcc -I/Users/admin/builder/spi-builder-workspace/.derivedData/Build/Intermediates.noindex/TwitterTextEditor.build/Debug-appletvos/TwitterTextEditor-t.build/DerivedSources/arm64 -Xcc -I/Users/admin/builder/spi-builder-workspace/.derivedData/Build/Intermediates.noindex/TwitterTextEditor.build/Debug-appletvos/TwitterTextEditor-t.build/DerivedSources -Xcc -DSWIFT_PACKAGE -Xcc -DDEBUG\=1 -no-auto-bridging-header-chaining -module-name TwitterTextEditor -const-gather-protocols-file /Users/admin/builder/spi-builder-workspace/.derivedData/Build/Intermediates.noindex/TwitterTextEditor.build/Debug-appletvos/TwitterTextEditor-t.build/Objects-normal/arm64/TwitterTextEditor_const_extract_protocols.json -disable-clang-spi -clang-target arm64-apple-tvos27.0 -target-sdk-version 27.0 -target-sdk-name appletvos27.0 -in-process-plugin-server-path /Applications/Xcode-27.0.0-Release.Candidate.app/Contents/Developer/Toolchains/XcodeDefault.xctoolchain/usr/lib/swift/host/libSwiftInProcPluginServer.dylib -emit-module-doc-path /Users/admin/builder/spi-builder-workspace/.derivedData/Build/Intermediates.noindex/TwitterTextEditor.build/Debug-appletvos/TwitterTextEditor-t.build/Objects-normal/arm64/TwitterTextEditor.swiftdoc -emit-module-source-info-path /Users/admin/builder/spi-builder-workspace/.derivedData/Build/Intermediates.noindex/TwitterTextEditor.build/Debug-appletvos/TwitterTextEditor-t.build/Objects-normal/arm64/TwitterTextEditor.swiftsourceinfo -emit-objc-header-path /Users/admin/builder/spi-builder-workspace/.derivedData/Build/Intermediates.noindex/TwitterTextEditor.build/Debug-appletvos/TwitterTextEditor-t.build/Objects-normal/arm64/TwitterTextEditor-Swift.h -serialize-diagnostics-path /Users/admin/builder/spi-builder-workspace/.derivedData/Build/Intermediates.noindex/TwitterTextEditor.build/Debug-appletvos/TwitterTextEditor-t.build/Objects-normal/arm64/TwitterTextEditor-primary-emit-module.dia -emit-dependencies-path /Users/admin/builder/spi-builder-workspace/.derivedData/Build/Intermediates.noindex/TwitterTextEditor.build/Debug-appletvos/TwitterTextEditor-t.build/Objects-normal/arm64/TwitterTextEditor-primary-emit-module.d -parse-as-library -o /Users/admin/builder/spi-builder-workspace/.derivedData/Build/Intermediates.noindex/TwitterTextEditor.build/Debug-appletvos/TwitterTextEditor-t.build/Objects-normal/arm64/TwitterTextEditor.swiftmodule -emit-abi-descriptor-path /Users/admin/builder/spi-builder-workspace/.derivedData/Build/Intermediates.noindex/TwitterTextEditor.build/Debug-appletvos/TwitterTextEditor-t.build/Objects-normal/arm64/TwitterTextEditor.abi.json
SwiftCompile normal arm64 (in target 'TwitterTextEditor' from project 'TwitterTextEditor')
    cd /Users/admin/builder/spi-builder-workspace/.swiftpm/xcode

SwiftCompile normal arm64 Compiling\ UITextInput.swift /Users/admin/builder/spi-builder-workspace/Sources/TwitterTextEditor/UITextInput.swift (in target 'TwitterTextEditor' from project 'TwitterTextEditor')
SwiftCompile normal arm64 /Users/admin/builder/spi-builder-workspace/Sources/TwitterTextEditor/UITextInput.swift (in target 'TwitterTextEditor' from project 'TwitterTextEditor')
    cd /Users/admin/builder/spi-builder-workspace/.swiftpm/xcode
    builtin-SwiftPerFileCompile UITextInput.swift
SwiftCompile normal arm64 Compiling\ Configuration.swift,\ EditingContent.swift /Users/admin/builder/spi-builder-workspace/Sources/TwitterTextEditor/Configuration.swift /Users/admin/builder/spi-builder-workspace/Sources/TwitterTextEditor/EditingContent.swift (in target 'TwitterTextEditor' from project 'TwitterTextEditor')
SwiftCompile normal arm64 /Users/admin/builder/spi-builder-workspace/Sources/TwitterTextEditor/Configuration.swift (in target 'TwitterTextEditor' from project 'TwitterTextEditor')
    cd /Users/admin/builder/spi-builder-workspace/.swiftpm/xcode
    builtin-SwiftPerFileCompile Configuration.swift
SwiftCompile normal arm64 /Users/admin/builder/spi-builder-workspace/Sources/TwitterTextEditor/EditingContent.swift (in target 'TwitterTextEditor' from project 'TwitterTextEditor')
    cd /Users/admin/builder/spi-builder-workspace/.swiftpm/xcode
    builtin-SwiftPerFileCompile EditingContent.swift
SwiftCompile normal arm64 Compiling\ Sequence.swift,\ String.swift /Users/admin/builder/spi-builder-workspace/Sources/TwitterTextEditor/Sequence.swift /Users/admin/builder/spi-builder-workspace/Sources/TwitterTextEditor/String.swift (in target 'TwitterTextEditor' from project 'TwitterTextEditor')
SwiftCompile normal arm64 /Users/admin/builder/spi-builder-workspace/Sources/TwitterTextEditor/Sequence.swift (in target 'TwitterTextEditor' from project 'TwitterTextEditor')
    cd /Users/admin/builder/spi-builder-workspace/.swiftpm/xcode
    builtin-SwiftPerFileCompile Sequence.swift
SwiftCompile normal arm64 /Users/admin/builder/spi-builder-workspace/Sources/TwitterTextEditor/String.swift (in target 'TwitterTextEditor' from project 'TwitterTextEditor')
    cd /Users/admin/builder/spi-builder-workspace/.swiftpm/xcode
    builtin-SwiftPerFileCompile String.swift
SwiftCompile normal arm64 Compiling\ LayoutManager.swift,\ Logger.swift /Users/admin/builder/spi-builder-workspace/Sources/TwitterTextEditor/LayoutManager.swift /Users/admin/builder/spi-builder-workspace/Sources/TwitterTextEditor/Logger.swift (in target 'TwitterTextEditor' from project 'TwitterTextEditor')
SwiftCompile normal arm64 /Users/admin/builder/spi-builder-workspace/Sources/TwitterTextEditor/LayoutManager.swift (in target 'TwitterTextEditor' from project 'TwitterTextEditor')
    cd /Users/admin/builder/spi-builder-workspace/.swiftpm/xcode
    builtin-SwiftPerFileCompile LayoutManager.swift
SwiftCompile normal arm64 /Users/admin/builder/spi-builder-workspace/Sources/TwitterTextEditor/Logger.swift (in target 'TwitterTextEditor' from project 'TwitterTextEditor')
    cd /Users/admin/builder/spi-builder-workspace/.swiftpm/xcode
    builtin-SwiftPerFileCompile Logger.swift
PruneExplicitPrecompiledModules /Users/admin/builder/spi-builder-workspace/.derivedData/Build/Intermediates.noindex/SwiftExplicitPrecompiledModules
PruneExplicitPrecompiledModules /Users/admin/builder/spi-builder-workspace/.derivedData/Build/Intermediates.noindex/ExplicitPrecompiledModules
PruneExplicitPrecompiledModules /Users/admin/builder/spi-builder-workspace/.derivedData/SDKExplicitPrecompiledModules
2026-09-17 14:25:09.268 xcodebuild[747:4681] [MT] IDERunDestination: Supported platforms for the buildables in the current scheme is empty.
** BUILD FAILED **
The following build commands failed:
	SwiftEmitModule normal arm64 Emitting\ module\ for\ TwitterTextEditor (in target 'TwitterTextEditor' from project 'TwitterTextEditor')
	SwiftCompile normal arm64 (in target 'TwitterTextEditor' from project 'TwitterTextEditor')
	Building workspace TwitterTextEditor with scheme TwitterTextEditor-Package
(3 failures)
BUILD FAILURE 6.4 tvOS