Build Information
Failed to build SynheartWear, reference main (d1bc49), with Swift 6.1 for Wasm on 10 Oct 2026 12:26:40 UTC.
Build Command
bash -c docker run --pull=always --rm -v "checkouts-54344847-1":/host -w "$PWD" -e JAVA_HOME="/root/.sdkman/candidates/java/current" -e SPI_BUILD="1" -e SPI_PROCESSING="1" registry.gitlab.com/saguaro1/spi-images:wasm-6.1-latest swift build --swift-sdk wasm32-unknown-wasi 2>&1Build Log
========================================
RunAll
========================================
Builder version: 5.1.1
Interrupt handler set up.
========================================
Checkout
========================================
Clone URL: https://github.com/synheart-ai/synheart-wear-swift.git
Reference: main
Initialized empty Git repository in /host/spi-builder-workspace/.git/
hint: Using 'master' as the name for the initial branch. This default branch name
hint: is subject to change. To configure the initial branch name to use in all
hint: of your new repositories, which will suppress this warning, call:
hint:
hint: git config --global init.defaultBranch <name>
hint:
hint: Names commonly chosen instead of 'master' are 'main', 'trunk' and
hint: 'development'. The just-created branch can be renamed via this command:
hint:
hint: git branch -m <name>
From https://github.com/synheart-ai/synheart-wear-swift
* branch main -> FETCH_HEAD
* [new branch] main -> origin/main
HEAD is now at d1bc494 Merge pull request #17 from synheart-ai/fix/realtime-read-throttle
Cloned https://github.com/synheart-ai/synheart-wear-swift.git
Revision (git rev-parse @):
d1bc4943f6632ad5daa11dda6483f40f3c130d84
SUCCESS checkout https://github.com/synheart-ai/synheart-wear-swift.git at main
========================================
Build
========================================
Selected platform: wasm
Swift version: 6.1
Building package at path: $PWD
https://github.com/synheart-ai/synheart-wear-swift.git
https://github.com/synheart-ai/synheart-wear-swift.git
WARNING: environment variable SUPPRESS_SWIFT_6_FLAGS is not set
Running build ...
bash -c docker run --pull=always --rm -v "checkouts-54344847-1":/host -w "$PWD" -e JAVA_HOME="/root/.sdkman/candidates/java/current" -e SPI_BUILD="1" -e SPI_PROCESSING="1" registry.gitlab.com/saguaro1/spi-images:wasm-6.1-latest swift build --swift-sdk wasm32-unknown-wasi -Xswiftc -Xfrontend -Xswiftc -stats-output-dir -Xswiftc -Xfrontend -Xswiftc .stats -Xswiftc -strict-concurrency=complete -Xswiftc -enable-upcoming-feature -Xswiftc StrictConcurrency -Xswiftc -enable-upcoming-feature -Xswiftc DisableOutwardActorInference -Xswiftc -enable-upcoming-feature -Xswiftc GlobalActorIsolatedTypesUsability -Xswiftc -enable-upcoming-feature -Xswiftc InferSendableFromCaptures 2>&1
wasm-6.1-latest: Pulling from saguaro1/spi-images
Digest: sha256:005e294ea72e7f7733559677ac003354f37dc6afb35c5bbab6bc9a95fc174f44
Status: Image is up to date for registry.gitlab.com/saguaro1/spi-images:wasm-6.1-latest
Fetching https://github.com/grpc/grpc-swift.git
Fetching https://github.com/apple/swift-protobuf.git
[1/51604] Fetching grpc-swift
[10322/106540] Fetching grpc-swift, swift-protobuf
Fetched https://github.com/grpc/grpc-swift.git from cache (1.89s)
[42301/54936] Fetching swift-protobuf
Fetched https://github.com/apple/swift-protobuf.git from cache (4.49s)
Computing version for https://github.com/grpc/grpc-swift.git
Computed https://github.com/grpc/grpc-swift.git at 1.27.6 (5.53s)
Fetching https://github.com/apple/swift-atomics.git
Fetching https://github.com/apple/swift-nio-extras.git
Fetching https://github.com/apple/swift-collections.git
Fetching https://github.com/apple/swift-log.git
Fetching https://github.com/apple/swift-nio-transport-services.git
Fetching https://github.com/apple/swift-nio-ssl.git
[1/8257] Fetching swift-log
[2/10146] Fetching swift-log, swift-atomics
[21/13013] Fetching swift-log, swift-atomics, swift-nio-transport-services
[50/29874] Fetching swift-log, swift-atomics, swift-nio-transport-services, swift-nio-ssl
[4459/36577] Fetching swift-log, swift-atomics, swift-nio-transport-services, swift-nio-ssl, swift-nio-extras
[22078/65272] Fetching swift-log, swift-atomics, swift-nio-transport-services, swift-nio-ssl, swift-nio-extras, swift-collections
Fetched https://github.com/apple/swift-nio-extras.git from cache (1.19s)
Fetching https://github.com/apple/swift-nio-http2.git
Fetched https://github.com/apple/swift-nio-transport-services.git from cache (1.22s)
Fetched https://github.com/apple/swift-atomics.git from cache (1.22s)
Fetched https://github.com/apple/swift-log.git from cache (1.22s)
Fetching https://github.com/apple/swift-nio.git
Fetched https://github.com/apple/swift-nio-ssl.git from cache (1.23s)
Fetched https://github.com/apple/swift-collections.git from cache (1.24s)
[1/12288] Fetching swift-nio-http2
[12289/98657] Fetching swift-nio-http2, swift-nio
Fetched https://github.com/apple/swift-nio-http2.git from cache (0.97s)
[864/86369] Fetching swift-nio
Fetched https://github.com/apple/swift-nio.git from cache (4.00s)
Computing version for https://github.com/apple/swift-atomics.git
Computed https://github.com/apple/swift-atomics.git at 1.3.1 (5.46s)
Computing version for https://github.com/apple/swift-nio-transport-services.git
Computed https://github.com/apple/swift-nio-transport-services.git at 1.28.0 (0.23s)
Computing version for https://github.com/apple/swift-nio-http2.git
Computed https://github.com/apple/swift-nio-http2.git at 1.46.0 (0.23s)
Computing version for https://github.com/apple/swift-protobuf.git
Computed https://github.com/apple/swift-protobuf.git at 1.38.1 (0.25s)
Computing version for https://github.com/apple/swift-collections.git
Computed https://github.com/apple/swift-collections.git at 1.6.0 (0.32s)
Computing version for https://github.com/apple/swift-nio-extras.git
Computed https://github.com/apple/swift-nio-extras.git at 1.35.1 (0.33s)
Fetching https://github.com/swift-server/swift-service-lifecycle.git
Fetching https://github.com/apple/swift-algorithms.git
Fetching https://github.com/apple/swift-asn1.git
Fetching https://github.com/apple/swift-http-structured-headers.git
Fetching https://github.com/apple/swift-async-algorithms.git
Fetching https://github.com/apple/swift-certificates.git
[1/1253] Fetching swift-http-structured-headers
[891/7417] Fetching swift-http-structured-headers, swift-algorithms
[953/10284] Fetching swift-http-structured-headers, swift-algorithms, swift-service-lifecycle
[1077/12293] Fetching swift-http-structured-headers, swift-algorithms, swift-service-lifecycle, swift-asn1
[10201/19902] Fetching swift-http-structured-headers, swift-algorithms, swift-service-lifecycle, swift-asn1, swift-certificates
[10943/26721] Fetching swift-http-structured-headers, swift-algorithms, swift-service-lifecycle, swift-asn1, swift-certificates, swift-async-algorithms
Fetched https://github.com/apple/swift-asn1.git from cache (0.49s)
[14470/24712] Fetching swift-http-structured-headers, swift-algorithms, swift-service-lifecycle, swift-certificates, swift-async-algorithms
Fetching https://github.com/apple/swift-http-types.git
Fetched https://github.com/swift-server/swift-service-lifecycle.git from cache (0.49s)
[12364/21845] Fetching swift-http-structured-headers, swift-algorithms, swift-certificates, swift-async-algorithms
Fetched https://github.com/apple/swift-algorithms.git from cache (0.52s)
[9067/15681] Fetching swift-http-structured-headers, swift-certificates, swift-async-algorithms
Fetched https://github.com/apple/swift-certificates.git from cache (0.58s)
[1731/8072] Fetching swift-http-structured-headers, swift-async-algorithms
[8073/10011] Fetching swift-http-structured-headers, swift-async-algorithms, swift-http-types
Fetched https://github.com/apple/swift-http-structured-headers.git from cache (0.86s)
[7227/8758] Fetching swift-async-algorithms, swift-http-types
Fetched https://github.com/apple/swift-async-algorithms.git from cache (0.86s)
[427/1939] Fetching swift-http-types
Fetched https://github.com/apple/swift-http-types.git from cache (0.43s)
Computing version for https://github.com/apple/swift-algorithms.git
Computed https://github.com/apple/swift-algorithms.git at 1.2.1 (1.82s)
Fetching https://github.com/apple/swift-numerics.git
[1/6726] Fetching swift-numerics
Fetched https://github.com/apple/swift-numerics.git from cache (0.57s)
Computing version for https://github.com/apple/swift-numerics.git
Computed https://github.com/apple/swift-numerics.git at 1.1.1 (0.79s)
Computing version for https://github.com/swift-server/swift-service-lifecycle.git
Computed https://github.com/swift-server/swift-service-lifecycle.git at 2.12.1 (0.23s)
Computing version for https://github.com/apple/swift-log.git
Computed https://github.com/apple/swift-log.git at 1.15.1 (0.22s)
Computing version for https://github.com/apple/swift-async-algorithms.git
Computed https://github.com/apple/swift-async-algorithms.git at 1.1.7 (0.25s)
Computing version for https://github.com/apple/swift-http-structured-headers.git
Computed https://github.com/apple/swift-http-structured-headers.git at 1.7.0 (0.22s)
Computing version for https://github.com/apple/swift-http-types.git
Computed https://github.com/apple/swift-http-types.git at 1.8.0 (0.23s)
Computing version for https://github.com/apple/swift-asn1.git
Computed https://github.com/apple/swift-asn1.git at 1.7.3 (0.25s)
Computing version for https://github.com/apple/swift-nio-ssl.git
Computed https://github.com/apple/swift-nio-ssl.git at 2.37.5 (0.25s)
Computing version for https://github.com/apple/swift-nio.git
Computed https://github.com/apple/swift-nio.git at 2.104.0 (0.43s)
Fetching https://github.com/apple/swift-system.git
[1/7241] Fetching swift-system
Fetched https://github.com/apple/swift-system.git from cache (0.63s)
Computing version for https://github.com/apple/swift-certificates.git
Computed https://github.com/apple/swift-certificates.git at 1.21.0 (0.91s)
Fetching https://github.com/apple/swift-crypto.git
[1/18620] Fetching swift-crypto
Fetched https://github.com/apple/swift-crypto.git from cache (1.25s)
Computing version for https://github.com/apple/swift-system.git
Computed https://github.com/apple/swift-system.git at 1.8.1 (1.51s)
Computing version for https://github.com/apple/swift-crypto.git
Computed https://github.com/apple/swift-crypto.git at 4.5.2 (0.78s)
Creating working copy for https://github.com/apple/swift-log.git
Working copy of https://github.com/apple/swift-log.git resolved at 1.15.1
Creating working copy for https://github.com/apple/swift-collections.git
Working copy of https://github.com/apple/swift-collections.git resolved at 1.6.0
Creating working copy for https://github.com/apple/swift-crypto.git
Working copy of https://github.com/apple/swift-crypto.git resolved at 4.5.2
Creating working copy for https://github.com/apple/swift-http-structured-headers.git
Working copy of https://github.com/apple/swift-http-structured-headers.git resolved at 1.7.0
Creating working copy for https://github.com/apple/swift-nio-http2.git
Working copy of https://github.com/apple/swift-nio-http2.git resolved at 1.46.0
Creating working copy for https://github.com/apple/swift-protobuf.git
Working copy of https://github.com/apple/swift-protobuf.git resolved at 1.38.1
Creating working copy for https://github.com/apple/swift-nio-transport-services.git
Working copy of https://github.com/apple/swift-nio-transport-services.git resolved at 1.28.0
Creating working copy for https://github.com/apple/swift-atomics.git
Working copy of https://github.com/apple/swift-atomics.git resolved at 1.3.1
Creating working copy for https://github.com/apple/swift-numerics.git
Working copy of https://github.com/apple/swift-numerics.git resolved at 1.1.1
Creating working copy for https://github.com/swift-server/swift-service-lifecycle.git
Working copy of https://github.com/swift-server/swift-service-lifecycle.git resolved at 2.12.1
Creating working copy for https://github.com/apple/swift-system.git
Working copy of https://github.com/apple/swift-system.git resolved at 1.8.1
Creating working copy for https://github.com/apple/swift-async-algorithms.git
Working copy of https://github.com/apple/swift-async-algorithms.git resolved at 1.1.7
Creating working copy for https://github.com/apple/swift-nio-extras.git
Working copy of https://github.com/apple/swift-nio-extras.git resolved at 1.35.1
Creating working copy for https://github.com/grpc/grpc-swift.git
Working copy of https://github.com/grpc/grpc-swift.git resolved at 1.27.6
Creating working copy for https://github.com/apple/swift-nio-ssl.git
Working copy of https://github.com/apple/swift-nio-ssl.git resolved at 2.37.5
Creating working copy for https://github.com/apple/swift-asn1.git
Working copy of https://github.com/apple/swift-asn1.git resolved at 1.7.3
Creating working copy for https://github.com/apple/swift-certificates.git
Working copy of https://github.com/apple/swift-certificates.git resolved at 1.21.0
Creating working copy for https://github.com/apple/swift-nio.git
Working copy of https://github.com/apple/swift-nio.git resolved at 2.104.0
Creating working copy for https://github.com/apple/swift-http-types.git
Working copy of https://github.com/apple/swift-http-types.git resolved at 1.8.0
Creating working copy for https://github.com/apple/swift-algorithms.git
Working copy of https://github.com/apple/swift-algorithms.git resolved at 1.2.1
[1/1] Compiling plugin SwiftProtobufPlugin
[2/2] Compiling plugin GRPCSwiftPlugin
Building for debugging...
[2/443] Write sources
[25/443] Compiling CNIOWindows WSAStartup.c
[25/443] Compiling CNIOWindows shim.c
[27/443] Compiling CNIOWASI CNIOWASI.c
[27/443] Compiling CNIOOpenBSD shim.c
[29/443] Compiling CNIOLinux shim.c
[30/443] Compiling CNIOPosix event_loop_id.c
[30/443] Compiling _AtomicsShims.c
[32/443] Compiling CNIOLinux liburing_shims.c
[33/443] Compiling CNIOFreeBSD shim.c
[34/443] Compiling CNIODarwin shim.c
[35/443] Compiling CNIOLLHTTP c_nio_http.c
[36/443] Compiling fiat_p256_adx_sqr.S
[37/443] Compiling fiat_p256_adx_mul.S
[38/443] Compiling CNIOLLHTTP c_nio_api.c
[39/443] Compiling fiat_curve25519_adx_mul.S
[40/443] Compiling fiat_curve25519_adx_square.S
[41/443] Write swift-version-24593BA9C3E375BF.txt
[42/447] Compiling CNIOBoringSSLShims shims.c
[43/449] Compiling CNIOLLHTTP c_nio_llhttp.c
In file included from /host/spi-builder-workspace/.build/checkouts/swift-nio-ssl/Sources/CNIOBoringSSL/ssl/tls_method.cc:17:
/host/spi-builder-workspace/.build/checkouts/swift-nio-ssl/Sources/CNIOBoringSSL/ssl/../crypto/internal.h:32:10: fatal error: 'pthread.h' file not found
32 | #include <pthread.h>
| ^~~~~~~~~~~
1 error generated.
[44/449] Compiling tls_method.cc
In file included from /host/spi-builder-workspace/.build/checkouts/swift-nio-ssl/Sources/CNIOBoringSSL/ssl/tls13_enc.cc:34:
/host/spi-builder-workspace/.build/checkouts/swift-nio-ssl/Sources/CNIOBoringSSL/ssl/../crypto/internal.h:32:10: fatal error: 'pthread.h' file not found
32 | #include <pthread.h>
| ^~~~~~~~~~~
1 error generated.
[44/449] Compiling tls13_enc.cc
<unknown>:0: warning: upcoming feature 'InferSendableFromCaptures' is already enabled as of Swift version 6
<unknown>:0: warning: upcoming feature 'GlobalActorIsolatedTypesUsability' is already enabled as of Swift version 6
<unknown>:0: warning: upcoming feature 'DisableOutwardActorInference' is already enabled as of Swift version 6
In file included from /host/spi-builder-workspace/.build/checkouts/swift-nio-ssl/Sources/CNIOBoringSSL/ssl/tls_record.cc:19:
/host/spi-builder-workspace/.build/checkouts/swift-nio-ssl/Sources/CNIOBoringSSL/ssl/../crypto/internal.h:32:10: fatal error: 'pthread.h' file not found
32 | #include <pthread.h>
| ^~~~~~~~~~~
[44/449] Compiling tls_record.cc
[45/449] Emitting module _NIOBase64
<unknown>:0: warning: upcoming feature 'InferSendableFromCaptures' is already enabled as of Swift version 6
<unknown>:0: warning: upcoming feature 'GlobalActorIsolatedTypesUsability' is already enabled as of Swift version 6
<unknown>:0: warning: upcoming feature 'DisableOutwardActorInference' is already enabled as of Swift version 6
<unknown>:0: warning: upcoming feature 'InferSendableFromCaptures' is already enabled as of Swift version 6
<unknown>:0: warning: upcoming feature 'GlobalActorIsolatedTypesUsability' is already enabled as of Swift version 6
<unknown>:0: warning: upcoming feature 'DisableOutwardActorInference' is already enabled as of Swift version 6
[45/449] Compiling tls13_client.cc
In file included from /host/spi-builder-workspace/.build/checkouts/swift-nio-ssl/Sources/CNIOBoringSSL/ssl/tls13_server.cc:32:
/host/spi-builder-workspace/.build/checkouts/swift-nio-ssl/Sources/CNIOBoringSSL/ssl/../crypto/internal.h:32:10: fatal error: 'pthread.h' file not found
32 | #include <pthread.h>
| ^~~~~~~~~~~
[45/449] Compiling tls13_server.cc
Running build ...
bash -c docker run --pull=always --rm -v "checkouts-54344847-1":/host -w "$PWD" -e JAVA_HOME="/root/.sdkman/candidates/java/current" -e SPI_BUILD="1" -e SPI_PROCESSING="1" registry.gitlab.com/saguaro1/spi-images:wasm-6.1-latest swift build --swift-sdk wasm32-unknown-wasi 2>&1
wasm-6.1-latest: Pulling from saguaro1/spi-images
Digest: sha256:005e294ea72e7f7733559677ac003354f37dc6afb35c5bbab6bc9a95fc174f44
Status: Image is up to date for registry.gitlab.com/saguaro1/spi-images:wasm-6.1-latest
warning: 'spi-builder-workspace': found 1 file(s) which are unhandled; explicitly declare them as resources or exclude from the target
/host/spi-builder-workspace/Tests/SynheartWearTests/README.md
[0/1] Planning build
[1/1] Compiling plugin SwiftProtobufPlugin
[2/2] Compiling plugin GRPCSwiftPlugin
Building for debugging...
In file included from /host/spi-builder-workspace/.build/checkouts/swift-nio-ssl/Sources/CNIOBoringSSL/ssl/tls_method.cc:17:
/host/spi-builder-workspace/.build/checkouts/swift-nio-ssl/Sources/CNIOBoringSSL/ssl/../crypto/internal.h:32:10: fatal error: 'pthread.h' file not found
32 | #include <pthread.h>
| ^~~~~~~~~~~
1 error generated.
[2/402] Compiling tls_method.cc
In file included from /host/spi-builder-workspace/.build/checkouts/swift-nio-ssl/Sources/CNIOBoringSSL/ssl/t1_enc.cc:28:
/host/spi-builder-workspace/.build/checkouts/swift-nio-ssl/Sources/CNIOBoringSSL/ssl/../crypto/internal.h:32:10: fatal error: 'pthread.h' file not found
32 | #include <pthread.h>
| ^~~~~~~~~~~
1 error generated.
[2/402] Compiling t1_enc.cc
In file included from /host/spi-builder-workspace/.build/checkouts/swift-nio-ssl/Sources/CNIOBoringSSL/ssl/tls_record.cc:19:
/host/spi-builder-workspace/.build/checkouts/swift-nio-ssl/Sources/CNIOBoringSSL/ssl/../crypto/internal.h:32:10: fatal error: 'pthread.h' file not found
32 | #include <pthread.h>
| ^~~~~~~~~~~
1 error generated.
[2/402] Compiling tls_record.cc
In file included from /host/spi-builder-workspace/.build/checkouts/swift-nio-ssl/Sources/CNIOBoringSSL/ssl/tls13_both.cc:29:
/host/spi-builder-workspace/.build/checkouts/swift-nio-ssl/Sources/CNIOBoringSSL/ssl/../crypto/internal.h:32:10: fatal error: 'pthread.h' file not found
32 | #include <pthread.h>
| ^~~~~~~~~~~
1 error generated.
[2/402] Compiling tls13_both.cc
In file included from /host/spi-builder-workspace/.build/checkouts/swift-nio-ssl/Sources/CNIOBoringSSL/ssl/tls13_client.cc:30:
/host/spi-builder-workspace/.build/checkouts/swift-nio-ssl/Sources/CNIOBoringSSL/ssl/../crypto/internal.h:32:10: fatal error: 'pthread.h' file not found
32 | #include <pthread.h>
| ^~~~~~~~~~~
[2/402] Compiling tls13_client.cc
In file included from /host/spi-builder-workspace/.build/checkouts/swift-nio-ssl/Sources/CNIOBoringSSL/ssl/ssl_x509.cc:23:
/host/spi-builder-workspace/.build/checkouts/swift-nio-ssl/Sources/CNIOBoringSSL/ssl/../crypto/internal.h:32:10: fatal error: 'pthread.h' file not found
32 | #include <pthread.h>
| ^~~~~~~~~~~
[2/402] Compiling ssl_x509.cc
In file included from /host/spi-builder-workspace/.build/checkouts/swift-nio-ssl/Sources/CNIOBoringSSL/ssl/tls13_enc.cc:34:
/host/spi-builder-workspace/.build/checkouts/swift-nio-ssl/Sources/CNIOBoringSSL/ssl/../crypto/internal.h:32:10: fatal error: 'pthread.h' file not found
32 | #include <pthread.h>
| ^~~~~~~~~~~
[2/402] Compiling tls13_enc.cc
In file included from /host/spi-builder-workspace/.build/checkouts/swift-nio-ssl/Sources/CNIOBoringSSL/ssl/tls13_server.cc:32:
/host/spi-builder-workspace/.build/checkouts/swift-nio-ssl/Sources/CNIOBoringSSL/ssl/../crypto/internal.h:32:10: fatal error: 'pthread.h' file not found
32 | #include <pthread.h>
| ^~~~~~~~~~~
[2/402] Compiling tls13_server.cc
BUILD FAILURE 6.1 wasm