Build Information
Failed to build Castor, reference main (2c0509), with Swift 6.2 for watchOS using Xcode 26.3 on 10 Oct 2026 10:46:26 UTC.
Build Command
No build command. This typically means the build failed at an early stage where we determine the build command.Build Log
========================================
RunAll
========================================
Builder version: 5.1.1
Interrupt handler set up.
========================================
Checkout
========================================
Clone URL: https://github.com/SRGSSR/castor.git
Reference: main
Initialized empty Git repository in /Users/admin/builder/spi-builder-workspace/.git/
From https://github.com/SRGSSR/castor
* branch main -> FETCH_HEAD
* [new branch] main -> origin/main
HEAD is now at 2c05091 Bump mikepenz/action-junit-report from 6.5.0 to 6.6.0 in the actions group (#313)
Cloned https://github.com/SRGSSR/castor.git
Revision (git rev-parse @):
2c05091297f86a680f885558031419700980f16b
SPI manifest file found: $PWD/.spi.yml
SUCCESS checkout https://github.com/SRGSSR/castor.git at main
========================================
Build
========================================
Selected platform: watchOS
Swift version: 6.2
Building package at path: $PWD
https://github.com/SRGSSR/castor.git
Command line invocation:
/Applications/Xcode-26.3.0.app/Contents/Developer/usr/bin/xcodebuild -IDEClonedSourcePackagesDirPathOverride=/Users/admin/builder/spi-builder-workspace/.dependencies -resolvePackageDependencies
Resolve Package Graph
package 'spi-builder-workspace' is using Swift tools version 6.4.0 but the installed version is 6.2.4
Resolved source packages:
spi-builder-workspace: (null)
2026-10-10 06:46:17.551 xcodebuild[538:3092] [MT] IDERunDestination: Supported platforms for the buildables in the current scheme is empty.
2026-10-10 06:46:25.130 xcodebuild[538:3092] [MT] IDERunDestination: Supported platforms for the buildables in the current scheme is empty.
2026-10-10 06:46:25.182 xcodebuild[538:3092] Writing error result bundle to /var/folders/xq/y_g06wb113726d38xsyx71_h0000gn/T/ResultBundle_2026-10-10_06-46-0025.xcresult
xcodebuild: error: Could not resolve package dependencies:
package 'spi-builder-workspace' is using Swift tools version 6.4.0 but the installed version is 6.2.4
Command line invocation:
/Applications/Xcode-26.3.0.app/Contents/Developer/usr/bin/xcodebuild -IDEClonedSourcePackagesDirPathOverride=/Users/admin/builder/spi-builder-workspace/.dependencies -resolvePackageDependencies
Resolve Package Graph
package 'spi-builder-workspace' is using Swift tools version 6.4.0 but the installed version is 6.2.4
Resolved source packages:
spi-builder-workspace: (null)
2026-10-10 06:46:25.912 xcodebuild[600:3633] [MT] IDERunDestination: Supported platforms for the buildables in the current scheme is empty.
2026-10-10 06:46:26.077 xcodebuild[600:3633] [MT] IDERunDestination: Supported platforms for the buildables in the current scheme is empty.
2026-10-10 06:46:26.087 xcodebuild[600:3633] Writing error result bundle to /var/folders/xq/y_g06wb113726d38xsyx71_h0000gn/T/ResultBundle_2026-10-10_06-46-0026.xcresult
xcodebuild: error: Could not resolve package dependencies:
package 'spi-builder-workspace' is using Swift tools version 6.4.0 but the installed version is 6.2.4
BUILD FAILURE 6.2 watchOS