Build Information
Failed to build UnsplashFramework, reference 0.4.0 (23b141), with Swift 6.4 for watchOS using Xcode 27.0 on 18 Sep 2026 17:19:12 UTC.
Build Command
env DEVELOPER_DIR=/Applications/Xcode-27.0.0-Release.Candidate.app xcrun xcodebuild -IDEClonedSourcePackagesDirPathOverride=$PWD/.dependencies -skipMacroValidation -skipPackagePluginValidation -derivedDataPath $PWD/.derivedData build -scheme UnsplashFramework -destination generic/platform=watchOSBuild Log
========================================
RunAll
========================================
Builder version: 5.1.0
Interrupt handler set up.
========================================
Checkout
========================================
Clone URL: https://github.com/camiletti/UnsplashFramework.git
Reference: 0.4.0
Initialized empty Git repository in /Users/admin/builder/spi-builder-workspace/.git/
From https://github.com/camiletti/UnsplashFramework
* tag 0.4.0 -> FETCH_HEAD
HEAD is now at 23b1418 📚 Update changelog
Cloned https://github.com/camiletti/UnsplashFramework.git
Revision (git rev-parse @):
23b141859eadeca9cf3d9dc9809c4d24ca7a0fb3
SPI manifest file found: $PWD/.spi.yml
SUCCESS checkout https://github.com/camiletti/UnsplashFramework.git at 0.4.0
========================================
Build
========================================
Selected platform: watchOS
Swift version: 6.4
Building package at path: $PWD
https://github.com/camiletti/UnsplashFramework.git
Command line invocation:
/Applications/Xcode-27.0.0-Release.Candidate.app/Contents/Developer/usr/bin/xcodebuild -IDEClonedSourcePackagesDirPathOverride=/Users/admin/builder/spi-builder-workspace/.dependencies -resolvePackageDependencies
Resolve Package Graph
Resolve Package Graph
Resolved source packages:
UnsplashFramework: /Users/admin/builder/spi-builder-workspace
resolved source packages: UnsplashFramework
2026-09-18 13:18:23.426 xcodebuild[528:3030] [MT] IDERunDestination: Supported platforms for the buildables in the current scheme is empty.
{
"dependencies" : [
],
"manifest_display_name" : "UnsplashFramework",
"name" : "UnsplashFramework",
"path" : "/Users/admin/builder/spi-builder-workspace",
"platforms" : [
{
"name" : "ios",
"version" : "15.0"
},
{
"name" : "macos",
"version" : "12.0"
}
],
"products" : [
{
"name" : "UnsplashFramework",
"targets" : [
"UnsplashFramework"
],
"type" : {
"library" : [
"automatic"
]
}
}
],
"targets" : [
{
"c99name" : "UnsplashFramework",
"module_type" : "SwiftTarget",
"name" : "UnsplashFramework",
"path" : "Sources",
"product_memberships" : [
"UnsplashFramework"
],
"sources" : [
"Endpoint.swift",
"Extensions/CLLocationCoordinate2D+Extensions.swift",
"Extensions/JSONDecoder+Extensions.swift",
"Extensions/UNPhoto+Extensions.swift",
"Extensions/URLComponents+Extensions.swift",
"Extensions/URLRequest+Extensions.swift",
"Managers/QueryManager.swift",
"Managers/UNAPI.swift",
"Managers/UNClient.swift",
"Model Entities/ResponseStatusCode.swift",
"Model Entities/UNBadge.swift",
"Model Entities/UNBasicPhoto.swift",
"Model Entities/UNCameraDetails.swift",
"Model Entities/UNCategory.swift",
"Model Entities/UNCategoryAPILocations.swift",
"Model Entities/UNCollection.swift",
"Model Entities/UNCollectionAPILocations.swift",
"Model Entities/UNContentSafetyFilter.swift",
"Model Entities/UNCredentials.swift",
"Model Entities/UNError.swift",
"Model Entities/UNFullPhoto.swift",
"Model Entities/UNLocation.swift",
"Model Entities/UNModifyPhotoInCollectionResponse.swift",
"Model Entities/UNOrder.swift",
"Model Entities/UNPhoto.swift",
"Model Entities/UNPhotoAPILocations.swift",
"Model Entities/UNPhotoColorScheme.swift",
"Model Entities/UNPhotoImageURLs.swift",
"Model Entities/UNPhotoOrientation.swift",
"Model Entities/UNPhotoSearchResult.swift",
"Model Entities/UNPhotoStatistics.swift",
"Model Entities/UNProfileImageLinks.swift",
"Model Entities/UNSearchResult.swift",
"Model Entities/UNSocialProfiles.swift",
"Model Entities/UNSort.swift",
"Model Entities/UNStatistics.swift",
"Model Entities/UNTag.swift",
"Model Entities/UNTopic.swift",
"Model Entities/UNTopicAPILocations.swift",
"Model Entities/UNTopicSort.swift",
"Model Entities/UNURLWrapper.swift",
"Model Entities/UNUser.swift",
"Model Entities/UNUserAPILocations.swift",
"Model Entities/UNUserInterests.swift",
"Model Entities/UNUserProfileLinks.swift",
"Model Entities/UNUserPublicProfile.swift",
"Model Entities/UNUserStatistics.swift",
"Parameters/Parameters.swift",
"Parameters/UNAddPhotoToCollectionParameters.swift",
"Parameters/UNCollectionListParameters.swift",
"Parameters/UNCollectionPhotosParameters.swift",
"Parameters/UNCollectionSearchParameters.swift",
"Parameters/UNNewCollectionParameters.swift",
"Parameters/UNPhotoListParameters.swift",
"Parameters/UNPhotoSearchParameters.swift",
"Parameters/UNRandomPhotoParameters.swift",
"Parameters/UNStatisticsParameters.swift",
"Parameters/UNTopicListParameters.swift",
"Parameters/UNTopicPhotosParameters.swift",
"Parameters/UNUpdateCollectionParameters.swift",
"Parameters/UNUpdatePhotoInfoParameters.swift",
"Parameters/UNUserCollectionsParameters.swift",
"Parameters/UNUserLikesParameters.swift",
"Parameters/UNUserPhotosParameters.swift",
"Parameters/UNUserPublicProfileParameters.swift",
"Parameters/UNUserSearchParameters.swift",
"SearchType.swift"
],
"type" : "library"
},
{
"c99name" : "Tests",
"module_type" : "SwiftTarget",
"name" : "Tests",
"path" : "Tests",
"resources" : [
{
"path" : "/Users/admin/builder/spi-builder-workspace/Tests/JSON Mock responses/AddRemovePhotoInCollection.json",
"rule" : {
"process" : {
}
}
},
{
"path" : "/Users/admin/builder/spi-builder-workspace/Tests/JSON Mock responses/Badge.json",
"rule" : {
"process" : {
}
}
},
{
"path" : "/Users/admin/builder/spi-builder-workspace/Tests/JSON Mock responses/CLLocationCoordinates2D.json",
"rule" : {
"process" : {
}
}
},
{
"path" : "/Users/admin/builder/spi-builder-workspace/Tests/JSON Mock responses/CameraDetails.json",
"rule" : {
"process" : {
}
}
},
{
"path" : "/Users/admin/builder/spi-builder-workspace/Tests/JSON Mock responses/CollectionA.json",
"rule" : {
"process" : {
}
}
},
{
"path" : "/Users/admin/builder/spi-builder-workspace/Tests/JSON Mock responses/CollectionB.json",
"rule" : {
"process" : {
}
}
},
{
"path" : "/Users/admin/builder/spi-builder-workspace/Tests/JSON Mock responses/CollectionList.json",
"rule" : {
"process" : {
}
}
},
{
"path" : "/Users/admin/builder/spi-builder-workspace/Tests/JSON Mock responses/Location.json",
"rule" : {
"process" : {
}
}
},
{
"path" : "/Users/admin/builder/spi-builder-workspace/Tests/JSON Mock responses/LocationWithNulls.json",
"rule" : {
"process" : {
}
}
},
{
"path" : "/Users/admin/builder/spi-builder-workspace/Tests/JSON Mock responses/PhotoA.json",
"rule" : {
"process" : {
}
}
},
{
"path" : "/Users/admin/builder/spi-builder-workspace/Tests/JSON Mock responses/PhotoB.json",
"rule" : {
"process" : {
}
}
},
{
"path" : "/Users/admin/builder/spi-builder-workspace/Tests/JSON Mock responses/PhotoStatistics.json",
"rule" : {
"process" : {
}
}
},
{
"path" : "/Users/admin/builder/spi-builder-workspace/Tests/JSON Mock responses/PhotosInCollection.json",
"rule" : {
"process" : {
}
}
},
{
"path" : "/Users/admin/builder/spi-builder-workspace/Tests/JSON Mock responses/PhotosOfTopic.json",
"rule" : {
"process" : {
}
}
},
{
"path" : "/Users/admin/builder/spi-builder-workspace/Tests/JSON Mock responses/ProfileImageLinks.json",
"rule" : {
"process" : {
}
}
},
{
"path" : "/Users/admin/builder/spi-builder-workspace/Tests/JSON Mock responses/RandomPhotosByCollectionIDs.json",
"rule" : {
"process" : {
}
}
},
{
"path" : "/Users/admin/builder/spi-builder-workspace/Tests/JSON Mock responses/RandomPhotosByQuery.json",
"rule" : {
"process" : {
}
}
},
{
"path" : "/Users/admin/builder/spi-builder-workspace/Tests/JSON Mock responses/RelatedCollections.json",
"rule" : {
"process" : {
}
}
},
{
"path" : "/Users/admin/builder/spi-builder-workspace/Tests/JSON Mock responses/Social.json",
"rule" : {
"process" : {
}
}
},
{
"path" : "/Users/admin/builder/spi-builder-workspace/Tests/JSON Mock responses/SocialWithNulls.json",
"rule" : {
"process" : {
}
}
},
{
"path" : "/Users/admin/builder/spi-builder-workspace/Tests/JSON Mock responses/StandardPhotoList.json",
"rule" : {
"process" : {
}
}
},
{
"path" : "/Users/admin/builder/spi-builder-workspace/Tests/JSON Mock responses/StandardSearchCollectionResult.json",
"rule" : {
"process" : {
}
}
},
{
"path" : "/Users/admin/builder/spi-builder-workspace/Tests/JSON Mock responses/StandardSearchPhotoResult.json",
"rule" : {
"process" : {
}
}
},
{
"path" : "/Users/admin/builder/spi-builder-workspace/Tests/JSON Mock responses/StandardSearchUserResult.json",
"rule" : {
"process" : {
}
}
},
{
"path" : "/Users/admin/builder/spi-builder-workspace/Tests/JSON Mock responses/StandardTopicList.json",
"rule" : {
"process" : {
}
}
},
{
"path" : "/Users/admin/builder/spi-builder-workspace/Tests/JSON Mock responses/Topic.json",
"rule" : {
"process" : {
}
}
},
{
"path" : "/Users/admin/builder/spi-builder-workspace/Tests/JSON Mock responses/TrackPhotoDownload.json",
"rule" : {
"process" : {
}
}
},
{
"path" : "/Users/admin/builder/spi-builder-workspace/Tests/JSON Mock responses/URLWrapper.json",
"rule" : {
"process" : {
}
}
},
{
"path" : "/Users/admin/builder/spi-builder-workspace/Tests/JSON Mock responses/URLWrapperEmpty.json",
"rule" : {
"process" : {
}
}
},
{
"path" : "/Users/admin/builder/spi-builder-workspace/Tests/JSON Mock responses/UserCollections.json",
"rule" : {
"process" : {
}
}
},
{
"path" : "/Users/admin/builder/spi-builder-workspace/Tests/JSON Mock responses/UserInterests.json",
"rule" : {
"process" : {
}
}
},
{
"path" : "/Users/admin/builder/spi-builder-workspace/Tests/JSON Mock responses/UserLikes.json",
"rule" : {
"process" : {
}
}
},
{
"path" : "/Users/admin/builder/spi-builder-workspace/Tests/JSON Mock responses/UserPhotos.json",
"rule" : {
"process" : {
}
}
},
{
"path" : "/Users/admin/builder/spi-builder-workspace/Tests/JSON Mock responses/UserProfileLinks.json",
"rule" : {
"process" : {
}
}
},
{
"path" : "/Users/admin/builder/spi-builder-workspace/Tests/JSON Mock responses/UserPublicProfileResponse.json",
"rule" : {
"process" : {
}
}
},
{
"path" : "/Users/admin/builder/spi-builder-workspace/Tests/JSON Mock responses/UserPublicProfileWithNulls.json",
"rule" : {
"process" : {
}
}
},
{
"path" : "/Users/admin/builder/spi-builder-workspace/Tests/JSON Mock responses/UserStatistics.json",
"rule" : {
"process" : {
}
}
}
],
"sources" : [
"Extensions Tests/CLLocationCoordinates2DTests.swift",
"Extensions Tests/UNPhotoExtensionTests.swift",
"Extensions Tests/URLRequestExtensionsTests.swift",
"Helpers/DemoData.swift",
"JSONParsingTests.swift",
"Manager Tests/UNAPITests.swift",
"Manager Tests/UNClientTests.swift",
"Mocking Classes/MockQueryManager.swift",
"Mocking Classes/MockURLProtocol.swift",
"Mocking Classes/MockURLResponse.swift",
"Mocking Classes/MockURLSession.swift",
"Mocking Classes/UNAPITester.swift",
"Model Entities Tests/UNBadgeTests.swift",
"Model Entities Tests/UNCameraDetailsTests.swift",
"Model Entities Tests/UNCategoryAPILocationsTests.swift",
"Model Entities Tests/UNCategoryTests.swift",
"Model Entities Tests/UNCollectionAPILocationsTests.swift",
"Model Entities Tests/UNCollectionTests.swift",
"Model Entities Tests/UNErrorReasonTests.swift",
"Model Entities Tests/UNFullPhotoTests.swift",
"Model Entities Tests/UNLocationTests.swift",
"Model Entities Tests/UNPhotoAPILocationsTests.swift",
"Model Entities Tests/UNPhotoImageURLsTests.swift",
"Model Entities Tests/UNPhotoStatisticsTests.swift",
"Model Entities Tests/UNPhotoTests.swift",
"Model Entities Tests/UNProfileImageLinksTests.swift",
"Model Entities Tests/UNSocialProfilesTests.swift",
"Model Entities Tests/UNUserAPILocationsTests.swift",
"Model Entities Tests/UNUserInterestsTests.swift",
"Model Entities Tests/UNUserProfileLinksTests.swift",
"Model Entities Tests/UNUserPublicProfileTests.swift",
"Model Entities Tests/UNUserStatisticsTests.swift",
"Model Entities Tests/UNUserTests.swift",
"Model Entities Tests/URLWrapperTests.swift",
"Parameters Tests/UNCollectionListParametersTests.swift",
"Parameters Tests/UNCollectionPhotosParametersTests.swift",
"Parameters Tests/UNCollectionSearchParametersTests.swift",
"Parameters Tests/UNModifyPhotoToCollectionParametersTests.swift",
"Parameters Tests/UNNewCollectionParametersTests.swift",
"Parameters Tests/UNPhotoListParametersTests.swift",
"Parameters Tests/UNPhotoSearchParametersTests.swift",
"Parameters Tests/UNStatisticsParametersTests.swift",
"Parameters Tests/UNTopicListParametersTests.swift",
"Parameters Tests/UNUpdateCollectionParametersTests.swift",
"Parameters Tests/UNUpdatePhotoInfoParametersTests.swift",
"Parameters Tests/UNUserCollectionsParametersTests.swift",
"Parameters Tests/UNUserLikesParametersTests.swift",
"Parameters Tests/UNUserSearchParametersTests.swift"
],
"target_dependencies" : [
"UnsplashFramework"
],
"type" : "test"
}
],
"tools_version" : "5.6"
}
{
"workspace" : {
"name" : "UnsplashFramework",
"schemes" : [
"UnsplashFramework"
]
}
}
2026-09-18 13:19:04.821 xcodebuild[663:4246] [MT] IDERunDestination: Supported platforms for the buildables in the current scheme is empty.
Running build ...
env DEVELOPER_DIR=/Applications/Xcode-27.0.0-Release.Candidate.app xcrun xcodebuild -IDEClonedSourcePackagesDirPathOverride=$PWD/.dependencies -skipMacroValidation -skipPackagePluginValidation -derivedDataPath $PWD/.derivedData build -scheme UnsplashFramework -destination generic/platform=watchOS
Command line invocation:
/Applications/Xcode-27.0.0-Release.Candidate.app/Contents/Developer/usr/bin/xcodebuild -IDEClonedSourcePackagesDirPathOverride=/Users/admin/builder/spi-builder-workspace/.dependencies -skipMacroValidation -skipPackagePluginValidation -derivedDataPath /Users/admin/builder/spi-builder-workspace/.derivedData build -scheme UnsplashFramework -destination generic/platform=watchOS
Resolve Package Graph
Resolved source packages:
UnsplashFramework: /Users/admin/builder/spi-builder-workspace
ComputePackagePrebuildTargetDependencyGraph
Prepare packages
CreateBuildRequest
SendProjectDescription
CreateBuildOperation
ComputeTargetDependencyGraph
note: Building targets in dependency order
note: Target dependency graph (2 targets)
Target 'UnsplashFramework-product' in project 'UnsplashFramework'
➜ Explicit dependency on target 'UnsplashFramework' in project 'UnsplashFramework'
Target 'UnsplashFramework' in project 'UnsplashFramework' (no dependencies)
GatherProvisioningInputs
CreateBuildDescription
ExecuteExternalTool /Applications/Xcode-27.0.0-Release.Candidate.app/Contents/Developer/Toolchains/XcodeDefault.xctoolchain/usr/bin/clang -v -E -dM -isysroot /Applications/Xcode-27.0.0-Release.Candidate.app/Contents/Developer/Platforms/WatchOS.platform/Developer/SDKs/WatchOS27.0.sdk -x c -c /dev/null
ExecuteExternalTool /Applications/Xcode-27.0.0-Release.Candidate.app/Contents/Developer/Toolchains/XcodeDefault.xctoolchain/usr/bin/swiftc --version
ExecuteExternalTool /Applications/Xcode-27.0.0-Release.Candidate.app/Contents/Developer/Toolchains/XcodeDefault.xctoolchain/usr/bin/ld -version_details
ReadFileContents /Applications/Xcode-27.0.0-Release.Candidate.app/Contents/Developer/Toolchains/XcodeDefault.xctoolchain/usr/share/docc/features.json
Build description signature: 47f703203ab3c5249601f368ca0b2bc4
Build description path: /Users/admin/builder/spi-builder-workspace/.derivedData/Build/Intermediates.noindex/XCBuildData/47f703203ab3c5249601f368ca0b2bc4.xcbuilddata
CreateBuildDirectory /Users/admin/builder/spi-builder-workspace/.derivedData/SDKExplicitPrecompiledModules
cd /Users/admin/builder/spi-builder-workspace/.swiftpm/xcode
builtin-create-build-directory /Users/admin/builder/spi-builder-workspace/.derivedData/SDKExplicitPrecompiledModules
CreateBuildDirectory /Users/admin/builder/spi-builder-workspace/.derivedData/ModuleCache.noindex
cd /Users/admin/builder/spi-builder-workspace/.swiftpm/xcode
builtin-create-build-directory /Users/admin/builder/spi-builder-workspace/.derivedData/ModuleCache.noindex
CreateBuildDirectory /Users/admin/builder/spi-builder-workspace/.derivedData/CompilationCache.noindex
cd /Users/admin/builder/spi-builder-workspace/.swiftpm/xcode
builtin-create-build-directory /Users/admin/builder/spi-builder-workspace/.derivedData/CompilationCache.noindex
ClangStatCache /Applications/Xcode-27.0.0-Release.Candidate.app/Contents/Developer/Toolchains/XcodeDefault.xctoolchain/usr/bin/clang-stat-cache /Applications/Xcode-27.0.0-Release.Candidate.app/Contents/Developer/Platforms/WatchOS.platform/Developer/SDKs/WatchOS27.0.sdk /Users/admin/builder/spi-builder-workspace/.derivedData/SDKStatCaches.noindex/watchos27.0-24R360-e829b21a6f8c9b70876ba0858053c04477534ef55a1706bf4c1112bbb242f0a2.sdkstatcache
cd /Users/admin/builder/spi-builder-workspace/.swiftpm/xcode
/Applications/Xcode-27.0.0-Release.Candidate.app/Contents/Developer/Toolchains/XcodeDefault.xctoolchain/usr/bin/clang-stat-cache /Applications/Xcode-27.0.0-Release.Candidate.app/Contents/Developer/Platforms/WatchOS.platform/Developer/SDKs/WatchOS27.0.sdk -o /Users/admin/builder/spi-builder-workspace/.derivedData/SDKStatCaches.noindex/watchos27.0-24R360-e829b21a6f8c9b70876ba0858053c04477534ef55a1706bf4c1112bbb242f0a2.sdkstatcache
CreateBuildDirectory /Users/admin/builder/spi-builder-workspace/.derivedData/Build/Products
cd /Users/admin/builder/spi-builder-workspace/.swiftpm/xcode
builtin-create-build-directory /Users/admin/builder/spi-builder-workspace/.derivedData/Build/Products
CreateBuildDirectory /Users/admin/builder/spi-builder-workspace/.derivedData/Build/Intermediates.noindex
cd /Users/admin/builder/spi-builder-workspace/.swiftpm/xcode
builtin-create-build-directory /Users/admin/builder/spi-builder-workspace/.derivedData/Build/Intermediates.noindex
CreateBuildDirectory /Users/admin/builder/spi-builder-workspace/.derivedData/Build/Intermediates.noindex/PrecompiledHeaders
cd /Users/admin/builder/spi-builder-workspace/.swiftpm/xcode
builtin-create-build-directory /Users/admin/builder/spi-builder-workspace/.derivedData/Build/Intermediates.noindex/PrecompiledHeaders
CreateBuildDirectory /Users/admin/builder/spi-builder-workspace/.derivedData/Build/Intermediates.noindex/ExplicitPrecompiledModules
cd /Users/admin/builder/spi-builder-workspace/.swiftpm/xcode
builtin-create-build-directory /Users/admin/builder/spi-builder-workspace/.derivedData/Build/Intermediates.noindex/ExplicitPrecompiledModules
CreateBuildDirectory /Users/admin/builder/spi-builder-workspace/.derivedData/Build/Intermediates.noindex/SwiftExplicitPrecompiledModules
cd /Users/admin/builder/spi-builder-workspace/.swiftpm/xcode
builtin-create-build-directory /Users/admin/builder/spi-builder-workspace/.derivedData/Build/Intermediates.noindex/SwiftExplicitPrecompiledModules
CreateBuildDirectory /Users/admin/builder/spi-builder-workspace/.derivedData/Build/Products/Debug-watchos
cd /Users/admin/builder/spi-builder-workspace/.swiftpm/xcode
builtin-create-build-directory /Users/admin/builder/spi-builder-workspace/.derivedData/Build/Products/Debug-watchos
CreateBuildDirectory /Users/admin/builder/spi-builder-workspace/.derivedData/Build/Intermediates.noindex/EagerLinkingTBDs/Debug-watchos
cd /Users/admin/builder/spi-builder-workspace/.swiftpm/xcode
builtin-create-build-directory /Users/admin/builder/spi-builder-workspace/.derivedData/Build/Intermediates.noindex/EagerLinkingTBDs/Debug-watchos
CreateBuildDirectory /Users/admin/builder/spi-builder-workspace/.derivedData/Build/Products/Debug-watchos/PackageFrameworks
cd /Users/admin/builder/spi-builder-workspace/.swiftpm/xcode
builtin-create-build-directory /Users/admin/builder/spi-builder-workspace/.derivedData/Build/Products/Debug-watchos/PackageFrameworks
WriteAuxiliaryFile /Users/admin/builder/spi-builder-workspace/.derivedData/Build/Intermediates.noindex/UnsplashFramework.build/Debug-watchos/UnsplashFramework-t.build/UnsplashFramework.modulemap (in target 'UnsplashFramework' from project 'UnsplashFramework')
cd /Users/admin/builder/spi-builder-workspace
write-file /Users/admin/builder/spi-builder-workspace/.derivedData/Build/Intermediates.noindex/UnsplashFramework.build/Debug-watchos/UnsplashFramework-t.build/UnsplashFramework.modulemap
WriteAuxiliaryFile /Users/admin/builder/spi-builder-workspace/.derivedData/Build/Intermediates.noindex/UnsplashFramework.build/Debug-watchos/UnsplashFramework-t.build/UnsplashFramework.DependencyStaticMetadataFileList (in target 'UnsplashFramework' from project 'UnsplashFramework')
cd /Users/admin/builder/spi-builder-workspace
write-file /Users/admin/builder/spi-builder-workspace/.derivedData/Build/Intermediates.noindex/UnsplashFramework.build/Debug-watchos/UnsplashFramework-t.build/UnsplashFramework.DependencyStaticMetadataFileList
WriteAuxiliaryFile /Users/admin/builder/spi-builder-workspace/.derivedData/Build/Intermediates.noindex/UnsplashFramework.build/Debug-watchos/UnsplashFramework-t.build/UnsplashFramework.DependencyMetadataFileList (in target 'UnsplashFramework' from project 'UnsplashFramework')
cd /Users/admin/builder/spi-builder-workspace
write-file /Users/admin/builder/spi-builder-workspace/.derivedData/Build/Intermediates.noindex/UnsplashFramework.build/Debug-watchos/UnsplashFramework-t.build/UnsplashFramework.DependencyMetadataFileList
WriteAuxiliaryFile /Users/admin/builder/spi-builder-workspace/.derivedData/Build/Intermediates.noindex/UnsplashFramework.build/Debug-watchos/UnsplashFramework-t.build/Objects-normal/arm64_32/UnsplashFramework.SwiftFileList (in target 'UnsplashFramework' from project 'UnsplashFramework')
cd /Users/admin/builder/spi-builder-workspace
write-file /Users/admin/builder/spi-builder-workspace/.derivedData/Build/Intermediates.noindex/UnsplashFramework.build/Debug-watchos/UnsplashFramework-t.build/Objects-normal/arm64_32/UnsplashFramework.SwiftFileList
WriteAuxiliaryFile /Users/admin/builder/spi-builder-workspace/.derivedData/Build/Intermediates.noindex/UnsplashFramework.build/Debug-watchos/UnsplashFramework-t.build/Objects-normal/arm64_32/UnsplashFramework_const_extract_protocols.json (in target 'UnsplashFramework' from project 'UnsplashFramework')
cd /Users/admin/builder/spi-builder-workspace
write-file /Users/admin/builder/spi-builder-workspace/.derivedData/Build/Intermediates.noindex/UnsplashFramework.build/Debug-watchos/UnsplashFramework-t.build/Objects-normal/arm64_32/UnsplashFramework_const_extract_protocols.json
WriteAuxiliaryFile /Users/admin/builder/spi-builder-workspace/.derivedData/Build/Intermediates.noindex/UnsplashFramework.build/Debug-watchos/UnsplashFramework-t.build/Objects-normal/arm64_32/UnsplashFramework.SwiftConstValuesFileList (in target 'UnsplashFramework' from project 'UnsplashFramework')
cd /Users/admin/builder/spi-builder-workspace
write-file /Users/admin/builder/spi-builder-workspace/.derivedData/Build/Intermediates.noindex/UnsplashFramework.build/Debug-watchos/UnsplashFramework-t.build/Objects-normal/arm64_32/UnsplashFramework.SwiftConstValuesFileList
WriteAuxiliaryFile /Users/admin/builder/spi-builder-workspace/.derivedData/Build/Intermediates.noindex/UnsplashFramework.build/Debug-watchos/UnsplashFramework-t.build/Objects-normal/arm64_32/UnsplashFramework-OutputFileMap.json (in target 'UnsplashFramework' from project 'UnsplashFramework')
cd /Users/admin/builder/spi-builder-workspace
write-file /Users/admin/builder/spi-builder-workspace/.derivedData/Build/Intermediates.noindex/UnsplashFramework.build/Debug-watchos/UnsplashFramework-t.build/Objects-normal/arm64_32/UnsplashFramework-OutputFileMap.json
WriteAuxiliaryFile /Users/admin/builder/spi-builder-workspace/.derivedData/Build/Intermediates.noindex/UnsplashFramework.build/Debug-watchos/UnsplashFramework-t.build/Objects-normal/arm64/UnsplashFramework_const_extract_protocols.json (in target 'UnsplashFramework' from project 'UnsplashFramework')
cd /Users/admin/builder/spi-builder-workspace
write-file /Users/admin/builder/spi-builder-workspace/.derivedData/Build/Intermediates.noindex/UnsplashFramework.build/Debug-watchos/UnsplashFramework-t.build/Objects-normal/arm64/UnsplashFramework_const_extract_protocols.json
WriteAuxiliaryFile /Users/admin/builder/spi-builder-workspace/.derivedData/Build/Intermediates.noindex/UnsplashFramework.build/Debug-watchos/UnsplashFramework-t.build/Objects-normal/arm64_32/UnsplashFramework.LinkFileList (in target 'UnsplashFramework' from project 'UnsplashFramework')
cd /Users/admin/builder/spi-builder-workspace
write-file /Users/admin/builder/spi-builder-workspace/.derivedData/Build/Intermediates.noindex/UnsplashFramework.build/Debug-watchos/UnsplashFramework-t.build/Objects-normal/arm64_32/UnsplashFramework.LinkFileList
WriteAuxiliaryFile /Users/admin/builder/spi-builder-workspace/.derivedData/Build/Intermediates.noindex/UnsplashFramework.build/Debug-watchos/UnsplashFramework-t.build/Objects-normal/arm64/UnsplashFramework.SwiftFileList (in target 'UnsplashFramework' from project 'UnsplashFramework')
cd /Users/admin/builder/spi-builder-workspace
write-file /Users/admin/builder/spi-builder-workspace/.derivedData/Build/Intermediates.noindex/UnsplashFramework.build/Debug-watchos/UnsplashFramework-t.build/Objects-normal/arm64/UnsplashFramework.SwiftFileList
WriteAuxiliaryFile /Users/admin/builder/spi-builder-workspace/.derivedData/Build/Intermediates.noindex/UnsplashFramework.build/Debug-watchos/UnsplashFramework-t.build/Objects-normal/arm64/UnsplashFramework.SwiftConstValuesFileList (in target 'UnsplashFramework' from project 'UnsplashFramework')
cd /Users/admin/builder/spi-builder-workspace
write-file /Users/admin/builder/spi-builder-workspace/.derivedData/Build/Intermediates.noindex/UnsplashFramework.build/Debug-watchos/UnsplashFramework-t.build/Objects-normal/arm64/UnsplashFramework.SwiftConstValuesFileList
WriteAuxiliaryFile /Users/admin/builder/spi-builder-workspace/.derivedData/Build/Intermediates.noindex/UnsplashFramework.build/Debug-watchos/UnsplashFramework-t.build/Objects-normal/arm64/UnsplashFramework.LinkFileList (in target 'UnsplashFramework' from project 'UnsplashFramework')
cd /Users/admin/builder/spi-builder-workspace
write-file /Users/admin/builder/spi-builder-workspace/.derivedData/Build/Intermediates.noindex/UnsplashFramework.build/Debug-watchos/UnsplashFramework-t.build/Objects-normal/arm64/UnsplashFramework.LinkFileList
WriteAuxiliaryFile /Users/admin/builder/spi-builder-workspace/.derivedData/Build/Intermediates.noindex/UnsplashFramework.build/Debug-watchos/UnsplashFramework-t.build/Objects-normal/arm64/UnsplashFramework-OutputFileMap.json (in target 'UnsplashFramework' from project 'UnsplashFramework')
cd /Users/admin/builder/spi-builder-workspace
write-file /Users/admin/builder/spi-builder-workspace/.derivedData/Build/Intermediates.noindex/UnsplashFramework.build/Debug-watchos/UnsplashFramework-t.build/Objects-normal/arm64/UnsplashFramework-OutputFileMap.json
Copy /Users/admin/builder/spi-builder-workspace/.derivedData/Build/Intermediates.noindex/GeneratedModuleMaps-watchos/UnsplashFramework.modulemap /Users/admin/builder/spi-builder-workspace/.derivedData/Build/Intermediates.noindex/UnsplashFramework.build/Debug-watchos/UnsplashFramework-t.build/UnsplashFramework.modulemap (in target 'UnsplashFramework' from project 'UnsplashFramework')
cd /Users/admin/builder/spi-builder-workspace
builtin-copy -exclude .DS_Store -exclude CVS -exclude .svn -exclude .git -exclude .hg -resolve-src-symlinks /Users/admin/builder/spi-builder-workspace/.derivedData/Build/Intermediates.noindex/UnsplashFramework.build/Debug-watchos/UnsplashFramework-t.build/UnsplashFramework.modulemap /Users/admin/builder/spi-builder-workspace/.derivedData/Build/Intermediates.noindex/GeneratedModuleMaps-watchos
SwiftDriver UnsplashFramework normal arm64_32 com.apple.xcode.tools.swift.compiler (in target 'UnsplashFramework' from project 'UnsplashFramework')
cd /Users/admin/builder/spi-builder-workspace/.swiftpm/xcode
builtin-SwiftDriver -- /Applications/Xcode-27.0.0-Release.Candidate.app/Contents/Developer/Toolchains/XcodeDefault.xctoolchain/usr/bin/swiftc -parse-as-library -module-name UnsplashFramework -Onone @/Users/admin/builder/spi-builder-workspace/.derivedData/Build/Intermediates.noindex/UnsplashFramework.build/Debug-watchos/UnsplashFramework-t.build/Objects-normal/arm64_32/UnsplashFramework.SwiftFileList -DSWIFT_PACKAGE -DDEBUG -DSWIFT_MODULE_RESOURCE_BUNDLE_UNAVAILABLE -DXcode -plugin-path /Applications/Xcode-27.0.0-Release.Candidate.app/Contents/Developer/Toolchains/XcodeDefault.xctoolchain/usr/lib/swift/host/plugins/testing -enable-experimental-feature DebugDescriptionMacro -sdk /Applications/Xcode-27.0.0-Release.Candidate.app/Contents/Developer/Platforms/WatchOS.platform/Developer/SDKs/WatchOS27.0.sdk -target arm64_32-apple-watchos9.0 -g -module-cache-path /Users/admin/builder/spi-builder-workspace/.derivedData/ModuleCache.noindex -Xfrontend -serialize-debugging-options -profile-coverage-mapping -profile-generate -enable-testing -index-store-path /Users/admin/builder/spi-builder-workspace/.derivedData/Index.noindex/DataStore -Xcc -D_LIBCPP_HARDENING_MODE\=_LIBCPP_HARDENING_MODE_DEBUG -swift-version 5 -I /Users/admin/builder/spi-builder-workspace/.derivedData/Build/Products/Debug-watchos -Isystem /Applications/Xcode-27.0.0-Release.Candidate.app/Contents/Developer/Platforms/WatchOS.platform/Developer/usr/lib -F /Users/admin/builder/spi-builder-workspace/.derivedData/Build/Products/Debug-watchos -F /Applications/Xcode-27.0.0-Release.Candidate.app/Contents/Developer/Platforms/WatchOS.platform/Developer/Library/Frameworks -F /Applications/Xcode-27.0.0-Release.Candidate.app/Contents/Developer/Platforms/WatchOS.platform/Developer/SDKs/WatchOS27.0.sdk/Developer/Library/Frameworks -c -j10 -enable-batch-mode -incremental -Xcc -ivfsstatcache -Xcc /Users/admin/builder/spi-builder-workspace/.derivedData/SDKStatCaches.noindex/watchos27.0-24R360-e829b21a6f8c9b70876ba0858053c04477534ef55a1706bf4c1112bbb242f0a2.sdkstatcache -output-file-map /Users/admin/builder/spi-builder-workspace/.derivedData/Build/Intermediates.noindex/UnsplashFramework.build/Debug-watchos/UnsplashFramework-t.build/Objects-normal/arm64_32/UnsplashFramework-OutputFileMap.json -save-temps -no-color-diagnostics -explicit-module-build -module-cache-path /Users/admin/builder/spi-builder-workspace/.derivedData/Build/Intermediates.noindex/SwiftExplicitPrecompiledModules -clang-scanner-module-cache-path /Users/admin/builder/spi-builder-workspace/.derivedData/ModuleCache.noindex -sdk-module-cache-path /Users/admin/builder/spi-builder-workspace/.derivedData/SDKExplicitPrecompiledModules -emit-dependencies -emit-module -emit-module-path /Users/admin/builder/spi-builder-workspace/.derivedData/Build/Intermediates.noindex/UnsplashFramework.build/Debug-watchos/UnsplashFramework-t.build/Objects-normal/arm64_32/UnsplashFramework.swiftmodule -serialize-diagnostics -dependency-scan-serialize-diagnostics-path /Users/admin/builder/spi-builder-workspace/.derivedData/Build/Intermediates.noindex/UnsplashFramework.build/Debug-watchos/UnsplashFramework-t.build/Objects-normal/arm64_32/UnsplashFramework-dependency-scan.dia -validate-clang-modules-once -clang-build-session-file /Users/admin/builder/spi-builder-workspace/.derivedData/ModuleCache.noindex/Session.modulevalidation -Xcc -fmodules-prune-interval\=86400 -Xcc -fmodules-prune-after\=345600 -emit-const-values -const-gather-protocols-list /Users/admin/builder/spi-builder-workspace/.derivedData/Build/Intermediates.noindex/UnsplashFramework.build/Debug-watchos/UnsplashFramework-t.build/Objects-normal/arm64_32/UnsplashFramework_const_extract_protocols.json -Xcc -I/Users/admin/builder/spi-builder-workspace/.derivedData/Build/Products/Debug-watchos/include -Xcc -I/Users/admin/builder/spi-builder-workspace/.derivedData/Build/Intermediates.noindex/UnsplashFramework.build/Debug-watchos/UnsplashFramework-t.build/DerivedSources-normal/arm64_32 -Xcc -I/Users/admin/builder/spi-builder-workspace/.derivedData/Build/Intermediates.noindex/UnsplashFramework.build/Debug-watchos/UnsplashFramework-t.build/DerivedSources/arm64_32 -Xcc -I/Users/admin/builder/spi-builder-workspace/.derivedData/Build/Intermediates.noindex/UnsplashFramework.build/Debug-watchos/UnsplashFramework-t.build/DerivedSources -Xcc -DSWIFT_PACKAGE -Xcc -DDEBUG\=1 -emit-objc-header -emit-objc-header-path /Users/admin/builder/spi-builder-workspace/.derivedData/Build/Intermediates.noindex/UnsplashFramework.build/Debug-watchos/UnsplashFramework-t.build/Objects-normal/arm64_32/UnsplashFramework-Swift.h -working-directory /Users/admin/builder/spi-builder-workspace/.swiftpm/xcode -experimental-emit-module-separately -disable-cmo
/Users/admin/builder/spi-builder-workspace/Sources/Managers/UNAPI.swift:25:8: error: Unable to resolve module dependency: 'Metal' (in target 'UnsplashFramework' from project 'UnsplashFramework')
note: A dependency of main module 'UnsplashFramework'
/Users/admin/builder/spi-builder-workspace/Sources/Managers/UNAPI.swift:25:8: note: A dependency of main module 'UnsplashFramework'
import Metal
^ (in target 'UnsplashFramework' from project 'UnsplashFramework')
SwiftDriver UnsplashFramework normal arm64 com.apple.xcode.tools.swift.compiler (in target 'UnsplashFramework' from project 'UnsplashFramework')
cd /Users/admin/builder/spi-builder-workspace/.swiftpm/xcode
builtin-SwiftDriver -- /Applications/Xcode-27.0.0-Release.Candidate.app/Contents/Developer/Toolchains/XcodeDefault.xctoolchain/usr/bin/swiftc -parse-as-library -module-name UnsplashFramework -Onone @/Users/admin/builder/spi-builder-workspace/.derivedData/Build/Intermediates.noindex/UnsplashFramework.build/Debug-watchos/UnsplashFramework-t.build/Objects-normal/arm64/UnsplashFramework.SwiftFileList -DSWIFT_PACKAGE -DDEBUG -DSWIFT_MODULE_RESOURCE_BUNDLE_UNAVAILABLE -DXcode -plugin-path /Applications/Xcode-27.0.0-Release.Candidate.app/Contents/Developer/Toolchains/XcodeDefault.xctoolchain/usr/lib/swift/host/plugins/testing -enable-experimental-feature DebugDescriptionMacro -sdk /Applications/Xcode-27.0.0-Release.Candidate.app/Contents/Developer/Platforms/WatchOS.platform/Developer/SDKs/WatchOS27.0.sdk -target arm64-apple-watchos9.0 -g -module-cache-path /Users/admin/builder/spi-builder-workspace/.derivedData/ModuleCache.noindex -Xfrontend -serialize-debugging-options -profile-coverage-mapping -profile-generate -enable-testing -index-store-path /Users/admin/builder/spi-builder-workspace/.derivedData/Index.noindex/DataStore -Xcc -D_LIBCPP_HARDENING_MODE\=_LIBCPP_HARDENING_MODE_DEBUG -swift-version 5 -I /Users/admin/builder/spi-builder-workspace/.derivedData/Build/Products/Debug-watchos -Isystem /Applications/Xcode-27.0.0-Release.Candidate.app/Contents/Developer/Platforms/WatchOS.platform/Developer/usr/lib -F /Users/admin/builder/spi-builder-workspace/.derivedData/Build/Products/Debug-watchos -F /Applications/Xcode-27.0.0-Release.Candidate.app/Contents/Developer/Platforms/WatchOS.platform/Developer/Library/Frameworks -F /Applications/Xcode-27.0.0-Release.Candidate.app/Contents/Developer/Platforms/WatchOS.platform/Developer/SDKs/WatchOS27.0.sdk/Developer/Library/Frameworks -c -j10 -enable-batch-mode -incremental -Xcc -ivfsstatcache -Xcc /Users/admin/builder/spi-builder-workspace/.derivedData/SDKStatCaches.noindex/watchos27.0-24R360-e829b21a6f8c9b70876ba0858053c04477534ef55a1706bf4c1112bbb242f0a2.sdkstatcache -output-file-map /Users/admin/builder/spi-builder-workspace/.derivedData/Build/Intermediates.noindex/UnsplashFramework.build/Debug-watchos/UnsplashFramework-t.build/Objects-normal/arm64/UnsplashFramework-OutputFileMap.json -save-temps -no-color-diagnostics -explicit-module-build -module-cache-path /Users/admin/builder/spi-builder-workspace/.derivedData/Build/Intermediates.noindex/SwiftExplicitPrecompiledModules -clang-scanner-module-cache-path /Users/admin/builder/spi-builder-workspace/.derivedData/ModuleCache.noindex -sdk-module-cache-path /Users/admin/builder/spi-builder-workspace/.derivedData/SDKExplicitPrecompiledModules -emit-dependencies -emit-module -emit-module-path /Users/admin/builder/spi-builder-workspace/.derivedData/Build/Intermediates.noindex/UnsplashFramework.build/Debug-watchos/UnsplashFramework-t.build/Objects-normal/arm64/UnsplashFramework.swiftmodule -serialize-diagnostics -dependency-scan-serialize-diagnostics-path /Users/admin/builder/spi-builder-workspace/.derivedData/Build/Intermediates.noindex/UnsplashFramework.build/Debug-watchos/UnsplashFramework-t.build/Objects-normal/arm64/UnsplashFramework-dependency-scan.dia -validate-clang-modules-once -clang-build-session-file /Users/admin/builder/spi-builder-workspace/.derivedData/ModuleCache.noindex/Session.modulevalidation -Xcc -fmodules-prune-interval\=86400 -Xcc -fmodules-prune-after\=345600 -emit-const-values -const-gather-protocols-list /Users/admin/builder/spi-builder-workspace/.derivedData/Build/Intermediates.noindex/UnsplashFramework.build/Debug-watchos/UnsplashFramework-t.build/Objects-normal/arm64/UnsplashFramework_const_extract_protocols.json -Xcc -I/Users/admin/builder/spi-builder-workspace/.derivedData/Build/Products/Debug-watchos/include -Xcc -I/Users/admin/builder/spi-builder-workspace/.derivedData/Build/Intermediates.noindex/UnsplashFramework.build/Debug-watchos/UnsplashFramework-t.build/DerivedSources-normal/arm64 -Xcc -I/Users/admin/builder/spi-builder-workspace/.derivedData/Build/Intermediates.noindex/UnsplashFramework.build/Debug-watchos/UnsplashFramework-t.build/DerivedSources/arm64 -Xcc -I/Users/admin/builder/spi-builder-workspace/.derivedData/Build/Intermediates.noindex/UnsplashFramework.build/Debug-watchos/UnsplashFramework-t.build/DerivedSources -Xcc -DSWIFT_PACKAGE -Xcc -DDEBUG\=1 -emit-objc-header -emit-objc-header-path /Users/admin/builder/spi-builder-workspace/.derivedData/Build/Intermediates.noindex/UnsplashFramework.build/Debug-watchos/UnsplashFramework-t.build/Objects-normal/arm64/UnsplashFramework-Swift.h -working-directory /Users/admin/builder/spi-builder-workspace/.swiftpm/xcode -experimental-emit-module-separately -disable-cmo
/Users/admin/builder/spi-builder-workspace/Sources/Managers/UNAPI.swift:25:8: error: Unable to resolve module dependency: 'Metal' (in target 'UnsplashFramework' from project 'UnsplashFramework')
note: A dependency of main module 'UnsplashFramework'
/Users/admin/builder/spi-builder-workspace/Sources/Managers/UNAPI.swift:25:8: note: A dependency of main module 'UnsplashFramework'
import Metal
^ (in target 'UnsplashFramework' from project 'UnsplashFramework')
PruneExplicitPrecompiledModules /Users/admin/builder/spi-builder-workspace/.derivedData/Build/Intermediates.noindex/ExplicitPrecompiledModules
PruneExplicitPrecompiledModules /Users/admin/builder/spi-builder-workspace/.derivedData/Build/Intermediates.noindex/SwiftExplicitPrecompiledModules
PruneExplicitPrecompiledModules /Users/admin/builder/spi-builder-workspace/.derivedData/SDKExplicitPrecompiledModules
2026-09-18 13:19:06.411 xcodebuild[664:4287] [MT] IDERunDestination: Supported platforms for the buildables in the current scheme is empty.
** BUILD FAILED **
The following build commands failed:
SwiftDriver UnsplashFramework normal arm64_32 com.apple.xcode.tools.swift.compiler (in target 'UnsplashFramework' from project 'UnsplashFramework')
SwiftDriver UnsplashFramework normal arm64 com.apple.xcode.tools.swift.compiler (in target 'UnsplashFramework' from project 'UnsplashFramework')
Building workspace UnsplashFramework with scheme UnsplashFramework
(3 failures)
Command line invocation:
/Applications/Xcode-27.0.0-Release.Candidate.app/Contents/Developer/usr/bin/xcodebuild -IDEClonedSourcePackagesDirPathOverride=/Users/admin/builder/spi-builder-workspace/.dependencies -resolvePackageDependencies
Resolve Package Graph
Resolved source packages:
UnsplashFramework: /Users/admin/builder/spi-builder-workspace
resolved source packages: UnsplashFramework
2026-09-18 13:19:09.482 xcodebuild[679:4494] [MT] IDERunDestination: Supported platforms for the buildables in the current scheme is empty.
{
"dependencies" : [
],
"manifest_display_name" : "UnsplashFramework",
"name" : "UnsplashFramework",
"path" : "/Users/admin/builder/spi-builder-workspace",
"platforms" : [
{
"name" : "ios",
"version" : "15.0"
},
{
"name" : "macos",
"version" : "12.0"
}
],
"products" : [
{
"name" : "UnsplashFramework",
"targets" : [
"UnsplashFramework"
],
"type" : {
"library" : [
"automatic"
]
}
}
],
"targets" : [
{
"c99name" : "UnsplashFramework",
"module_type" : "SwiftTarget",
"name" : "UnsplashFramework",
"path" : "Sources",
"product_memberships" : [
"UnsplashFramework"
],
"sources" : [
"Endpoint.swift",
"Extensions/CLLocationCoordinate2D+Extensions.swift",
"Extensions/JSONDecoder+Extensions.swift",
"Extensions/UNPhoto+Extensions.swift",
"Extensions/URLComponents+Extensions.swift",
"Extensions/URLRequest+Extensions.swift",
"Managers/QueryManager.swift",
"Managers/UNAPI.swift",
"Managers/UNClient.swift",
"Model Entities/ResponseStatusCode.swift",
"Model Entities/UNBadge.swift",
"Model Entities/UNBasicPhoto.swift",
"Model Entities/UNCameraDetails.swift",
"Model Entities/UNCategory.swift",
"Model Entities/UNCategoryAPILocations.swift",
"Model Entities/UNCollection.swift",
"Model Entities/UNCollectionAPILocations.swift",
"Model Entities/UNContentSafetyFilter.swift",
"Model Entities/UNCredentials.swift",
"Model Entities/UNError.swift",
"Model Entities/UNFullPhoto.swift",
"Model Entities/UNLocation.swift",
"Model Entities/UNModifyPhotoInCollectionResponse.swift",
"Model Entities/UNOrder.swift",
"Model Entities/UNPhoto.swift",
"Model Entities/UNPhotoAPILocations.swift",
"Model Entities/UNPhotoColorScheme.swift",
"Model Entities/UNPhotoImageURLs.swift",
"Model Entities/UNPhotoOrientation.swift",
"Model Entities/UNPhotoSearchResult.swift",
"Model Entities/UNPhotoStatistics.swift",
"Model Entities/UNProfileImageLinks.swift",
"Model Entities/UNSearchResult.swift",
"Model Entities/UNSocialProfiles.swift",
"Model Entities/UNSort.swift",
"Model Entities/UNStatistics.swift",
"Model Entities/UNTag.swift",
"Model Entities/UNTopic.swift",
"Model Entities/UNTopicAPILocations.swift",
"Model Entities/UNTopicSort.swift",
"Model Entities/UNURLWrapper.swift",
"Model Entities/UNUser.swift",
"Model Entities/UNUserAPILocations.swift",
"Model Entities/UNUserInterests.swift",
"Model Entities/UNUserProfileLinks.swift",
"Model Entities/UNUserPublicProfile.swift",
"Model Entities/UNUserStatistics.swift",
"Parameters/Parameters.swift",
"Parameters/UNAddPhotoToCollectionParameters.swift",
"Parameters/UNCollectionListParameters.swift",
"Parameters/UNCollectionPhotosParameters.swift",
"Parameters/UNCollectionSearchParameters.swift",
"Parameters/UNNewCollectionParameters.swift",
"Parameters/UNPhotoListParameters.swift",
"Parameters/UNPhotoSearchParameters.swift",
"Parameters/UNRandomPhotoParameters.swift",
"Parameters/UNStatisticsParameters.swift",
"Parameters/UNTopicListParameters.swift",
"Parameters/UNTopicPhotosParameters.swift",
"Parameters/UNUpdateCollectionParameters.swift",
"Parameters/UNUpdatePhotoInfoParameters.swift",
"Parameters/UNUserCollectionsParameters.swift",
"Parameters/UNUserLikesParameters.swift",
"Parameters/UNUserPhotosParameters.swift",
"Parameters/UNUserPublicProfileParameters.swift",
"Parameters/UNUserSearchParameters.swift",
"SearchType.swift"
],
"type" : "library"
},
{
"c99name" : "Tests",
"module_type" : "SwiftTarget",
"name" : "Tests",
"path" : "Tests",
"resources" : [
{
"path" : "/Users/admin/builder/spi-builder-workspace/Tests/JSON Mock responses/AddRemovePhotoInCollection.json",
"rule" : {
"process" : {
}
}
},
{
"path" : "/Users/admin/builder/spi-builder-workspace/Tests/JSON Mock responses/Badge.json",
"rule" : {
"process" : {
}
}
},
{
"path" : "/Users/admin/builder/spi-builder-workspace/Tests/JSON Mock responses/CLLocationCoordinates2D.json",
"rule" : {
"process" : {
}
}
},
{
"path" : "/Users/admin/builder/spi-builder-workspace/Tests/JSON Mock responses/CameraDetails.json",
"rule" : {
"process" : {
}
}
},
{
"path" : "/Users/admin/builder/spi-builder-workspace/Tests/JSON Mock responses/CollectionA.json",
"rule" : {
"process" : {
}
}
},
{
"path" : "/Users/admin/builder/spi-builder-workspace/Tests/JSON Mock responses/CollectionB.json",
"rule" : {
"process" : {
}
}
},
{
"path" : "/Users/admin/builder/spi-builder-workspace/Tests/JSON Mock responses/CollectionList.json",
"rule" : {
"process" : {
}
}
},
{
"path" : "/Users/admin/builder/spi-builder-workspace/Tests/JSON Mock responses/Location.json",
"rule" : {
"process" : {
}
}
},
{
"path" : "/Users/admin/builder/spi-builder-workspace/Tests/JSON Mock responses/LocationWithNulls.json",
"rule" : {
"process" : {
}
}
},
{
"path" : "/Users/admin/builder/spi-builder-workspace/Tests/JSON Mock responses/PhotoA.json",
"rule" : {
"process" : {
}
}
},
{
"path" : "/Users/admin/builder/spi-builder-workspace/Tests/JSON Mock responses/PhotoB.json",
"rule" : {
"process" : {
}
}
},
{
"path" : "/Users/admin/builder/spi-builder-workspace/Tests/JSON Mock responses/PhotoStatistics.json",
"rule" : {
"process" : {
}
}
},
{
"path" : "/Users/admin/builder/spi-builder-workspace/Tests/JSON Mock responses/PhotosInCollection.json",
"rule" : {
"process" : {
}
}
},
{
"path" : "/Users/admin/builder/spi-builder-workspace/Tests/JSON Mock responses/PhotosOfTopic.json",
"rule" : {
"process" : {
}
}
},
{
"path" : "/Users/admin/builder/spi-builder-workspace/Tests/JSON Mock responses/ProfileImageLinks.json",
"rule" : {
"process" : {
}
}
},
{
"path" : "/Users/admin/builder/spi-builder-workspace/Tests/JSON Mock responses/RandomPhotosByCollectionIDs.json",
"rule" : {
"process" : {
}
}
},
{
"path" : "/Users/admin/builder/spi-builder-workspace/Tests/JSON Mock responses/RandomPhotosByQuery.json",
"rule" : {
"process" : {
}
}
},
{
"path" : "/Users/admin/builder/spi-builder-workspace/Tests/JSON Mock responses/RelatedCollections.json",
"rule" : {
"process" : {
}
}
},
{
"path" : "/Users/admin/builder/spi-builder-workspace/Tests/JSON Mock responses/Social.json",
"rule" : {
"process" : {
}
}
},
{
"path" : "/Users/admin/builder/spi-builder-workspace/Tests/JSON Mock responses/SocialWithNulls.json",
"rule" : {
"process" : {
}
}
},
{
"path" : "/Users/admin/builder/spi-builder-workspace/Tests/JSON Mock responses/StandardPhotoList.json",
"rule" : {
"process" : {
}
}
},
{
"path" : "/Users/admin/builder/spi-builder-workspace/Tests/JSON Mock responses/StandardSearchCollectionResult.json",
"rule" : {
"process" : {
}
}
},
{
"path" : "/Users/admin/builder/spi-builder-workspace/Tests/JSON Mock responses/StandardSearchPhotoResult.json",
"rule" : {
"process" : {
}
}
},
{
"path" : "/Users/admin/builder/spi-builder-workspace/Tests/JSON Mock responses/StandardSearchUserResult.json",
"rule" : {
"process" : {
}
}
},
{
"path" : "/Users/admin/builder/spi-builder-workspace/Tests/JSON Mock responses/StandardTopicList.json",
"rule" : {
"process" : {
}
}
},
{
"path" : "/Users/admin/builder/spi-builder-workspace/Tests/JSON Mock responses/Topic.json",
"rule" : {
"process" : {
}
}
},
{
"path" : "/Users/admin/builder/spi-builder-workspace/Tests/JSON Mock responses/TrackPhotoDownload.json",
"rule" : {
"process" : {
}
}
},
{
"path" : "/Users/admin/builder/spi-builder-workspace/Tests/JSON Mock responses/URLWrapper.json",
"rule" : {
"process" : {
}
}
},
{
"path" : "/Users/admin/builder/spi-builder-workspace/Tests/JSON Mock responses/URLWrapperEmpty.json",
"rule" : {
"process" : {
}
}
},
{
"path" : "/Users/admin/builder/spi-builder-workspace/Tests/JSON Mock responses/UserCollections.json",
"rule" : {
"process" : {
}
}
},
{
"path" : "/Users/admin/builder/spi-builder-workspace/Tests/JSON Mock responses/UserInterests.json",
"rule" : {
"process" : {
}
}
},
{
"path" : "/Users/admin/builder/spi-builder-workspace/Tests/JSON Mock responses/UserLikes.json",
"rule" : {
"process" : {
}
}
},
{
"path" : "/Users/admin/builder/spi-builder-workspace/Tests/JSON Mock responses/UserPhotos.json",
"rule" : {
"process" : {
}
}
},
{
"path" : "/Users/admin/builder/spi-builder-workspace/Tests/JSON Mock responses/UserProfileLinks.json",
"rule" : {
"process" : {
}
}
},
{
"path" : "/Users/admin/builder/spi-builder-workspace/Tests/JSON Mock responses/UserPublicProfileResponse.json",
"rule" : {
"process" : {
}
}
},
{
"path" : "/Users/admin/builder/spi-builder-workspace/Tests/JSON Mock responses/UserPublicProfileWithNulls.json",
"rule" : {
"process" : {
}
}
},
{
"path" : "/Users/admin/builder/spi-builder-workspace/Tests/JSON Mock responses/UserStatistics.json",
"rule" : {
"process" : {
}
}
}
],
"sources" : [
"Extensions Tests/CLLocationCoordinates2DTests.swift",
"Extensions Tests/UNPhotoExtensionTests.swift",
"Extensions Tests/URLRequestExtensionsTests.swift",
"Helpers/DemoData.swift",
"JSONParsingTests.swift",
"Manager Tests/UNAPITests.swift",
"Manager Tests/UNClientTests.swift",
"Mocking Classes/MockQueryManager.swift",
"Mocking Classes/MockURLProtocol.swift",
"Mocking Classes/MockURLResponse.swift",
"Mocking Classes/MockURLSession.swift",
"Mocking Classes/UNAPITester.swift",
"Model Entities Tests/UNBadgeTests.swift",
"Model Entities Tests/UNCameraDetailsTests.swift",
"Model Entities Tests/UNCategoryAPILocationsTests.swift",
"Model Entities Tests/UNCategoryTests.swift",
"Model Entities Tests/UNCollectionAPILocationsTests.swift",
"Model Entities Tests/UNCollectionTests.swift",
"Model Entities Tests/UNErrorReasonTests.swift",
"Model Entities Tests/UNFullPhotoTests.swift",
"Model Entities Tests/UNLocationTests.swift",
"Model Entities Tests/UNPhotoAPILocationsTests.swift",
"Model Entities Tests/UNPhotoImageURLsTests.swift",
"Model Entities Tests/UNPhotoStatisticsTests.swift",
"Model Entities Tests/UNPhotoTests.swift",
"Model Entities Tests/UNProfileImageLinksTests.swift",
"Model Entities Tests/UNSocialProfilesTests.swift",
"Model Entities Tests/UNUserAPILocationsTests.swift",
"Model Entities Tests/UNUserInterestsTests.swift",
"Model Entities Tests/UNUserProfileLinksTests.swift",
"Model Entities Tests/UNUserPublicProfileTests.swift",
"Model Entities Tests/UNUserStatisticsTests.swift",
"Model Entities Tests/UNUserTests.swift",
"Model Entities Tests/URLWrapperTests.swift",
"Parameters Tests/UNCollectionListParametersTests.swift",
"Parameters Tests/UNCollectionPhotosParametersTests.swift",
"Parameters Tests/UNCollectionSearchParametersTests.swift",
"Parameters Tests/UNModifyPhotoToCollectionParametersTests.swift",
"Parameters Tests/UNNewCollectionParametersTests.swift",
"Parameters Tests/UNPhotoListParametersTests.swift",
"Parameters Tests/UNPhotoSearchParametersTests.swift",
"Parameters Tests/UNStatisticsParametersTests.swift",
"Parameters Tests/UNTopicListParametersTests.swift",
"Parameters Tests/UNUpdateCollectionParametersTests.swift",
"Parameters Tests/UNUpdatePhotoInfoParametersTests.swift",
"Parameters Tests/UNUserCollectionsParametersTests.swift",
"Parameters Tests/UNUserLikesParametersTests.swift",
"Parameters Tests/UNUserSearchParametersTests.swift"
],
"target_dependencies" : [
"UnsplashFramework"
],
"type" : "test"
}
],
"tools_version" : "5.6"
}
{
"workspace" : {
"name" : "UnsplashFramework",
"schemes" : [
"UnsplashFramework"
]
}
}
2026-09-18 13:19:10.704 xcodebuild[687:4556] [MT] IDERunDestination: Supported platforms for the buildables in the current scheme is empty.
Running build ...
env DEVELOPER_DIR=/Applications/Xcode-27.0.0-Release.Candidate.app xcrun xcodebuild -IDEClonedSourcePackagesDirPathOverride=$PWD/.dependencies -skipMacroValidation -skipPackagePluginValidation -derivedDataPath $PWD/.derivedData build -scheme UnsplashFramework -destination generic/platform=watchOS
Command line invocation:
/Applications/Xcode-27.0.0-Release.Candidate.app/Contents/Developer/usr/bin/xcodebuild -IDEClonedSourcePackagesDirPathOverride=/Users/admin/builder/spi-builder-workspace/.dependencies -skipMacroValidation -skipPackagePluginValidation -derivedDataPath /Users/admin/builder/spi-builder-workspace/.derivedData build -scheme UnsplashFramework -destination generic/platform=watchOS
Resolve Package Graph
Resolved source packages:
UnsplashFramework: /Users/admin/builder/spi-builder-workspace
ComputePackagePrebuildTargetDependencyGraph
Prepare packages
CreateBuildRequest
SendProjectDescription
CreateBuildOperation
ComputeTargetDependencyGraph
note: Building targets in dependency order
note: Target dependency graph (2 targets)
Target 'UnsplashFramework-product' in project 'UnsplashFramework'
➜ Explicit dependency on target 'UnsplashFramework' in project 'UnsplashFramework'
Target 'UnsplashFramework' in project 'UnsplashFramework' (no dependencies)
GatherProvisioningInputs
CreateBuildDescription
ClangStatCache /Applications/Xcode-27.0.0-Release.Candidate.app/Contents/Developer/Toolchains/XcodeDefault.xctoolchain/usr/bin/clang-stat-cache /Applications/Xcode-27.0.0-Release.Candidate.app/Contents/Developer/Platforms/WatchOS.platform/Developer/SDKs/WatchOS27.0.sdk /Users/admin/builder/spi-builder-workspace/.derivedData/SDKStatCaches.noindex/watchos27.0-24R360-e829b21a6f8c9b70876ba0858053c04477534ef55a1706bf4c1112bbb242f0a2.sdkstatcache
cd /Users/admin/builder/spi-builder-workspace/.swiftpm/xcode
/Applications/Xcode-27.0.0-Release.Candidate.app/Contents/Developer/Toolchains/XcodeDefault.xctoolchain/usr/bin/clang-stat-cache /Applications/Xcode-27.0.0-Release.Candidate.app/Contents/Developer/Platforms/WatchOS.platform/Developer/SDKs/WatchOS27.0.sdk -o /Users/admin/builder/spi-builder-workspace/.derivedData/SDKStatCaches.noindex/watchos27.0-24R360-e829b21a6f8c9b70876ba0858053c04477534ef55a1706bf4c1112bbb242f0a2.sdkstatcache
SwiftDriver UnsplashFramework normal arm64 com.apple.xcode.tools.swift.compiler (in target 'UnsplashFramework' from project 'UnsplashFramework')
cd /Users/admin/builder/spi-builder-workspace/.swiftpm/xcode
builtin-SwiftDriver -- /Applications/Xcode-27.0.0-Release.Candidate.app/Contents/Developer/Toolchains/XcodeDefault.xctoolchain/usr/bin/swiftc -parse-as-library -module-name UnsplashFramework -Onone @/Users/admin/builder/spi-builder-workspace/.derivedData/Build/Intermediates.noindex/UnsplashFramework.build/Debug-watchos/UnsplashFramework-t.build/Objects-normal/arm64/UnsplashFramework.SwiftFileList -DSWIFT_PACKAGE -DDEBUG -DSWIFT_MODULE_RESOURCE_BUNDLE_UNAVAILABLE -DXcode -plugin-path /Applications/Xcode-27.0.0-Release.Candidate.app/Contents/Developer/Toolchains/XcodeDefault.xctoolchain/usr/lib/swift/host/plugins/testing -enable-experimental-feature DebugDescriptionMacro -sdk /Applications/Xcode-27.0.0-Release.Candidate.app/Contents/Developer/Platforms/WatchOS.platform/Developer/SDKs/WatchOS27.0.sdk -target arm64-apple-watchos9.0 -g -module-cache-path /Users/admin/builder/spi-builder-workspace/.derivedData/ModuleCache.noindex -Xfrontend -serialize-debugging-options -profile-coverage-mapping -profile-generate -enable-testing -index-store-path /Users/admin/builder/spi-builder-workspace/.derivedData/Index.noindex/DataStore -Xcc -D_LIBCPP_HARDENING_MODE\=_LIBCPP_HARDENING_MODE_DEBUG -swift-version 5 -I /Users/admin/builder/spi-builder-workspace/.derivedData/Build/Products/Debug-watchos -Isystem /Applications/Xcode-27.0.0-Release.Candidate.app/Contents/Developer/Platforms/WatchOS.platform/Developer/usr/lib -F /Users/admin/builder/spi-builder-workspace/.derivedData/Build/Products/Debug-watchos -F /Applications/Xcode-27.0.0-Release.Candidate.app/Contents/Developer/Platforms/WatchOS.platform/Developer/Library/Frameworks -F /Applications/Xcode-27.0.0-Release.Candidate.app/Contents/Developer/Platforms/WatchOS.platform/Developer/SDKs/WatchOS27.0.sdk/Developer/Library/Frameworks -c -j10 -enable-batch-mode -incremental -Xcc -ivfsstatcache -Xcc /Users/admin/builder/spi-builder-workspace/.derivedData/SDKStatCaches.noindex/watchos27.0-24R360-e829b21a6f8c9b70876ba0858053c04477534ef55a1706bf4c1112bbb242f0a2.sdkstatcache -output-file-map /Users/admin/builder/spi-builder-workspace/.derivedData/Build/Intermediates.noindex/UnsplashFramework.build/Debug-watchos/UnsplashFramework-t.build/Objects-normal/arm64/UnsplashFramework-OutputFileMap.json -save-temps -no-color-diagnostics -explicit-module-build -module-cache-path /Users/admin/builder/spi-builder-workspace/.derivedData/Build/Intermediates.noindex/SwiftExplicitPrecompiledModules -clang-scanner-module-cache-path /Users/admin/builder/spi-builder-workspace/.derivedData/ModuleCache.noindex -sdk-module-cache-path /Users/admin/builder/spi-builder-workspace/.derivedData/SDKExplicitPrecompiledModules -emit-dependencies -emit-module -emit-module-path /Users/admin/builder/spi-builder-workspace/.derivedData/Build/Intermediates.noindex/UnsplashFramework.build/Debug-watchos/UnsplashFramework-t.build/Objects-normal/arm64/UnsplashFramework.swiftmodule -serialize-diagnostics -dependency-scan-serialize-diagnostics-path /Users/admin/builder/spi-builder-workspace/.derivedData/Build/Intermediates.noindex/UnsplashFramework.build/Debug-watchos/UnsplashFramework-t.build/Objects-normal/arm64/UnsplashFramework-dependency-scan.dia -validate-clang-modules-once -clang-build-session-file /Users/admin/builder/spi-builder-workspace/.derivedData/ModuleCache.noindex/Session.modulevalidation -Xcc -fmodules-prune-interval\=86400 -Xcc -fmodules-prune-after\=345600 -emit-const-values -const-gather-protocols-list /Users/admin/builder/spi-builder-workspace/.derivedData/Build/Intermediates.noindex/UnsplashFramework.build/Debug-watchos/UnsplashFramework-t.build/Objects-normal/arm64/UnsplashFramework_const_extract_protocols.json -Xcc -I/Users/admin/builder/spi-builder-workspace/.derivedData/Build/Products/Debug-watchos/include -Xcc -I/Users/admin/builder/spi-builder-workspace/.derivedData/Build/Intermediates.noindex/UnsplashFramework.build/Debug-watchos/UnsplashFramework-t.build/DerivedSources-normal/arm64 -Xcc -I/Users/admin/builder/spi-builder-workspace/.derivedData/Build/Intermediates.noindex/UnsplashFramework.build/Debug-watchos/UnsplashFramework-t.build/DerivedSources/arm64 -Xcc -I/Users/admin/builder/spi-builder-workspace/.derivedData/Build/Intermediates.noindex/UnsplashFramework.build/Debug-watchos/UnsplashFramework-t.build/DerivedSources -Xcc -DSWIFT_PACKAGE -Xcc -DDEBUG\=1 -emit-objc-header -emit-objc-header-path /Users/admin/builder/spi-builder-workspace/.derivedData/Build/Intermediates.noindex/UnsplashFramework.build/Debug-watchos/UnsplashFramework-t.build/Objects-normal/arm64/UnsplashFramework-Swift.h -working-directory /Users/admin/builder/spi-builder-workspace/.swiftpm/xcode -experimental-emit-module-separately -disable-cmo
/Users/admin/builder/spi-builder-workspace/Sources/Managers/UNAPI.swift:25:8: error: Unable to resolve module dependency: 'Metal' (in target 'UnsplashFramework' from project 'UnsplashFramework')
note: A dependency of main module 'UnsplashFramework'
/Users/admin/builder/spi-builder-workspace/Sources/Managers/UNAPI.swift:25:8: note: A dependency of main module 'UnsplashFramework'
import Metal
^ (in target 'UnsplashFramework' from project 'UnsplashFramework')
SwiftDriver UnsplashFramework normal arm64_32 com.apple.xcode.tools.swift.compiler (in target 'UnsplashFramework' from project 'UnsplashFramework')
cd /Users/admin/builder/spi-builder-workspace/.swiftpm/xcode
builtin-SwiftDriver -- /Applications/Xcode-27.0.0-Release.Candidate.app/Contents/Developer/Toolchains/XcodeDefault.xctoolchain/usr/bin/swiftc -parse-as-library -module-name UnsplashFramework -Onone @/Users/admin/builder/spi-builder-workspace/.derivedData/Build/Intermediates.noindex/UnsplashFramework.build/Debug-watchos/UnsplashFramework-t.build/Objects-normal/arm64_32/UnsplashFramework.SwiftFileList -DSWIFT_PACKAGE -DDEBUG -DSWIFT_MODULE_RESOURCE_BUNDLE_UNAVAILABLE -DXcode -plugin-path /Applications/Xcode-27.0.0-Release.Candidate.app/Contents/Developer/Toolchains/XcodeDefault.xctoolchain/usr/lib/swift/host/plugins/testing -enable-experimental-feature DebugDescriptionMacro -sdk /Applications/Xcode-27.0.0-Release.Candidate.app/Contents/Developer/Platforms/WatchOS.platform/Developer/SDKs/WatchOS27.0.sdk -target arm64_32-apple-watchos9.0 -g -module-cache-path /Users/admin/builder/spi-builder-workspace/.derivedData/ModuleCache.noindex -Xfrontend -serialize-debugging-options -profile-coverage-mapping -profile-generate -enable-testing -index-store-path /Users/admin/builder/spi-builder-workspace/.derivedData/Index.noindex/DataStore -Xcc -D_LIBCPP_HARDENING_MODE\=_LIBCPP_HARDENING_MODE_DEBUG -swift-version 5 -I /Users/admin/builder/spi-builder-workspace/.derivedData/Build/Products/Debug-watchos -Isystem /Applications/Xcode-27.0.0-Release.Candidate.app/Contents/Developer/Platforms/WatchOS.platform/Developer/usr/lib -F /Users/admin/builder/spi-builder-workspace/.derivedData/Build/Products/Debug-watchos -F /Applications/Xcode-27.0.0-Release.Candidate.app/Contents/Developer/Platforms/WatchOS.platform/Developer/Library/Frameworks -F /Applications/Xcode-27.0.0-Release.Candidate.app/Contents/Developer/Platforms/WatchOS.platform/Developer/SDKs/WatchOS27.0.sdk/Developer/Library/Frameworks -c -j10 -enable-batch-mode -incremental -Xcc -ivfsstatcache -Xcc /Users/admin/builder/spi-builder-workspace/.derivedData/SDKStatCaches.noindex/watchos27.0-24R360-e829b21a6f8c9b70876ba0858053c04477534ef55a1706bf4c1112bbb242f0a2.sdkstatcache -output-file-map /Users/admin/builder/spi-builder-workspace/.derivedData/Build/Intermediates.noindex/UnsplashFramework.build/Debug-watchos/UnsplashFramework-t.build/Objects-normal/arm64_32/UnsplashFramework-OutputFileMap.json -save-temps -no-color-diagnostics -explicit-module-build -module-cache-path /Users/admin/builder/spi-builder-workspace/.derivedData/Build/Intermediates.noindex/SwiftExplicitPrecompiledModules -clang-scanner-module-cache-path /Users/admin/builder/spi-builder-workspace/.derivedData/ModuleCache.noindex -sdk-module-cache-path /Users/admin/builder/spi-builder-workspace/.derivedData/SDKExplicitPrecompiledModules -emit-dependencies -emit-module -emit-module-path /Users/admin/builder/spi-builder-workspace/.derivedData/Build/Intermediates.noindex/UnsplashFramework.build/Debug-watchos/UnsplashFramework-t.build/Objects-normal/arm64_32/UnsplashFramework.swiftmodule -serialize-diagnostics -dependency-scan-serialize-diagnostics-path /Users/admin/builder/spi-builder-workspace/.derivedData/Build/Intermediates.noindex/UnsplashFramework.build/Debug-watchos/UnsplashFramework-t.build/Objects-normal/arm64_32/UnsplashFramework-dependency-scan.dia -validate-clang-modules-once -clang-build-session-file /Users/admin/builder/spi-builder-workspace/.derivedData/ModuleCache.noindex/Session.modulevalidation -Xcc -fmodules-prune-interval\=86400 -Xcc -fmodules-prune-after\=345600 -emit-const-values -const-gather-protocols-list /Users/admin/builder/spi-builder-workspace/.derivedData/Build/Intermediates.noindex/UnsplashFramework.build/Debug-watchos/UnsplashFramework-t.build/Objects-normal/arm64_32/UnsplashFramework_const_extract_protocols.json -Xcc -I/Users/admin/builder/spi-builder-workspace/.derivedData/Build/Products/Debug-watchos/include -Xcc -I/Users/admin/builder/spi-builder-workspace/.derivedData/Build/Intermediates.noindex/UnsplashFramework.build/Debug-watchos/UnsplashFramework-t.build/DerivedSources-normal/arm64_32 -Xcc -I/Users/admin/builder/spi-builder-workspace/.derivedData/Build/Intermediates.noindex/UnsplashFramework.build/Debug-watchos/UnsplashFramework-t.build/DerivedSources/arm64_32 -Xcc -I/Users/admin/builder/spi-builder-workspace/.derivedData/Build/Intermediates.noindex/UnsplashFramework.build/Debug-watchos/UnsplashFramework-t.build/DerivedSources -Xcc -DSWIFT_PACKAGE -Xcc -DDEBUG\=1 -emit-objc-header -emit-objc-header-path /Users/admin/builder/spi-builder-workspace/.derivedData/Build/Intermediates.noindex/UnsplashFramework.build/Debug-watchos/UnsplashFramework-t.build/Objects-normal/arm64_32/UnsplashFramework-Swift.h -working-directory /Users/admin/builder/spi-builder-workspace/.swiftpm/xcode -experimental-emit-module-separately -disable-cmo
/Users/admin/builder/spi-builder-workspace/Sources/Managers/UNAPI.swift:25:8: error: Unable to resolve module dependency: 'Metal' (in target 'UnsplashFramework' from project 'UnsplashFramework')
note: A dependency of main module 'UnsplashFramework'
/Users/admin/builder/spi-builder-workspace/Sources/Managers/UNAPI.swift:25:8: note: A dependency of main module 'UnsplashFramework'
import Metal
^ (in target 'UnsplashFramework' from project 'UnsplashFramework')
PruneExplicitPrecompiledModules /Users/admin/builder/spi-builder-workspace/.derivedData/Build/Intermediates.noindex/ExplicitPrecompiledModules
PruneExplicitPrecompiledModules /Users/admin/builder/spi-builder-workspace/.derivedData/SDKExplicitPrecompiledModules
PruneExplicitPrecompiledModules /Users/admin/builder/spi-builder-workspace/.derivedData/Build/Intermediates.noindex/SwiftExplicitPrecompiledModules
2026-09-18 13:19:11.646 xcodebuild[688:4581] [MT] IDERunDestination: Supported platforms for the buildables in the current scheme is empty.
** BUILD FAILED **
The following build commands failed:
SwiftDriver UnsplashFramework normal arm64 com.apple.xcode.tools.swift.compiler (in target 'UnsplashFramework' from project 'UnsplashFramework')
SwiftDriver UnsplashFramework normal arm64_32 com.apple.xcode.tools.swift.compiler (in target 'UnsplashFramework' from project 'UnsplashFramework')
Building workspace UnsplashFramework with scheme UnsplashFramework
(3 failures)
BUILD FAILURE 6.4 watchOS