Build Information
Failed to build swift-xdg, reference main (d61833), with Swift 6.4 for visionOS using Xcode 27.0 on 20 Sep 2026 06:01:02 UTC.
Build Command
env DEVELOPER_DIR=/Applications/Xcode-27.0.0-Release.Candidate.app xcrun xcodebuild -IDEClonedSourcePackagesDirPathOverride=$PWD/.dependencies -skipMacroValidation -skipPackagePluginValidation -derivedDataPath $PWD/.derivedData build -scheme swift-xdg -destination generic/platform=xrOSBuild Log
========================================
RunAll
========================================
Builder version: 5.1.0
Interrupt handler set up.
========================================
Checkout
========================================
Clone URL: https://github.com/Frizlab/swift-xdg.git
Reference: main
Initialized empty Git repository in /Users/admin/builder/spi-builder-workspace/.git/
From https://github.com/Frizlab/swift-xdg
* branch main -> FETCH_HEAD
* [new branch] main -> origin/main
HEAD is now at d618335 Get home directory for iOS, tvOS and watchOS
Cloned https://github.com/Frizlab/swift-xdg.git
Revision (git rev-parse @):
d6183353dacd2747fb0ed71e2d49c09676987b98
SUCCESS checkout https://github.com/Frizlab/swift-xdg.git at main
========================================
Build
========================================
Selected platform: visionOS
Swift version: 6.4
Building package at path: $PWD
https://github.com/Frizlab/swift-xdg.git
Command line invocation:
/Applications/Xcode-27.0.0-Release.Candidate.app/Contents/Developer/usr/bin/xcodebuild -IDEClonedSourcePackagesDirPathOverride=/Users/admin/builder/spi-builder-workspace/.dependencies -resolvePackageDependencies
Resolve Package Graph
Resolve Package Graph
Resolved source packages:
swift-xdg: /Users/admin/builder/spi-builder-workspace
resolved source packages: swift-xdg
2026-09-20 02:00:14.414 xcodebuild[524:2994] [MT] IDERunDestination: Supported platforms for the buildables in the current scheme is empty.
{
"dependencies" : [
],
"manifest_display_name" : "swift-xdg",
"name" : "swift-xdg",
"path" : "/Users/admin/builder/spi-builder-workspace",
"platforms" : [
{
"name" : "macos",
"version" : "12.0"
},
{
"name" : "tvos",
"version" : "15.0"
},
{
"name" : "ios",
"version" : "15.0"
},
{
"name" : "watchos",
"version" : "8.0"
}
],
"products" : [
{
"name" : "XDG",
"targets" : [
"XDG"
],
"type" : {
"library" : [
"automatic"
]
}
}
],
"targets" : [
{
"c99name" : "XDGTests",
"module_type" : "SwiftTarget",
"name" : "XDGTests",
"path" : "Tests/XDGTests",
"sources" : [
"XDGTests.swift"
],
"target_dependencies" : [
"XDG"
],
"type" : "test"
},
{
"c99name" : "XDG",
"module_type" : "SwiftTarget",
"name" : "XDG",
"path" : "Sources/XDG",
"product_memberships" : [
"XDG"
],
"sources" : [
" Errors.swift",
"BaseDirectories+EnsureDir.swift",
"BaseDirectories+EnsureFileParents.swift",
"BaseDirectories+FindFile.swift",
"BaseDirectories+FindFiles.swift",
"BaseDirectories+GetPath.swift",
"BaseDirectories.swift",
"PrivateUtils/FilePath+Utils.swift"
],
"type" : "library"
}
],
"tools_version" : "5.7"
}
{
"workspace" : {
"name" : "swift-xdg",
"schemes" : [
"swift-xdg"
]
}
}
2026-09-20 02:00:50.500 xcodebuild[622:3913] [MT] IDERunDestination: Supported platforms for the buildables in the current scheme is empty.
Running build ...
env DEVELOPER_DIR=/Applications/Xcode-27.0.0-Release.Candidate.app xcrun xcodebuild -IDEClonedSourcePackagesDirPathOverride=$PWD/.dependencies -skipMacroValidation -skipPackagePluginValidation -derivedDataPath $PWD/.derivedData build -scheme swift-xdg -destination generic/platform=xrOS
Command line invocation:
/Applications/Xcode-27.0.0-Release.Candidate.app/Contents/Developer/usr/bin/xcodebuild -IDEClonedSourcePackagesDirPathOverride=/Users/admin/builder/spi-builder-workspace/.dependencies -skipMacroValidation -skipPackagePluginValidation -derivedDataPath /Users/admin/builder/spi-builder-workspace/.derivedData build -scheme swift-xdg -destination generic/platform=xrOS
Resolve Package Graph
Resolved source packages:
swift-xdg: /Users/admin/builder/spi-builder-workspace
ComputePackagePrebuildTargetDependencyGraph
Prepare packages
CreateBuildRequest
SendProjectDescription
CreateBuildOperation
ComputeTargetDependencyGraph
note: Building targets in dependency order
note: Target dependency graph (2 targets)
Target 'XDG-product' in project 'swift-xdg'
➜ Explicit dependency on target 'XDG' in project 'swift-xdg'
Target 'XDG' in project 'swift-xdg' (no dependencies)
GatherProvisioningInputs
CreateBuildDescription
ExecuteExternalTool /Applications/Xcode-27.0.0-Release.Candidate.app/Contents/Developer/Toolchains/XcodeDefault.xctoolchain/usr/bin/clang -v -E -dM -isysroot /Applications/Xcode-27.0.0-Release.Candidate.app/Contents/Developer/Platforms/XROS.platform/Developer/SDKs/XROS27.0.sdk -x c -c /dev/null
ExecuteExternalTool /Applications/Xcode-27.0.0-Release.Candidate.app/Contents/Developer/Toolchains/XcodeDefault.xctoolchain/usr/bin/swiftc --version
ExecuteExternalTool /Applications/Xcode-27.0.0-Release.Candidate.app/Contents/Developer/Toolchains/XcodeDefault.xctoolchain/usr/bin/ld -version_details
Build description signature: e9b5f3e1d215a23622e2f03008135209
Build description path: /Users/admin/builder/spi-builder-workspace/.derivedData/Build/Intermediates.noindex/XCBuildData/e9b5f3e1d215a23622e2f03008135209.xcbuilddata
CreateBuildDirectory /Users/admin/builder/spi-builder-workspace/.derivedData/CompilationCache.noindex
cd /Users/admin/builder/spi-builder-workspace/.swiftpm/xcode
builtin-create-build-directory /Users/admin/builder/spi-builder-workspace/.derivedData/CompilationCache.noindex
CreateBuildDirectory /Users/admin/builder/spi-builder-workspace/.derivedData/ModuleCache.noindex
cd /Users/admin/builder/spi-builder-workspace/.swiftpm/xcode
builtin-create-build-directory /Users/admin/builder/spi-builder-workspace/.derivedData/ModuleCache.noindex
CreateBuildDirectory /Users/admin/builder/spi-builder-workspace/.derivedData/SDKExplicitPrecompiledModules
cd /Users/admin/builder/spi-builder-workspace/.swiftpm/xcode
builtin-create-build-directory /Users/admin/builder/spi-builder-workspace/.derivedData/SDKExplicitPrecompiledModules
ClangStatCache /Applications/Xcode-27.0.0-Release.Candidate.app/Contents/Developer/Toolchains/XcodeDefault.xctoolchain/usr/bin/clang-stat-cache /Applications/Xcode-27.0.0-Release.Candidate.app/Contents/Developer/Platforms/XROS.platform/Developer/SDKs/XROS27.0.sdk /Users/admin/builder/spi-builder-workspace/.derivedData/SDKStatCaches.noindex/xros27.0-24M361-e829b21a6f8c9b70876ba0858053c044735bd543db762f57723cac368afd1ce4.sdkstatcache
cd /Users/admin/builder/spi-builder-workspace/.swiftpm/xcode
/Applications/Xcode-27.0.0-Release.Candidate.app/Contents/Developer/Toolchains/XcodeDefault.xctoolchain/usr/bin/clang-stat-cache /Applications/Xcode-27.0.0-Release.Candidate.app/Contents/Developer/Platforms/XROS.platform/Developer/SDKs/XROS27.0.sdk -o /Users/admin/builder/spi-builder-workspace/.derivedData/SDKStatCaches.noindex/xros27.0-24M361-e829b21a6f8c9b70876ba0858053c044735bd543db762f57723cac368afd1ce4.sdkstatcache
CreateBuildDirectory /Users/admin/builder/spi-builder-workspace/.derivedData/Build/Intermediates.noindex
cd /Users/admin/builder/spi-builder-workspace/.swiftpm/xcode
builtin-create-build-directory /Users/admin/builder/spi-builder-workspace/.derivedData/Build/Intermediates.noindex
CreateBuildDirectory /Users/admin/builder/spi-builder-workspace/.derivedData/Build/Products
cd /Users/admin/builder/spi-builder-workspace/.swiftpm/xcode
builtin-create-build-directory /Users/admin/builder/spi-builder-workspace/.derivedData/Build/Products
CreateBuildDirectory /Users/admin/builder/spi-builder-workspace/.derivedData/Build/Intermediates.noindex/SwiftExplicitPrecompiledModules
cd /Users/admin/builder/spi-builder-workspace/.swiftpm/xcode
builtin-create-build-directory /Users/admin/builder/spi-builder-workspace/.derivedData/Build/Intermediates.noindex/SwiftExplicitPrecompiledModules
CreateBuildDirectory /Users/admin/builder/spi-builder-workspace/.derivedData/Build/Intermediates.noindex/PrecompiledHeaders
cd /Users/admin/builder/spi-builder-workspace/.swiftpm/xcode
builtin-create-build-directory /Users/admin/builder/spi-builder-workspace/.derivedData/Build/Intermediates.noindex/PrecompiledHeaders
CreateBuildDirectory /Users/admin/builder/spi-builder-workspace/.derivedData/Build/Intermediates.noindex/ExplicitPrecompiledModules
cd /Users/admin/builder/spi-builder-workspace/.swiftpm/xcode
builtin-create-build-directory /Users/admin/builder/spi-builder-workspace/.derivedData/Build/Intermediates.noindex/ExplicitPrecompiledModules
CreateBuildDirectory /Users/admin/builder/spi-builder-workspace/.derivedData/Build/Intermediates.noindex/EagerLinkingTBDs/Debug-xros
cd /Users/admin/builder/spi-builder-workspace/.swiftpm/xcode
builtin-create-build-directory /Users/admin/builder/spi-builder-workspace/.derivedData/Build/Intermediates.noindex/EagerLinkingTBDs/Debug-xros
CreateBuildDirectory /Users/admin/builder/spi-builder-workspace/.derivedData/Build/Products/Debug-xros
cd /Users/admin/builder/spi-builder-workspace/.swiftpm/xcode
builtin-create-build-directory /Users/admin/builder/spi-builder-workspace/.derivedData/Build/Products/Debug-xros
CreateBuildDirectory /Users/admin/builder/spi-builder-workspace/.derivedData/Build/Products/Debug-xros/PackageFrameworks
cd /Users/admin/builder/spi-builder-workspace/.swiftpm/xcode
builtin-create-build-directory /Users/admin/builder/spi-builder-workspace/.derivedData/Build/Products/Debug-xros/PackageFrameworks
WriteAuxiliaryFile /Users/admin/builder/spi-builder-workspace/.derivedData/Build/Intermediates.noindex/swift-xdg.build/Debug-xros/XDG-t.build/XDG.DependencyStaticMetadataFileList (in target 'XDG' from project 'swift-xdg')
cd /Users/admin/builder/spi-builder-workspace
write-file /Users/admin/builder/spi-builder-workspace/.derivedData/Build/Intermediates.noindex/swift-xdg.build/Debug-xros/XDG-t.build/XDG.DependencyStaticMetadataFileList
WriteAuxiliaryFile /Users/admin/builder/spi-builder-workspace/.derivedData/Build/Intermediates.noindex/swift-xdg.build/Debug-xros/XDG-t.build/XDG.DependencyMetadataFileList (in target 'XDG' from project 'swift-xdg')
cd /Users/admin/builder/spi-builder-workspace
write-file /Users/admin/builder/spi-builder-workspace/.derivedData/Build/Intermediates.noindex/swift-xdg.build/Debug-xros/XDG-t.build/XDG.DependencyMetadataFileList
WriteAuxiliaryFile /Users/admin/builder/spi-builder-workspace/.derivedData/Build/Intermediates.noindex/swift-xdg.build/Debug-xros/XDG-t.build/XDG.modulemap (in target 'XDG' from project 'swift-xdg')
cd /Users/admin/builder/spi-builder-workspace
write-file /Users/admin/builder/spi-builder-workspace/.derivedData/Build/Intermediates.noindex/swift-xdg.build/Debug-xros/XDG-t.build/XDG.modulemap
WriteAuxiliaryFile /Users/admin/builder/spi-builder-workspace/.derivedData/Build/Intermediates.noindex/swift-xdg.build/Debug-xros/XDG-t.build/Objects-normal/arm64/XDG.SwiftConstValuesFileList (in target 'XDG' from project 'swift-xdg')
cd /Users/admin/builder/spi-builder-workspace
write-file /Users/admin/builder/spi-builder-workspace/.derivedData/Build/Intermediates.noindex/swift-xdg.build/Debug-xros/XDG-t.build/Objects-normal/arm64/XDG.SwiftConstValuesFileList
WriteAuxiliaryFile /Users/admin/builder/spi-builder-workspace/.derivedData/Build/Intermediates.noindex/swift-xdg.build/Debug-xros/XDG-t.build/Objects-normal/arm64/XDG-OutputFileMap.json (in target 'XDG' from project 'swift-xdg')
cd /Users/admin/builder/spi-builder-workspace
write-file /Users/admin/builder/spi-builder-workspace/.derivedData/Build/Intermediates.noindex/swift-xdg.build/Debug-xros/XDG-t.build/Objects-normal/arm64/XDG-OutputFileMap.json
WriteAuxiliaryFile /Users/admin/builder/spi-builder-workspace/.derivedData/Build/Intermediates.noindex/swift-xdg.build/Debug-xros/XDG-t.build/Objects-normal/arm64/XDG.SwiftFileList (in target 'XDG' from project 'swift-xdg')
cd /Users/admin/builder/spi-builder-workspace
write-file /Users/admin/builder/spi-builder-workspace/.derivedData/Build/Intermediates.noindex/swift-xdg.build/Debug-xros/XDG-t.build/Objects-normal/arm64/XDG.SwiftFileList
WriteAuxiliaryFile /Users/admin/builder/spi-builder-workspace/.derivedData/Build/Intermediates.noindex/swift-xdg.build/Debug-xros/XDG-t.build/Objects-normal/arm64/XDG.LinkFileList (in target 'XDG' from project 'swift-xdg')
cd /Users/admin/builder/spi-builder-workspace
write-file /Users/admin/builder/spi-builder-workspace/.derivedData/Build/Intermediates.noindex/swift-xdg.build/Debug-xros/XDG-t.build/Objects-normal/arm64/XDG.LinkFileList
WriteAuxiliaryFile /Users/admin/builder/spi-builder-workspace/.derivedData/Build/Intermediates.noindex/swift-xdg.build/Debug-xros/XDG-t.build/Objects-normal/arm64/XDG_const_extract_protocols.json (in target 'XDG' from project 'swift-xdg')
cd /Users/admin/builder/spi-builder-workspace
write-file /Users/admin/builder/spi-builder-workspace/.derivedData/Build/Intermediates.noindex/swift-xdg.build/Debug-xros/XDG-t.build/Objects-normal/arm64/XDG_const_extract_protocols.json
Copy /Users/admin/builder/spi-builder-workspace/.derivedData/Build/Intermediates.noindex/GeneratedModuleMaps-xros/XDG.modulemap /Users/admin/builder/spi-builder-workspace/.derivedData/Build/Intermediates.noindex/swift-xdg.build/Debug-xros/XDG-t.build/XDG.modulemap (in target 'XDG' from project 'swift-xdg')
cd /Users/admin/builder/spi-builder-workspace
builtin-copy -exclude .DS_Store -exclude CVS -exclude .svn -exclude .git -exclude .hg -resolve-src-symlinks /Users/admin/builder/spi-builder-workspace/.derivedData/Build/Intermediates.noindex/swift-xdg.build/Debug-xros/XDG-t.build/XDG.modulemap /Users/admin/builder/spi-builder-workspace/.derivedData/Build/Intermediates.noindex/GeneratedModuleMaps-xros
SwiftDriver XDG normal arm64 com.apple.xcode.tools.swift.compiler (in target 'XDG' from project 'swift-xdg')
cd /Users/admin/builder/spi-builder-workspace/.swiftpm/xcode
builtin-SwiftDriver -- /Applications/Xcode-27.0.0-Release.Candidate.app/Contents/Developer/Toolchains/XcodeDefault.xctoolchain/usr/bin/swiftc -parse-as-library -module-name XDG -Onone @/Users/admin/builder/spi-builder-workspace/.derivedData/Build/Intermediates.noindex/swift-xdg.build/Debug-xros/XDG-t.build/Objects-normal/arm64/XDG.SwiftFileList -DSWIFT_PACKAGE -DDEBUG -DSWIFT_MODULE_RESOURCE_BUNDLE_UNAVAILABLE -DXcode -plugin-path /Applications/Xcode-27.0.0-Release.Candidate.app/Contents/Developer/Toolchains/XcodeDefault.xctoolchain/usr/lib/swift/host/plugins/testing -enable-experimental-feature DebugDescriptionMacro -sdk /Applications/Xcode-27.0.0-Release.Candidate.app/Contents/Developer/Platforms/XROS.platform/Developer/SDKs/XROS27.0.sdk -target arm64-apple-xros1.0 -g -module-cache-path /Users/admin/builder/spi-builder-workspace/.derivedData/ModuleCache.noindex -Xfrontend -serialize-debugging-options -profile-coverage-mapping -profile-generate -enable-testing -index-store-path /Users/admin/builder/spi-builder-workspace/.derivedData/Index.noindex/DataStore -Xcc -D_LIBCPP_HARDENING_MODE\=_LIBCPP_HARDENING_MODE_DEBUG -swift-version 5 -I /Users/admin/builder/spi-builder-workspace/.derivedData/Build/Products/Debug-xros -Isystem /Applications/Xcode-27.0.0-Release.Candidate.app/Contents/Developer/Platforms/XROS.platform/Developer/usr/lib -F /Users/admin/builder/spi-builder-workspace/.derivedData/Build/Products/Debug-xros -F /Applications/Xcode-27.0.0-Release.Candidate.app/Contents/Developer/Platforms/XROS.platform/Developer/Library/Frameworks -F /Applications/Xcode-27.0.0-Release.Candidate.app/Contents/Developer/Platforms/XROS.platform/Developer/SDKs/XROS27.0.sdk/Developer/Library/Frameworks -c -j10 -enable-batch-mode -incremental -Xcc -ivfsstatcache -Xcc /Users/admin/builder/spi-builder-workspace/.derivedData/SDKStatCaches.noindex/xros27.0-24M361-e829b21a6f8c9b70876ba0858053c044735bd543db762f57723cac368afd1ce4.sdkstatcache -output-file-map /Users/admin/builder/spi-builder-workspace/.derivedData/Build/Intermediates.noindex/swift-xdg.build/Debug-xros/XDG-t.build/Objects-normal/arm64/XDG-OutputFileMap.json -save-temps -no-color-diagnostics -explicit-module-build -module-cache-path /Users/admin/builder/spi-builder-workspace/.derivedData/Build/Intermediates.noindex/SwiftExplicitPrecompiledModules -clang-scanner-module-cache-path /Users/admin/builder/spi-builder-workspace/.derivedData/ModuleCache.noindex -sdk-module-cache-path /Users/admin/builder/spi-builder-workspace/.derivedData/SDKExplicitPrecompiledModules -emit-dependencies -emit-module -emit-module-path /Users/admin/builder/spi-builder-workspace/.derivedData/Build/Intermediates.noindex/swift-xdg.build/Debug-xros/XDG-t.build/Objects-normal/arm64/XDG.swiftmodule -serialize-diagnostics -dependency-scan-serialize-diagnostics-path /Users/admin/builder/spi-builder-workspace/.derivedData/Build/Intermediates.noindex/swift-xdg.build/Debug-xros/XDG-t.build/Objects-normal/arm64/XDG-dependency-scan.dia -validate-clang-modules-once -clang-build-session-file /Users/admin/builder/spi-builder-workspace/.derivedData/ModuleCache.noindex/Session.modulevalidation -Xcc -fmodules-prune-interval\=86400 -Xcc -fmodules-prune-after\=345600 -emit-const-values -const-gather-protocols-list /Users/admin/builder/spi-builder-workspace/.derivedData/Build/Intermediates.noindex/swift-xdg.build/Debug-xros/XDG-t.build/Objects-normal/arm64/XDG_const_extract_protocols.json -Xcc -I/Users/admin/builder/spi-builder-workspace/.derivedData/Build/Products/Debug-xros/include -Xcc -I/Users/admin/builder/spi-builder-workspace/.derivedData/Build/Intermediates.noindex/swift-xdg.build/Debug-xros/XDG-t.build/DerivedSources-normal/arm64 -Xcc -I/Users/admin/builder/spi-builder-workspace/.derivedData/Build/Intermediates.noindex/swift-xdg.build/Debug-xros/XDG-t.build/DerivedSources/arm64 -Xcc -I/Users/admin/builder/spi-builder-workspace/.derivedData/Build/Intermediates.noindex/swift-xdg.build/Debug-xros/XDG-t.build/DerivedSources -Xcc -DSWIFT_PACKAGE -Xcc -DDEBUG\=1 -emit-objc-header -emit-objc-header-path /Users/admin/builder/spi-builder-workspace/.derivedData/Build/Intermediates.noindex/swift-xdg.build/Debug-xros/XDG-t.build/Objects-normal/arm64/XDG-Swift.h -working-directory /Users/admin/builder/spi-builder-workspace/.swiftpm/xcode -experimental-emit-module-separately -disable-cmo
SwiftExplicitDependencyGeneratePcm arm64 /Users/admin/builder/spi-builder-workspace/.derivedData/SDKExplicitPrecompiledModules/SwiftShims-CI4H5RO9IYFFWQ2COB512Q2S9.pcm
SwiftExplicitDependencyGeneratePcm arm64 /Users/admin/builder/spi-builder-workspace/.derivedData/SDKExplicitPrecompiledModules/_Builtin_stdbool-5BU2ADS7JXQMYENKQHW9X8XOU.pcm
SwiftExplicitDependencyGeneratePcm arm64 /Users/admin/builder/spi-builder-workspace/.derivedData/SDKExplicitPrecompiledModules/_SwiftConcurrencyShims-C8XHKSHX96D5YYALNM4W70Z0O.pcm
SwiftExplicitDependencyGeneratePcm arm64 /Users/admin/builder/spi-builder-workspace/.derivedData/SDKExplicitPrecompiledModules/ptrcheck-BXA97MNLI4BB0HF5I8MJE403D.pcm
SwiftExplicitDependencyGeneratePcm arm64 /Users/admin/builder/spi-builder-workspace/.derivedData/SDKExplicitPrecompiledModules/ptrauth-1WBA714DZSVUL5JQDJ08CLKZ.pcm
SwiftExplicitDependencyGeneratePcm arm64 /Users/admin/builder/spi-builder-workspace/.derivedData/SDKExplicitPrecompiledModules/_AvailabilityInternal-1Q8IQP6M38UWSGZ95UCEY2M44.pcm
SwiftExplicitDependencyGeneratePcm arm64 /Users/admin/builder/spi-builder-workspace/.derivedData/SDKExplicitPrecompiledModules/_Builtin_stdarg-CDA349K2K4US766844K8E0PVA.pcm
SwiftExplicitDependencyGeneratePcm arm64 /Users/admin/builder/spi-builder-workspace/.derivedData/SDKExplicitPrecompiledModules/_Builtin_float-6WKHNW5S40U2QGHXXGETUDIRA.pcm
SwiftExplicitDependencyGeneratePcm arm64 /Users/admin/builder/spi-builder-workspace/.derivedData/SDKExplicitPrecompiledModules/_Builtin_stddef-5NQ9Z1GV07GBSRQGAQCGXGVRI.pcm
SwiftExplicitDependencyGeneratePcm arm64 /Users/admin/builder/spi-builder-workspace/.derivedData/SDKExplicitPrecompiledModules/_DarwinFoundation1-5RGRVV2TZ6WC4WZW5IXF8NQ04.pcm
SwiftExplicitDependencyGeneratePcm arm64 /Users/admin/builder/spi-builder-workspace/.derivedData/SDKExplicitPrecompiledModules/_DarwinFoundation2-ENTECK156YEWITZRRBTOCE4KR.pcm
SwiftExplicitDependencyGeneratePcm arm64 /Users/admin/builder/spi-builder-workspace/.derivedData/SDKExplicitPrecompiledModules/_Builtin_limits-425JDMN5HPM3D0UEI8LEHP6NM.pcm
SwiftExplicitDependencyGeneratePcm arm64 /Users/admin/builder/spi-builder-workspace/.derivedData/SDKExplicitPrecompiledModules/string_h-2GT67HHHHK5CF1V1S31LH0PU2.pcm
SwiftExplicitDependencyGeneratePcm arm64 /Users/admin/builder/spi-builder-workspace/.derivedData/SDKExplicitPrecompiledModules/sys_types-AYM0BHR77VKMWZCO2T0XGV2HF.pcm
SwiftExplicitDependencyGeneratePcm arm64 /Users/admin/builder/spi-builder-workspace/.derivedData/SDKExplicitPrecompiledModules/_Builtin_stdint-8OR6T47OOYJA90ZBO3N1USDE.pcm
SwiftExplicitDependencyGeneratePcm arm64 /Users/admin/builder/spi-builder-workspace/.derivedData/SDKExplicitPrecompiledModules/_DarwinFoundation3-9ZHN6JKBS40BBA81RQMV8H0IC.pcm
SwiftExplicitDependencyGeneratePcm arm64 /Users/admin/builder/spi-builder-workspace/.derivedData/SDKExplicitPrecompiledModules/_Builtin_inttypes-11B64KJD36B3YOHBR1BBXBJY8.pcm
SwiftExplicitDependencyGeneratePcm arm64 /Users/admin/builder/spi-builder-workspace/.derivedData/SDKExplicitPrecompiledModules/Darwin-60P5LVNQO3ESRRM5DCJ05PFNK.pcm
SwiftExplicitDependencyGeneratePcm arm64 /Users/admin/builder/spi-builder-workspace/.derivedData/SDKExplicitPrecompiledModules/ObjectiveC-26TIBFYCEJZVP216ZZAU1X8KN.pcm
SwiftExplicitDependencyGeneratePcm arm64 /Users/admin/builder/spi-builder-workspace/.derivedData/SDKExplicitPrecompiledModules/os_object-692CJ8BG6RE5H04487EJJOVXW.pcm
SwiftExplicitDependencyGeneratePcm arm64 /Users/admin/builder/spi-builder-workspace/.derivedData/SDKExplicitPrecompiledModules/os_workgroup-4U1VXMWIZD80E7PRUQF2G7P9X.pcm
SwiftExplicitDependencyGeneratePcm arm64 /Users/admin/builder/spi-builder-workspace/.derivedData/SDKExplicitPrecompiledModules/Dispatch-CLT3466HKC22GCKAWSCNG0H7T.pcm
SwiftExplicitDependencyGeneratePcm arm64 /Users/admin/builder/spi-builder-workspace/.derivedData/SDKExplicitPrecompiledModules/XPC-EP5EU7FNGP4VOA3EDM18P1KHO.pcm
SwiftExplicitDependencyGeneratePcm arm64 /Users/admin/builder/spi-builder-workspace/.derivedData/SDKExplicitPrecompiledModules/CoreFoundation-AVLTZVCXBU2TO75JCN4AGU8XJ.pcm
SwiftExplicitDependencyGeneratePcm arm64 /Users/admin/builder/spi-builder-workspace/.derivedData/SDKExplicitPrecompiledModules/Security-8TH2M8WJIQMET4SADWX0N8372.pcm
SwiftExplicitDependencyGeneratePcm arm64 /Users/admin/builder/spi-builder-workspace/.derivedData/SDKExplicitPrecompiledModules/CFNetwork-5MI70N1VLDQSWTX4COWLMSIRO.pcm
SwiftExplicitDependencyGeneratePcm arm64 /Users/admin/builder/spi-builder-workspace/.derivedData/SDKExplicitPrecompiledModules/Foundation-8GON1KVEKRN3NOQI8RETBRWJP.pcm
SwiftEmitModule normal arm64 Emitting\ module\ for\ XDG (in target 'XDG' from project 'swift-xdg')
SwiftCompile normal arm64 (in target 'XDG' from project 'swift-xdg')
cd /Users/admin/builder/spi-builder-workspace/.swiftpm/xcode
/Users/admin/builder/spi-builder-workspace/Sources/XDG/BaseDirectories.swift:22:1: warning: extension declares a conformance of imported type 'FileManager' to imported protocol 'Sendable'; this will not behave correctly if the owners of 'Foundation' introduce this conformance in the future
20 | * 1. It’s open;
21 | * 2. There might be a possibility of issue with the delegate? */
22 | extension FileManager : @unchecked Sendable {}
| |- warning: extension declares a conformance of imported type 'FileManager' to imported protocol 'Sendable'; this will not behave correctly if the owners of 'Foundation' introduce this conformance in the future
| `- note: add '@retroactive' to silence this warning
23 |
24 | /* Based on <https://specifications.freedesktop.org/basedir-spec/basedir-spec-0.8.html>. */
SwiftCompile normal arm64 Compiling\ BaseDirectories+GetPath.swift /Users/admin/builder/spi-builder-workspace/Sources/XDG/BaseDirectories+GetPath.swift (in target 'XDG' from project 'swift-xdg')
SwiftCompile normal arm64 /Users/admin/builder/spi-builder-workspace/Sources/XDG/BaseDirectories+GetPath.swift (in target 'XDG' from project 'swift-xdg')
cd /Users/admin/builder/spi-builder-workspace/.swiftpm/xcode
builtin-SwiftPerFileCompile BaseDirectories+GetPath.swift
SwiftCompile normal arm64 Compiling\ FilePath+Utils.swift /Users/admin/builder/spi-builder-workspace/Sources/XDG/PrivateUtils/FilePath+Utils.swift (in target 'XDG' from project 'swift-xdg')
SwiftCompile normal arm64 /Users/admin/builder/spi-builder-workspace/Sources/XDG/PrivateUtils/FilePath+Utils.swift (in target 'XDG' from project 'swift-xdg')
cd /Users/admin/builder/spi-builder-workspace/.swiftpm/xcode
builtin-SwiftPerFileCompile FilePath+Utils.swift
SwiftCompile normal arm64 Compiling\ BaseDirectories+EnsureFileParents.swift /Users/admin/builder/spi-builder-workspace/Sources/XDG/BaseDirectories+EnsureFileParents.swift (in target 'XDG' from project 'swift-xdg')
SwiftCompile normal arm64 /Users/admin/builder/spi-builder-workspace/Sources/XDG/BaseDirectories+EnsureFileParents.swift (in target 'XDG' from project 'swift-xdg')
cd /Users/admin/builder/spi-builder-workspace/.swiftpm/xcode
builtin-SwiftPerFileCompile BaseDirectories+EnsureFileParents.swift
SwiftCompile normal arm64 Compiling\ BaseDirectories+FindFiles.swift /Users/admin/builder/spi-builder-workspace/Sources/XDG/BaseDirectories+FindFiles.swift (in target 'XDG' from project 'swift-xdg')
SwiftCompile normal arm64 /Users/admin/builder/spi-builder-workspace/Sources/XDG/BaseDirectories+FindFiles.swift (in target 'XDG' from project 'swift-xdg')
cd /Users/admin/builder/spi-builder-workspace/.swiftpm/xcode
builtin-SwiftPerFileCompile BaseDirectories+FindFiles.swift
SwiftCompile normal arm64 Compiling\ BaseDirectories.swift /Users/admin/builder/spi-builder-workspace/Sources/XDG/BaseDirectories.swift (in target 'XDG' from project 'swift-xdg')
/Users/admin/builder/spi-builder-workspace/Sources/XDG/BaseDirectories.swift:22:1: warning: extension declares a conformance of imported type 'FileManager' to imported protocol 'Sendable'; this will not behave correctly if the owners of 'Foundation' introduce this conformance in the future
20 | * 1. It’s open;
21 | * 2. There might be a possibility of issue with the delegate? */
22 | extension FileManager : @unchecked Sendable {}
| |- warning: extension declares a conformance of imported type 'FileManager' to imported protocol 'Sendable'; this will not behave correctly if the owners of 'Foundation' introduce this conformance in the future
| `- note: add '@retroactive' to silence this warning
23 |
24 | /* Based on <https://specifications.freedesktop.org/basedir-spec/basedir-spec-0.8.html>. */
/Users/admin/builder/spi-builder-workspace/Sources/XDG/BaseDirectories.swift:90:32: error: 'homeDirectoryForCurrentUser' is unavailable in visionOS
88 | #if !os(tvOS) && !os(iOS) && !os(watchOS)
89 | /* Note: We probably could’ve used NSHomeDirectory for macOS too. */
90 | homeDirectory = fileManager.homeDirectoryForCurrentUser
| `- error: 'homeDirectoryForCurrentUser' is unavailable in visionOS
91 | #else
92 | homeDirectory = URL(fileURLWithPath: NSHomeDirectory())
/Applications/Xcode-27.0.0-Release.Candidate.app/Contents/Developer/Platforms/XROS.platform/Developer/SDKs/XROS27.0.sdk/System/Library/Frameworks/Foundation.framework/Headers/NSFileManager.h:1004:35: note: 'homeDirectoryForCurrentUser' has been explicitly marked unavailable here
1002 |
1003 | /// The home directory for the current user.
1004 | @property (readonly, copy) NSURL *homeDirectoryForCurrentUser API_AVAILABLE(macosx(10.12)) API_UNAVAILABLE(ios, watchos, tvos);
| `- note: 'homeDirectoryForCurrentUser' has been explicitly marked unavailable here
1005 | /// The temporary directory for the current user.
1006 | @property (readonly, copy) NSURL *temporaryDirectory API_AVAILABLE(macosx(10.12), ios(10.0), watchos(3.0), tvos(10.0));
Failed frontend command:
/Applications/Xcode-27.0.0-Release.Candidate.app/Contents/Developer/Toolchains/XcodeDefault.xctoolchain/usr/bin/swift-frontend -frontend -c /Users/admin/builder/spi-builder-workspace/Sources/XDG/\ Errors.swift /Users/admin/builder/spi-builder-workspace/Sources/XDG/BaseDirectories+EnsureDir.swift /Users/admin/builder/spi-builder-workspace/Sources/XDG/BaseDirectories+EnsureFileParents.swift /Users/admin/builder/spi-builder-workspace/Sources/XDG/BaseDirectories+FindFile.swift /Users/admin/builder/spi-builder-workspace/Sources/XDG/BaseDirectories+FindFiles.swift /Users/admin/builder/spi-builder-workspace/Sources/XDG/BaseDirectories+GetPath.swift -primary-file /Users/admin/builder/spi-builder-workspace/Sources/XDG/BaseDirectories.swift /Users/admin/builder/spi-builder-workspace/Sources/XDG/PrivateUtils/FilePath+Utils.swift -emit-dependencies-path /Users/admin/builder/spi-builder-workspace/.derivedData/Build/Intermediates.noindex/swift-xdg.build/Debug-xros/XDG-t.build/Objects-normal/arm64/BaseDirectories.d -emit-const-values-path /Users/admin/builder/spi-builder-workspace/.derivedData/Build/Intermediates.noindex/swift-xdg.build/Debug-xros/XDG-t.build/Objects-normal/arm64/BaseDirectories.swiftconstvalues -emit-reference-dependencies-path /Users/admin/builder/spi-builder-workspace/.derivedData/Build/Intermediates.noindex/swift-xdg.build/Debug-xros/XDG-t.build/Objects-normal/arm64/BaseDirectories.swiftdeps -serialize-diagnostics-path /Users/admin/builder/spi-builder-workspace/.derivedData/Build/Intermediates.noindex/swift-xdg.build/Debug-xros/XDG-t.build/Objects-normal/arm64/BaseDirectories.dia -target arm64-apple-xros1.0 -module-can-import-version System 5027.0.67 0 -disable-cross-import-overlay-search -load-resolved-plugin /Applications/Xcode-27.0.0-Release.Candidate.app/Contents/Developer/Platforms/XROS.platform/Developer/usr/lib/swift/host/plugins/libFoundationMacros.dylib\#/Applications/Xcode-27.0.0-Release.Candidate.app/Contents/Developer/Platforms/XROS.platform/Developer/usr/bin/swift-plugin-server\#FoundationMacros -load-resolved-plugin /Applications/Xcode-27.0.0-Release.Candidate.app/Contents/Developer/Platforms/XROS.platform/Developer/usr/lib/swift/host/plugins/libObservationMacros.dylib\#/Applications/Xcode-27.0.0-Release.Candidate.app/Contents/Developer/Platforms/XROS.platform/Developer/usr/bin/swift-plugin-server\#ObservationMacros -load-resolved-plugin /Applications/Xcode-27.0.0-Release.Candidate.app/Contents/Developer/Platforms/XROS.platform/Developer/usr/lib/swift/host/plugins/libSwiftMacros.dylib\#/Applications/Xcode-27.0.0-Release.Candidate.app/Contents/Developer/Platforms/XROS.platform/Developer/usr/bin/swift-plugin-server\#SwiftMacros -disable-implicit-swift-modules -Xcc -fno-implicit-modules -Xcc -fno-implicit-module-maps -explicit-swift-module-map-file /Users/admin/builder/spi-builder-workspace/.derivedData/Build/Intermediates.noindex/swift-xdg.build/Debug-xros/XDG-t.build/Objects-normal/arm64/XDG-dependencies-1.json -Xllvm -aarch64-use-tbi -enable-objc-interop -stack-check -sdk /Applications/Xcode-27.0.0-Release.Candidate.app/Contents/Developer/Platforms/XROS.platform/Developer/SDKs/XROS27.0.sdk -I /Users/admin/builder/spi-builder-workspace/.derivedData/Build/Products/Debug-xros -Isystem /Applications/Xcode-27.0.0-Release.Candidate.app/Contents/Developer/Platforms/XROS.platform/Developer/usr/lib -F /Users/admin/builder/spi-builder-workspace/.derivedData/Build/Products/Debug-xros -F /Applications/Xcode-27.0.0-Release.Candidate.app/Contents/Developer/Platforms/XROS.platform/Developer/Library/Frameworks -F /Applications/Xcode-27.0.0-Release.Candidate.app/Contents/Developer/Platforms/XROS.platform/Developer/SDKs/XROS27.0.sdk/Developer/Library/Frameworks -module-cache-path /Users/admin/builder/spi-builder-workspace/.derivedData/Build/Intermediates.noindex/SwiftExplicitPrecompiledModules -no-color-diagnostics -Xcc -fno-color-diagnostics -enable-testing -g -debug-info-format\=dwarf -dwarf-version\=4 -profile-generate -profile-coverage-mapping -swift-version 5 -Onone -D SWIFT_PACKAGE -D DEBUG -D SWIFT_MODULE_RESOURCE_BUNDLE_UNAVAILABLE -D Xcode -serialize-debugging-options -enable-experimental-feature DebugDescriptionMacro -empty-abi-descriptor -validate-clang-modules-once -clang-build-session-file /Users/admin/builder/spi-builder-workspace/.derivedData/ModuleCache.noindex/Session.modulevalidation -Xcc -working-directory -Xcc /Users/admin/builder/spi-builder-workspace/.swiftpm/xcode -enable-anonymous-context-mangled-names -file-compilation-dir /Users/admin/builder/spi-builder-workspace/.swiftpm/xcode -Xcc -D_LIBCPP_HARDENING_MODE\=_LIBCPP_HARDENING_MODE_DEBUG -Xcc -ivfsstatcache -Xcc /Users/admin/builder/spi-builder-workspace/.derivedData/SDKStatCaches.noindex/xros27.0-24M361-e829b21a6f8c9b70876ba0858053c044735bd543db762f57723cac368afd1ce4.sdkstatcache -Xcc -fmodules-prune-interval\=86400 -Xcc -fmodules-prune-after\=345600 -Xcc -I/Users/admin/builder/spi-builder-workspace/.derivedData/Build/Products/Debug-xros/include -Xcc -I/Users/admin/builder/spi-builder-workspace/.derivedData/Build/Intermediates.noindex/swift-xdg.build/Debug-xros/XDG-t.build/DerivedSources-normal/arm64 -Xcc -I/Users/admin/builder/spi-builder-workspace/.derivedData/Build/Intermediates.noindex/swift-xdg.build/Debug-xros/XDG-t.build/DerivedSources/arm64 -Xcc -I/Users/admin/builder/spi-builder-workspace/.derivedData/Build/Intermediates.noindex/swift-xdg.build/Debug-xros/XDG-t.build/DerivedSources -Xcc -DSWIFT_PACKAGE -Xcc -DDEBUG\=1 -no-auto-bridging-header-chaining -module-name XDG -const-gather-protocols-file /Users/admin/builder/spi-builder-workspace/.derivedData/Build/Intermediates.noindex/swift-xdg.build/Debug-xros/XDG-t.build/Objects-normal/arm64/XDG_const_extract_protocols.json -disable-clang-spi -clang-target arm64-apple-xros27.0 -target-sdk-version 27.0 -target-sdk-name xros27.0 -in-process-plugin-server-path /Applications/Xcode-27.0.0-Release.Candidate.app/Contents/Developer/Toolchains/XcodeDefault.xctoolchain/usr/lib/swift/host/libSwiftInProcPluginServer.dylib -parse-as-library -o /Users/admin/builder/spi-builder-workspace/.derivedData/Build/Intermediates.noindex/swift-xdg.build/Debug-xros/XDG-t.build/Objects-normal/arm64/BaseDirectories.o -debug-module-path /Users/admin/builder/spi-builder-workspace/.derivedData/Build/Intermediates.noindex/swift-xdg.build/Debug-xros/XDG-t.build/Objects-normal/arm64/XDG.swiftmodule -index-unit-output-path /swift-xdg.build/Debug-xros/XDG-t.build/Objects-normal/arm64/BaseDirectories.o -index-store-path /Users/admin/builder/spi-builder-workspace/.derivedData/Index.noindex/DataStore -index-system-modules
SwiftCompile normal arm64 /Users/admin/builder/spi-builder-workspace/Sources/XDG/BaseDirectories.swift (in target 'XDG' from project 'swift-xdg')
cd /Users/admin/builder/spi-builder-workspace/.swiftpm/xcode
builtin-SwiftPerFileCompile BaseDirectories.swift
SwiftCompile normal arm64 Compiling\ BaseDirectories+FindFile.swift /Users/admin/builder/spi-builder-workspace/Sources/XDG/BaseDirectories+FindFile.swift (in target 'XDG' from project 'swift-xdg')
SwiftCompile normal arm64 /Users/admin/builder/spi-builder-workspace/Sources/XDG/BaseDirectories+FindFile.swift (in target 'XDG' from project 'swift-xdg')
cd /Users/admin/builder/spi-builder-workspace/.swiftpm/xcode
builtin-SwiftPerFileCompile BaseDirectories+FindFile.swift
SwiftCompile normal arm64 Compiling\ \ Errors.swift /Users/admin/builder/spi-builder-workspace/Sources/XDG/\ Errors.swift (in target 'XDG' from project 'swift-xdg')
SwiftCompile normal arm64 /Users/admin/builder/spi-builder-workspace/Sources/XDG/\ Errors.swift (in target 'XDG' from project 'swift-xdg')
cd /Users/admin/builder/spi-builder-workspace/.swiftpm/xcode
builtin-SwiftPerFileCompile \ Errors.swift
SwiftCompile normal arm64 Compiling\ BaseDirectories+EnsureDir.swift /Users/admin/builder/spi-builder-workspace/Sources/XDG/BaseDirectories+EnsureDir.swift (in target 'XDG' from project 'swift-xdg')
SwiftCompile normal arm64 /Users/admin/builder/spi-builder-workspace/Sources/XDG/BaseDirectories+EnsureDir.swift (in target 'XDG' from project 'swift-xdg')
cd /Users/admin/builder/spi-builder-workspace/.swiftpm/xcode
builtin-SwiftPerFileCompile BaseDirectories+EnsureDir.swift
SwiftDriverJobDiscovery normal arm64 Emitting module for XDG (in target 'XDG' from project 'swift-xdg')
SwiftDriver\ Compilation\ Requirements XDG normal arm64 com.apple.xcode.tools.swift.compiler (in target 'XDG' from project 'swift-xdg')
cd /Users/admin/builder/spi-builder-workspace/.swiftpm/xcode
builtin-Swift-Compilation-Requirements -- /Applications/Xcode-27.0.0-Release.Candidate.app/Contents/Developer/Toolchains/XcodeDefault.xctoolchain/usr/bin/swiftc -parse-as-library -module-name XDG -Onone @/Users/admin/builder/spi-builder-workspace/.derivedData/Build/Intermediates.noindex/swift-xdg.build/Debug-xros/XDG-t.build/Objects-normal/arm64/XDG.SwiftFileList -DSWIFT_PACKAGE -DDEBUG -DSWIFT_MODULE_RESOURCE_BUNDLE_UNAVAILABLE -DXcode -plugin-path /Applications/Xcode-27.0.0-Release.Candidate.app/Contents/Developer/Toolchains/XcodeDefault.xctoolchain/usr/lib/swift/host/plugins/testing -enable-experimental-feature DebugDescriptionMacro -sdk /Applications/Xcode-27.0.0-Release.Candidate.app/Contents/Developer/Platforms/XROS.platform/Developer/SDKs/XROS27.0.sdk -target arm64-apple-xros1.0 -g -module-cache-path /Users/admin/builder/spi-builder-workspace/.derivedData/ModuleCache.noindex -Xfrontend -serialize-debugging-options -profile-coverage-mapping -profile-generate -enable-testing -index-store-path /Users/admin/builder/spi-builder-workspace/.derivedData/Index.noindex/DataStore -Xcc -D_LIBCPP_HARDENING_MODE\=_LIBCPP_HARDENING_MODE_DEBUG -swift-version 5 -I /Users/admin/builder/spi-builder-workspace/.derivedData/Build/Products/Debug-xros -Isystem /Applications/Xcode-27.0.0-Release.Candidate.app/Contents/Developer/Platforms/XROS.platform/Developer/usr/lib -F /Users/admin/builder/spi-builder-workspace/.derivedData/Build/Products/Debug-xros -F /Applications/Xcode-27.0.0-Release.Candidate.app/Contents/Developer/Platforms/XROS.platform/Developer/Library/Frameworks -F /Applications/Xcode-27.0.0-Release.Candidate.app/Contents/Developer/Platforms/XROS.platform/Developer/SDKs/XROS27.0.sdk/Developer/Library/Frameworks -c -j10 -enable-batch-mode -incremental -Xcc -ivfsstatcache -Xcc /Users/admin/builder/spi-builder-workspace/.derivedData/SDKStatCaches.noindex/xros27.0-24M361-e829b21a6f8c9b70876ba0858053c044735bd543db762f57723cac368afd1ce4.sdkstatcache -output-file-map /Users/admin/builder/spi-builder-workspace/.derivedData/Build/Intermediates.noindex/swift-xdg.build/Debug-xros/XDG-t.build/Objects-normal/arm64/XDG-OutputFileMap.json -save-temps -no-color-diagnostics -explicit-module-build -module-cache-path /Users/admin/builder/spi-builder-workspace/.derivedData/Build/Intermediates.noindex/SwiftExplicitPrecompiledModules -clang-scanner-module-cache-path /Users/admin/builder/spi-builder-workspace/.derivedData/ModuleCache.noindex -sdk-module-cache-path /Users/admin/builder/spi-builder-workspace/.derivedData/SDKExplicitPrecompiledModules -emit-dependencies -emit-module -emit-module-path /Users/admin/builder/spi-builder-workspace/.derivedData/Build/Intermediates.noindex/swift-xdg.build/Debug-xros/XDG-t.build/Objects-normal/arm64/XDG.swiftmodule -serialize-diagnostics -dependency-scan-serialize-diagnostics-path /Users/admin/builder/spi-builder-workspace/.derivedData/Build/Intermediates.noindex/swift-xdg.build/Debug-xros/XDG-t.build/Objects-normal/arm64/XDG-dependency-scan.dia -validate-clang-modules-once -clang-build-session-file /Users/admin/builder/spi-builder-workspace/.derivedData/ModuleCache.noindex/Session.modulevalidation -Xcc -fmodules-prune-interval\=86400 -Xcc -fmodules-prune-after\=345600 -emit-const-values -const-gather-protocols-list /Users/admin/builder/spi-builder-workspace/.derivedData/Build/Intermediates.noindex/swift-xdg.build/Debug-xros/XDG-t.build/Objects-normal/arm64/XDG_const_extract_protocols.json -Xcc -I/Users/admin/builder/spi-builder-workspace/.derivedData/Build/Products/Debug-xros/include -Xcc -I/Users/admin/builder/spi-builder-workspace/.derivedData/Build/Intermediates.noindex/swift-xdg.build/Debug-xros/XDG-t.build/DerivedSources-normal/arm64 -Xcc -I/Users/admin/builder/spi-builder-workspace/.derivedData/Build/Intermediates.noindex/swift-xdg.build/Debug-xros/XDG-t.build/DerivedSources/arm64 -Xcc -I/Users/admin/builder/spi-builder-workspace/.derivedData/Build/Intermediates.noindex/swift-xdg.build/Debug-xros/XDG-t.build/DerivedSources -Xcc -DSWIFT_PACKAGE -Xcc -DDEBUG\=1 -emit-objc-header -emit-objc-header-path /Users/admin/builder/spi-builder-workspace/.derivedData/Build/Intermediates.noindex/swift-xdg.build/Debug-xros/XDG-t.build/Objects-normal/arm64/XDG-Swift.h -working-directory /Users/admin/builder/spi-builder-workspace/.swiftpm/xcode -experimental-emit-module-separately -disable-cmo
SwiftMergeGeneratedHeaders /Users/admin/builder/spi-builder-workspace/.derivedData/Build/Intermediates.noindex/GeneratedModuleMaps-xros/XDG-Swift.h /Users/admin/builder/spi-builder-workspace/.derivedData/Build/Intermediates.noindex/swift-xdg.build/Debug-xros/XDG-t.build/Objects-normal/arm64/XDG-Swift.h (in target 'XDG' from project 'swift-xdg')
cd /Users/admin/builder/spi-builder-workspace
builtin-swiftHeaderTool -arch arm64 /Users/admin/builder/spi-builder-workspace/.derivedData/Build/Intermediates.noindex/swift-xdg.build/Debug-xros/XDG-t.build/Objects-normal/arm64/XDG-Swift.h -o /Users/admin/builder/spi-builder-workspace/.derivedData/Build/Intermediates.noindex/GeneratedModuleMaps-xros/XDG-Swift.h
Copy /Users/admin/builder/spi-builder-workspace/.derivedData/Build/Products/Debug-xros/XDG.swiftmodule/arm64-apple-xros.swiftmodule /Users/admin/builder/spi-builder-workspace/.derivedData/Build/Intermediates.noindex/swift-xdg.build/Debug-xros/XDG-t.build/Objects-normal/arm64/XDG.swiftmodule (in target 'XDG' from project 'swift-xdg')
cd /Users/admin/builder/spi-builder-workspace
builtin-copy -exclude .DS_Store -exclude CVS -exclude .svn -exclude .git -exclude .hg -resolve-src-symlinks -rename /Users/admin/builder/spi-builder-workspace/.derivedData/Build/Intermediates.noindex/swift-xdg.build/Debug-xros/XDG-t.build/Objects-normal/arm64/XDG.swiftmodule /Users/admin/builder/spi-builder-workspace/.derivedData/Build/Products/Debug-xros/XDG.swiftmodule/arm64-apple-xros.swiftmodule
Copy /Users/admin/builder/spi-builder-workspace/.derivedData/Build/Products/Debug-xros/XDG.swiftmodule/arm64-apple-xros.swiftdoc /Users/admin/builder/spi-builder-workspace/.derivedData/Build/Intermediates.noindex/swift-xdg.build/Debug-xros/XDG-t.build/Objects-normal/arm64/XDG.swiftdoc (in target 'XDG' from project 'swift-xdg')
cd /Users/admin/builder/spi-builder-workspace
builtin-copy -exclude .DS_Store -exclude CVS -exclude .svn -exclude .git -exclude .hg -resolve-src-symlinks -rename /Users/admin/builder/spi-builder-workspace/.derivedData/Build/Intermediates.noindex/swift-xdg.build/Debug-xros/XDG-t.build/Objects-normal/arm64/XDG.swiftdoc /Users/admin/builder/spi-builder-workspace/.derivedData/Build/Products/Debug-xros/XDG.swiftmodule/arm64-apple-xros.swiftdoc
Copy /Users/admin/builder/spi-builder-workspace/.derivedData/Build/Products/Debug-xros/XDG.swiftmodule/arm64-apple-xros.abi.json /Users/admin/builder/spi-builder-workspace/.derivedData/Build/Intermediates.noindex/swift-xdg.build/Debug-xros/XDG-t.build/Objects-normal/arm64/XDG.abi.json (in target 'XDG' from project 'swift-xdg')
cd /Users/admin/builder/spi-builder-workspace
builtin-copy -exclude .DS_Store -exclude CVS -exclude .svn -exclude .git -exclude .hg -resolve-src-symlinks -rename /Users/admin/builder/spi-builder-workspace/.derivedData/Build/Intermediates.noindex/swift-xdg.build/Debug-xros/XDG-t.build/Objects-normal/arm64/XDG.abi.json /Users/admin/builder/spi-builder-workspace/.derivedData/Build/Products/Debug-xros/XDG.swiftmodule/arm64-apple-xros.abi.json
Copy /Users/admin/builder/spi-builder-workspace/.derivedData/Build/Products/Debug-xros/XDG.swiftmodule/Project/arm64-apple-xros.swiftsourceinfo /Users/admin/builder/spi-builder-workspace/.derivedData/Build/Intermediates.noindex/swift-xdg.build/Debug-xros/XDG-t.build/Objects-normal/arm64/XDG.swiftsourceinfo (in target 'XDG' from project 'swift-xdg')
cd /Users/admin/builder/spi-builder-workspace
builtin-copy -exclude .DS_Store -exclude CVS -exclude .svn -exclude .git -exclude .hg -resolve-src-symlinks -rename /Users/admin/builder/spi-builder-workspace/.derivedData/Build/Intermediates.noindex/swift-xdg.build/Debug-xros/XDG-t.build/Objects-normal/arm64/XDG.swiftsourceinfo /Users/admin/builder/spi-builder-workspace/.derivedData/Build/Products/Debug-xros/XDG.swiftmodule/Project/arm64-apple-xros.swiftsourceinfo
PruneExplicitPrecompiledModules /Users/admin/builder/spi-builder-workspace/.derivedData/Build/Intermediates.noindex/ExplicitPrecompiledModules
PruneExplicitPrecompiledModules /Users/admin/builder/spi-builder-workspace/.derivedData/SDKExplicitPrecompiledModules
PruneExplicitPrecompiledModules /Users/admin/builder/spi-builder-workspace/.derivedData/Build/Intermediates.noindex/SwiftExplicitPrecompiledModules
2026-09-20 02:00:51.969 xcodebuild[623:3957] [MT] IDERunDestination: Supported platforms for the buildables in the current scheme is empty.
** BUILD FAILED **
The following build commands failed:
SwiftCompile normal arm64 Compiling\ BaseDirectories.swift /Users/admin/builder/spi-builder-workspace/Sources/XDG/BaseDirectories.swift (in target 'XDG' from project 'swift-xdg')
SwiftCompile normal arm64 /Users/admin/builder/spi-builder-workspace/Sources/XDG/BaseDirectories.swift (in target 'XDG' from project 'swift-xdg')
Building workspace swift-xdg with scheme swift-xdg
(3 failures)
Command line invocation:
/Applications/Xcode-27.0.0-Release.Candidate.app/Contents/Developer/usr/bin/xcodebuild -IDEClonedSourcePackagesDirPathOverride=/Users/admin/builder/spi-builder-workspace/.dependencies -resolvePackageDependencies
Resolve Package Graph
Resolved source packages:
swift-xdg: /Users/admin/builder/spi-builder-workspace
resolved source packages: swift-xdg
2026-09-20 02:00:59.467 xcodebuild[704:4412] [MT] IDERunDestination: Supported platforms for the buildables in the current scheme is empty.
{
"dependencies" : [
],
"manifest_display_name" : "swift-xdg",
"name" : "swift-xdg",
"path" : "/Users/admin/builder/spi-builder-workspace",
"platforms" : [
{
"name" : "macos",
"version" : "12.0"
},
{
"name" : "tvos",
"version" : "15.0"
},
{
"name" : "ios",
"version" : "15.0"
},
{
"name" : "watchos",
"version" : "8.0"
}
],
"products" : [
{
"name" : "XDG",
"targets" : [
"XDG"
],
"type" : {
"library" : [
"automatic"
]
}
}
],
"targets" : [
{
"c99name" : "XDGTests",
"module_type" : "SwiftTarget",
"name" : "XDGTests",
"path" : "Tests/XDGTests",
"sources" : [
"XDGTests.swift"
],
"target_dependencies" : [
"XDG"
],
"type" : "test"
},
{
"c99name" : "XDG",
"module_type" : "SwiftTarget",
"name" : "XDG",
"path" : "Sources/XDG",
"product_memberships" : [
"XDG"
],
"sources" : [
" Errors.swift",
"BaseDirectories+EnsureDir.swift",
"BaseDirectories+EnsureFileParents.swift",
"BaseDirectories+FindFile.swift",
"BaseDirectories+FindFiles.swift",
"BaseDirectories+GetPath.swift",
"BaseDirectories.swift",
"PrivateUtils/FilePath+Utils.swift"
],
"type" : "library"
}
],
"tools_version" : "5.7"
}
{
"workspace" : {
"name" : "swift-xdg",
"schemes" : [
"swift-xdg"
]
}
}
2026-09-20 02:01:00.721 xcodebuild[712:4480] [MT] IDERunDestination: Supported platforms for the buildables in the current scheme is empty.
Running build ...
env DEVELOPER_DIR=/Applications/Xcode-27.0.0-Release.Candidate.app xcrun xcodebuild -IDEClonedSourcePackagesDirPathOverride=$PWD/.dependencies -skipMacroValidation -skipPackagePluginValidation -derivedDataPath $PWD/.derivedData build -scheme swift-xdg -destination generic/platform=xrOS
Command line invocation:
/Applications/Xcode-27.0.0-Release.Candidate.app/Contents/Developer/usr/bin/xcodebuild -IDEClonedSourcePackagesDirPathOverride=/Users/admin/builder/spi-builder-workspace/.dependencies -skipMacroValidation -skipPackagePluginValidation -derivedDataPath /Users/admin/builder/spi-builder-workspace/.derivedData build -scheme swift-xdg -destination generic/platform=xrOS
Resolve Package Graph
Resolved source packages:
swift-xdg: /Users/admin/builder/spi-builder-workspace
ComputePackagePrebuildTargetDependencyGraph
Prepare packages
CreateBuildRequest
SendProjectDescription
CreateBuildOperation
ComputeTargetDependencyGraph
note: Building targets in dependency order
note: Target dependency graph (2 targets)
Target 'XDG-product' in project 'swift-xdg'
➜ Explicit dependency on target 'XDG' in project 'swift-xdg'
Target 'XDG' in project 'swift-xdg' (no dependencies)
GatherProvisioningInputs
CreateBuildDescription
ClangStatCache /Applications/Xcode-27.0.0-Release.Candidate.app/Contents/Developer/Toolchains/XcodeDefault.xctoolchain/usr/bin/clang-stat-cache /Applications/Xcode-27.0.0-Release.Candidate.app/Contents/Developer/Platforms/XROS.platform/Developer/SDKs/XROS27.0.sdk /Users/admin/builder/spi-builder-workspace/.derivedData/SDKStatCaches.noindex/xros27.0-24M361-e829b21a6f8c9b70876ba0858053c044735bd543db762f57723cac368afd1ce4.sdkstatcache
cd /Users/admin/builder/spi-builder-workspace/.swiftpm/xcode
/Applications/Xcode-27.0.0-Release.Candidate.app/Contents/Developer/Toolchains/XcodeDefault.xctoolchain/usr/bin/clang-stat-cache /Applications/Xcode-27.0.0-Release.Candidate.app/Contents/Developer/Platforms/XROS.platform/Developer/SDKs/XROS27.0.sdk -o /Users/admin/builder/spi-builder-workspace/.derivedData/SDKStatCaches.noindex/xros27.0-24M361-e829b21a6f8c9b70876ba0858053c044735bd543db762f57723cac368afd1ce4.sdkstatcache
SwiftDriver XDG normal arm64 com.apple.xcode.tools.swift.compiler (in target 'XDG' from project 'swift-xdg')
cd /Users/admin/builder/spi-builder-workspace/.swiftpm/xcode
builtin-SwiftDriver -- /Applications/Xcode-27.0.0-Release.Candidate.app/Contents/Developer/Toolchains/XcodeDefault.xctoolchain/usr/bin/swiftc -parse-as-library -module-name XDG -Onone @/Users/admin/builder/spi-builder-workspace/.derivedData/Build/Intermediates.noindex/swift-xdg.build/Debug-xros/XDG-t.build/Objects-normal/arm64/XDG.SwiftFileList -DSWIFT_PACKAGE -DDEBUG -DSWIFT_MODULE_RESOURCE_BUNDLE_UNAVAILABLE -DXcode -plugin-path /Applications/Xcode-27.0.0-Release.Candidate.app/Contents/Developer/Toolchains/XcodeDefault.xctoolchain/usr/lib/swift/host/plugins/testing -enable-experimental-feature DebugDescriptionMacro -sdk /Applications/Xcode-27.0.0-Release.Candidate.app/Contents/Developer/Platforms/XROS.platform/Developer/SDKs/XROS27.0.sdk -target arm64-apple-xros1.0 -g -module-cache-path /Users/admin/builder/spi-builder-workspace/.derivedData/ModuleCache.noindex -Xfrontend -serialize-debugging-options -profile-coverage-mapping -profile-generate -enable-testing -index-store-path /Users/admin/builder/spi-builder-workspace/.derivedData/Index.noindex/DataStore -Xcc -D_LIBCPP_HARDENING_MODE\=_LIBCPP_HARDENING_MODE_DEBUG -swift-version 5 -I /Users/admin/builder/spi-builder-workspace/.derivedData/Build/Products/Debug-xros -Isystem /Applications/Xcode-27.0.0-Release.Candidate.app/Contents/Developer/Platforms/XROS.platform/Developer/usr/lib -F /Users/admin/builder/spi-builder-workspace/.derivedData/Build/Products/Debug-xros -F /Applications/Xcode-27.0.0-Release.Candidate.app/Contents/Developer/Platforms/XROS.platform/Developer/Library/Frameworks -F /Applications/Xcode-27.0.0-Release.Candidate.app/Contents/Developer/Platforms/XROS.platform/Developer/SDKs/XROS27.0.sdk/Developer/Library/Frameworks -c -j10 -enable-batch-mode -incremental -Xcc -ivfsstatcache -Xcc /Users/admin/builder/spi-builder-workspace/.derivedData/SDKStatCaches.noindex/xros27.0-24M361-e829b21a6f8c9b70876ba0858053c044735bd543db762f57723cac368afd1ce4.sdkstatcache -output-file-map /Users/admin/builder/spi-builder-workspace/.derivedData/Build/Intermediates.noindex/swift-xdg.build/Debug-xros/XDG-t.build/Objects-normal/arm64/XDG-OutputFileMap.json -save-temps -no-color-diagnostics -explicit-module-build -module-cache-path /Users/admin/builder/spi-builder-workspace/.derivedData/Build/Intermediates.noindex/SwiftExplicitPrecompiledModules -clang-scanner-module-cache-path /Users/admin/builder/spi-builder-workspace/.derivedData/ModuleCache.noindex -sdk-module-cache-path /Users/admin/builder/spi-builder-workspace/.derivedData/SDKExplicitPrecompiledModules -emit-dependencies -emit-module -emit-module-path /Users/admin/builder/spi-builder-workspace/.derivedData/Build/Intermediates.noindex/swift-xdg.build/Debug-xros/XDG-t.build/Objects-normal/arm64/XDG.swiftmodule -serialize-diagnostics -dependency-scan-serialize-diagnostics-path /Users/admin/builder/spi-builder-workspace/.derivedData/Build/Intermediates.noindex/swift-xdg.build/Debug-xros/XDG-t.build/Objects-normal/arm64/XDG-dependency-scan.dia -validate-clang-modules-once -clang-build-session-file /Users/admin/builder/spi-builder-workspace/.derivedData/ModuleCache.noindex/Session.modulevalidation -Xcc -fmodules-prune-interval\=86400 -Xcc -fmodules-prune-after\=345600 -emit-const-values -const-gather-protocols-list /Users/admin/builder/spi-builder-workspace/.derivedData/Build/Intermediates.noindex/swift-xdg.build/Debug-xros/XDG-t.build/Objects-normal/arm64/XDG_const_extract_protocols.json -Xcc -I/Users/admin/builder/spi-builder-workspace/.derivedData/Build/Products/Debug-xros/include -Xcc -I/Users/admin/builder/spi-builder-workspace/.derivedData/Build/Intermediates.noindex/swift-xdg.build/Debug-xros/XDG-t.build/DerivedSources-normal/arm64 -Xcc -I/Users/admin/builder/spi-builder-workspace/.derivedData/Build/Intermediates.noindex/swift-xdg.build/Debug-xros/XDG-t.build/DerivedSources/arm64 -Xcc -I/Users/admin/builder/spi-builder-workspace/.derivedData/Build/Intermediates.noindex/swift-xdg.build/Debug-xros/XDG-t.build/DerivedSources -Xcc -DSWIFT_PACKAGE -Xcc -DDEBUG\=1 -emit-objc-header -emit-objc-header-path /Users/admin/builder/spi-builder-workspace/.derivedData/Build/Intermediates.noindex/swift-xdg.build/Debug-xros/XDG-t.build/Objects-normal/arm64/XDG-Swift.h -working-directory /Users/admin/builder/spi-builder-workspace/.swiftpm/xcode -experimental-emit-module-separately -disable-cmo
SwiftCompile normal arm64 Compiling\ BaseDirectories+FindFile.swift /Users/admin/builder/spi-builder-workspace/Sources/XDG/BaseDirectories+FindFile.swift (in target 'XDG' from project 'swift-xdg')
SwiftCompile normal arm64 /Users/admin/builder/spi-builder-workspace/Sources/XDG/BaseDirectories+FindFile.swift (in target 'XDG' from project 'swift-xdg')
cd /Users/admin/builder/spi-builder-workspace/.swiftpm/xcode
builtin-SwiftPerFileCompile BaseDirectories+FindFile.swift
SwiftCompile normal arm64 Compiling\ BaseDirectories+FindFiles.swift /Users/admin/builder/spi-builder-workspace/Sources/XDG/BaseDirectories+FindFiles.swift (in target 'XDG' from project 'swift-xdg')
SwiftCompile normal arm64 /Users/admin/builder/spi-builder-workspace/Sources/XDG/BaseDirectories+FindFiles.swift (in target 'XDG' from project 'swift-xdg')
cd /Users/admin/builder/spi-builder-workspace/.swiftpm/xcode
builtin-SwiftPerFileCompile BaseDirectories+FindFiles.swift
SwiftCompile normal arm64 Compiling\ BaseDirectories+GetPath.swift /Users/admin/builder/spi-builder-workspace/Sources/XDG/BaseDirectories+GetPath.swift (in target 'XDG' from project 'swift-xdg')
SwiftCompile normal arm64 /Users/admin/builder/spi-builder-workspace/Sources/XDG/BaseDirectories+GetPath.swift (in target 'XDG' from project 'swift-xdg')
cd /Users/admin/builder/spi-builder-workspace/.swiftpm/xcode
builtin-SwiftPerFileCompile BaseDirectories+GetPath.swift
SwiftCompile normal arm64 Compiling\ BaseDirectories+EnsureDir.swift /Users/admin/builder/spi-builder-workspace/Sources/XDG/BaseDirectories+EnsureDir.swift (in target 'XDG' from project 'swift-xdg')
SwiftCompile normal arm64 /Users/admin/builder/spi-builder-workspace/Sources/XDG/BaseDirectories+EnsureDir.swift (in target 'XDG' from project 'swift-xdg')
cd /Users/admin/builder/spi-builder-workspace/.swiftpm/xcode
builtin-SwiftPerFileCompile BaseDirectories+EnsureDir.swift
SwiftCompile normal arm64 Compiling\ BaseDirectories.swift /Users/admin/builder/spi-builder-workspace/Sources/XDG/BaseDirectories.swift (in target 'XDG' from project 'swift-xdg')
SwiftCompile normal arm64 /Users/admin/builder/spi-builder-workspace/Sources/XDG/BaseDirectories.swift (in target 'XDG' from project 'swift-xdg')
cd /Users/admin/builder/spi-builder-workspace/.swiftpm/xcode
builtin-SwiftPerFileCompile BaseDirectories.swift
/Users/admin/builder/spi-builder-workspace/Sources/XDG/BaseDirectories.swift:22:1: warning: extension declares a conformance of imported type 'FileManager' to imported protocol 'Sendable'; this will not behave correctly if the owners of 'Foundation' introduce this conformance in the future
20 | * 1. It’s open;
21 | * 2. There might be a possibility of issue with the delegate? */
22 | extension FileManager : @unchecked Sendable {}
| |- warning: extension declares a conformance of imported type 'FileManager' to imported protocol 'Sendable'; this will not behave correctly if the owners of 'Foundation' introduce this conformance in the future
| `- note: add '@retroactive' to silence this warning
23 |
24 | /* Based on <https://specifications.freedesktop.org/basedir-spec/basedir-spec-0.8.html>. */
/Users/admin/builder/spi-builder-workspace/Sources/XDG/BaseDirectories.swift:90:32: error: 'homeDirectoryForCurrentUser' is unavailable in visionOS
88 | #if !os(tvOS) && !os(iOS) && !os(watchOS)
89 | /* Note: We probably could’ve used NSHomeDirectory for macOS too. */
90 | homeDirectory = fileManager.homeDirectoryForCurrentUser
| `- error: 'homeDirectoryForCurrentUser' is unavailable in visionOS
91 | #else
92 | homeDirectory = URL(fileURLWithPath: NSHomeDirectory())
/Applications/Xcode-27.0.0-Release.Candidate.app/Contents/Developer/Platforms/XROS.platform/Developer/SDKs/XROS27.0.sdk/System/Library/Frameworks/Foundation.framework/Headers/NSFileManager.h:1004:35: note: 'homeDirectoryForCurrentUser' has been explicitly marked unavailable here
1002 |
1003 | /// The home directory for the current user.
1004 | @property (readonly, copy) NSURL *homeDirectoryForCurrentUser API_AVAILABLE(macosx(10.12)) API_UNAVAILABLE(ios, watchos, tvos);
| `- note: 'homeDirectoryForCurrentUser' has been explicitly marked unavailable here
1005 | /// The temporary directory for the current user.
1006 | @property (readonly, copy) NSURL *temporaryDirectory API_AVAILABLE(macosx(10.12), ios(10.0), watchos(3.0), tvos(10.0));
Failed frontend command:
/Applications/Xcode-27.0.0-Release.Candidate.app/Contents/Developer/Toolchains/XcodeDefault.xctoolchain/usr/bin/swift-frontend -frontend -c /Users/admin/builder/spi-builder-workspace/Sources/XDG/\ Errors.swift /Users/admin/builder/spi-builder-workspace/Sources/XDG/BaseDirectories+EnsureDir.swift /Users/admin/builder/spi-builder-workspace/Sources/XDG/BaseDirectories+EnsureFileParents.swift /Users/admin/builder/spi-builder-workspace/Sources/XDG/BaseDirectories+FindFile.swift /Users/admin/builder/spi-builder-workspace/Sources/XDG/BaseDirectories+FindFiles.swift /Users/admin/builder/spi-builder-workspace/Sources/XDG/BaseDirectories+GetPath.swift -primary-file /Users/admin/builder/spi-builder-workspace/Sources/XDG/BaseDirectories.swift /Users/admin/builder/spi-builder-workspace/Sources/XDG/PrivateUtils/FilePath+Utils.swift -emit-dependencies-path /Users/admin/builder/spi-builder-workspace/.derivedData/Build/Intermediates.noindex/swift-xdg.build/Debug-xros/XDG-t.build/Objects-normal/arm64/BaseDirectories.d -emit-const-values-path /Users/admin/builder/spi-builder-workspace/.derivedData/Build/Intermediates.noindex/swift-xdg.build/Debug-xros/XDG-t.build/Objects-normal/arm64/BaseDirectories.swiftconstvalues -emit-reference-dependencies-path /Users/admin/builder/spi-builder-workspace/.derivedData/Build/Intermediates.noindex/swift-xdg.build/Debug-xros/XDG-t.build/Objects-normal/arm64/BaseDirectories.swiftdeps -serialize-diagnostics-path /Users/admin/builder/spi-builder-workspace/.derivedData/Build/Intermediates.noindex/swift-xdg.build/Debug-xros/XDG-t.build/Objects-normal/arm64/BaseDirectories.dia -target arm64-apple-xros1.0 -module-can-import-version System 5027.0.67 0 -disable-cross-import-overlay-search -load-resolved-plugin /Applications/Xcode-27.0.0-Release.Candidate.app/Contents/Developer/Platforms/XROS.platform/Developer/usr/lib/swift/host/plugins/libFoundationMacros.dylib\#/Applications/Xcode-27.0.0-Release.Candidate.app/Contents/Developer/Platforms/XROS.platform/Developer/usr/bin/swift-plugin-server\#FoundationMacros -load-resolved-plugin /Applications/Xcode-27.0.0-Release.Candidate.app/Contents/Developer/Platforms/XROS.platform/Developer/usr/lib/swift/host/plugins/libObservationMacros.dylib\#/Applications/Xcode-27.0.0-Release.Candidate.app/Contents/Developer/Platforms/XROS.platform/Developer/usr/bin/swift-plugin-server\#ObservationMacros -load-resolved-plugin /Applications/Xcode-27.0.0-Release.Candidate.app/Contents/Developer/Platforms/XROS.platform/Developer/usr/lib/swift/host/plugins/libSwiftMacros.dylib\#/Applications/Xcode-27.0.0-Release.Candidate.app/Contents/Developer/Platforms/XROS.platform/Developer/usr/bin/swift-plugin-server\#SwiftMacros -disable-implicit-swift-modules -Xcc -fno-implicit-modules -Xcc -fno-implicit-module-maps -explicit-swift-module-map-file /Users/admin/builder/spi-builder-workspace/.derivedData/Build/Intermediates.noindex/swift-xdg.build/Debug-xros/XDG-t.build/Objects-normal/arm64/XDG-dependencies-1.json -Xllvm -aarch64-use-tbi -enable-objc-interop -stack-check -sdk /Applications/Xcode-27.0.0-Release.Candidate.app/Contents/Developer/Platforms/XROS.platform/Developer/SDKs/XROS27.0.sdk -I /Users/admin/builder/spi-builder-workspace/.derivedData/Build/Products/Debug-xros -Isystem /Applications/Xcode-27.0.0-Release.Candidate.app/Contents/Developer/Platforms/XROS.platform/Developer/usr/lib -F /Users/admin/builder/spi-builder-workspace/.derivedData/Build/Products/Debug-xros -F /Applications/Xcode-27.0.0-Release.Candidate.app/Contents/Developer/Platforms/XROS.platform/Developer/Library/Frameworks -F /Applications/Xcode-27.0.0-Release.Candidate.app/Contents/Developer/Platforms/XROS.platform/Developer/SDKs/XROS27.0.sdk/Developer/Library/Frameworks -module-cache-path /Users/admin/builder/spi-builder-workspace/.derivedData/Build/Intermediates.noindex/SwiftExplicitPrecompiledModules -no-color-diagnostics -Xcc -fno-color-diagnostics -enable-testing -g -debug-info-format\=dwarf -dwarf-version\=4 -profile-generate -profile-coverage-mapping -swift-version 5 -Onone -D SWIFT_PACKAGE -D DEBUG -D SWIFT_MODULE_RESOURCE_BUNDLE_UNAVAILABLE -D Xcode -serialize-debugging-options -enable-experimental-feature DebugDescriptionMacro -empty-abi-descriptor -validate-clang-modules-once -clang-build-session-file /Users/admin/builder/spi-builder-workspace/.derivedData/ModuleCache.noindex/Session.modulevalidation -Xcc -working-directory -Xcc /Users/admin/builder/spi-builder-workspace/.swiftpm/xcode -enable-anonymous-context-mangled-names -file-compilation-dir /Users/admin/builder/spi-builder-workspace/.swiftpm/xcode -Xcc -D_LIBCPP_HARDENING_MODE\=_LIBCPP_HARDENING_MODE_DEBUG -Xcc -ivfsstatcache -Xcc /Users/admin/builder/spi-builder-workspace/.derivedData/SDKStatCaches.noindex/xros27.0-24M361-e829b21a6f8c9b70876ba0858053c044735bd543db762f57723cac368afd1ce4.sdkstatcache -Xcc -fmodules-prune-interval\=86400 -Xcc -fmodules-prune-after\=345600 -Xcc -I/Users/admin/builder/spi-builder-workspace/.derivedData/Build/Products/Debug-xros/include -Xcc -I/Users/admin/builder/spi-builder-workspace/.derivedData/Build/Intermediates.noindex/swift-xdg.build/Debug-xros/XDG-t.build/DerivedSources-normal/arm64 -Xcc -I/Users/admin/builder/spi-builder-workspace/.derivedData/Build/Intermediates.noindex/swift-xdg.build/Debug-xros/XDG-t.build/DerivedSources/arm64 -Xcc -I/Users/admin/builder/spi-builder-workspace/.derivedData/Build/Intermediates.noindex/swift-xdg.build/Debug-xros/XDG-t.build/DerivedSources -Xcc -DSWIFT_PACKAGE -Xcc -DDEBUG\=1 -no-auto-bridging-header-chaining -module-name XDG -const-gather-protocols-file /Users/admin/builder/spi-builder-workspace/.derivedData/Build/Intermediates.noindex/swift-xdg.build/Debug-xros/XDG-t.build/Objects-normal/arm64/XDG_const_extract_protocols.json -disable-clang-spi -clang-target arm64-apple-xros27.0 -target-sdk-version 27.0 -target-sdk-name xros27.0 -in-process-plugin-server-path /Applications/Xcode-27.0.0-Release.Candidate.app/Contents/Developer/Toolchains/XcodeDefault.xctoolchain/usr/lib/swift/host/libSwiftInProcPluginServer.dylib -parse-as-library -o /Users/admin/builder/spi-builder-workspace/.derivedData/Build/Intermediates.noindex/swift-xdg.build/Debug-xros/XDG-t.build/Objects-normal/arm64/BaseDirectories.o -debug-module-path /Users/admin/builder/spi-builder-workspace/.derivedData/Build/Intermediates.noindex/swift-xdg.build/Debug-xros/XDG-t.build/Objects-normal/arm64/XDG.swiftmodule -index-unit-output-path /swift-xdg.build/Debug-xros/XDG-t.build/Objects-normal/arm64/BaseDirectories.o -index-store-path /Users/admin/builder/spi-builder-workspace/.derivedData/Index.noindex/DataStore -index-system-modules
SwiftCompile normal arm64 Compiling\ FilePath+Utils.swift /Users/admin/builder/spi-builder-workspace/Sources/XDG/PrivateUtils/FilePath+Utils.swift (in target 'XDG' from project 'swift-xdg')
SwiftCompile normal arm64 /Users/admin/builder/spi-builder-workspace/Sources/XDG/PrivateUtils/FilePath+Utils.swift (in target 'XDG' from project 'swift-xdg')
cd /Users/admin/builder/spi-builder-workspace/.swiftpm/xcode
builtin-SwiftPerFileCompile FilePath+Utils.swift
SwiftCompile normal arm64 Compiling\ BaseDirectories+EnsureFileParents.swift /Users/admin/builder/spi-builder-workspace/Sources/XDG/BaseDirectories+EnsureFileParents.swift (in target 'XDG' from project 'swift-xdg')
SwiftCompile normal arm64 /Users/admin/builder/spi-builder-workspace/Sources/XDG/BaseDirectories+EnsureFileParents.swift (in target 'XDG' from project 'swift-xdg')
cd /Users/admin/builder/spi-builder-workspace/.swiftpm/xcode
builtin-SwiftPerFileCompile BaseDirectories+EnsureFileParents.swift
SwiftCompile normal arm64 Compiling\ \ Errors.swift /Users/admin/builder/spi-builder-workspace/Sources/XDG/\ Errors.swift (in target 'XDG' from project 'swift-xdg')
SwiftCompile normal arm64 /Users/admin/builder/spi-builder-workspace/Sources/XDG/\ Errors.swift (in target 'XDG' from project 'swift-xdg')
cd /Users/admin/builder/spi-builder-workspace/.swiftpm/xcode
builtin-SwiftPerFileCompile \ Errors.swift
SwiftEmitModule normal arm64 Emitting\ module\ for\ XDG (in target 'XDG' from project 'swift-xdg')
/Users/admin/builder/spi-builder-workspace/Sources/XDG/BaseDirectories.swift:22:1: warning: extension declares a conformance of imported type 'FileManager' to imported protocol 'Sendable'; this will not behave correctly if the owners of 'Foundation' introduce this conformance in the future
20 | * 1. It’s open;
21 | * 2. There might be a possibility of issue with the delegate? */
22 | extension FileManager : @unchecked Sendable {}
| |- warning: extension declares a conformance of imported type 'FileManager' to imported protocol 'Sendable'; this will not behave correctly if the owners of 'Foundation' introduce this conformance in the future
| `- note: add '@retroactive' to silence this warning
23 |
24 | /* Based on <https://specifications.freedesktop.org/basedir-spec/basedir-spec-0.8.html>. */
SwiftCompile normal arm64 (in target 'XDG' from project 'swift-xdg')
cd /Users/admin/builder/spi-builder-workspace/.swiftpm/xcode
SwiftDriverJobDiscovery normal arm64 Compiling BaseDirectories+GetPath.swift (in target 'XDG' from project 'swift-xdg')
SwiftDriverJobDiscovery normal arm64 Compiling BaseDirectories+EnsureDir.swift (in target 'XDG' from project 'swift-xdg')
SwiftDriverJobDiscovery normal arm64 Compiling BaseDirectories+EnsureFileParents.swift (in target 'XDG' from project 'swift-xdg')
SwiftDriverJobDiscovery normal arm64 Compiling Errors.swift (in target 'XDG' from project 'swift-xdg')
SwiftDriverJobDiscovery normal arm64 Compiling BaseDirectories+FindFile.swift (in target 'XDG' from project 'swift-xdg')
SwiftDriverJobDiscovery normal arm64 Compiling BaseDirectories+FindFiles.swift (in target 'XDG' from project 'swift-xdg')
SwiftDriverJobDiscovery normal arm64 Compiling FilePath+Utils.swift (in target 'XDG' from project 'swift-xdg')
PruneExplicitPrecompiledModules /Users/admin/builder/spi-builder-workspace/.derivedData/Build/Intermediates.noindex/SwiftExplicitPrecompiledModules
PruneExplicitPrecompiledModules /Users/admin/builder/spi-builder-workspace/.derivedData/SDKExplicitPrecompiledModules
PruneExplicitPrecompiledModules /Users/admin/builder/spi-builder-workspace/.derivedData/Build/Intermediates.noindex/ExplicitPrecompiledModules
2026-09-20 02:01:01.707 xcodebuild[713:4504] [MT] IDERunDestination: Supported platforms for the buildables in the current scheme is empty.
** BUILD FAILED **
The following build commands failed:
SwiftCompile normal arm64 /Users/admin/builder/spi-builder-workspace/Sources/XDG/BaseDirectories.swift (in target 'XDG' from project 'swift-xdg')
SwiftCompile normal arm64 Compiling\ BaseDirectories.swift /Users/admin/builder/spi-builder-workspace/Sources/XDG/BaseDirectories.swift (in target 'XDG' from project 'swift-xdg')
Building workspace swift-xdg with scheme swift-xdg
(3 failures)
BUILD FAILURE 6.4 visionOS