Build Information
Failed to build Fuzi, reference 3.2.0 (cde72d), with Swift 6.4 for iOS using Xcode 27.0 on 21 Sep 2026 13:47:52 UTC.
Build Command
env DEVELOPER_DIR=/Applications/Xcode-27.0.0-Release.Candidate.app xcrun xcodebuild -IDEClonedSourcePackagesDirPathOverride=$PWD/.dependencies -skipMacroValidation -skipPackagePluginValidation -derivedDataPath $PWD/.derivedData build -scheme Fuzi -destination generic/platform=iOSBuild Log
========================================
RunAll
========================================
Builder version: 5.1.0
Interrupt handler set up.
========================================
Checkout
========================================
Clone URL: https://github.com/DimensionDev/Fuzi.git
Reference: 3.2.0
Initialized empty Git repository in /Users/admin/builder/spi-builder-workspace/.git/
From https://github.com/DimensionDev/Fuzi
* tag 3.2.0 -> FETCH_HEAD
HEAD is now at cde72d9 Merge branch 'feature/raw-dump'
Cloned https://github.com/DimensionDev/Fuzi.git
Revision (git rev-parse @):
cde72d91c5ad2e4d589f8fa710bd598c9b6a84c8
SUCCESS checkout https://github.com/DimensionDev/Fuzi.git at 3.2.0
========================================
Build
========================================
Selected platform: iOS
Swift version: 6.4
Building package at path: $PWD
https://github.com/DimensionDev/Fuzi.git
Command line invocation:
/Applications/Xcode-27.0.0-Release.Candidate.app/Contents/Developer/usr/bin/xcodebuild -IDEClonedSourcePackagesDirPathOverride=/Users/admin/builder/spi-builder-workspace/.dependencies -resolvePackageDependencies
resolved source packages:
{
"dependencies" : [
],
"manifest_display_name" : "Fuzi",
"name" : "Fuzi",
"path" : "/Users/admin/builder/spi-builder-workspace",
"platforms" : [
],
"products" : [
{
"name" : "Fuzi",
"targets" : [
"Fuzi"
],
"type" : {
"library" : [
"automatic"
]
}
}
],
"targets" : [
{
"c99name" : "FuziTests",
"module_type" : "SwiftTarget",
"name" : "FuziTests",
"path" : "Tests",
"sources" : [
"AtomTests.swift",
"CSSTests.swift",
"DefaultNamespaceXPathTests.swift",
"HTMLTests.swift",
"VMAPTests.swift",
"XMLTests.swift",
"XPathFunctionResultTests.swift"
],
"target_dependencies" : [
"Fuzi"
],
"type" : "test"
},
{
"c99name" : "Fuzi",
"module_type" : "SwiftTarget",
"name" : "Fuzi",
"path" : "Sources",
"product_memberships" : [
"Fuzi"
],
"sources" : [
"Document.swift",
"Element.swift",
"Error.swift",
"Helpers.swift",
"Node.swift",
"NodeSet.swift",
"Queryable.swift"
],
"type" : "library"
}
],
"tools_version" : "5.0"
}
{
"project" : {
"configurations" : [
"Debug",
"Release"
],
"name" : "Fuzi",
"schemes" : [
"Fuzi"
],
"targets" : [
"Fuzi",
"FuziTests"
]
}
}
Running build ...
env DEVELOPER_DIR=/Applications/Xcode-27.0.0-Release.Candidate.app xcrun xcodebuild -IDEClonedSourcePackagesDirPathOverride=$PWD/.dependencies -skipMacroValidation -skipPackagePluginValidation -derivedDataPath $PWD/.derivedData build -scheme Fuzi -destination generic/platform=iOS
Command line invocation:
/Applications/Xcode-27.0.0-Release.Candidate.app/Contents/Developer/usr/bin/xcodebuild -IDEClonedSourcePackagesDirPathOverride=/Users/admin/builder/spi-builder-workspace/.dependencies -skipMacroValidation -skipPackagePluginValidation -derivedDataPath /Users/admin/builder/spi-builder-workspace/.derivedData build -scheme Fuzi -destination generic/platform=iOS
ComputePackagePrebuildTargetDependencyGraph
Prepare packages
CreateBuildRequest
SendProjectDescription
CreateBuildOperation
ComputeTargetDependencyGraph
note: Building targets in dependency order
note: Target dependency graph (1 target)
Target 'Fuzi' in project 'Fuzi' (no dependencies)
GatherProvisioningInputs
CreateBuildDescription
ExecuteExternalTool /Applications/Xcode-27.0.0-Release.Candidate.app/Contents/Developer/Toolchains/XcodeDefault.xctoolchain/usr/bin/clang -v -E -dM -isysroot /Applications/Xcode-27.0.0-Release.Candidate.app/Contents/Developer/Platforms/iPhoneOS.platform/Developer/SDKs/iPhoneOS27.0.sdk -x c -c /dev/null
ExecuteExternalTool /Applications/Xcode-27.0.0-Release.Candidate.app/Contents/Developer/Toolchains/XcodeDefault.xctoolchain/usr/bin/clang -v -E -dM -arch arm64 -isysroot /Applications/Xcode-27.0.0-Release.Candidate.app/Contents/Developer/Platforms/iPhoneOS.platform/Developer/SDKs/iPhoneOS27.0.sdk -x c -c /dev/null
ExecuteExternalTool /Applications/Xcode-27.0.0-Release.Candidate.app/Contents/Developer/Toolchains/XcodeDefault.xctoolchain/usr/bin/swiftc --version
ExecuteExternalTool /Applications/Xcode-27.0.0-Release.Candidate.app/Contents/Developer/Toolchains/XcodeDefault.xctoolchain/usr/bin/ld -version_details
Build description signature: ca48f41f851c4bbe0de8bc970158d8a1
Build description path: /Users/admin/builder/spi-builder-workspace/.derivedData/Build/Intermediates.noindex/XCBuildData/ca48f41f851c4bbe0de8bc970158d8a1.xcbuilddata
/Users/admin/builder/spi-builder-workspace/Fuzi.xcodeproj: error: The iOS deployment target 'IPHONEOS_DEPLOYMENT_TARGET' is set to 10.0, but the range of supported deployment target versions is 15.0 to 27.0.x. (in target 'Fuzi' from project 'Fuzi')
** BUILD FAILED **
The following build commands failed:
Building project Fuzi with scheme Fuzi
(1 failure)
Command line invocation:
/Applications/Xcode-27.0.0-Release.Candidate.app/Contents/Developer/usr/bin/xcodebuild -IDEClonedSourcePackagesDirPathOverride=/Users/admin/builder/spi-builder-workspace/.dependencies -resolvePackageDependencies
resolved source packages:
{
"dependencies" : [
],
"manifest_display_name" : "Fuzi",
"name" : "Fuzi",
"path" : "/Users/admin/builder/spi-builder-workspace",
"platforms" : [
],
"products" : [
{
"name" : "Fuzi",
"targets" : [
"Fuzi"
],
"type" : {
"library" : [
"automatic"
]
}
}
],
"targets" : [
{
"c99name" : "FuziTests",
"module_type" : "SwiftTarget",
"name" : "FuziTests",
"path" : "Tests",
"sources" : [
"AtomTests.swift",
"CSSTests.swift",
"DefaultNamespaceXPathTests.swift",
"HTMLTests.swift",
"VMAPTests.swift",
"XMLTests.swift",
"XPathFunctionResultTests.swift"
],
"target_dependencies" : [
"Fuzi"
],
"type" : "test"
},
{
"c99name" : "Fuzi",
"module_type" : "SwiftTarget",
"name" : "Fuzi",
"path" : "Sources",
"product_memberships" : [
"Fuzi"
],
"sources" : [
"Document.swift",
"Element.swift",
"Error.swift",
"Helpers.swift",
"Node.swift",
"NodeSet.swift",
"Queryable.swift"
],
"type" : "library"
}
],
"tools_version" : "5.0"
}
{
"project" : {
"configurations" : [
"Debug",
"Release"
],
"name" : "Fuzi",
"schemes" : [
"Fuzi"
],
"targets" : [
"Fuzi",
"FuziTests"
]
}
}
Running build ...
env DEVELOPER_DIR=/Applications/Xcode-27.0.0-Release.Candidate.app xcrun xcodebuild -IDEClonedSourcePackagesDirPathOverride=$PWD/.dependencies -skipMacroValidation -skipPackagePluginValidation -derivedDataPath $PWD/.derivedData build -scheme Fuzi -destination generic/platform=iOS
Command line invocation:
/Applications/Xcode-27.0.0-Release.Candidate.app/Contents/Developer/usr/bin/xcodebuild -IDEClonedSourcePackagesDirPathOverride=/Users/admin/builder/spi-builder-workspace/.dependencies -skipMacroValidation -skipPackagePluginValidation -derivedDataPath /Users/admin/builder/spi-builder-workspace/.derivedData build -scheme Fuzi -destination generic/platform=iOS
ComputePackagePrebuildTargetDependencyGraph
Prepare packages
CreateBuildRequest
SendProjectDescription
CreateBuildOperation
ComputeTargetDependencyGraph
note: Building targets in dependency order
note: Target dependency graph (1 target)
Target 'Fuzi' in project 'Fuzi' (no dependencies)
GatherProvisioningInputs
CreateBuildDescription
/Users/admin/builder/spi-builder-workspace/Fuzi.xcodeproj: error: The iOS deployment target 'IPHONEOS_DEPLOYMENT_TARGET' is set to 10.0, but the range of supported deployment target versions is 15.0 to 27.0.x. (in target 'Fuzi' from project 'Fuzi')
** BUILD FAILED **
The following build commands failed:
Building project Fuzi with scheme Fuzi
(1 failure)
BUILD FAILURE 6.4 iOS