The Swift Package Index logo.Swift Package Index

Build Information

Failed to build Source with Swift 5.10 for Linux.

Build Command

bash -c docker run --rm -v "checkouts-4609320-1":/host -w "$workDir" registry.gitlab.com/finestructure/spi-images:basic-5.10-latest swift build --triple x86_64-unknown-linux-gnu 2>&1

Build Log

========================================
RunAll
========================================
Builder version: 4.33.2
Interrupt handler set up.
========================================
Checkout
========================================
Clone URL: https://github.com/blackjacx/Source.git
Reference: develop
Initialized empty Git repository in /host/spi-builder-workspace/.git/
hint: Using 'master' as the name for the initial branch. This default branch name
hint: is subject to change. To configure the initial branch name to use in all
hint: of your new repositories, which will suppress this warning, call:
hint:
hint: 	git config --global init.defaultBranch <name>
hint:
hint: Names commonly chosen instead of 'master' are 'main', 'trunk' and
hint: 'development'. The just-created branch can be renamed via this command:
hint:
hint: 	git branch -m <name>
From https://github.com/blackjacx/Source
 * branch            develop    -> FETCH_HEAD
 * [new branch]      develop    -> origin/develop
HEAD is now at 0cca773 Update X url
Cloned https://github.com/blackjacx/Source.git
Revision (git rev-parse @):
0cca7730391f02fd015a298aa146ce0759047bde
SUCCESS checkout https://github.com/blackjacx/Source.git at develop
========================================
Build
========================================
Selected platform:         linux
Swift version:             5.10
Building package at path:  $workDir
https://github.com/blackjacx/Source.git
Running build ...
bash -c docker run --rm -v "checkouts-4609320-1":/host -w "$workDir" registry.gitlab.com/finestructure/spi-images:basic-5.10-latest swift build --triple x86_64-unknown-linux-gnu 2>&1
Building for debugging...
[0/2] Write sources
[1/2] Write swift-version-24593BA9C3E375BF.txt
[3/13] Compiling Source UITableViewCell+Extensions.swift
/host/spi-builder-workspace/Source/ConfigurableSupplementaryView.swift:9:8: error: no such module 'UIKit'
import UIKit
       ^
[4/14] Compiling Source ViewModel.swift
/host/spi-builder-workspace/Source/ConfigurableSupplementaryView.swift:9:8: error: no such module 'UIKit'
import UIKit
       ^
[5/14] Compiling Source SupplementaryViewModel.swift
/host/spi-builder-workspace/Source/ConfigurableSupplementaryView.swift:9:8: error: no such module 'UIKit'
import UIKit
       ^
[6/14] Compiling Source Section.swift
/host/spi-builder-workspace/Source/ConfigurableSupplementaryView.swift:9:8: error: no such module 'UIKit'
import UIKit
       ^
error: emit-module command failed with exit code 1 (use -v to see invocation)
[7/14] Emitting module Source
/host/spi-builder-workspace/Source/ConfigurableSupplementaryView.swift:9:8: error: no such module 'UIKit'
import UIKit
       ^
[8/14] Compiling Source DataSource.swift
/host/spi-builder-workspace/Source/ConfigurableSupplementaryView.swift:9:8: error: no such module 'UIKit'
import UIKit
       ^
[9/14] Compiling Source HeightConfigurable.swift
/host/spi-builder-workspace/Source/ConfigurableSupplementaryView.swift:9:8: error: no such module 'UIKit'
import UIKit
       ^
[10/14] Compiling Source ModelCollection.swift
/host/spi-builder-workspace/Source/ConfigurableSupplementaryView.swift:9:8: error: no such module 'UIKit'
import UIKit
       ^
[11/14] Compiling Source NSDirectionalLayoutEdges+Extensions.swift
/host/spi-builder-workspace/Source/ConfigurableSupplementaryView.swift:9:8: error: no such module 'UIKit'
import UIKit
       ^
[12/14] Compiling Source Configurable.swift
/host/spi-builder-workspace/Source/ConfigurableSupplementaryView.swift:9:8: error: no such module 'UIKit'
import UIKit
       ^
[13/14] Compiling Source ConfigurableSupplementaryView.swift
/host/spi-builder-workspace/Source/ConfigurableSupplementaryView.swift:9:8: error: no such module 'UIKit'
import UIKit
       ^
[14/14] Compiling Source Reusable.swift
/host/spi-builder-workspace/Source/ConfigurableSupplementaryView.swift:9:8: error: no such module 'UIKit'
import UIKit
       ^
error: fatalError
[0/1] Planning build
Building for debugging...
[0/1] Write swift-version-24593BA9C3E375BF.txt
[2/12] Compiling Source Reusable.swift
/host/spi-builder-workspace/Source/ConfigurableSupplementaryView.swift:9:8: error: no such module 'UIKit'
import UIKit
       ^
[3/13] Compiling Source SupplementaryViewModel.swift
/host/spi-builder-workspace/Source/ConfigurableSupplementaryView.swift:9:8: error: no such module 'UIKit'
import UIKit
       ^
[4/13] Compiling Source UITableViewCell+Extensions.swift
/host/spi-builder-workspace/Source/ConfigurableSupplementaryView.swift:9:8: error: no such module 'UIKit'
import UIKit
       ^
[5/13] Compiling Source Section.swift
/host/spi-builder-workspace/Source/ConfigurableSupplementaryView.swift:9:8: error: no such module 'UIKit'
import UIKit
       ^
error: emit-module command failed with exit code 1 (use -v to see invocation)
[6/13] Emitting module Source
/host/spi-builder-workspace/Source/ConfigurableSupplementaryView.swift:9:8: error: no such module 'UIKit'
import UIKit
       ^
[7/13] Compiling Source Configurable.swift
/host/spi-builder-workspace/Source/ConfigurableSupplementaryView.swift:9:8: error: no such module 'UIKit'
import UIKit
       ^
[8/13] Compiling Source ConfigurableSupplementaryView.swift
/host/spi-builder-workspace/Source/ConfigurableSupplementaryView.swift:9:8: error: no such module 'UIKit'
import UIKit
       ^
[9/13] Compiling Source ModelCollection.swift
/host/spi-builder-workspace/Source/ConfigurableSupplementaryView.swift:9:8: error: no such module 'UIKit'
import UIKit
       ^
[10/13] Compiling Source NSDirectionalLayoutEdges+Extensions.swift
/host/spi-builder-workspace/Source/ConfigurableSupplementaryView.swift:9:8: error: no such module 'UIKit'
import UIKit
       ^
[11/13] Compiling Source DataSource.swift
/host/spi-builder-workspace/Source/ConfigurableSupplementaryView.swift:9:8: error: no such module 'UIKit'
import UIKit
       ^
[12/13] Compiling Source HeightConfigurable.swift
/host/spi-builder-workspace/Source/ConfigurableSupplementaryView.swift:9:8: error: no such module 'UIKit'
import UIKit
       ^
[13/13] Compiling Source ViewModel.swift
/host/spi-builder-workspace/Source/ConfigurableSupplementaryView.swift:9:8: error: no such module 'UIKit'
import UIKit
       ^
error: fatalError
BUILD FAILURE 5.10 linux

Build Machine: Linux 2