The Swift Package Index logo.Swift Package Index

Build Information

Failed to build SwiftNetrc, reference master (220759), with Swift 6.4 for watchOS using Xcode 27.0 on 16 Sep 2026 19:32:48 UTC.

Build Command

env DEVELOPER_DIR=/Applications/Xcode-27.0.0-Release.Candidate.app xcrun xcodebuild -IDEClonedSourcePackagesDirPathOverride=$PWD/.dependencies -skipMacroValidation -skipPackagePluginValidation -derivedDataPath $PWD/.derivedData build -scheme SwiftNetrc-Package -destination generic/platform=watchOS

Build Log

========================================
RunAll
========================================
Builder version: 5.1.0
Interrupt handler set up.
========================================
Checkout
========================================
Clone URL: https://github.com/ggruen/swiftnetrc.git
Reference: master
Initialized empty Git repository in /Users/admin/builder/spi-builder-workspace/.git/
From https://github.com/ggruen/swiftnetrc
 * branch            master     -> FETCH_HEAD
 * [new branch]      master     -> origin/master
HEAD is now at 220759e Remove failing linux update/upgrade command from travis build config.
Cloned https://github.com/ggruen/swiftnetrc.git
Revision (git rev-parse @):
220759e4f894221accf3500efde3d03df8c0b0b5
SUCCESS checkout https://github.com/ggruen/swiftnetrc.git at master
========================================
Build
========================================
Selected platform:         watchOS
Swift version:             6.4
Building package at path:  $PWD
https://github.com/ggruen/swiftnetrc.git
Command line invocation:
    /Applications/Xcode-27.0.0-Release.Candidate.app/Contents/Developer/usr/bin/xcodebuild -IDEClonedSourcePackagesDirPathOverride=/Users/admin/builder/spi-builder-workspace/.dependencies -resolvePackageDependencies
Resolve Package Graph
Resolve Package Graph
Resolved source packages:
  SwiftNetrc: /Users/admin/builder/spi-builder-workspace
resolved source packages: SwiftNetrc
2026-09-16 15:31:57.353 xcodebuild[529:3010] [MT] IDERunDestination: Supported platforms for the buildables in the current scheme is empty.
{
  "dependencies" : [
  ],
  "manifest_display_name" : "SwiftNetrc",
  "name" : "SwiftNetrc",
  "path" : "/Users/admin/builder/spi-builder-workspace",
  "platforms" : [
  ],
  "products" : [
    {
      "name" : "SwiftNetrc",
      "targets" : [
        "SwiftNetrc"
      ],
      "type" : {
        "executable" : null
      }
    },
    {
      "name" : "SwiftNetrcCore",
      "targets" : [
        "SwiftNetrcCore"
      ],
      "type" : {
        "library" : [
          "automatic"
        ]
      }
    }
  ],
  "swift_languages_versions" : [
    "3",
    "4"
  ],
  "targets" : [
    {
      "c99name" : "SwiftNetrcTests",
      "module_type" : "SwiftTarget",
      "name" : "SwiftNetrcTests",
      "path" : "Tests/SwiftNetrcTests",
      "sources" : [
        "SwiftNetrcTests.swift"
      ],
      "target_dependencies" : [
        "SwiftNetrcCore"
      ],
      "type" : "test"
    },
    {
      "c99name" : "SwiftNetrcCore",
      "module_type" : "SwiftTarget",
      "name" : "SwiftNetrcCore",
      "path" : "Sources/SwiftNetrcCore",
      "product_memberships" : [
        "SwiftNetrc",
        "SwiftNetrcCore"
      ],
      "sources" : [
        "SwiftNetrc.swift"
      ],
      "type" : "library"
    },
    {
      "c99name" : "SwiftNetrc",
      "module_type" : "SwiftTarget",
      "name" : "SwiftNetrc",
      "path" : "Sources/SwiftNetrc",
      "product_memberships" : [
        "SwiftNetrc"
      ],
      "sources" : [
        "main.swift"
      ],
      "target_dependencies" : [
        "SwiftNetrcCore"
      ],
      "type" : "executable"
    }
  ],
  "tools_version" : "4.0"
}
{
  "workspace" : {
    "name" : "SwiftNetrc",
    "schemes" : [
      "SwiftNetrc",
      "SwiftNetrc-Package",
      "SwiftNetrcCore"
    ]
  }
}
2026-09-16 15:32:39.252 xcodebuild[647:4132] [MT] IDERunDestination: Supported platforms for the buildables in the current scheme is empty.
Running build ...
env DEVELOPER_DIR=/Applications/Xcode-27.0.0-Release.Candidate.app xcrun xcodebuild -IDEClonedSourcePackagesDirPathOverride=$PWD/.dependencies -skipMacroValidation -skipPackagePluginValidation -derivedDataPath $PWD/.derivedData build -scheme SwiftNetrc-Package -destination generic/platform=watchOS
Command line invocation:
    /Applications/Xcode-27.0.0-Release.Candidate.app/Contents/Developer/usr/bin/xcodebuild -IDEClonedSourcePackagesDirPathOverride=/Users/admin/builder/spi-builder-workspace/.dependencies -skipMacroValidation -skipPackagePluginValidation -derivedDataPath /Users/admin/builder/spi-builder-workspace/.derivedData build -scheme SwiftNetrc-Package -destination generic/platform=watchOS
Resolve Package Graph
Resolved source packages:
  SwiftNetrc: /Users/admin/builder/spi-builder-workspace
ComputePackagePrebuildTargetDependencyGraph
Prepare packages
CreateBuildRequest
SendProjectDescription
CreateBuildOperation
ComputeTargetDependencyGraph
note: Building targets in dependency order
note: Target dependency graph (3 targets)
    Target 'SwiftNetrc-product' in project 'SwiftNetrc'
        ➜ Explicit dependency on target 'SwiftNetrcCore' in project 'SwiftNetrc'
    Target 'SwiftNetrcCore-product' in project 'SwiftNetrc'
        ➜ Explicit dependency on target 'SwiftNetrcCore' in project 'SwiftNetrc'
    Target 'SwiftNetrcCore' in project 'SwiftNetrc' (no dependencies)
GatherProvisioningInputs
CreateBuildDescription
ExecuteExternalTool /Applications/Xcode-27.0.0-Release.Candidate.app/Contents/Developer/Toolchains/XcodeDefault.xctoolchain/usr/bin/clang -v -E -dM -isysroot /Applications/Xcode-27.0.0-Release.Candidate.app/Contents/Developer/Platforms/WatchOS.platform/Developer/SDKs/WatchOS27.0.sdk -x c -c /dev/null
ExecuteExternalTool /Applications/Xcode-27.0.0-Release.Candidate.app/Contents/Developer/Toolchains/XcodeDefault.xctoolchain/usr/bin/swiftc --version
ExecuteExternalTool /Applications/Xcode-27.0.0-Release.Candidate.app/Contents/Developer/Toolchains/XcodeDefault.xctoolchain/usr/bin/ld -version_details
Build description signature: 86dfc6f815dc53a755b47964912f8c64
Build description path: /Users/admin/builder/spi-builder-workspace/.derivedData/Build/Intermediates.noindex/XCBuildData/86dfc6f815dc53a755b47964912f8c64.xcbuilddata
CreateBuildDirectory /Users/admin/builder/spi-builder-workspace/.derivedData/SDKExplicitPrecompiledModules
    cd /Users/admin/builder/spi-builder-workspace/.swiftpm/xcode
    builtin-create-build-directory /Users/admin/builder/spi-builder-workspace/.derivedData/SDKExplicitPrecompiledModules
CreateBuildDirectory /Users/admin/builder/spi-builder-workspace/.derivedData/ModuleCache.noindex
    cd /Users/admin/builder/spi-builder-workspace/.swiftpm/xcode
    builtin-create-build-directory /Users/admin/builder/spi-builder-workspace/.derivedData/ModuleCache.noindex
CreateBuildDirectory /Users/admin/builder/spi-builder-workspace/.derivedData/Build/Intermediates.noindex
    cd /Users/admin/builder/spi-builder-workspace/.swiftpm/xcode
    builtin-create-build-directory /Users/admin/builder/spi-builder-workspace/.derivedData/Build/Intermediates.noindex
CreateBuildDirectory /Users/admin/builder/spi-builder-workspace/.derivedData/CompilationCache.noindex
    cd /Users/admin/builder/spi-builder-workspace/.swiftpm/xcode
    builtin-create-build-directory /Users/admin/builder/spi-builder-workspace/.derivedData/CompilationCache.noindex
CreateBuildDirectory /Users/admin/builder/spi-builder-workspace/.derivedData/Build/Products
    cd /Users/admin/builder/spi-builder-workspace/.swiftpm/xcode
    builtin-create-build-directory /Users/admin/builder/spi-builder-workspace/.derivedData/Build/Products
ClangStatCache /Applications/Xcode-27.0.0-Release.Candidate.app/Contents/Developer/Toolchains/XcodeDefault.xctoolchain/usr/bin/clang-stat-cache /Applications/Xcode-27.0.0-Release.Candidate.app/Contents/Developer/Platforms/WatchOS.platform/Developer/SDKs/WatchOS27.0.sdk /Users/admin/builder/spi-builder-workspace/.derivedData/SDKStatCaches.noindex/watchos27.0-24R360-e829b21a6f8c9b70876ba0858053c04477534ef55a1706bf4c1112bbb242f0a2.sdkstatcache
    cd /Users/admin/builder/spi-builder-workspace/.swiftpm/xcode
    /Applications/Xcode-27.0.0-Release.Candidate.app/Contents/Developer/Toolchains/XcodeDefault.xctoolchain/usr/bin/clang-stat-cache /Applications/Xcode-27.0.0-Release.Candidate.app/Contents/Developer/Platforms/WatchOS.platform/Developer/SDKs/WatchOS27.0.sdk -o /Users/admin/builder/spi-builder-workspace/.derivedData/SDKStatCaches.noindex/watchos27.0-24R360-e829b21a6f8c9b70876ba0858053c04477534ef55a1706bf4c1112bbb242f0a2.sdkstatcache
CreateBuildDirectory /Users/admin/builder/spi-builder-workspace/.derivedData/Build/Intermediates.noindex/SwiftExplicitPrecompiledModules
    cd /Users/admin/builder/spi-builder-workspace/.swiftpm/xcode
    builtin-create-build-directory /Users/admin/builder/spi-builder-workspace/.derivedData/Build/Intermediates.noindex/SwiftExplicitPrecompiledModules
CreateBuildDirectory /Users/admin/builder/spi-builder-workspace/.derivedData/Build/Intermediates.noindex/PrecompiledHeaders
    cd /Users/admin/builder/spi-builder-workspace/.swiftpm/xcode
    builtin-create-build-directory /Users/admin/builder/spi-builder-workspace/.derivedData/Build/Intermediates.noindex/PrecompiledHeaders
CreateBuildDirectory /Users/admin/builder/spi-builder-workspace/.derivedData/Build/Products/Debug-watchos
    cd /Users/admin/builder/spi-builder-workspace/.swiftpm/xcode
    builtin-create-build-directory /Users/admin/builder/spi-builder-workspace/.derivedData/Build/Products/Debug-watchos
CreateBuildDirectory /Users/admin/builder/spi-builder-workspace/.derivedData/Build/Intermediates.noindex/ExplicitPrecompiledModules
    cd /Users/admin/builder/spi-builder-workspace/.swiftpm/xcode
    builtin-create-build-directory /Users/admin/builder/spi-builder-workspace/.derivedData/Build/Intermediates.noindex/ExplicitPrecompiledModules
CreateBuildDirectory /Users/admin/builder/spi-builder-workspace/.derivedData/Build/Intermediates.noindex/EagerLinkingTBDs/Debug-watchos
    cd /Users/admin/builder/spi-builder-workspace/.swiftpm/xcode
    builtin-create-build-directory /Users/admin/builder/spi-builder-workspace/.derivedData/Build/Intermediates.noindex/EagerLinkingTBDs/Debug-watchos
CreateBuildDirectory /Users/admin/builder/spi-builder-workspace/.derivedData/Build/Products/Debug-watchos/PackageFrameworks
    cd /Users/admin/builder/spi-builder-workspace/.swiftpm/xcode
    builtin-create-build-directory /Users/admin/builder/spi-builder-workspace/.derivedData/Build/Products/Debug-watchos/PackageFrameworks
WriteAuxiliaryFile /Users/admin/builder/spi-builder-workspace/.derivedData/Build/Intermediates.noindex/SwiftNetrc.build/Debug-watchos/SwiftNetrcCore-t.build/SwiftNetrcCore.modulemap (in target 'SwiftNetrcCore' from project 'SwiftNetrc')
    cd /Users/admin/builder/spi-builder-workspace
    write-file /Users/admin/builder/spi-builder-workspace/.derivedData/Build/Intermediates.noindex/SwiftNetrc.build/Debug-watchos/SwiftNetrcCore-t.build/SwiftNetrcCore.modulemap
WriteAuxiliaryFile /Users/admin/builder/spi-builder-workspace/.derivedData/Build/Intermediates.noindex/SwiftNetrc.build/Debug-watchos/SwiftNetrcCore-t.build/SwiftNetrcCore.DependencyMetadataFileList (in target 'SwiftNetrcCore' from project 'SwiftNetrc')
    cd /Users/admin/builder/spi-builder-workspace
    write-file /Users/admin/builder/spi-builder-workspace/.derivedData/Build/Intermediates.noindex/SwiftNetrc.build/Debug-watchos/SwiftNetrcCore-t.build/SwiftNetrcCore.DependencyMetadataFileList
WriteAuxiliaryFile /Users/admin/builder/spi-builder-workspace/.derivedData/Build/Intermediates.noindex/SwiftNetrc.build/Debug-watchos/SwiftNetrcCore-t.build/SwiftNetrcCore.DependencyStaticMetadataFileList (in target 'SwiftNetrcCore' from project 'SwiftNetrc')
    cd /Users/admin/builder/spi-builder-workspace
    write-file /Users/admin/builder/spi-builder-workspace/.derivedData/Build/Intermediates.noindex/SwiftNetrc.build/Debug-watchos/SwiftNetrcCore-t.build/SwiftNetrcCore.DependencyStaticMetadataFileList
WriteAuxiliaryFile /Users/admin/builder/spi-builder-workspace/.derivedData/Build/Intermediates.noindex/SwiftNetrc.build/Debug-watchos/SwiftNetrcCore-t.build/Objects-normal/arm64_32/SwiftNetrcCore.SwiftFileList (in target 'SwiftNetrcCore' from project 'SwiftNetrc')
    cd /Users/admin/builder/spi-builder-workspace
    write-file /Users/admin/builder/spi-builder-workspace/.derivedData/Build/Intermediates.noindex/SwiftNetrc.build/Debug-watchos/SwiftNetrcCore-t.build/Objects-normal/arm64_32/SwiftNetrcCore.SwiftFileList
WriteAuxiliaryFile /Users/admin/builder/spi-builder-workspace/.derivedData/Build/Intermediates.noindex/SwiftNetrc.build/Debug-watchos/SwiftNetrcCore-t.build/Objects-normal/arm64_32/SwiftNetrcCore.SwiftConstValuesFileList (in target 'SwiftNetrcCore' from project 'SwiftNetrc')
    cd /Users/admin/builder/spi-builder-workspace
    write-file /Users/admin/builder/spi-builder-workspace/.derivedData/Build/Intermediates.noindex/SwiftNetrc.build/Debug-watchos/SwiftNetrcCore-t.build/Objects-normal/arm64_32/SwiftNetrcCore.SwiftConstValuesFileList
WriteAuxiliaryFile /Users/admin/builder/spi-builder-workspace/.derivedData/Build/Intermediates.noindex/SwiftNetrc.build/Debug-watchos/SwiftNetrcCore-t.build/Objects-normal/arm64_32/SwiftNetrcCore_const_extract_protocols.json (in target 'SwiftNetrcCore' from project 'SwiftNetrc')
    cd /Users/admin/builder/spi-builder-workspace
    write-file /Users/admin/builder/spi-builder-workspace/.derivedData/Build/Intermediates.noindex/SwiftNetrc.build/Debug-watchos/SwiftNetrcCore-t.build/Objects-normal/arm64_32/SwiftNetrcCore_const_extract_protocols.json
WriteAuxiliaryFile /Users/admin/builder/spi-builder-workspace/.derivedData/Build/Intermediates.noindex/SwiftNetrc.build/Debug-watchos/SwiftNetrcCore-t.build/Objects-normal/arm64_32/SwiftNetrcCore.LinkFileList (in target 'SwiftNetrcCore' from project 'SwiftNetrc')
    cd /Users/admin/builder/spi-builder-workspace
    write-file /Users/admin/builder/spi-builder-workspace/.derivedData/Build/Intermediates.noindex/SwiftNetrc.build/Debug-watchos/SwiftNetrcCore-t.build/Objects-normal/arm64_32/SwiftNetrcCore.LinkFileList
WriteAuxiliaryFile /Users/admin/builder/spi-builder-workspace/.derivedData/Build/Intermediates.noindex/SwiftNetrc.build/Debug-watchos/SwiftNetrcCore-t.build/Objects-normal/arm64_32/SwiftNetrcCore-OutputFileMap.json (in target 'SwiftNetrcCore' from project 'SwiftNetrc')
    cd /Users/admin/builder/spi-builder-workspace
    write-file /Users/admin/builder/spi-builder-workspace/.derivedData/Build/Intermediates.noindex/SwiftNetrc.build/Debug-watchos/SwiftNetrcCore-t.build/Objects-normal/arm64_32/SwiftNetrcCore-OutputFileMap.json
WriteAuxiliaryFile /Users/admin/builder/spi-builder-workspace/.derivedData/Build/Intermediates.noindex/SwiftNetrc.build/Debug-watchos/SwiftNetrcCore-t.build/Objects-normal/arm64/SwiftNetrcCore_const_extract_protocols.json (in target 'SwiftNetrcCore' from project 'SwiftNetrc')
    cd /Users/admin/builder/spi-builder-workspace
    write-file /Users/admin/builder/spi-builder-workspace/.derivedData/Build/Intermediates.noindex/SwiftNetrc.build/Debug-watchos/SwiftNetrcCore-t.build/Objects-normal/arm64/SwiftNetrcCore_const_extract_protocols.json
WriteAuxiliaryFile /Users/admin/builder/spi-builder-workspace/.derivedData/Build/Intermediates.noindex/SwiftNetrc.build/Debug-watchos/SwiftNetrcCore-t.build/Objects-normal/arm64/SwiftNetrcCore.SwiftFileList (in target 'SwiftNetrcCore' from project 'SwiftNetrc')
    cd /Users/admin/builder/spi-builder-workspace
    write-file /Users/admin/builder/spi-builder-workspace/.derivedData/Build/Intermediates.noindex/SwiftNetrc.build/Debug-watchos/SwiftNetrcCore-t.build/Objects-normal/arm64/SwiftNetrcCore.SwiftFileList
WriteAuxiliaryFile /Users/admin/builder/spi-builder-workspace/.derivedData/Build/Intermediates.noindex/SwiftNetrc.build/Debug-watchos/SwiftNetrcCore-t.build/Objects-normal/arm64/SwiftNetrcCore.SwiftConstValuesFileList (in target 'SwiftNetrcCore' from project 'SwiftNetrc')
    cd /Users/admin/builder/spi-builder-workspace
    write-file /Users/admin/builder/spi-builder-workspace/.derivedData/Build/Intermediates.noindex/SwiftNetrc.build/Debug-watchos/SwiftNetrcCore-t.build/Objects-normal/arm64/SwiftNetrcCore.SwiftConstValuesFileList
WriteAuxiliaryFile /Users/admin/builder/spi-builder-workspace/.derivedData/Build/Intermediates.noindex/SwiftNetrc.build/Debug-watchos/SwiftNetrcCore-t.build/Objects-normal/arm64/SwiftNetrcCore.LinkFileList (in target 'SwiftNetrcCore' from project 'SwiftNetrc')
    cd /Users/admin/builder/spi-builder-workspace
    write-file /Users/admin/builder/spi-builder-workspace/.derivedData/Build/Intermediates.noindex/SwiftNetrc.build/Debug-watchos/SwiftNetrcCore-t.build/Objects-normal/arm64/SwiftNetrcCore.LinkFileList
WriteAuxiliaryFile /Users/admin/builder/spi-builder-workspace/.derivedData/Build/Intermediates.noindex/SwiftNetrc.build/Debug-watchos/SwiftNetrcCore-t.build/Objects-normal/arm64/SwiftNetrcCore-OutputFileMap.json (in target 'SwiftNetrcCore' from project 'SwiftNetrc')
    cd /Users/admin/builder/spi-builder-workspace
    write-file /Users/admin/builder/spi-builder-workspace/.derivedData/Build/Intermediates.noindex/SwiftNetrc.build/Debug-watchos/SwiftNetrcCore-t.build/Objects-normal/arm64/SwiftNetrcCore-OutputFileMap.json
Copy /Users/admin/builder/spi-builder-workspace/.derivedData/Build/Intermediates.noindex/GeneratedModuleMaps-watchos/SwiftNetrcCore.modulemap /Users/admin/builder/spi-builder-workspace/.derivedData/Build/Intermediates.noindex/SwiftNetrc.build/Debug-watchos/SwiftNetrcCore-t.build/SwiftNetrcCore.modulemap (in target 'SwiftNetrcCore' from project 'SwiftNetrc')
    cd /Users/admin/builder/spi-builder-workspace
    builtin-copy -exclude .DS_Store -exclude CVS -exclude .svn -exclude .git -exclude .hg -resolve-src-symlinks /Users/admin/builder/spi-builder-workspace/.derivedData/Build/Intermediates.noindex/SwiftNetrc.build/Debug-watchos/SwiftNetrcCore-t.build/SwiftNetrcCore.modulemap /Users/admin/builder/spi-builder-workspace/.derivedData/Build/Intermediates.noindex/GeneratedModuleMaps-watchos
WriteAuxiliaryFile /Users/admin/builder/spi-builder-workspace/.derivedData/Build/Intermediates.noindex/SwiftNetrc.build/Debug-watchos/SwiftNetrc-p.build/SwiftNetrc.DependencyStaticMetadataFileList (in target 'SwiftNetrc-product' from project 'SwiftNetrc')
    cd /Users/admin/builder/spi-builder-workspace
    write-file /Users/admin/builder/spi-builder-workspace/.derivedData/Build/Intermediates.noindex/SwiftNetrc.build/Debug-watchos/SwiftNetrc-p.build/SwiftNetrc.DependencyStaticMetadataFileList
WriteAuxiliaryFile /Users/admin/builder/spi-builder-workspace/.derivedData/Build/Intermediates.noindex/SwiftNetrc.build/Debug-watchos/SwiftNetrc-p.build/SwiftNetrc.DependencyMetadataFileList (in target 'SwiftNetrc-product' from project 'SwiftNetrc')
    cd /Users/admin/builder/spi-builder-workspace
    write-file /Users/admin/builder/spi-builder-workspace/.derivedData/Build/Intermediates.noindex/SwiftNetrc.build/Debug-watchos/SwiftNetrc-p.build/SwiftNetrc.DependencyMetadataFileList
WriteAuxiliaryFile /Users/admin/builder/spi-builder-workspace/.derivedData/Build/Intermediates.noindex/SwiftNetrc.build/Debug-watchos/SwiftNetrc-p.build/Objects-normal/arm64_32/SwiftNetrc_const_extract_protocols.json (in target 'SwiftNetrc-product' from project 'SwiftNetrc')
    cd /Users/admin/builder/spi-builder-workspace
    write-file /Users/admin/builder/spi-builder-workspace/.derivedData/Build/Intermediates.noindex/SwiftNetrc.build/Debug-watchos/SwiftNetrc-p.build/Objects-normal/arm64_32/SwiftNetrc_const_extract_protocols.json
WriteAuxiliaryFile /Users/admin/builder/spi-builder-workspace/.derivedData/Build/Intermediates.noindex/SwiftNetrc.build/Debug-watchos/SwiftNetrc-p.build/Objects-normal/arm64_32/SwiftNetrc.SwiftFileList (in target 'SwiftNetrc-product' from project 'SwiftNetrc')
    cd /Users/admin/builder/spi-builder-workspace
    write-file /Users/admin/builder/spi-builder-workspace/.derivedData/Build/Intermediates.noindex/SwiftNetrc.build/Debug-watchos/SwiftNetrc-p.build/Objects-normal/arm64_32/SwiftNetrc.SwiftFileList
WriteAuxiliaryFile /Users/admin/builder/spi-builder-workspace/.derivedData/Build/Intermediates.noindex/SwiftNetrc.build/Debug-watchos/SwiftNetrc-p.build/Objects-normal/arm64_32/SwiftNetrc.LinkFileList (in target 'SwiftNetrc-product' from project 'SwiftNetrc')
    cd /Users/admin/builder/spi-builder-workspace
    write-file /Users/admin/builder/spi-builder-workspace/.derivedData/Build/Intermediates.noindex/SwiftNetrc.build/Debug-watchos/SwiftNetrc-p.build/Objects-normal/arm64_32/SwiftNetrc.LinkFileList
WriteAuxiliaryFile /Users/admin/builder/spi-builder-workspace/.derivedData/Build/Intermediates.noindex/SwiftNetrc.build/Debug-watchos/SwiftNetrc-p.build/Objects-normal/arm64_32/SwiftNetrc-OutputFileMap.json (in target 'SwiftNetrc-product' from project 'SwiftNetrc')
    cd /Users/admin/builder/spi-builder-workspace
    write-file /Users/admin/builder/spi-builder-workspace/.derivedData/Build/Intermediates.noindex/SwiftNetrc.build/Debug-watchos/SwiftNetrc-p.build/Objects-normal/arm64_32/SwiftNetrc-OutputFileMap.json
WriteAuxiliaryFile /Users/admin/builder/spi-builder-workspace/.derivedData/Build/Intermediates.noindex/SwiftNetrc.build/Debug-watchos/SwiftNetrc-p.build/Objects-normal/arm64/SwiftNetrc.SwiftFileList (in target 'SwiftNetrc-product' from project 'SwiftNetrc')
    cd /Users/admin/builder/spi-builder-workspace
    write-file /Users/admin/builder/spi-builder-workspace/.derivedData/Build/Intermediates.noindex/SwiftNetrc.build/Debug-watchos/SwiftNetrc-p.build/Objects-normal/arm64/SwiftNetrc.SwiftFileList
WriteAuxiliaryFile /Users/admin/builder/spi-builder-workspace/.derivedData/Build/Intermediates.noindex/SwiftNetrc.build/Debug-watchos/SwiftNetrc-p.build/Objects-normal/arm64/SwiftNetrc_const_extract_protocols.json (in target 'SwiftNetrc-product' from project 'SwiftNetrc')
    cd /Users/admin/builder/spi-builder-workspace
    write-file /Users/admin/builder/spi-builder-workspace/.derivedData/Build/Intermediates.noindex/SwiftNetrc.build/Debug-watchos/SwiftNetrc-p.build/Objects-normal/arm64/SwiftNetrc_const_extract_protocols.json
WriteAuxiliaryFile /Users/admin/builder/spi-builder-workspace/.derivedData/Build/Intermediates.noindex/SwiftNetrc.build/Debug-watchos/SwiftNetrc-p.build/Objects-normal/arm64/SwiftNetrc.LinkFileList (in target 'SwiftNetrc-product' from project 'SwiftNetrc')
    cd /Users/admin/builder/spi-builder-workspace
    write-file /Users/admin/builder/spi-builder-workspace/.derivedData/Build/Intermediates.noindex/SwiftNetrc.build/Debug-watchos/SwiftNetrc-p.build/Objects-normal/arm64/SwiftNetrc.LinkFileList
WriteAuxiliaryFile /Users/admin/builder/spi-builder-workspace/.derivedData/Build/Intermediates.noindex/SwiftNetrc.build/Debug-watchos/SwiftNetrc-p.build/Objects-normal/arm64/SwiftNetrc-OutputFileMap.json (in target 'SwiftNetrc-product' from project 'SwiftNetrc')
    cd /Users/admin/builder/spi-builder-workspace
    write-file /Users/admin/builder/spi-builder-workspace/.derivedData/Build/Intermediates.noindex/SwiftNetrc.build/Debug-watchos/SwiftNetrc-p.build/Objects-normal/arm64/SwiftNetrc-OutputFileMap.json
SwiftDriver SwiftNetrcCore normal arm64 com.apple.xcode.tools.swift.compiler (in target 'SwiftNetrcCore' from project 'SwiftNetrc')
    cd /Users/admin/builder/spi-builder-workspace/.swiftpm/xcode
    builtin-SwiftDriver -- /Applications/Xcode-27.0.0-Release.Candidate.app/Contents/Developer/Toolchains/XcodeDefault.xctoolchain/usr/bin/swiftc -parse-as-library -module-name SwiftNetrcCore -Onone @/Users/admin/builder/spi-builder-workspace/.derivedData/Build/Intermediates.noindex/SwiftNetrc.build/Debug-watchos/SwiftNetrcCore-t.build/Objects-normal/arm64/SwiftNetrcCore.SwiftFileList -DSWIFT_PACKAGE -DDEBUG -DSWIFT_MODULE_RESOURCE_BUNDLE_UNAVAILABLE -DXcode -plugin-path /Applications/Xcode-27.0.0-Release.Candidate.app/Contents/Developer/Toolchains/XcodeDefault.xctoolchain/usr/lib/swift/host/plugins/testing -enable-experimental-feature DebugDescriptionMacro -sdk /Applications/Xcode-27.0.0-Release.Candidate.app/Contents/Developer/Platforms/WatchOS.platform/Developer/SDKs/WatchOS27.0.sdk -target arm64-apple-watchos9.0 -g -module-cache-path /Users/admin/builder/spi-builder-workspace/.derivedData/ModuleCache.noindex -Xfrontend -serialize-debugging-options -profile-coverage-mapping -profile-generate -enable-testing -index-store-path /Users/admin/builder/spi-builder-workspace/.derivedData/Index.noindex/DataStore -Xcc -D_LIBCPP_HARDENING_MODE\=_LIBCPP_HARDENING_MODE_DEBUG -swift-version 4 -I /Users/admin/builder/spi-builder-workspace/.derivedData/Build/Products/Debug-watchos -Isystem /Applications/Xcode-27.0.0-Release.Candidate.app/Contents/Developer/Platforms/WatchOS.platform/Developer/usr/lib -F /Users/admin/builder/spi-builder-workspace/.derivedData/Build/Products/Debug-watchos -F /Applications/Xcode-27.0.0-Release.Candidate.app/Contents/Developer/Platforms/WatchOS.platform/Developer/Library/Frameworks -F /Applications/Xcode-27.0.0-Release.Candidate.app/Contents/Developer/Platforms/WatchOS.platform/Developer/SDKs/WatchOS27.0.sdk/Developer/Library/Frameworks -c -j10 -enable-batch-mode -incremental -Xcc -ivfsstatcache -Xcc /Users/admin/builder/spi-builder-workspace/.derivedData/SDKStatCaches.noindex/watchos27.0-24R360-e829b21a6f8c9b70876ba0858053c04477534ef55a1706bf4c1112bbb242f0a2.sdkstatcache -output-file-map /Users/admin/builder/spi-builder-workspace/.derivedData/Build/Intermediates.noindex/SwiftNetrc.build/Debug-watchos/SwiftNetrcCore-t.build/Objects-normal/arm64/SwiftNetrcCore-OutputFileMap.json -save-temps -no-color-diagnostics -emit-dependencies -emit-module -emit-module-path /Users/admin/builder/spi-builder-workspace/.derivedData/Build/Intermediates.noindex/SwiftNetrc.build/Debug-watchos/SwiftNetrcCore-t.build/Objects-normal/arm64/SwiftNetrcCore.swiftmodule -serialize-diagnostics -validate-clang-modules-once -clang-build-session-file /Users/admin/builder/spi-builder-workspace/.derivedData/ModuleCache.noindex/Session.modulevalidation -Xcc -fmodules-prune-interval\=86400 -Xcc -fmodules-prune-after\=345600 -emit-const-values -const-gather-protocols-list /Users/admin/builder/spi-builder-workspace/.derivedData/Build/Intermediates.noindex/SwiftNetrc.build/Debug-watchos/SwiftNetrcCore-t.build/Objects-normal/arm64/SwiftNetrcCore_const_extract_protocols.json -Xcc -I/Users/admin/builder/spi-builder-workspace/.derivedData/Build/Products/Debug-watchos/include -Xcc -I/Users/admin/builder/spi-builder-workspace/.derivedData/Build/Intermediates.noindex/SwiftNetrc.build/Debug-watchos/SwiftNetrcCore-t.build/DerivedSources-normal/arm64 -Xcc -I/Users/admin/builder/spi-builder-workspace/.derivedData/Build/Intermediates.noindex/SwiftNetrc.build/Debug-watchos/SwiftNetrcCore-t.build/DerivedSources/arm64 -Xcc -I/Users/admin/builder/spi-builder-workspace/.derivedData/Build/Intermediates.noindex/SwiftNetrc.build/Debug-watchos/SwiftNetrcCore-t.build/DerivedSources -Xcc -DSWIFT_PACKAGE -Xcc -DDEBUG\=1 -emit-objc-header -emit-objc-header-path /Users/admin/builder/spi-builder-workspace/.derivedData/Build/Intermediates.noindex/SwiftNetrc.build/Debug-watchos/SwiftNetrcCore-t.build/Objects-normal/arm64/SwiftNetrcCore-Swift.h -working-directory /Users/admin/builder/spi-builder-workspace/.swiftpm/xcode -experimental-emit-module-separately -disable-cmo
SwiftDriver SwiftNetrcCore normal arm64_32 com.apple.xcode.tools.swift.compiler (in target 'SwiftNetrcCore' from project 'SwiftNetrc')
    cd /Users/admin/builder/spi-builder-workspace/.swiftpm/xcode
    builtin-SwiftDriver -- /Applications/Xcode-27.0.0-Release.Candidate.app/Contents/Developer/Toolchains/XcodeDefault.xctoolchain/usr/bin/swiftc -parse-as-library -module-name SwiftNetrcCore -Onone @/Users/admin/builder/spi-builder-workspace/.derivedData/Build/Intermediates.noindex/SwiftNetrc.build/Debug-watchos/SwiftNetrcCore-t.build/Objects-normal/arm64_32/SwiftNetrcCore.SwiftFileList -DSWIFT_PACKAGE -DDEBUG -DSWIFT_MODULE_RESOURCE_BUNDLE_UNAVAILABLE -DXcode -plugin-path /Applications/Xcode-27.0.0-Release.Candidate.app/Contents/Developer/Toolchains/XcodeDefault.xctoolchain/usr/lib/swift/host/plugins/testing -enable-experimental-feature DebugDescriptionMacro -sdk /Applications/Xcode-27.0.0-Release.Candidate.app/Contents/Developer/Platforms/WatchOS.platform/Developer/SDKs/WatchOS27.0.sdk -target arm64_32-apple-watchos9.0 -g -module-cache-path /Users/admin/builder/spi-builder-workspace/.derivedData/ModuleCache.noindex -Xfrontend -serialize-debugging-options -profile-coverage-mapping -profile-generate -enable-testing -index-store-path /Users/admin/builder/spi-builder-workspace/.derivedData/Index.noindex/DataStore -Xcc -D_LIBCPP_HARDENING_MODE\=_LIBCPP_HARDENING_MODE_DEBUG -swift-version 4 -I /Users/admin/builder/spi-builder-workspace/.derivedData/Build/Products/Debug-watchos -Isystem /Applications/Xcode-27.0.0-Release.Candidate.app/Contents/Developer/Platforms/WatchOS.platform/Developer/usr/lib -F /Users/admin/builder/spi-builder-workspace/.derivedData/Build/Products/Debug-watchos -F /Applications/Xcode-27.0.0-Release.Candidate.app/Contents/Developer/Platforms/WatchOS.platform/Developer/Library/Frameworks -F /Applications/Xcode-27.0.0-Release.Candidate.app/Contents/Developer/Platforms/WatchOS.platform/Developer/SDKs/WatchOS27.0.sdk/Developer/Library/Frameworks -c -j10 -enable-batch-mode -incremental -Xcc -ivfsstatcache -Xcc /Users/admin/builder/spi-builder-workspace/.derivedData/SDKStatCaches.noindex/watchos27.0-24R360-e829b21a6f8c9b70876ba0858053c04477534ef55a1706bf4c1112bbb242f0a2.sdkstatcache -output-file-map /Users/admin/builder/spi-builder-workspace/.derivedData/Build/Intermediates.noindex/SwiftNetrc.build/Debug-watchos/SwiftNetrcCore-t.build/Objects-normal/arm64_32/SwiftNetrcCore-OutputFileMap.json -save-temps -no-color-diagnostics -emit-dependencies -emit-module -emit-module-path /Users/admin/builder/spi-builder-workspace/.derivedData/Build/Intermediates.noindex/SwiftNetrc.build/Debug-watchos/SwiftNetrcCore-t.build/Objects-normal/arm64_32/SwiftNetrcCore.swiftmodule -serialize-diagnostics -validate-clang-modules-once -clang-build-session-file /Users/admin/builder/spi-builder-workspace/.derivedData/ModuleCache.noindex/Session.modulevalidation -Xcc -fmodules-prune-interval\=86400 -Xcc -fmodules-prune-after\=345600 -emit-const-values -const-gather-protocols-list /Users/admin/builder/spi-builder-workspace/.derivedData/Build/Intermediates.noindex/SwiftNetrc.build/Debug-watchos/SwiftNetrcCore-t.build/Objects-normal/arm64_32/SwiftNetrcCore_const_extract_protocols.json -Xcc -I/Users/admin/builder/spi-builder-workspace/.derivedData/Build/Products/Debug-watchos/include -Xcc -I/Users/admin/builder/spi-builder-workspace/.derivedData/Build/Intermediates.noindex/SwiftNetrc.build/Debug-watchos/SwiftNetrcCore-t.build/DerivedSources-normal/arm64_32 -Xcc -I/Users/admin/builder/spi-builder-workspace/.derivedData/Build/Intermediates.noindex/SwiftNetrc.build/Debug-watchos/SwiftNetrcCore-t.build/DerivedSources/arm64_32 -Xcc -I/Users/admin/builder/spi-builder-workspace/.derivedData/Build/Intermediates.noindex/SwiftNetrc.build/Debug-watchos/SwiftNetrcCore-t.build/DerivedSources -Xcc -DSWIFT_PACKAGE -Xcc -DDEBUG\=1 -emit-objc-header -emit-objc-header-path /Users/admin/builder/spi-builder-workspace/.derivedData/Build/Intermediates.noindex/SwiftNetrc.build/Debug-watchos/SwiftNetrcCore-t.build/Objects-normal/arm64_32/SwiftNetrcCore-Swift.h -working-directory /Users/admin/builder/spi-builder-workspace/.swiftpm/xcode -experimental-emit-module-separately -disable-cmo
SwiftEmitModule normal arm64_32 Emitting\ module\ for\ SwiftNetrcCore (in target 'SwiftNetrcCore' from project 'SwiftNetrc')
SwiftCompile normal arm64_32 (in target 'SwiftNetrcCore' from project 'SwiftNetrc')
    cd /Users/admin/builder/spi-builder-workspace/.swiftpm/xcode

/Users/admin/builder/spi-builder-workspace/Sources/SwiftNetrcCore/SwiftNetrc.swift:28:14: warning: members of 'final' classes are implicitly 'final'; use 'public' instead of 'open'
 26 |
 27 |     /// The URL to the .netrc file. Defaults to ~/.netrc
 28 |     open var netrcFile: URL = getDefaultNetrc()
    |              `- warning: members of 'final' classes are implicitly 'final'; use 'public' instead of 'open'
 29 |
 30 |     /// Return a URL to ~/.netrc using method appropriate for the OS
/Users/admin/builder/spi-builder-workspace/Sources/SwiftNetrcCore/SwiftNetrc.swift:31:22: warning: static declarations are implicitly 'final'; use 'public' instead of 'open'
 29 |
 30 |     /// Return a URL to ~/.netrc using method appropriate for the OS
 31 |     open static func getDefaultNetrc() -> URL {
    |                      `- warning: static declarations are implicitly 'final'; use 'public' instead of 'open'
 32 |         if #available(OSX 10.12, *) {
 33 |             // This *might* return the user's home directory regardless of sandboxing?
/Users/admin/builder/spi-builder-workspace/Sources/SwiftNetrcCore/SwiftNetrc.swift:72:15: warning: members of 'final' classes are implicitly 'final'; use 'public' instead of 'open'
 70 |
 71 |     /// Reads the contents of .netrc into `machines`
 72 |     open func load() throws {
    |               `- warning: members of 'final' classes are implicitly 'final'; use 'public' instead of 'open'
 73 |         let attributes = try FileManager.default.attributesOfItem(atPath: netrcFile.path)
 74 |         // .netrc must be read and/or write for user only, so 600 or 400 are ok, nothing else.
SwiftCompile normal arm64_32 Compiling\ SwiftNetrc.swift /Users/admin/builder/spi-builder-workspace/Sources/SwiftNetrcCore/SwiftNetrc.swift (in target 'SwiftNetrcCore' from project 'SwiftNetrc')
SwiftCompile normal arm64_32 /Users/admin/builder/spi-builder-workspace/Sources/SwiftNetrcCore/SwiftNetrc.swift (in target 'SwiftNetrcCore' from project 'SwiftNetrc')
    cd /Users/admin/builder/spi-builder-workspace/.swiftpm/xcode
    builtin-SwiftPerFileCompile SwiftNetrc.swift
/Users/admin/builder/spi-builder-workspace/Sources/SwiftNetrcCore/SwiftNetrc.swift:28:14: warning: members of 'final' classes are implicitly 'final'; use 'public' instead of 'open'
 26 |
 27 |     /// The URL to the .netrc file. Defaults to ~/.netrc
 28 |     open var netrcFile: URL = getDefaultNetrc()
    |              `- warning: members of 'final' classes are implicitly 'final'; use 'public' instead of 'open'
 29 |
 30 |     /// Return a URL to ~/.netrc using method appropriate for the OS
/Users/admin/builder/spi-builder-workspace/Sources/SwiftNetrcCore/SwiftNetrc.swift:31:22: warning: static declarations are implicitly 'final'; use 'public' instead of 'open'
 29 |
 30 |     /// Return a URL to ~/.netrc using method appropriate for the OS
 31 |     open static func getDefaultNetrc() -> URL {
    |                      `- warning: static declarations are implicitly 'final'; use 'public' instead of 'open'
 32 |         if #available(OSX 10.12, *) {
 33 |             // This *might* return the user's home directory regardless of sandboxing?
/Users/admin/builder/spi-builder-workspace/Sources/SwiftNetrcCore/SwiftNetrc.swift:72:15: warning: members of 'final' classes are implicitly 'final'; use 'public' instead of 'open'
 70 |
 71 |     /// Reads the contents of .netrc into `machines`
 72 |     open func load() throws {
    |               `- warning: members of 'final' classes are implicitly 'final'; use 'public' instead of 'open'
 73 |         let attributes = try FileManager.default.attributesOfItem(atPath: netrcFile.path)
 74 |         // .netrc must be read and/or write for user only, so 600 or 400 are ok, nothing else.
/Users/admin/builder/spi-builder-workspace/Sources/SwiftNetrcCore/SwiftNetrc.swift:34:40: error: 'homeDirectoryForCurrentUser' is unavailable in watchOS
 32 |         if #available(OSX 10.12, *) {
 33 |             // This *might* return the user's home directory regardless of sandboxing?
 34 |             return FileManager.default.homeDirectoryForCurrentUser.appendingPathComponent(".netrc")
    |                                        `- error: 'homeDirectoryForCurrentUser' is unavailable in watchOS
 35 |         } else {
 36 |             // NSHomeDirectory returns the user's home directory, which is ~/, or in the Application sandbox,
/Applications/Xcode-27.0.0-Release.Candidate.app/Contents/Developer/Platforms/WatchOS.platform/Developer/SDKs/WatchOS27.0.sdk/System/Library/Frameworks/Foundation.framework/Headers/NSFileManager.h:1004:35: note: 'homeDirectoryForCurrentUser' has been explicitly marked unavailable here
1002 |
1003 | /// The home directory for the current user.
1004 | @property (readonly, copy) NSURL *homeDirectoryForCurrentUser API_AVAILABLE(macosx(10.12)) API_UNAVAILABLE(ios, watchos, tvos);
     |                                   `- note: 'homeDirectoryForCurrentUser' has been explicitly marked unavailable here
1005 | /// The temporary directory for the current user.
1006 | @property (readonly, copy) NSURL *temporaryDirectory API_AVAILABLE(macosx(10.12), ios(10.0), watchos(3.0), tvos(10.0));
/Users/admin/builder/spi-builder-workspace/Sources/SwiftNetrcCore/SwiftNetrc.swift:105:13: warning: variable 'tokens' was never mutated; consider changing to 'let' constant [#VariableNeverMutated]
103 |         let tokenContent = content
104 |
105 |         var tokens = tokenContent.trimmingCharacters(in: .whitespacesAndNewlines)
    |             `- warning: variable 'tokens' was never mutated; consider changing to 'let' constant [#VariableNeverMutated]
106 |             .components(separatedBy: .whitespacesAndNewlines)
107 |
[#VariableNeverMutated]: <https://docs.swift.org/compiler/documentation/diagnostics/variable-never-mutated>
Failed frontend command:
/Applications/Xcode-27.0.0-Release.Candidate.app/Contents/Developer/Toolchains/XcodeDefault.xctoolchain/usr/bin/swift-frontend -frontend -c -primary-file /Users/admin/builder/spi-builder-workspace/Sources/SwiftNetrcCore/SwiftNetrc.swift -emit-dependencies-path /Users/admin/builder/spi-builder-workspace/.derivedData/Build/Intermediates.noindex/SwiftNetrc.build/Debug-watchos/SwiftNetrcCore-t.build/Objects-normal/arm64_32/SwiftNetrc.d -emit-const-values-path /Users/admin/builder/spi-builder-workspace/.derivedData/Build/Intermediates.noindex/SwiftNetrc.build/Debug-watchos/SwiftNetrcCore-t.build/Objects-normal/arm64_32/SwiftNetrc.swiftconstvalues -emit-reference-dependencies-path /Users/admin/builder/spi-builder-workspace/.derivedData/Build/Intermediates.noindex/SwiftNetrc.build/Debug-watchos/SwiftNetrcCore-t.build/Objects-normal/arm64_32/SwiftNetrc.swiftdeps -serialize-diagnostics-path /Users/admin/builder/spi-builder-workspace/.derivedData/Build/Intermediates.noindex/SwiftNetrc.build/Debug-watchos/SwiftNetrcCore-t.build/Objects-normal/arm64_32/SwiftNetrc.dia -target arm64_32-apple-watchos9.0 -enable-objc-interop -sdk /Applications/Xcode-27.0.0-Release.Candidate.app/Contents/Developer/Platforms/WatchOS.platform/Developer/SDKs/WatchOS27.0.sdk -I /Users/admin/builder/spi-builder-workspace/.derivedData/Build/Products/Debug-watchos -Isystem /Applications/Xcode-27.0.0-Release.Candidate.app/Contents/Developer/Platforms/WatchOS.platform/Developer/usr/lib -F /Users/admin/builder/spi-builder-workspace/.derivedData/Build/Products/Debug-watchos -F /Applications/Xcode-27.0.0-Release.Candidate.app/Contents/Developer/Platforms/WatchOS.platform/Developer/Library/Frameworks -F /Applications/Xcode-27.0.0-Release.Candidate.app/Contents/Developer/Platforms/WatchOS.platform/Developer/SDKs/WatchOS27.0.sdk/Developer/Library/Frameworks -module-cache-path /Users/admin/builder/spi-builder-workspace/.derivedData/ModuleCache.noindex -no-color-diagnostics -Xcc -fno-color-diagnostics -enable-testing -g -debug-info-format\=dwarf -dwarf-version\=4 -profile-generate -profile-coverage-mapping -swift-version 4 -Onone -D SWIFT_PACKAGE -D DEBUG -D SWIFT_MODULE_RESOURCE_BUNDLE_UNAVAILABLE -D Xcode -serialize-debugging-options -enable-experimental-feature DebugDescriptionMacro -empty-abi-descriptor -plugin-path /Applications/Xcode-27.0.0-Release.Candidate.app/Contents/Developer/Toolchains/XcodeDefault.xctoolchain/usr/lib/swift/host/plugins/testing -validate-clang-modules-once -clang-build-session-file /Users/admin/builder/spi-builder-workspace/.derivedData/ModuleCache.noindex/Session.modulevalidation -Xcc -working-directory -Xcc /Users/admin/builder/spi-builder-workspace/.swiftpm/xcode -enable-anonymous-context-mangled-names -file-compilation-dir /Users/admin/builder/spi-builder-workspace/.swiftpm/xcode -Xcc -D_LIBCPP_HARDENING_MODE\=_LIBCPP_HARDENING_MODE_DEBUG -Xcc -ivfsstatcache -Xcc /Users/admin/builder/spi-builder-workspace/.derivedData/SDKStatCaches.noindex/watchos27.0-24R360-e829b21a6f8c9b70876ba0858053c04477534ef55a1706bf4c1112bbb242f0a2.sdkstatcache -Xcc -fmodules-prune-interval\=86400 -Xcc -fmodules-prune-after\=345600 -Xcc -I/Users/admin/builder/spi-builder-workspace/.derivedData/Build/Products/Debug-watchos/include -Xcc -I/Users/admin/builder/spi-builder-workspace/.derivedData/Build/Intermediates.noindex/SwiftNetrc.build/Debug-watchos/SwiftNetrcCore-t.build/DerivedSources-normal/arm64_32 -Xcc -I/Users/admin/builder/spi-builder-workspace/.derivedData/Build/Intermediates.noindex/SwiftNetrc.build/Debug-watchos/SwiftNetrcCore-t.build/DerivedSources/arm64_32 -Xcc -I/Users/admin/builder/spi-builder-workspace/.derivedData/Build/Intermediates.noindex/SwiftNetrc.build/Debug-watchos/SwiftNetrcCore-t.build/DerivedSources -Xcc -DSWIFT_PACKAGE -Xcc -DDEBUG\=1 -no-auto-bridging-header-chaining -module-name SwiftNetrcCore -const-gather-protocols-file /Users/admin/builder/spi-builder-workspace/.derivedData/Build/Intermediates.noindex/SwiftNetrc.build/Debug-watchos/SwiftNetrcCore-t.build/Objects-normal/arm64_32/SwiftNetrcCore_const_extract_protocols.json -disable-clang-spi -target-sdk-version 27.0 -target-sdk-name watchos27.0 -external-plugin-path /Applications/Xcode-27.0.0-Release.Candidate.app/Contents/Developer/Platforms/WatchOS.platform/Developer/usr/lib/swift/host/plugins\#/Applications/Xcode-27.0.0-Release.Candidate.app/Contents/Developer/Platforms/WatchOS.platform/Developer/usr/bin/swift-plugin-server -external-plugin-path /Applications/Xcode-27.0.0-Release.Candidate.app/Contents/Developer/Platforms/WatchOS.platform/Developer/usr/local/lib/swift/host/plugins\#/Applications/Xcode-27.0.0-Release.Candidate.app/Contents/Developer/Platforms/WatchOS.platform/Developer/usr/bin/swift-plugin-server -in-process-plugin-server-path /Applications/Xcode-27.0.0-Release.Candidate.app/Contents/Developer/Toolchains/XcodeDefault.xctoolchain/usr/lib/swift/host/libSwiftInProcPluginServer.dylib -plugin-path /Applications/Xcode-27.0.0-Release.Candidate.app/Contents/Developer/Toolchains/XcodeDefault.xctoolchain/usr/lib/swift/host/plugins -plugin-path /Applications/Xcode-27.0.0-Release.Candidate.app/Contents/Developer/Toolchains/XcodeDefault.xctoolchain/usr/local/lib/swift/host/plugins -parse-as-library -o /Users/admin/builder/spi-builder-workspace/.derivedData/Build/Intermediates.noindex/SwiftNetrc.build/Debug-watchos/SwiftNetrcCore-t.build/Objects-normal/arm64_32/SwiftNetrc.o -index-unit-output-path /SwiftNetrc.build/Debug-watchos/SwiftNetrcCore-t.build/Objects-normal/arm64_32/SwiftNetrc.o -index-store-path /Users/admin/builder/spi-builder-workspace/.derivedData/Index.noindex/DataStore -index-system-modules
SwiftEmitModule normal arm64 Emitting\ module\ for\ SwiftNetrcCore (in target 'SwiftNetrcCore' from project 'SwiftNetrc')
/Users/admin/builder/spi-builder-workspace/Sources/SwiftNetrcCore/SwiftNetrc.swift:28:14: warning: members of 'final' classes are implicitly 'final'; use 'public' instead of 'open'
 26 |
 27 |     /// The URL to the .netrc file. Defaults to ~/.netrc
 28 |     open var netrcFile: URL = getDefaultNetrc()
    |              `- warning: members of 'final' classes are implicitly 'final'; use 'public' instead of 'open'
 29 |
 30 |     /// Return a URL to ~/.netrc using method appropriate for the OS
/Users/admin/builder/spi-builder-workspace/Sources/SwiftNetrcCore/SwiftNetrc.swift:31:22: warning: static declarations are implicitly 'final'; use 'public' instead of 'open'
 29 |
 30 |     /// Return a URL to ~/.netrc using method appropriate for the OS
 31 |     open static func getDefaultNetrc() -> URL {
    |                      `- warning: static declarations are implicitly 'final'; use 'public' instead of 'open'
 32 |         if #available(OSX 10.12, *) {
 33 |             // This *might* return the user's home directory regardless of sandboxing?
/Users/admin/builder/spi-builder-workspace/Sources/SwiftNetrcCore/SwiftNetrc.swift:72:15: warning: members of 'final' classes are implicitly 'final'; use 'public' instead of 'open'
 70 |
 71 |     /// Reads the contents of .netrc into `machines`
 72 |     open func load() throws {
    |               `- warning: members of 'final' classes are implicitly 'final'; use 'public' instead of 'open'
 73 |         let attributes = try FileManager.default.attributesOfItem(atPath: netrcFile.path)
 74 |         // .netrc must be read and/or write for user only, so 600 or 400 are ok, nothing else.
SwiftCompile normal arm64 (in target 'SwiftNetrcCore' from project 'SwiftNetrc')
    cd /Users/admin/builder/spi-builder-workspace/.swiftpm/xcode

SwiftCompile normal arm64 Compiling\ SwiftNetrc.swift /Users/admin/builder/spi-builder-workspace/Sources/SwiftNetrcCore/SwiftNetrc.swift (in target 'SwiftNetrcCore' from project 'SwiftNetrc')
/Users/admin/builder/spi-builder-workspace/Sources/SwiftNetrcCore/SwiftNetrc.swift:28:14: warning: members of 'final' classes are implicitly 'final'; use 'public' instead of 'open'
 26 |
 27 |     /// The URL to the .netrc file. Defaults to ~/.netrc
 28 |     open var netrcFile: URL = getDefaultNetrc()
    |              `- warning: members of 'final' classes are implicitly 'final'; use 'public' instead of 'open'
 29 |
 30 |     /// Return a URL to ~/.netrc using method appropriate for the OS
/Users/admin/builder/spi-builder-workspace/Sources/SwiftNetrcCore/SwiftNetrc.swift:31:22: warning: static declarations are implicitly 'final'; use 'public' instead of 'open'
 29 |
 30 |     /// Return a URL to ~/.netrc using method appropriate for the OS
 31 |     open static func getDefaultNetrc() -> URL {
    |                      `- warning: static declarations are implicitly 'final'; use 'public' instead of 'open'
 32 |         if #available(OSX 10.12, *) {
 33 |             // This *might* return the user's home directory regardless of sandboxing?
/Users/admin/builder/spi-builder-workspace/Sources/SwiftNetrcCore/SwiftNetrc.swift:72:15: warning: members of 'final' classes are implicitly 'final'; use 'public' instead of 'open'
 70 |
 71 |     /// Reads the contents of .netrc into `machines`
 72 |     open func load() throws {
    |               `- warning: members of 'final' classes are implicitly 'final'; use 'public' instead of 'open'
 73 |         let attributes = try FileManager.default.attributesOfItem(atPath: netrcFile.path)
 74 |         // .netrc must be read and/or write for user only, so 600 or 400 are ok, nothing else.
/Users/admin/builder/spi-builder-workspace/Sources/SwiftNetrcCore/SwiftNetrc.swift:34:40: error: 'homeDirectoryForCurrentUser' is unavailable in watchOS
 32 |         if #available(OSX 10.12, *) {
 33 |             // This *might* return the user's home directory regardless of sandboxing?
 34 |             return FileManager.default.homeDirectoryForCurrentUser.appendingPathComponent(".netrc")
    |                                        `- error: 'homeDirectoryForCurrentUser' is unavailable in watchOS
 35 |         } else {
 36 |             // NSHomeDirectory returns the user's home directory, which is ~/, or in the Application sandbox,
/Applications/Xcode-27.0.0-Release.Candidate.app/Contents/Developer/Platforms/WatchOS.platform/Developer/SDKs/WatchOS27.0.sdk/System/Library/Frameworks/Foundation.framework/Headers/NSFileManager.h:1004:35: note: 'homeDirectoryForCurrentUser' has been explicitly marked unavailable here
1002 |
1003 | /// The home directory for the current user.
1004 | @property (readonly, copy) NSURL *homeDirectoryForCurrentUser API_AVAILABLE(macosx(10.12)) API_UNAVAILABLE(ios, watchos, tvos);
     |                                   `- note: 'homeDirectoryForCurrentUser' has been explicitly marked unavailable here
1005 | /// The temporary directory for the current user.
1006 | @property (readonly, copy) NSURL *temporaryDirectory API_AVAILABLE(macosx(10.12), ios(10.0), watchos(3.0), tvos(10.0));
/Users/admin/builder/spi-builder-workspace/Sources/SwiftNetrcCore/SwiftNetrc.swift:105:13: warning: variable 'tokens' was never mutated; consider changing to 'let' constant [#VariableNeverMutated]
103 |         let tokenContent = content
104 |
105 |         var tokens = tokenContent.trimmingCharacters(in: .whitespacesAndNewlines)
    |             `- warning: variable 'tokens' was never mutated; consider changing to 'let' constant [#VariableNeverMutated]
106 |             .components(separatedBy: .whitespacesAndNewlines)
107 |
[#VariableNeverMutated]: <https://docs.swift.org/compiler/documentation/diagnostics/variable-never-mutated>
Failed frontend command:
/Applications/Xcode-27.0.0-Release.Candidate.app/Contents/Developer/Toolchains/XcodeDefault.xctoolchain/usr/bin/swift-frontend -frontend -c -primary-file /Users/admin/builder/spi-builder-workspace/Sources/SwiftNetrcCore/SwiftNetrc.swift -emit-dependencies-path /Users/admin/builder/spi-builder-workspace/.derivedData/Build/Intermediates.noindex/SwiftNetrc.build/Debug-watchos/SwiftNetrcCore-t.build/Objects-normal/arm64/SwiftNetrc.d -emit-const-values-path /Users/admin/builder/spi-builder-workspace/.derivedData/Build/Intermediates.noindex/SwiftNetrc.build/Debug-watchos/SwiftNetrcCore-t.build/Objects-normal/arm64/SwiftNetrc.swiftconstvalues -emit-reference-dependencies-path /Users/admin/builder/spi-builder-workspace/.derivedData/Build/Intermediates.noindex/SwiftNetrc.build/Debug-watchos/SwiftNetrcCore-t.build/Objects-normal/arm64/SwiftNetrc.swiftdeps -serialize-diagnostics-path /Users/admin/builder/spi-builder-workspace/.derivedData/Build/Intermediates.noindex/SwiftNetrc.build/Debug-watchos/SwiftNetrcCore-t.build/Objects-normal/arm64/SwiftNetrc.dia -target arm64-apple-watchos9.0 -Xllvm -aarch64-use-tbi -enable-objc-interop -stack-check -sdk /Applications/Xcode-27.0.0-Release.Candidate.app/Contents/Developer/Platforms/WatchOS.platform/Developer/SDKs/WatchOS27.0.sdk -I /Users/admin/builder/spi-builder-workspace/.derivedData/Build/Products/Debug-watchos -Isystem /Applications/Xcode-27.0.0-Release.Candidate.app/Contents/Developer/Platforms/WatchOS.platform/Developer/usr/lib -F /Users/admin/builder/spi-builder-workspace/.derivedData/Build/Products/Debug-watchos -F /Applications/Xcode-27.0.0-Release.Candidate.app/Contents/Developer/Platforms/WatchOS.platform/Developer/Library/Frameworks -F /Applications/Xcode-27.0.0-Release.Candidate.app/Contents/Developer/Platforms/WatchOS.platform/Developer/SDKs/WatchOS27.0.sdk/Developer/Library/Frameworks -module-cache-path /Users/admin/builder/spi-builder-workspace/.derivedData/ModuleCache.noindex -no-color-diagnostics -Xcc -fno-color-diagnostics -enable-testing -g -debug-info-format\=dwarf -dwarf-version\=4 -profile-generate -profile-coverage-mapping -swift-version 4 -Onone -D SWIFT_PACKAGE -D DEBUG -D SWIFT_MODULE_RESOURCE_BUNDLE_UNAVAILABLE -D Xcode -serialize-debugging-options -enable-experimental-feature DebugDescriptionMacro -empty-abi-descriptor -plugin-path /Applications/Xcode-27.0.0-Release.Candidate.app/Contents/Developer/Toolchains/XcodeDefault.xctoolchain/usr/lib/swift/host/plugins/testing -validate-clang-modules-once -clang-build-session-file /Users/admin/builder/spi-builder-workspace/.derivedData/ModuleCache.noindex/Session.modulevalidation -Xcc -working-directory -Xcc /Users/admin/builder/spi-builder-workspace/.swiftpm/xcode -enable-anonymous-context-mangled-names -file-compilation-dir /Users/admin/builder/spi-builder-workspace/.swiftpm/xcode -Xcc -D_LIBCPP_HARDENING_MODE\=_LIBCPP_HARDENING_MODE_DEBUG -Xcc -ivfsstatcache -Xcc /Users/admin/builder/spi-builder-workspace/.derivedData/SDKStatCaches.noindex/watchos27.0-24R360-e829b21a6f8c9b70876ba0858053c04477534ef55a1706bf4c1112bbb242f0a2.sdkstatcache -Xcc -fmodules-prune-interval\=86400 -Xcc -fmodules-prune-after\=345600 -Xcc -I/Users/admin/builder/spi-builder-workspace/.derivedData/Build/Products/Debug-watchos/include -Xcc -I/Users/admin/builder/spi-builder-workspace/.derivedData/Build/Intermediates.noindex/SwiftNetrc.build/Debug-watchos/SwiftNetrcCore-t.build/DerivedSources-normal/arm64 -Xcc -I/Users/admin/builder/spi-builder-workspace/.derivedData/Build/Intermediates.noindex/SwiftNetrc.build/Debug-watchos/SwiftNetrcCore-t.build/DerivedSources/arm64 -Xcc -I/Users/admin/builder/spi-builder-workspace/.derivedData/Build/Intermediates.noindex/SwiftNetrc.build/Debug-watchos/SwiftNetrcCore-t.build/DerivedSources -Xcc -DSWIFT_PACKAGE -Xcc -DDEBUG\=1 -no-auto-bridging-header-chaining -module-name SwiftNetrcCore -const-gather-protocols-file /Users/admin/builder/spi-builder-workspace/.derivedData/Build/Intermediates.noindex/SwiftNetrc.build/Debug-watchos/SwiftNetrcCore-t.build/Objects-normal/arm64/SwiftNetrcCore_const_extract_protocols.json -disable-clang-spi -target-sdk-version 27.0 -target-sdk-name watchos27.0 -external-plugin-path /Applications/Xcode-27.0.0-Release.Candidate.app/Contents/Developer/Platforms/WatchOS.platform/Developer/usr/lib/swift/host/plugins\#/Applications/Xcode-27.0.0-Release.Candidate.app/Contents/Developer/Platforms/WatchOS.platform/Developer/usr/bin/swift-plugin-server -external-plugin-path /Applications/Xcode-27.0.0-Release.Candidate.app/Contents/Developer/Platforms/WatchOS.platform/Developer/usr/local/lib/swift/host/plugins\#/Applications/Xcode-27.0.0-Release.Candidate.app/Contents/Developer/Platforms/WatchOS.platform/Developer/usr/bin/swift-plugin-server -in-process-plugin-server-path /Applications/Xcode-27.0.0-Release.Candidate.app/Contents/Developer/Toolchains/XcodeDefault.xctoolchain/usr/lib/swift/host/libSwiftInProcPluginServer.dylib -plugin-path /Applications/Xcode-27.0.0-Release.Candidate.app/Contents/Developer/Toolchains/XcodeDefault.xctoolchain/usr/lib/swift/host/plugins -plugin-path /Applications/Xcode-27.0.0-Release.Candidate.app/Contents/Developer/Toolchains/XcodeDefault.xctoolchain/usr/local/lib/swift/host/plugins -parse-as-library -o /Users/admin/builder/spi-builder-workspace/.derivedData/Build/Intermediates.noindex/SwiftNetrc.build/Debug-watchos/SwiftNetrcCore-t.build/Objects-normal/arm64/SwiftNetrc.o -index-unit-output-path /SwiftNetrc.build/Debug-watchos/SwiftNetrcCore-t.build/Objects-normal/arm64/SwiftNetrc.o -index-store-path /Users/admin/builder/spi-builder-workspace/.derivedData/Index.noindex/DataStore -index-system-modules
SwiftCompile normal arm64 /Users/admin/builder/spi-builder-workspace/Sources/SwiftNetrcCore/SwiftNetrc.swift (in target 'SwiftNetrcCore' from project 'SwiftNetrc')
    cd /Users/admin/builder/spi-builder-workspace/.swiftpm/xcode
    builtin-SwiftPerFileCompile SwiftNetrc.swift
SwiftDriverJobDiscovery normal arm64_32 Emitting module for SwiftNetrcCore (in target 'SwiftNetrcCore' from project 'SwiftNetrc')
SwiftDriverJobDiscovery normal arm64 Emitting module for SwiftNetrcCore (in target 'SwiftNetrcCore' from project 'SwiftNetrc')
SwiftDriver\ Compilation\ Requirements SwiftNetrcCore normal arm64 com.apple.xcode.tools.swift.compiler (in target 'SwiftNetrcCore' from project 'SwiftNetrc')
    cd /Users/admin/builder/spi-builder-workspace/.swiftpm/xcode
    builtin-Swift-Compilation-Requirements -- /Applications/Xcode-27.0.0-Release.Candidate.app/Contents/Developer/Toolchains/XcodeDefault.xctoolchain/usr/bin/swiftc -parse-as-library -module-name SwiftNetrcCore -Onone @/Users/admin/builder/spi-builder-workspace/.derivedData/Build/Intermediates.noindex/SwiftNetrc.build/Debug-watchos/SwiftNetrcCore-t.build/Objects-normal/arm64/SwiftNetrcCore.SwiftFileList -DSWIFT_PACKAGE -DDEBUG -DSWIFT_MODULE_RESOURCE_BUNDLE_UNAVAILABLE -DXcode -plugin-path /Applications/Xcode-27.0.0-Release.Candidate.app/Contents/Developer/Toolchains/XcodeDefault.xctoolchain/usr/lib/swift/host/plugins/testing -enable-experimental-feature DebugDescriptionMacro -sdk /Applications/Xcode-27.0.0-Release.Candidate.app/Contents/Developer/Platforms/WatchOS.platform/Developer/SDKs/WatchOS27.0.sdk -target arm64-apple-watchos9.0 -g -module-cache-path /Users/admin/builder/spi-builder-workspace/.derivedData/ModuleCache.noindex -Xfrontend -serialize-debugging-options -profile-coverage-mapping -profile-generate -enable-testing -index-store-path /Users/admin/builder/spi-builder-workspace/.derivedData/Index.noindex/DataStore -Xcc -D_LIBCPP_HARDENING_MODE\=_LIBCPP_HARDENING_MODE_DEBUG -swift-version 4 -I /Users/admin/builder/spi-builder-workspace/.derivedData/Build/Products/Debug-watchos -Isystem /Applications/Xcode-27.0.0-Release.Candidate.app/Contents/Developer/Platforms/WatchOS.platform/Developer/usr/lib -F /Users/admin/builder/spi-builder-workspace/.derivedData/Build/Products/Debug-watchos -F /Applications/Xcode-27.0.0-Release.Candidate.app/Contents/Developer/Platforms/WatchOS.platform/Developer/Library/Frameworks -F /Applications/Xcode-27.0.0-Release.Candidate.app/Contents/Developer/Platforms/WatchOS.platform/Developer/SDKs/WatchOS27.0.sdk/Developer/Library/Frameworks -c -j10 -enable-batch-mode -incremental -Xcc -ivfsstatcache -Xcc /Users/admin/builder/spi-builder-workspace/.derivedData/SDKStatCaches.noindex/watchos27.0-24R360-e829b21a6f8c9b70876ba0858053c04477534ef55a1706bf4c1112bbb242f0a2.sdkstatcache -output-file-map /Users/admin/builder/spi-builder-workspace/.derivedData/Build/Intermediates.noindex/SwiftNetrc.build/Debug-watchos/SwiftNetrcCore-t.build/Objects-normal/arm64/SwiftNetrcCore-OutputFileMap.json -save-temps -no-color-diagnostics -emit-dependencies -emit-module -emit-module-path /Users/admin/builder/spi-builder-workspace/.derivedData/Build/Intermediates.noindex/SwiftNetrc.build/Debug-watchos/SwiftNetrcCore-t.build/Objects-normal/arm64/SwiftNetrcCore.swiftmodule -serialize-diagnostics -validate-clang-modules-once -clang-build-session-file /Users/admin/builder/spi-builder-workspace/.derivedData/ModuleCache.noindex/Session.modulevalidation -Xcc -fmodules-prune-interval\=86400 -Xcc -fmodules-prune-after\=345600 -emit-const-values -const-gather-protocols-list /Users/admin/builder/spi-builder-workspace/.derivedData/Build/Intermediates.noindex/SwiftNetrc.build/Debug-watchos/SwiftNetrcCore-t.build/Objects-normal/arm64/SwiftNetrcCore_const_extract_protocols.json -Xcc -I/Users/admin/builder/spi-builder-workspace/.derivedData/Build/Products/Debug-watchos/include -Xcc -I/Users/admin/builder/spi-builder-workspace/.derivedData/Build/Intermediates.noindex/SwiftNetrc.build/Debug-watchos/SwiftNetrcCore-t.build/DerivedSources-normal/arm64 -Xcc -I/Users/admin/builder/spi-builder-workspace/.derivedData/Build/Intermediates.noindex/SwiftNetrc.build/Debug-watchos/SwiftNetrcCore-t.build/DerivedSources/arm64 -Xcc -I/Users/admin/builder/spi-builder-workspace/.derivedData/Build/Intermediates.noindex/SwiftNetrc.build/Debug-watchos/SwiftNetrcCore-t.build/DerivedSources -Xcc -DSWIFT_PACKAGE -Xcc -DDEBUG\=1 -emit-objc-header -emit-objc-header-path /Users/admin/builder/spi-builder-workspace/.derivedData/Build/Intermediates.noindex/SwiftNetrc.build/Debug-watchos/SwiftNetrcCore-t.build/Objects-normal/arm64/SwiftNetrcCore-Swift.h -working-directory /Users/admin/builder/spi-builder-workspace/.swiftpm/xcode -experimental-emit-module-separately -disable-cmo
SwiftDriver\ Compilation\ Requirements SwiftNetrcCore normal arm64_32 com.apple.xcode.tools.swift.compiler (in target 'SwiftNetrcCore' from project 'SwiftNetrc')
    cd /Users/admin/builder/spi-builder-workspace/.swiftpm/xcode
    builtin-Swift-Compilation-Requirements -- /Applications/Xcode-27.0.0-Release.Candidate.app/Contents/Developer/Toolchains/XcodeDefault.xctoolchain/usr/bin/swiftc -parse-as-library -module-name SwiftNetrcCore -Onone @/Users/admin/builder/spi-builder-workspace/.derivedData/Build/Intermediates.noindex/SwiftNetrc.build/Debug-watchos/SwiftNetrcCore-t.build/Objects-normal/arm64_32/SwiftNetrcCore.SwiftFileList -DSWIFT_PACKAGE -DDEBUG -DSWIFT_MODULE_RESOURCE_BUNDLE_UNAVAILABLE -DXcode -plugin-path /Applications/Xcode-27.0.0-Release.Candidate.app/Contents/Developer/Toolchains/XcodeDefault.xctoolchain/usr/lib/swift/host/plugins/testing -enable-experimental-feature DebugDescriptionMacro -sdk /Applications/Xcode-27.0.0-Release.Candidate.app/Contents/Developer/Platforms/WatchOS.platform/Developer/SDKs/WatchOS27.0.sdk -target arm64_32-apple-watchos9.0 -g -module-cache-path /Users/admin/builder/spi-builder-workspace/.derivedData/ModuleCache.noindex -Xfrontend -serialize-debugging-options -profile-coverage-mapping -profile-generate -enable-testing -index-store-path /Users/admin/builder/spi-builder-workspace/.derivedData/Index.noindex/DataStore -Xcc -D_LIBCPP_HARDENING_MODE\=_LIBCPP_HARDENING_MODE_DEBUG -swift-version 4 -I /Users/admin/builder/spi-builder-workspace/.derivedData/Build/Products/Debug-watchos -Isystem /Applications/Xcode-27.0.0-Release.Candidate.app/Contents/Developer/Platforms/WatchOS.platform/Developer/usr/lib -F /Users/admin/builder/spi-builder-workspace/.derivedData/Build/Products/Debug-watchos -F /Applications/Xcode-27.0.0-Release.Candidate.app/Contents/Developer/Platforms/WatchOS.platform/Developer/Library/Frameworks -F /Applications/Xcode-27.0.0-Release.Candidate.app/Contents/Developer/Platforms/WatchOS.platform/Developer/SDKs/WatchOS27.0.sdk/Developer/Library/Frameworks -c -j10 -enable-batch-mode -incremental -Xcc -ivfsstatcache -Xcc /Users/admin/builder/spi-builder-workspace/.derivedData/SDKStatCaches.noindex/watchos27.0-24R360-e829b21a6f8c9b70876ba0858053c04477534ef55a1706bf4c1112bbb242f0a2.sdkstatcache -output-file-map /Users/admin/builder/spi-builder-workspace/.derivedData/Build/Intermediates.noindex/SwiftNetrc.build/Debug-watchos/SwiftNetrcCore-t.build/Objects-normal/arm64_32/SwiftNetrcCore-OutputFileMap.json -save-temps -no-color-diagnostics -emit-dependencies -emit-module -emit-module-path /Users/admin/builder/spi-builder-workspace/.derivedData/Build/Intermediates.noindex/SwiftNetrc.build/Debug-watchos/SwiftNetrcCore-t.build/Objects-normal/arm64_32/SwiftNetrcCore.swiftmodule -serialize-diagnostics -validate-clang-modules-once -clang-build-session-file /Users/admin/builder/spi-builder-workspace/.derivedData/ModuleCache.noindex/Session.modulevalidation -Xcc -fmodules-prune-interval\=86400 -Xcc -fmodules-prune-after\=345600 -emit-const-values -const-gather-protocols-list /Users/admin/builder/spi-builder-workspace/.derivedData/Build/Intermediates.noindex/SwiftNetrc.build/Debug-watchos/SwiftNetrcCore-t.build/Objects-normal/arm64_32/SwiftNetrcCore_const_extract_protocols.json -Xcc -I/Users/admin/builder/spi-builder-workspace/.derivedData/Build/Products/Debug-watchos/include -Xcc -I/Users/admin/builder/spi-builder-workspace/.derivedData/Build/Intermediates.noindex/SwiftNetrc.build/Debug-watchos/SwiftNetrcCore-t.build/DerivedSources-normal/arm64_32 -Xcc -I/Users/admin/builder/spi-builder-workspace/.derivedData/Build/Intermediates.noindex/SwiftNetrc.build/Debug-watchos/SwiftNetrcCore-t.build/DerivedSources/arm64_32 -Xcc -I/Users/admin/builder/spi-builder-workspace/.derivedData/Build/Intermediates.noindex/SwiftNetrc.build/Debug-watchos/SwiftNetrcCore-t.build/DerivedSources -Xcc -DSWIFT_PACKAGE -Xcc -DDEBUG\=1 -emit-objc-header -emit-objc-header-path /Users/admin/builder/spi-builder-workspace/.derivedData/Build/Intermediates.noindex/SwiftNetrc.build/Debug-watchos/SwiftNetrcCore-t.build/Objects-normal/arm64_32/SwiftNetrcCore-Swift.h -working-directory /Users/admin/builder/spi-builder-workspace/.swiftpm/xcode -experimental-emit-module-separately -disable-cmo
SwiftMergeGeneratedHeaders /Users/admin/builder/spi-builder-workspace/.derivedData/Build/Intermediates.noindex/GeneratedModuleMaps-watchos/SwiftNetrcCore-Swift.h /Users/admin/builder/spi-builder-workspace/.derivedData/Build/Intermediates.noindex/SwiftNetrc.build/Debug-watchos/SwiftNetrcCore-t.build/Objects-normal/arm64/SwiftNetrcCore-Swift.h /Users/admin/builder/spi-builder-workspace/.derivedData/Build/Intermediates.noindex/SwiftNetrc.build/Debug-watchos/SwiftNetrcCore-t.build/Objects-normal/arm64_32/SwiftNetrcCore-Swift.h (in target 'SwiftNetrcCore' from project 'SwiftNetrc')
    cd /Users/admin/builder/spi-builder-workspace
    builtin-swiftHeaderTool -arch arm64 /Users/admin/builder/spi-builder-workspace/.derivedData/Build/Intermediates.noindex/SwiftNetrc.build/Debug-watchos/SwiftNetrcCore-t.build/Objects-normal/arm64/SwiftNetrcCore-Swift.h -arch arm64_32 /Users/admin/builder/spi-builder-workspace/.derivedData/Build/Intermediates.noindex/SwiftNetrc.build/Debug-watchos/SwiftNetrcCore-t.build/Objects-normal/arm64_32/SwiftNetrcCore-Swift.h -o /Users/admin/builder/spi-builder-workspace/.derivedData/Build/Intermediates.noindex/GeneratedModuleMaps-watchos/SwiftNetrcCore-Swift.h
Copy /Users/admin/builder/spi-builder-workspace/.derivedData/Build/Products/Debug-watchos/SwiftNetrcCore.swiftmodule/arm64_32-apple-watchos.swiftdoc /Users/admin/builder/spi-builder-workspace/.derivedData/Build/Intermediates.noindex/SwiftNetrc.build/Debug-watchos/SwiftNetrcCore-t.build/Objects-normal/arm64_32/SwiftNetrcCore.swiftdoc (in target 'SwiftNetrcCore' from project 'SwiftNetrc')
    cd /Users/admin/builder/spi-builder-workspace
    builtin-copy -exclude .DS_Store -exclude CVS -exclude .svn -exclude .git -exclude .hg -resolve-src-symlinks -rename /Users/admin/builder/spi-builder-workspace/.derivedData/Build/Intermediates.noindex/SwiftNetrc.build/Debug-watchos/SwiftNetrcCore-t.build/Objects-normal/arm64_32/SwiftNetrcCore.swiftdoc /Users/admin/builder/spi-builder-workspace/.derivedData/Build/Products/Debug-watchos/SwiftNetrcCore.swiftmodule/arm64_32-apple-watchos.swiftdoc
Copy /Users/admin/builder/spi-builder-workspace/.derivedData/Build/Products/Debug-watchos/SwiftNetrcCore.swiftmodule/arm64-apple-watchos.swiftmodule /Users/admin/builder/spi-builder-workspace/.derivedData/Build/Intermediates.noindex/SwiftNetrc.build/Debug-watchos/SwiftNetrcCore-t.build/Objects-normal/arm64/SwiftNetrcCore.swiftmodule (in target 'SwiftNetrcCore' from project 'SwiftNetrc')
    cd /Users/admin/builder/spi-builder-workspace
    builtin-copy -exclude .DS_Store -exclude CVS -exclude .svn -exclude .git -exclude .hg -resolve-src-symlinks -rename /Users/admin/builder/spi-builder-workspace/.derivedData/Build/Intermediates.noindex/SwiftNetrc.build/Debug-watchos/SwiftNetrcCore-t.build/Objects-normal/arm64/SwiftNetrcCore.swiftmodule /Users/admin/builder/spi-builder-workspace/.derivedData/Build/Products/Debug-watchos/SwiftNetrcCore.swiftmodule/arm64-apple-watchos.swiftmodule
Copy /Users/admin/builder/spi-builder-workspace/.derivedData/Build/Products/Debug-watchos/SwiftNetrcCore.swiftmodule/arm64-apple-watchos.abi.json /Users/admin/builder/spi-builder-workspace/.derivedData/Build/Intermediates.noindex/SwiftNetrc.build/Debug-watchos/SwiftNetrcCore-t.build/Objects-normal/arm64/SwiftNetrcCore.abi.json (in target 'SwiftNetrcCore' from project 'SwiftNetrc')
    cd /Users/admin/builder/spi-builder-workspace
    builtin-copy -exclude .DS_Store -exclude CVS -exclude .svn -exclude .git -exclude .hg -resolve-src-symlinks -rename /Users/admin/builder/spi-builder-workspace/.derivedData/Build/Intermediates.noindex/SwiftNetrc.build/Debug-watchos/SwiftNetrcCore-t.build/Objects-normal/arm64/SwiftNetrcCore.abi.json /Users/admin/builder/spi-builder-workspace/.derivedData/Build/Products/Debug-watchos/SwiftNetrcCore.swiftmodule/arm64-apple-watchos.abi.json
Copy /Users/admin/builder/spi-builder-workspace/.derivedData/Build/Products/Debug-watchos/SwiftNetrcCore.swiftmodule/arm64_32-apple-watchos.abi.json /Users/admin/builder/spi-builder-workspace/.derivedData/Build/Intermediates.noindex/SwiftNetrc.build/Debug-watchos/SwiftNetrcCore-t.build/Objects-normal/arm64_32/SwiftNetrcCore.abi.json (in target 'SwiftNetrcCore' from project 'SwiftNetrc')
    cd /Users/admin/builder/spi-builder-workspace
    builtin-copy -exclude .DS_Store -exclude CVS -exclude .svn -exclude .git -exclude .hg -resolve-src-symlinks -rename /Users/admin/builder/spi-builder-workspace/.derivedData/Build/Intermediates.noindex/SwiftNetrc.build/Debug-watchos/SwiftNetrcCore-t.build/Objects-normal/arm64_32/SwiftNetrcCore.abi.json /Users/admin/builder/spi-builder-workspace/.derivedData/Build/Products/Debug-watchos/SwiftNetrcCore.swiftmodule/arm64_32-apple-watchos.abi.json
Copy /Users/admin/builder/spi-builder-workspace/.derivedData/Build/Products/Debug-watchos/SwiftNetrcCore.swiftmodule/arm64-apple-watchos.swiftdoc /Users/admin/builder/spi-builder-workspace/.derivedData/Build/Intermediates.noindex/SwiftNetrc.build/Debug-watchos/SwiftNetrcCore-t.build/Objects-normal/arm64/SwiftNetrcCore.swiftdoc (in target 'SwiftNetrcCore' from project 'SwiftNetrc')
    cd /Users/admin/builder/spi-builder-workspace
    builtin-copy -exclude .DS_Store -exclude CVS -exclude .svn -exclude .git -exclude .hg -resolve-src-symlinks -rename /Users/admin/builder/spi-builder-workspace/.derivedData/Build/Intermediates.noindex/SwiftNetrc.build/Debug-watchos/SwiftNetrcCore-t.build/Objects-normal/arm64/SwiftNetrcCore.swiftdoc /Users/admin/builder/spi-builder-workspace/.derivedData/Build/Products/Debug-watchos/SwiftNetrcCore.swiftmodule/arm64-apple-watchos.swiftdoc
Copy /Users/admin/builder/spi-builder-workspace/.derivedData/Build/Products/Debug-watchos/SwiftNetrcCore.swiftmodule/arm64_32-apple-watchos.swiftmodule /Users/admin/builder/spi-builder-workspace/.derivedData/Build/Intermediates.noindex/SwiftNetrc.build/Debug-watchos/SwiftNetrcCore-t.build/Objects-normal/arm64_32/SwiftNetrcCore.swiftmodule (in target 'SwiftNetrcCore' from project 'SwiftNetrc')
    cd /Users/admin/builder/spi-builder-workspace
    builtin-copy -exclude .DS_Store -exclude CVS -exclude .svn -exclude .git -exclude .hg -resolve-src-symlinks -rename /Users/admin/builder/spi-builder-workspace/.derivedData/Build/Intermediates.noindex/SwiftNetrc.build/Debug-watchos/SwiftNetrcCore-t.build/Objects-normal/arm64_32/SwiftNetrcCore.swiftmodule /Users/admin/builder/spi-builder-workspace/.derivedData/Build/Products/Debug-watchos/SwiftNetrcCore.swiftmodule/arm64_32-apple-watchos.swiftmodule
Copy /Users/admin/builder/spi-builder-workspace/.derivedData/Build/Products/Debug-watchos/SwiftNetrcCore.swiftmodule/Project/arm64_32-apple-watchos.swiftsourceinfo /Users/admin/builder/spi-builder-workspace/.derivedData/Build/Intermediates.noindex/SwiftNetrc.build/Debug-watchos/SwiftNetrcCore-t.build/Objects-normal/arm64_32/SwiftNetrcCore.swiftsourceinfo (in target 'SwiftNetrcCore' from project 'SwiftNetrc')
    cd /Users/admin/builder/spi-builder-workspace
    builtin-copy -exclude .DS_Store -exclude CVS -exclude .svn -exclude .git -exclude .hg -resolve-src-symlinks -rename /Users/admin/builder/spi-builder-workspace/.derivedData/Build/Intermediates.noindex/SwiftNetrc.build/Debug-watchos/SwiftNetrcCore-t.build/Objects-normal/arm64_32/SwiftNetrcCore.swiftsourceinfo /Users/admin/builder/spi-builder-workspace/.derivedData/Build/Products/Debug-watchos/SwiftNetrcCore.swiftmodule/Project/arm64_32-apple-watchos.swiftsourceinfo
Copy /Users/admin/builder/spi-builder-workspace/.derivedData/Build/Products/Debug-watchos/SwiftNetrcCore.swiftmodule/Project/arm64-apple-watchos.swiftsourceinfo /Users/admin/builder/spi-builder-workspace/.derivedData/Build/Intermediates.noindex/SwiftNetrc.build/Debug-watchos/SwiftNetrcCore-t.build/Objects-normal/arm64/SwiftNetrcCore.swiftsourceinfo (in target 'SwiftNetrcCore' from project 'SwiftNetrc')
    cd /Users/admin/builder/spi-builder-workspace
    builtin-copy -exclude .DS_Store -exclude CVS -exclude .svn -exclude .git -exclude .hg -resolve-src-symlinks -rename /Users/admin/builder/spi-builder-workspace/.derivedData/Build/Intermediates.noindex/SwiftNetrc.build/Debug-watchos/SwiftNetrcCore-t.build/Objects-normal/arm64/SwiftNetrcCore.swiftsourceinfo /Users/admin/builder/spi-builder-workspace/.derivedData/Build/Products/Debug-watchos/SwiftNetrcCore.swiftmodule/Project/arm64-apple-watchos.swiftsourceinfo
SwiftDriver SwiftNetrc normal arm64 com.apple.xcode.tools.swift.compiler (in target 'SwiftNetrc-product' from project 'SwiftNetrc')
    cd /Users/admin/builder/spi-builder-workspace/.swiftpm/xcode
    builtin-SwiftDriver -- /Applications/Xcode-27.0.0-Release.Candidate.app/Contents/Developer/Toolchains/XcodeDefault.xctoolchain/usr/bin/swiftc -module-name SwiftNetrc -Onone @/Users/admin/builder/spi-builder-workspace/.derivedData/Build/Intermediates.noindex/SwiftNetrc.build/Debug-watchos/SwiftNetrc-p.build/Objects-normal/arm64/SwiftNetrc.SwiftFileList -DSWIFT_PACKAGE -DDEBUG -DXcode -plugin-path /Applications/Xcode-27.0.0-Release.Candidate.app/Contents/Developer/Toolchains/XcodeDefault.xctoolchain/usr/lib/swift/host/plugins/testing -enable-experimental-feature DebugDescriptionMacro -sdk /Applications/Xcode-27.0.0-Release.Candidate.app/Contents/Developer/Platforms/WatchOS.platform/Developer/SDKs/WatchOS27.0.sdk -target arm64-apple-watchos9.0 -g -module-cache-path /Users/admin/builder/spi-builder-workspace/.derivedData/ModuleCache.noindex -Xfrontend -serialize-debugging-options -profile-coverage-mapping -profile-generate -enable-testing -index-store-path /Users/admin/builder/spi-builder-workspace/.derivedData/Index.noindex/DataStore -Xcc -D_LIBCPP_HARDENING_MODE\=_LIBCPP_HARDENING_MODE_DEBUG -swift-version 4 -I /Users/admin/builder/spi-builder-workspace/.derivedData/Build/Products/Debug-watchos -Isystem /Applications/Xcode-27.0.0-Release.Candidate.app/Contents/Developer/Platforms/WatchOS.platform/Developer/usr/lib -F /Users/admin/builder/spi-builder-workspace/.derivedData/Build/Products/Debug-watchos/PackageFrameworks -F /Users/admin/builder/spi-builder-workspace/.derivedData/Build/Products/Debug-watchos -F /Applications/Xcode-27.0.0-Release.Candidate.app/Contents/Developer/Platforms/WatchOS.platform/Developer/Library/Frameworks -F /Applications/Xcode-27.0.0-Release.Candidate.app/Contents/Developer/Platforms/WatchOS.platform/Developer/SDKs/WatchOS27.0.sdk/Developer/Library/Frameworks -c -j10 -enable-batch-mode -incremental -Xcc -ivfsstatcache -Xcc /Users/admin/builder/spi-builder-workspace/.derivedData/SDKStatCaches.noindex/watchos27.0-24R360-e829b21a6f8c9b70876ba0858053c04477534ef55a1706bf4c1112bbb242f0a2.sdkstatcache -output-file-map /Users/admin/builder/spi-builder-workspace/.derivedData/Build/Intermediates.noindex/SwiftNetrc.build/Debug-watchos/SwiftNetrc-p.build/Objects-normal/arm64/SwiftNetrc-OutputFileMap.json -save-temps -no-color-diagnostics -emit-dependencies -emit-module -emit-module-path /Users/admin/builder/spi-builder-workspace/.derivedData/Build/Intermediates.noindex/SwiftNetrc.build/Debug-watchos/SwiftNetrc-p.build/Objects-normal/arm64/SwiftNetrc.swiftmodule -serialize-diagnostics -validate-clang-modules-once -clang-build-session-file /Users/admin/builder/spi-builder-workspace/.derivedData/ModuleCache.noindex/Session.modulevalidation -Xcc -fmodules-prune-interval\=86400 -Xcc -fmodules-prune-after\=345600 -emit-const-values -const-gather-protocols-list /Users/admin/builder/spi-builder-workspace/.derivedData/Build/Intermediates.noindex/SwiftNetrc.build/Debug-watchos/SwiftNetrc-p.build/Objects-normal/arm64/SwiftNetrc_const_extract_protocols.json -Xcc -I/Users/admin/builder/spi-builder-workspace/.derivedData/Build/Products/Debug-watchos/include -Xcc -I/Users/admin/builder/spi-builder-workspace/.derivedData/Build/Intermediates.noindex/SwiftNetrc.build/Debug-watchos/SwiftNetrc-p.build/DerivedSources-normal/arm64 -Xcc -I/Users/admin/builder/spi-builder-workspace/.derivedData/Build/Intermediates.noindex/SwiftNetrc.build/Debug-watchos/SwiftNetrc-p.build/DerivedSources/arm64 -Xcc -I/Users/admin/builder/spi-builder-workspace/.derivedData/Build/Intermediates.noindex/SwiftNetrc.build/Debug-watchos/SwiftNetrc-p.build/DerivedSources -Xcc -DSWIFT_PACKAGE -Xcc -DDEBUG\=1 -working-directory /Users/admin/builder/spi-builder-workspace/.swiftpm/xcode -experimental-emit-module-separately -disable-cmo
SwiftDriver SwiftNetrc normal arm64_32 com.apple.xcode.tools.swift.compiler (in target 'SwiftNetrc-product' from project 'SwiftNetrc')
    cd /Users/admin/builder/spi-builder-workspace/.swiftpm/xcode
    builtin-SwiftDriver -- /Applications/Xcode-27.0.0-Release.Candidate.app/Contents/Developer/Toolchains/XcodeDefault.xctoolchain/usr/bin/swiftc -module-name SwiftNetrc -Onone @/Users/admin/builder/spi-builder-workspace/.derivedData/Build/Intermediates.noindex/SwiftNetrc.build/Debug-watchos/SwiftNetrc-p.build/Objects-normal/arm64_32/SwiftNetrc.SwiftFileList -DSWIFT_PACKAGE -DDEBUG -DXcode -plugin-path /Applications/Xcode-27.0.0-Release.Candidate.app/Contents/Developer/Toolchains/XcodeDefault.xctoolchain/usr/lib/swift/host/plugins/testing -enable-experimental-feature DebugDescriptionMacro -sdk /Applications/Xcode-27.0.0-Release.Candidate.app/Contents/Developer/Platforms/WatchOS.platform/Developer/SDKs/WatchOS27.0.sdk -target arm64_32-apple-watchos9.0 -g -module-cache-path /Users/admin/builder/spi-builder-workspace/.derivedData/ModuleCache.noindex -Xfrontend -serialize-debugging-options -profile-coverage-mapping -profile-generate -enable-testing -index-store-path /Users/admin/builder/spi-builder-workspace/.derivedData/Index.noindex/DataStore -Xcc -D_LIBCPP_HARDENING_MODE\=_LIBCPP_HARDENING_MODE_DEBUG -swift-version 4 -I /Users/admin/builder/spi-builder-workspace/.derivedData/Build/Products/Debug-watchos -Isystem /Applications/Xcode-27.0.0-Release.Candidate.app/Contents/Developer/Platforms/WatchOS.platform/Developer/usr/lib -F /Users/admin/builder/spi-builder-workspace/.derivedData/Build/Products/Debug-watchos/PackageFrameworks -F /Users/admin/builder/spi-builder-workspace/.derivedData/Build/Products/Debug-watchos -F /Applications/Xcode-27.0.0-Release.Candidate.app/Contents/Developer/Platforms/WatchOS.platform/Developer/Library/Frameworks -F /Applications/Xcode-27.0.0-Release.Candidate.app/Contents/Developer/Platforms/WatchOS.platform/Developer/SDKs/WatchOS27.0.sdk/Developer/Library/Frameworks -c -j10 -enable-batch-mode -incremental -Xcc -ivfsstatcache -Xcc /Users/admin/builder/spi-builder-workspace/.derivedData/SDKStatCaches.noindex/watchos27.0-24R360-e829b21a6f8c9b70876ba0858053c04477534ef55a1706bf4c1112bbb242f0a2.sdkstatcache -output-file-map /Users/admin/builder/spi-builder-workspace/.derivedData/Build/Intermediates.noindex/SwiftNetrc.build/Debug-watchos/SwiftNetrc-p.build/Objects-normal/arm64_32/SwiftNetrc-OutputFileMap.json -save-temps -no-color-diagnostics -emit-dependencies -emit-module -emit-module-path /Users/admin/builder/spi-builder-workspace/.derivedData/Build/Intermediates.noindex/SwiftNetrc.build/Debug-watchos/SwiftNetrc-p.build/Objects-normal/arm64_32/SwiftNetrc.swiftmodule -serialize-diagnostics -validate-clang-modules-once -clang-build-session-file /Users/admin/builder/spi-builder-workspace/.derivedData/ModuleCache.noindex/Session.modulevalidation -Xcc -fmodules-prune-interval\=86400 -Xcc -fmodules-prune-after\=345600 -emit-const-values -const-gather-protocols-list /Users/admin/builder/spi-builder-workspace/.derivedData/Build/Intermediates.noindex/SwiftNetrc.build/Debug-watchos/SwiftNetrc-p.build/Objects-normal/arm64_32/SwiftNetrc_const_extract_protocols.json -Xcc -I/Users/admin/builder/spi-builder-workspace/.derivedData/Build/Products/Debug-watchos/include -Xcc -I/Users/admin/builder/spi-builder-workspace/.derivedData/Build/Intermediates.noindex/SwiftNetrc.build/Debug-watchos/SwiftNetrc-p.build/DerivedSources-normal/arm64_32 -Xcc -I/Users/admin/builder/spi-builder-workspace/.derivedData/Build/Intermediates.noindex/SwiftNetrc.build/Debug-watchos/SwiftNetrc-p.build/DerivedSources/arm64_32 -Xcc -I/Users/admin/builder/spi-builder-workspace/.derivedData/Build/Intermediates.noindex/SwiftNetrc.build/Debug-watchos/SwiftNetrc-p.build/DerivedSources -Xcc -DSWIFT_PACKAGE -Xcc -DDEBUG\=1 -working-directory /Users/admin/builder/spi-builder-workspace/.swiftpm/xcode -experimental-emit-module-separately -disable-cmo
SwiftEmitModule normal arm64 Emitting\ module\ for\ SwiftNetrc (in target 'SwiftNetrc-product' from project 'SwiftNetrc')
SwiftCompile normal arm64 (in target 'SwiftNetrc-product' from project 'SwiftNetrc')
    cd /Users/admin/builder/spi-builder-workspace/.swiftpm/xcode

SwiftCompile normal arm64 Compiling\ main.swift /Users/admin/builder/spi-builder-workspace/Sources/SwiftNetrc/main.swift (in target 'SwiftNetrc-product' from project 'SwiftNetrc')
SwiftCompile normal arm64 /Users/admin/builder/spi-builder-workspace/Sources/SwiftNetrc/main.swift (in target 'SwiftNetrc-product' from project 'SwiftNetrc')
    cd /Users/admin/builder/spi-builder-workspace/.swiftpm/xcode
    builtin-SwiftPerFileCompile main.swift
SwiftEmitModule normal arm64_32 Emitting\ module\ for\ SwiftNetrc (in target 'SwiftNetrc-product' from project 'SwiftNetrc')
SwiftCompile normal arm64_32 (in target 'SwiftNetrc-product' from project 'SwiftNetrc')
    cd /Users/admin/builder/spi-builder-workspace/.swiftpm/xcode

SwiftCompile normal arm64_32 Compiling\ main.swift /Users/admin/builder/spi-builder-workspace/Sources/SwiftNetrc/main.swift (in target 'SwiftNetrc-product' from project 'SwiftNetrc')
SwiftCompile normal arm64_32 /Users/admin/builder/spi-builder-workspace/Sources/SwiftNetrc/main.swift (in target 'SwiftNetrc-product' from project 'SwiftNetrc')
    cd /Users/admin/builder/spi-builder-workspace/.swiftpm/xcode
    builtin-SwiftPerFileCompile main.swift
SwiftDriverJobDiscovery normal arm64_32 Emitting module for SwiftNetrc (in target 'SwiftNetrc-product' from project 'SwiftNetrc')
SwiftDriver\ Compilation\ Requirements SwiftNetrc normal arm64_32 com.apple.xcode.tools.swift.compiler (in target 'SwiftNetrc-product' from project 'SwiftNetrc')
    cd /Users/admin/builder/spi-builder-workspace/.swiftpm/xcode
    builtin-Swift-Compilation-Requirements -- /Applications/Xcode-27.0.0-Release.Candidate.app/Contents/Developer/Toolchains/XcodeDefault.xctoolchain/usr/bin/swiftc -module-name SwiftNetrc -Onone @/Users/admin/builder/spi-builder-workspace/.derivedData/Build/Intermediates.noindex/SwiftNetrc.build/Debug-watchos/SwiftNetrc-p.build/Objects-normal/arm64_32/SwiftNetrc.SwiftFileList -DSWIFT_PACKAGE -DDEBUG -DXcode -plugin-path /Applications/Xcode-27.0.0-Release.Candidate.app/Contents/Developer/Toolchains/XcodeDefault.xctoolchain/usr/lib/swift/host/plugins/testing -enable-experimental-feature DebugDescriptionMacro -sdk /Applications/Xcode-27.0.0-Release.Candidate.app/Contents/Developer/Platforms/WatchOS.platform/Developer/SDKs/WatchOS27.0.sdk -target arm64_32-apple-watchos9.0 -g -module-cache-path /Users/admin/builder/spi-builder-workspace/.derivedData/ModuleCache.noindex -Xfrontend -serialize-debugging-options -profile-coverage-mapping -profile-generate -enable-testing -index-store-path /Users/admin/builder/spi-builder-workspace/.derivedData/Index.noindex/DataStore -Xcc -D_LIBCPP_HARDENING_MODE\=_LIBCPP_HARDENING_MODE_DEBUG -swift-version 4 -I /Users/admin/builder/spi-builder-workspace/.derivedData/Build/Products/Debug-watchos -Isystem /Applications/Xcode-27.0.0-Release.Candidate.app/Contents/Developer/Platforms/WatchOS.platform/Developer/usr/lib -F /Users/admin/builder/spi-builder-workspace/.derivedData/Build/Products/Debug-watchos/PackageFrameworks -F /Users/admin/builder/spi-builder-workspace/.derivedData/Build/Products/Debug-watchos -F /Applications/Xcode-27.0.0-Release.Candidate.app/Contents/Developer/Platforms/WatchOS.platform/Developer/Library/Frameworks -F /Applications/Xcode-27.0.0-Release.Candidate.app/Contents/Developer/Platforms/WatchOS.platform/Developer/SDKs/WatchOS27.0.sdk/Developer/Library/Frameworks -c -j10 -enable-batch-mode -incremental -Xcc -ivfsstatcache -Xcc /Users/admin/builder/spi-builder-workspace/.derivedData/SDKStatCaches.noindex/watchos27.0-24R360-e829b21a6f8c9b70876ba0858053c04477534ef55a1706bf4c1112bbb242f0a2.sdkstatcache -output-file-map /Users/admin/builder/spi-builder-workspace/.derivedData/Build/Intermediates.noindex/SwiftNetrc.build/Debug-watchos/SwiftNetrc-p.build/Objects-normal/arm64_32/SwiftNetrc-OutputFileMap.json -save-temps -no-color-diagnostics -emit-dependencies -emit-module -emit-module-path /Users/admin/builder/spi-builder-workspace/.derivedData/Build/Intermediates.noindex/SwiftNetrc.build/Debug-watchos/SwiftNetrc-p.build/Objects-normal/arm64_32/SwiftNetrc.swiftmodule -serialize-diagnostics -validate-clang-modules-once -clang-build-session-file /Users/admin/builder/spi-builder-workspace/.derivedData/ModuleCache.noindex/Session.modulevalidation -Xcc -fmodules-prune-interval\=86400 -Xcc -fmodules-prune-after\=345600 -emit-const-values -const-gather-protocols-list /Users/admin/builder/spi-builder-workspace/.derivedData/Build/Intermediates.noindex/SwiftNetrc.build/Debug-watchos/SwiftNetrc-p.build/Objects-normal/arm64_32/SwiftNetrc_const_extract_protocols.json -Xcc -I/Users/admin/builder/spi-builder-workspace/.derivedData/Build/Products/Debug-watchos/include -Xcc -I/Users/admin/builder/spi-builder-workspace/.derivedData/Build/Intermediates.noindex/SwiftNetrc.build/Debug-watchos/SwiftNetrc-p.build/DerivedSources-normal/arm64_32 -Xcc -I/Users/admin/builder/spi-builder-workspace/.derivedData/Build/Intermediates.noindex/SwiftNetrc.build/Debug-watchos/SwiftNetrc-p.build/DerivedSources/arm64_32 -Xcc -I/Users/admin/builder/spi-builder-workspace/.derivedData/Build/Intermediates.noindex/SwiftNetrc.build/Debug-watchos/SwiftNetrc-p.build/DerivedSources -Xcc -DSWIFT_PACKAGE -Xcc -DDEBUG\=1 -working-directory /Users/admin/builder/spi-builder-workspace/.swiftpm/xcode -experimental-emit-module-separately -disable-cmo
SwiftDriverJobDiscovery normal arm64 Emitting module for SwiftNetrc (in target 'SwiftNetrc-product' from project 'SwiftNetrc')
SwiftDriver\ Compilation\ Requirements SwiftNetrc normal arm64 com.apple.xcode.tools.swift.compiler (in target 'SwiftNetrc-product' from project 'SwiftNetrc')
    cd /Users/admin/builder/spi-builder-workspace/.swiftpm/xcode
    builtin-Swift-Compilation-Requirements -- /Applications/Xcode-27.0.0-Release.Candidate.app/Contents/Developer/Toolchains/XcodeDefault.xctoolchain/usr/bin/swiftc -module-name SwiftNetrc -Onone @/Users/admin/builder/spi-builder-workspace/.derivedData/Build/Intermediates.noindex/SwiftNetrc.build/Debug-watchos/SwiftNetrc-p.build/Objects-normal/arm64/SwiftNetrc.SwiftFileList -DSWIFT_PACKAGE -DDEBUG -DXcode -plugin-path /Applications/Xcode-27.0.0-Release.Candidate.app/Contents/Developer/Toolchains/XcodeDefault.xctoolchain/usr/lib/swift/host/plugins/testing -enable-experimental-feature DebugDescriptionMacro -sdk /Applications/Xcode-27.0.0-Release.Candidate.app/Contents/Developer/Platforms/WatchOS.platform/Developer/SDKs/WatchOS27.0.sdk -target arm64-apple-watchos9.0 -g -module-cache-path /Users/admin/builder/spi-builder-workspace/.derivedData/ModuleCache.noindex -Xfrontend -serialize-debugging-options -profile-coverage-mapping -profile-generate -enable-testing -index-store-path /Users/admin/builder/spi-builder-workspace/.derivedData/Index.noindex/DataStore -Xcc -D_LIBCPP_HARDENING_MODE\=_LIBCPP_HARDENING_MODE_DEBUG -swift-version 4 -I /Users/admin/builder/spi-builder-workspace/.derivedData/Build/Products/Debug-watchos -Isystem /Applications/Xcode-27.0.0-Release.Candidate.app/Contents/Developer/Platforms/WatchOS.platform/Developer/usr/lib -F /Users/admin/builder/spi-builder-workspace/.derivedData/Build/Products/Debug-watchos/PackageFrameworks -F /Users/admin/builder/spi-builder-workspace/.derivedData/Build/Products/Debug-watchos -F /Applications/Xcode-27.0.0-Release.Candidate.app/Contents/Developer/Platforms/WatchOS.platform/Developer/Library/Frameworks -F /Applications/Xcode-27.0.0-Release.Candidate.app/Contents/Developer/Platforms/WatchOS.platform/Developer/SDKs/WatchOS27.0.sdk/Developer/Library/Frameworks -c -j10 -enable-batch-mode -incremental -Xcc -ivfsstatcache -Xcc /Users/admin/builder/spi-builder-workspace/.derivedData/SDKStatCaches.noindex/watchos27.0-24R360-e829b21a6f8c9b70876ba0858053c04477534ef55a1706bf4c1112bbb242f0a2.sdkstatcache -output-file-map /Users/admin/builder/spi-builder-workspace/.derivedData/Build/Intermediates.noindex/SwiftNetrc.build/Debug-watchos/SwiftNetrc-p.build/Objects-normal/arm64/SwiftNetrc-OutputFileMap.json -save-temps -no-color-diagnostics -emit-dependencies -emit-module -emit-module-path /Users/admin/builder/spi-builder-workspace/.derivedData/Build/Intermediates.noindex/SwiftNetrc.build/Debug-watchos/SwiftNetrc-p.build/Objects-normal/arm64/SwiftNetrc.swiftmodule -serialize-diagnostics -validate-clang-modules-once -clang-build-session-file /Users/admin/builder/spi-builder-workspace/.derivedData/ModuleCache.noindex/Session.modulevalidation -Xcc -fmodules-prune-interval\=86400 -Xcc -fmodules-prune-after\=345600 -emit-const-values -const-gather-protocols-list /Users/admin/builder/spi-builder-workspace/.derivedData/Build/Intermediates.noindex/SwiftNetrc.build/Debug-watchos/SwiftNetrc-p.build/Objects-normal/arm64/SwiftNetrc_const_extract_protocols.json -Xcc -I/Users/admin/builder/spi-builder-workspace/.derivedData/Build/Products/Debug-watchos/include -Xcc -I/Users/admin/builder/spi-builder-workspace/.derivedData/Build/Intermediates.noindex/SwiftNetrc.build/Debug-watchos/SwiftNetrc-p.build/DerivedSources-normal/arm64 -Xcc -I/Users/admin/builder/spi-builder-workspace/.derivedData/Build/Intermediates.noindex/SwiftNetrc.build/Debug-watchos/SwiftNetrc-p.build/DerivedSources/arm64 -Xcc -I/Users/admin/builder/spi-builder-workspace/.derivedData/Build/Intermediates.noindex/SwiftNetrc.build/Debug-watchos/SwiftNetrc-p.build/DerivedSources -Xcc -DSWIFT_PACKAGE -Xcc -DDEBUG\=1 -working-directory /Users/admin/builder/spi-builder-workspace/.swiftpm/xcode -experimental-emit-module-separately -disable-cmo
PruneExplicitPrecompiledModules /Users/admin/builder/spi-builder-workspace/.derivedData/Build/Intermediates.noindex/ExplicitPrecompiledModules
PruneExplicitPrecompiledModules /Users/admin/builder/spi-builder-workspace/.derivedData/Build/Intermediates.noindex/SwiftExplicitPrecompiledModules
PruneExplicitPrecompiledModules /Users/admin/builder/spi-builder-workspace/.derivedData/SDKExplicitPrecompiledModules
2026-09-16 15:32:40.860 xcodebuild[648:4175] [MT] IDERunDestination: Supported platforms for the buildables in the current scheme is empty.
** BUILD FAILED **
The following build commands failed:
	SwiftCompile normal arm64_32 /Users/admin/builder/spi-builder-workspace/Sources/SwiftNetrcCore/SwiftNetrc.swift (in target 'SwiftNetrcCore' from project 'SwiftNetrc')
	SwiftCompile normal arm64_32 Compiling\ SwiftNetrc.swift /Users/admin/builder/spi-builder-workspace/Sources/SwiftNetrcCore/SwiftNetrc.swift (in target 'SwiftNetrcCore' from project 'SwiftNetrc')
	SwiftCompile normal arm64 Compiling\ SwiftNetrc.swift /Users/admin/builder/spi-builder-workspace/Sources/SwiftNetrcCore/SwiftNetrc.swift (in target 'SwiftNetrcCore' from project 'SwiftNetrc')
	SwiftCompile normal arm64 /Users/admin/builder/spi-builder-workspace/Sources/SwiftNetrcCore/SwiftNetrc.swift (in target 'SwiftNetrcCore' from project 'SwiftNetrc')
	Building workspace SwiftNetrc with scheme SwiftNetrc-Package
(5 failures)
Command line invocation:
    /Applications/Xcode-27.0.0-Release.Candidate.app/Contents/Developer/usr/bin/xcodebuild -IDEClonedSourcePackagesDirPathOverride=/Users/admin/builder/spi-builder-workspace/.dependencies -resolvePackageDependencies
Resolve Package Graph
Resolved source packages:
  SwiftNetrc: /Users/admin/builder/spi-builder-workspace
resolved source packages: SwiftNetrc
2026-09-16 15:32:45.831 xcodebuild[671:4377] [MT] IDERunDestination: Supported platforms for the buildables in the current scheme is empty.
{
  "dependencies" : [
  ],
  "manifest_display_name" : "SwiftNetrc",
  "name" : "SwiftNetrc",
  "path" : "/Users/admin/builder/spi-builder-workspace",
  "platforms" : [
  ],
  "products" : [
    {
      "name" : "SwiftNetrc",
      "targets" : [
        "SwiftNetrc"
      ],
      "type" : {
        "executable" : null
      }
    },
    {
      "name" : "SwiftNetrcCore",
      "targets" : [
        "SwiftNetrcCore"
      ],
      "type" : {
        "library" : [
          "automatic"
        ]
      }
    }
  ],
  "swift_languages_versions" : [
    "3",
    "4"
  ],
  "targets" : [
    {
      "c99name" : "SwiftNetrcTests",
      "module_type" : "SwiftTarget",
      "name" : "SwiftNetrcTests",
      "path" : "Tests/SwiftNetrcTests",
      "sources" : [
        "SwiftNetrcTests.swift"
      ],
      "target_dependencies" : [
        "SwiftNetrcCore"
      ],
      "type" : "test"
    },
    {
      "c99name" : "SwiftNetrcCore",
      "module_type" : "SwiftTarget",
      "name" : "SwiftNetrcCore",
      "path" : "Sources/SwiftNetrcCore",
      "product_memberships" : [
        "SwiftNetrc",
        "SwiftNetrcCore"
      ],
      "sources" : [
        "SwiftNetrc.swift"
      ],
      "type" : "library"
    },
    {
      "c99name" : "SwiftNetrc",
      "module_type" : "SwiftTarget",
      "name" : "SwiftNetrc",
      "path" : "Sources/SwiftNetrc",
      "product_memberships" : [
        "SwiftNetrc"
      ],
      "sources" : [
        "main.swift"
      ],
      "target_dependencies" : [
        "SwiftNetrcCore"
      ],
      "type" : "executable"
    }
  ],
  "tools_version" : "4.0"
}
{
  "workspace" : {
    "name" : "SwiftNetrc",
    "schemes" : [
      "SwiftNetrc",
      "SwiftNetrc-Package",
      "SwiftNetrcCore"
    ]
  }
}
2026-09-16 15:32:47.018 xcodebuild[679:4441] [MT] IDERunDestination: Supported platforms for the buildables in the current scheme is empty.
Running build ...
env DEVELOPER_DIR=/Applications/Xcode-27.0.0-Release.Candidate.app xcrun xcodebuild -IDEClonedSourcePackagesDirPathOverride=$PWD/.dependencies -skipMacroValidation -skipPackagePluginValidation -derivedDataPath $PWD/.derivedData build -scheme SwiftNetrc-Package -destination generic/platform=watchOS
Command line invocation:
    /Applications/Xcode-27.0.0-Release.Candidate.app/Contents/Developer/usr/bin/xcodebuild -IDEClonedSourcePackagesDirPathOverride=/Users/admin/builder/spi-builder-workspace/.dependencies -skipMacroValidation -skipPackagePluginValidation -derivedDataPath /Users/admin/builder/spi-builder-workspace/.derivedData build -scheme SwiftNetrc-Package -destination generic/platform=watchOS
Resolve Package Graph
Resolved source packages:
  SwiftNetrc: /Users/admin/builder/spi-builder-workspace
ComputePackagePrebuildTargetDependencyGraph
Prepare packages
CreateBuildRequest
SendProjectDescription
CreateBuildOperation
ComputeTargetDependencyGraph
note: Building targets in dependency order
note: Target dependency graph (3 targets)
    Target 'SwiftNetrc-product' in project 'SwiftNetrc'
        ➜ Explicit dependency on target 'SwiftNetrcCore' in project 'SwiftNetrc'
    Target 'SwiftNetrcCore-product' in project 'SwiftNetrc'
        ➜ Explicit dependency on target 'SwiftNetrcCore' in project 'SwiftNetrc'
    Target 'SwiftNetrcCore' in project 'SwiftNetrc' (no dependencies)
GatherProvisioningInputs
CreateBuildDescription
ClangStatCache /Applications/Xcode-27.0.0-Release.Candidate.app/Contents/Developer/Toolchains/XcodeDefault.xctoolchain/usr/bin/clang-stat-cache /Applications/Xcode-27.0.0-Release.Candidate.app/Contents/Developer/Platforms/WatchOS.platform/Developer/SDKs/WatchOS27.0.sdk /Users/admin/builder/spi-builder-workspace/.derivedData/SDKStatCaches.noindex/watchos27.0-24R360-e829b21a6f8c9b70876ba0858053c04477534ef55a1706bf4c1112bbb242f0a2.sdkstatcache
    cd /Users/admin/builder/spi-builder-workspace/.swiftpm/xcode
    /Applications/Xcode-27.0.0-Release.Candidate.app/Contents/Developer/Toolchains/XcodeDefault.xctoolchain/usr/bin/clang-stat-cache /Applications/Xcode-27.0.0-Release.Candidate.app/Contents/Developer/Platforms/WatchOS.platform/Developer/SDKs/WatchOS27.0.sdk -o /Users/admin/builder/spi-builder-workspace/.derivedData/SDKStatCaches.noindex/watchos27.0-24R360-e829b21a6f8c9b70876ba0858053c04477534ef55a1706bf4c1112bbb242f0a2.sdkstatcache
SwiftDriver SwiftNetrcCore normal arm64 com.apple.xcode.tools.swift.compiler (in target 'SwiftNetrcCore' from project 'SwiftNetrc')
    cd /Users/admin/builder/spi-builder-workspace/.swiftpm/xcode
    builtin-SwiftDriver -- /Applications/Xcode-27.0.0-Release.Candidate.app/Contents/Developer/Toolchains/XcodeDefault.xctoolchain/usr/bin/swiftc -parse-as-library -module-name SwiftNetrcCore -Onone @/Users/admin/builder/spi-builder-workspace/.derivedData/Build/Intermediates.noindex/SwiftNetrc.build/Debug-watchos/SwiftNetrcCore-t.build/Objects-normal/arm64/SwiftNetrcCore.SwiftFileList -DSWIFT_PACKAGE -DDEBUG -DSWIFT_MODULE_RESOURCE_BUNDLE_UNAVAILABLE -DXcode -plugin-path /Applications/Xcode-27.0.0-Release.Candidate.app/Contents/Developer/Toolchains/XcodeDefault.xctoolchain/usr/lib/swift/host/plugins/testing -enable-experimental-feature DebugDescriptionMacro -sdk /Applications/Xcode-27.0.0-Release.Candidate.app/Contents/Developer/Platforms/WatchOS.platform/Developer/SDKs/WatchOS27.0.sdk -target arm64-apple-watchos9.0 -g -module-cache-path /Users/admin/builder/spi-builder-workspace/.derivedData/ModuleCache.noindex -Xfrontend -serialize-debugging-options -profile-coverage-mapping -profile-generate -enable-testing -index-store-path /Users/admin/builder/spi-builder-workspace/.derivedData/Index.noindex/DataStore -Xcc -D_LIBCPP_HARDENING_MODE\=_LIBCPP_HARDENING_MODE_DEBUG -swift-version 4 -I /Users/admin/builder/spi-builder-workspace/.derivedData/Build/Products/Debug-watchos -Isystem /Applications/Xcode-27.0.0-Release.Candidate.app/Contents/Developer/Platforms/WatchOS.platform/Developer/usr/lib -F /Users/admin/builder/spi-builder-workspace/.derivedData/Build/Products/Debug-watchos -F /Applications/Xcode-27.0.0-Release.Candidate.app/Contents/Developer/Platforms/WatchOS.platform/Developer/Library/Frameworks -F /Applications/Xcode-27.0.0-Release.Candidate.app/Contents/Developer/Platforms/WatchOS.platform/Developer/SDKs/WatchOS27.0.sdk/Developer/Library/Frameworks -c -j10 -enable-batch-mode -incremental -Xcc -ivfsstatcache -Xcc /Users/admin/builder/spi-builder-workspace/.derivedData/SDKStatCaches.noindex/watchos27.0-24R360-e829b21a6f8c9b70876ba0858053c04477534ef55a1706bf4c1112bbb242f0a2.sdkstatcache -output-file-map /Users/admin/builder/spi-builder-workspace/.derivedData/Build/Intermediates.noindex/SwiftNetrc.build/Debug-watchos/SwiftNetrcCore-t.build/Objects-normal/arm64/SwiftNetrcCore-OutputFileMap.json -save-temps -no-color-diagnostics -emit-dependencies -emit-module -emit-module-path /Users/admin/builder/spi-builder-workspace/.derivedData/Build/Intermediates.noindex/SwiftNetrc.build/Debug-watchos/SwiftNetrcCore-t.build/Objects-normal/arm64/SwiftNetrcCore.swiftmodule -serialize-diagnostics -validate-clang-modules-once -clang-build-session-file /Users/admin/builder/spi-builder-workspace/.derivedData/ModuleCache.noindex/Session.modulevalidation -Xcc -fmodules-prune-interval\=86400 -Xcc -fmodules-prune-after\=345600 -emit-const-values -const-gather-protocols-list /Users/admin/builder/spi-builder-workspace/.derivedData/Build/Intermediates.noindex/SwiftNetrc.build/Debug-watchos/SwiftNetrcCore-t.build/Objects-normal/arm64/SwiftNetrcCore_const_extract_protocols.json -Xcc -I/Users/admin/builder/spi-builder-workspace/.derivedData/Build/Products/Debug-watchos/include -Xcc -I/Users/admin/builder/spi-builder-workspace/.derivedData/Build/Intermediates.noindex/SwiftNetrc.build/Debug-watchos/SwiftNetrcCore-t.build/DerivedSources-normal/arm64 -Xcc -I/Users/admin/builder/spi-builder-workspace/.derivedData/Build/Intermediates.noindex/SwiftNetrc.build/Debug-watchos/SwiftNetrcCore-t.build/DerivedSources/arm64 -Xcc -I/Users/admin/builder/spi-builder-workspace/.derivedData/Build/Intermediates.noindex/SwiftNetrc.build/Debug-watchos/SwiftNetrcCore-t.build/DerivedSources -Xcc -DSWIFT_PACKAGE -Xcc -DDEBUG\=1 -emit-objc-header -emit-objc-header-path /Users/admin/builder/spi-builder-workspace/.derivedData/Build/Intermediates.noindex/SwiftNetrc.build/Debug-watchos/SwiftNetrcCore-t.build/Objects-normal/arm64/SwiftNetrcCore-Swift.h -working-directory /Users/admin/builder/spi-builder-workspace/.swiftpm/xcode -experimental-emit-module-separately -disable-cmo
SwiftDriver SwiftNetrc normal arm64 com.apple.xcode.tools.swift.compiler (in target 'SwiftNetrc-product' from project 'SwiftNetrc')
    cd /Users/admin/builder/spi-builder-workspace/.swiftpm/xcode
    builtin-SwiftDriver -- /Applications/Xcode-27.0.0-Release.Candidate.app/Contents/Developer/Toolchains/XcodeDefault.xctoolchain/usr/bin/swiftc -module-name SwiftNetrc -Onone @/Users/admin/builder/spi-builder-workspace/.derivedData/Build/Intermediates.noindex/SwiftNetrc.build/Debug-watchos/SwiftNetrc-p.build/Objects-normal/arm64/SwiftNetrc.SwiftFileList -DSWIFT_PACKAGE -DDEBUG -DXcode -plugin-path /Applications/Xcode-27.0.0-Release.Candidate.app/Contents/Developer/Toolchains/XcodeDefault.xctoolchain/usr/lib/swift/host/plugins/testing -enable-experimental-feature DebugDescriptionMacro -sdk /Applications/Xcode-27.0.0-Release.Candidate.app/Contents/Developer/Platforms/WatchOS.platform/Developer/SDKs/WatchOS27.0.sdk -target arm64-apple-watchos9.0 -g -module-cache-path /Users/admin/builder/spi-builder-workspace/.derivedData/ModuleCache.noindex -Xfrontend -serialize-debugging-options -profile-coverage-mapping -profile-generate -enable-testing -index-store-path /Users/admin/builder/spi-builder-workspace/.derivedData/Index.noindex/DataStore -Xcc -D_LIBCPP_HARDENING_MODE\=_LIBCPP_HARDENING_MODE_DEBUG -swift-version 4 -I /Users/admin/builder/spi-builder-workspace/.derivedData/Build/Products/Debug-watchos -Isystem /Applications/Xcode-27.0.0-Release.Candidate.app/Contents/Developer/Platforms/WatchOS.platform/Developer/usr/lib -F /Users/admin/builder/spi-builder-workspace/.derivedData/Build/Products/Debug-watchos/PackageFrameworks -F /Users/admin/builder/spi-builder-workspace/.derivedData/Build/Products/Debug-watchos -F /Applications/Xcode-27.0.0-Release.Candidate.app/Contents/Developer/Platforms/WatchOS.platform/Developer/Library/Frameworks -F /Applications/Xcode-27.0.0-Release.Candidate.app/Contents/Developer/Platforms/WatchOS.platform/Developer/SDKs/WatchOS27.0.sdk/Developer/Library/Frameworks -c -j10 -enable-batch-mode -incremental -Xcc -ivfsstatcache -Xcc /Users/admin/builder/spi-builder-workspace/.derivedData/SDKStatCaches.noindex/watchos27.0-24R360-e829b21a6f8c9b70876ba0858053c04477534ef55a1706bf4c1112bbb242f0a2.sdkstatcache -output-file-map /Users/admin/builder/spi-builder-workspace/.derivedData/Build/Intermediates.noindex/SwiftNetrc.build/Debug-watchos/SwiftNetrc-p.build/Objects-normal/arm64/SwiftNetrc-OutputFileMap.json -save-temps -no-color-diagnostics -emit-dependencies -emit-module -emit-module-path /Users/admin/builder/spi-builder-workspace/.derivedData/Build/Intermediates.noindex/SwiftNetrc.build/Debug-watchos/SwiftNetrc-p.build/Objects-normal/arm64/SwiftNetrc.swiftmodule -serialize-diagnostics -validate-clang-modules-once -clang-build-session-file /Users/admin/builder/spi-builder-workspace/.derivedData/ModuleCache.noindex/Session.modulevalidation -Xcc -fmodules-prune-interval\=86400 -Xcc -fmodules-prune-after\=345600 -emit-const-values -const-gather-protocols-list /Users/admin/builder/spi-builder-workspace/.derivedData/Build/Intermediates.noindex/SwiftNetrc.build/Debug-watchos/SwiftNetrc-p.build/Objects-normal/arm64/SwiftNetrc_const_extract_protocols.json -Xcc -I/Users/admin/builder/spi-builder-workspace/.derivedData/Build/Products/Debug-watchos/include -Xcc -I/Users/admin/builder/spi-builder-workspace/.derivedData/Build/Intermediates.noindex/SwiftNetrc.build/Debug-watchos/SwiftNetrc-p.build/DerivedSources-normal/arm64 -Xcc -I/Users/admin/builder/spi-builder-workspace/.derivedData/Build/Intermediates.noindex/SwiftNetrc.build/Debug-watchos/SwiftNetrc-p.build/DerivedSources/arm64 -Xcc -I/Users/admin/builder/spi-builder-workspace/.derivedData/Build/Intermediates.noindex/SwiftNetrc.build/Debug-watchos/SwiftNetrc-p.build/DerivedSources -Xcc -DSWIFT_PACKAGE -Xcc -DDEBUG\=1 -working-directory /Users/admin/builder/spi-builder-workspace/.swiftpm/xcode -experimental-emit-module-separately -disable-cmo
SwiftDriver SwiftNetrc normal arm64_32 com.apple.xcode.tools.swift.compiler (in target 'SwiftNetrc-product' from project 'SwiftNetrc')
    cd /Users/admin/builder/spi-builder-workspace/.swiftpm/xcode
    builtin-SwiftDriver -- /Applications/Xcode-27.0.0-Release.Candidate.app/Contents/Developer/Toolchains/XcodeDefault.xctoolchain/usr/bin/swiftc -module-name SwiftNetrc -Onone @/Users/admin/builder/spi-builder-workspace/.derivedData/Build/Intermediates.noindex/SwiftNetrc.build/Debug-watchos/SwiftNetrc-p.build/Objects-normal/arm64_32/SwiftNetrc.SwiftFileList -DSWIFT_PACKAGE -DDEBUG -DXcode -plugin-path /Applications/Xcode-27.0.0-Release.Candidate.app/Contents/Developer/Toolchains/XcodeDefault.xctoolchain/usr/lib/swift/host/plugins/testing -enable-experimental-feature DebugDescriptionMacro -sdk /Applications/Xcode-27.0.0-Release.Candidate.app/Contents/Developer/Platforms/WatchOS.platform/Developer/SDKs/WatchOS27.0.sdk -target arm64_32-apple-watchos9.0 -g -module-cache-path /Users/admin/builder/spi-builder-workspace/.derivedData/ModuleCache.noindex -Xfrontend -serialize-debugging-options -profile-coverage-mapping -profile-generate -enable-testing -index-store-path /Users/admin/builder/spi-builder-workspace/.derivedData/Index.noindex/DataStore -Xcc -D_LIBCPP_HARDENING_MODE\=_LIBCPP_HARDENING_MODE_DEBUG -swift-version 4 -I /Users/admin/builder/spi-builder-workspace/.derivedData/Build/Products/Debug-watchos -Isystem /Applications/Xcode-27.0.0-Release.Candidate.app/Contents/Developer/Platforms/WatchOS.platform/Developer/usr/lib -F /Users/admin/builder/spi-builder-workspace/.derivedData/Build/Products/Debug-watchos/PackageFrameworks -F /Users/admin/builder/spi-builder-workspace/.derivedData/Build/Products/Debug-watchos -F /Applications/Xcode-27.0.0-Release.Candidate.app/Contents/Developer/Platforms/WatchOS.platform/Developer/Library/Frameworks -F /Applications/Xcode-27.0.0-Release.Candidate.app/Contents/Developer/Platforms/WatchOS.platform/Developer/SDKs/WatchOS27.0.sdk/Developer/Library/Frameworks -c -j10 -enable-batch-mode -incremental -Xcc -ivfsstatcache -Xcc /Users/admin/builder/spi-builder-workspace/.derivedData/SDKStatCaches.noindex/watchos27.0-24R360-e829b21a6f8c9b70876ba0858053c04477534ef55a1706bf4c1112bbb242f0a2.sdkstatcache -output-file-map /Users/admin/builder/spi-builder-workspace/.derivedData/Build/Intermediates.noindex/SwiftNetrc.build/Debug-watchos/SwiftNetrc-p.build/Objects-normal/arm64_32/SwiftNetrc-OutputFileMap.json -save-temps -no-color-diagnostics -emit-dependencies -emit-module -emit-module-path /Users/admin/builder/spi-builder-workspace/.derivedData/Build/Intermediates.noindex/SwiftNetrc.build/Debug-watchos/SwiftNetrc-p.build/Objects-normal/arm64_32/SwiftNetrc.swiftmodule -serialize-diagnostics -validate-clang-modules-once -clang-build-session-file /Users/admin/builder/spi-builder-workspace/.derivedData/ModuleCache.noindex/Session.modulevalidation -Xcc -fmodules-prune-interval\=86400 -Xcc -fmodules-prune-after\=345600 -emit-const-values -const-gather-protocols-list /Users/admin/builder/spi-builder-workspace/.derivedData/Build/Intermediates.noindex/SwiftNetrc.build/Debug-watchos/SwiftNetrc-p.build/Objects-normal/arm64_32/SwiftNetrc_const_extract_protocols.json -Xcc -I/Users/admin/builder/spi-builder-workspace/.derivedData/Build/Products/Debug-watchos/include -Xcc -I/Users/admin/builder/spi-builder-workspace/.derivedData/Build/Intermediates.noindex/SwiftNetrc.build/Debug-watchos/SwiftNetrc-p.build/DerivedSources-normal/arm64_32 -Xcc -I/Users/admin/builder/spi-builder-workspace/.derivedData/Build/Intermediates.noindex/SwiftNetrc.build/Debug-watchos/SwiftNetrc-p.build/DerivedSources/arm64_32 -Xcc -I/Users/admin/builder/spi-builder-workspace/.derivedData/Build/Intermediates.noindex/SwiftNetrc.build/Debug-watchos/SwiftNetrc-p.build/DerivedSources -Xcc -DSWIFT_PACKAGE -Xcc -DDEBUG\=1 -working-directory /Users/admin/builder/spi-builder-workspace/.swiftpm/xcode -experimental-emit-module-separately -disable-cmo
SwiftDriver SwiftNetrcCore normal arm64_32 com.apple.xcode.tools.swift.compiler (in target 'SwiftNetrcCore' from project 'SwiftNetrc')
    cd /Users/admin/builder/spi-builder-workspace/.swiftpm/xcode
    builtin-SwiftDriver -- /Applications/Xcode-27.0.0-Release.Candidate.app/Contents/Developer/Toolchains/XcodeDefault.xctoolchain/usr/bin/swiftc -parse-as-library -module-name SwiftNetrcCore -Onone @/Users/admin/builder/spi-builder-workspace/.derivedData/Build/Intermediates.noindex/SwiftNetrc.build/Debug-watchos/SwiftNetrcCore-t.build/Objects-normal/arm64_32/SwiftNetrcCore.SwiftFileList -DSWIFT_PACKAGE -DDEBUG -DSWIFT_MODULE_RESOURCE_BUNDLE_UNAVAILABLE -DXcode -plugin-path /Applications/Xcode-27.0.0-Release.Candidate.app/Contents/Developer/Toolchains/XcodeDefault.xctoolchain/usr/lib/swift/host/plugins/testing -enable-experimental-feature DebugDescriptionMacro -sdk /Applications/Xcode-27.0.0-Release.Candidate.app/Contents/Developer/Platforms/WatchOS.platform/Developer/SDKs/WatchOS27.0.sdk -target arm64_32-apple-watchos9.0 -g -module-cache-path /Users/admin/builder/spi-builder-workspace/.derivedData/ModuleCache.noindex -Xfrontend -serialize-debugging-options -profile-coverage-mapping -profile-generate -enable-testing -index-store-path /Users/admin/builder/spi-builder-workspace/.derivedData/Index.noindex/DataStore -Xcc -D_LIBCPP_HARDENING_MODE\=_LIBCPP_HARDENING_MODE_DEBUG -swift-version 4 -I /Users/admin/builder/spi-builder-workspace/.derivedData/Build/Products/Debug-watchos -Isystem /Applications/Xcode-27.0.0-Release.Candidate.app/Contents/Developer/Platforms/WatchOS.platform/Developer/usr/lib -F /Users/admin/builder/spi-builder-workspace/.derivedData/Build/Products/Debug-watchos -F /Applications/Xcode-27.0.0-Release.Candidate.app/Contents/Developer/Platforms/WatchOS.platform/Developer/Library/Frameworks -F /Applications/Xcode-27.0.0-Release.Candidate.app/Contents/Developer/Platforms/WatchOS.platform/Developer/SDKs/WatchOS27.0.sdk/Developer/Library/Frameworks -c -j10 -enable-batch-mode -incremental -Xcc -ivfsstatcache -Xcc /Users/admin/builder/spi-builder-workspace/.derivedData/SDKStatCaches.noindex/watchos27.0-24R360-e829b21a6f8c9b70876ba0858053c04477534ef55a1706bf4c1112bbb242f0a2.sdkstatcache -output-file-map /Users/admin/builder/spi-builder-workspace/.derivedData/Build/Intermediates.noindex/SwiftNetrc.build/Debug-watchos/SwiftNetrcCore-t.build/Objects-normal/arm64_32/SwiftNetrcCore-OutputFileMap.json -save-temps -no-color-diagnostics -emit-dependencies -emit-module -emit-module-path /Users/admin/builder/spi-builder-workspace/.derivedData/Build/Intermediates.noindex/SwiftNetrc.build/Debug-watchos/SwiftNetrcCore-t.build/Objects-normal/arm64_32/SwiftNetrcCore.swiftmodule -serialize-diagnostics -validate-clang-modules-once -clang-build-session-file /Users/admin/builder/spi-builder-workspace/.derivedData/ModuleCache.noindex/Session.modulevalidation -Xcc -fmodules-prune-interval\=86400 -Xcc -fmodules-prune-after\=345600 -emit-const-values -const-gather-protocols-list /Users/admin/builder/spi-builder-workspace/.derivedData/Build/Intermediates.noindex/SwiftNetrc.build/Debug-watchos/SwiftNetrcCore-t.build/Objects-normal/arm64_32/SwiftNetrcCore_const_extract_protocols.json -Xcc -I/Users/admin/builder/spi-builder-workspace/.derivedData/Build/Products/Debug-watchos/include -Xcc -I/Users/admin/builder/spi-builder-workspace/.derivedData/Build/Intermediates.noindex/SwiftNetrc.build/Debug-watchos/SwiftNetrcCore-t.build/DerivedSources-normal/arm64_32 -Xcc -I/Users/admin/builder/spi-builder-workspace/.derivedData/Build/Intermediates.noindex/SwiftNetrc.build/Debug-watchos/SwiftNetrcCore-t.build/DerivedSources/arm64_32 -Xcc -I/Users/admin/builder/spi-builder-workspace/.derivedData/Build/Intermediates.noindex/SwiftNetrc.build/Debug-watchos/SwiftNetrcCore-t.build/DerivedSources -Xcc -DSWIFT_PACKAGE -Xcc -DDEBUG\=1 -emit-objc-header -emit-objc-header-path /Users/admin/builder/spi-builder-workspace/.derivedData/Build/Intermediates.noindex/SwiftNetrc.build/Debug-watchos/SwiftNetrcCore-t.build/Objects-normal/arm64_32/SwiftNetrcCore-Swift.h -working-directory /Users/admin/builder/spi-builder-workspace/.swiftpm/xcode -experimental-emit-module-separately -disable-cmo
SwiftCompile normal arm64_32 Compiling\ main.swift /Users/admin/builder/spi-builder-workspace/Sources/SwiftNetrc/main.swift (in target 'SwiftNetrc-product' from project 'SwiftNetrc')
SwiftCompile normal arm64_32 /Users/admin/builder/spi-builder-workspace/Sources/SwiftNetrc/main.swift (in target 'SwiftNetrc-product' from project 'SwiftNetrc')
    cd /Users/admin/builder/spi-builder-workspace/.swiftpm/xcode
    builtin-SwiftPerFileCompile main.swift
SwiftEmitModule normal arm64_32 Emitting\ module\ for\ SwiftNetrc (in target 'SwiftNetrc-product' from project 'SwiftNetrc')
SwiftCompile normal arm64_32 (in target 'SwiftNetrc-product' from project 'SwiftNetrc')
    cd /Users/admin/builder/spi-builder-workspace/.swiftpm/xcode

SwiftEmitModule normal arm64 Emitting\ module\ for\ SwiftNetrcCore (in target 'SwiftNetrcCore' from project 'SwiftNetrc')
/Users/admin/builder/spi-builder-workspace/Sources/SwiftNetrcCore/SwiftNetrc.swift:28:14: warning: members of 'final' classes are implicitly 'final'; use 'public' instead of 'open'
 26 |
 27 |     /// The URL to the .netrc file. Defaults to ~/.netrc
 28 |     open var netrcFile: URL = getDefaultNetrc()
    |              `- warning: members of 'final' classes are implicitly 'final'; use 'public' instead of 'open'
 29 |
 30 |     /// Return a URL to ~/.netrc using method appropriate for the OS
/Users/admin/builder/spi-builder-workspace/Sources/SwiftNetrcCore/SwiftNetrc.swift:31:22: warning: static declarations are implicitly 'final'; use 'public' instead of 'open'
 29 |
 30 |     /// Return a URL to ~/.netrc using method appropriate for the OS
 31 |     open static func getDefaultNetrc() -> URL {
    |                      `- warning: static declarations are implicitly 'final'; use 'public' instead of 'open'
 32 |         if #available(OSX 10.12, *) {
 33 |             // This *might* return the user's home directory regardless of sandboxing?
/Users/admin/builder/spi-builder-workspace/Sources/SwiftNetrcCore/SwiftNetrc.swift:72:15: warning: members of 'final' classes are implicitly 'final'; use 'public' instead of 'open'
 70 |
 71 |     /// Reads the contents of .netrc into `machines`
 72 |     open func load() throws {
    |               `- warning: members of 'final' classes are implicitly 'final'; use 'public' instead of 'open'
 73 |         let attributes = try FileManager.default.attributesOfItem(atPath: netrcFile.path)
 74 |         // .netrc must be read and/or write for user only, so 600 or 400 are ok, nothing else.
SwiftCompile normal arm64 (in target 'SwiftNetrcCore' from project 'SwiftNetrc')
    cd /Users/admin/builder/spi-builder-workspace/.swiftpm/xcode

SwiftEmitModule normal arm64 Emitting\ module\ for\ SwiftNetrc (in target 'SwiftNetrc-product' from project 'SwiftNetrc')
SwiftCompile normal arm64 (in target 'SwiftNetrc-product' from project 'SwiftNetrc')
    cd /Users/admin/builder/spi-builder-workspace/.swiftpm/xcode

SwiftCompile normal arm64 Compiling\ SwiftNetrc.swift /Users/admin/builder/spi-builder-workspace/Sources/SwiftNetrcCore/SwiftNetrc.swift (in target 'SwiftNetrcCore' from project 'SwiftNetrc')
SwiftCompile normal arm64 /Users/admin/builder/spi-builder-workspace/Sources/SwiftNetrcCore/SwiftNetrc.swift (in target 'SwiftNetrcCore' from project 'SwiftNetrc')
    cd /Users/admin/builder/spi-builder-workspace/.swiftpm/xcode
    builtin-SwiftPerFileCompile SwiftNetrc.swift
/Users/admin/builder/spi-builder-workspace/Sources/SwiftNetrcCore/SwiftNetrc.swift:28:14: warning: members of 'final' classes are implicitly 'final'; use 'public' instead of 'open'
 26 |
 27 |     /// The URL to the .netrc file. Defaults to ~/.netrc
 28 |     open var netrcFile: URL = getDefaultNetrc()
    |              `- warning: members of 'final' classes are implicitly 'final'; use 'public' instead of 'open'
 29 |
 30 |     /// Return a URL to ~/.netrc using method appropriate for the OS
/Users/admin/builder/spi-builder-workspace/Sources/SwiftNetrcCore/SwiftNetrc.swift:31:22: warning: static declarations are implicitly 'final'; use 'public' instead of 'open'
 29 |
 30 |     /// Return a URL to ~/.netrc using method appropriate for the OS
 31 |     open static func getDefaultNetrc() -> URL {
    |                      `- warning: static declarations are implicitly 'final'; use 'public' instead of 'open'
 32 |         if #available(OSX 10.12, *) {
 33 |             // This *might* return the user's home directory regardless of sandboxing?
/Users/admin/builder/spi-builder-workspace/Sources/SwiftNetrcCore/SwiftNetrc.swift:72:15: warning: members of 'final' classes are implicitly 'final'; use 'public' instead of 'open'
 70 |
 71 |     /// Reads the contents of .netrc into `machines`
 72 |     open func load() throws {
    |               `- warning: members of 'final' classes are implicitly 'final'; use 'public' instead of 'open'
 73 |         let attributes = try FileManager.default.attributesOfItem(atPath: netrcFile.path)
 74 |         // .netrc must be read and/or write for user only, so 600 or 400 are ok, nothing else.
/Users/admin/builder/spi-builder-workspace/Sources/SwiftNetrcCore/SwiftNetrc.swift:34:40: error: 'homeDirectoryForCurrentUser' is unavailable in watchOS
 32 |         if #available(OSX 10.12, *) {
 33 |             // This *might* return the user's home directory regardless of sandboxing?
 34 |             return FileManager.default.homeDirectoryForCurrentUser.appendingPathComponent(".netrc")
    |                                        `- error: 'homeDirectoryForCurrentUser' is unavailable in watchOS
 35 |         } else {
 36 |             // NSHomeDirectory returns the user's home directory, which is ~/, or in the Application sandbox,
/Applications/Xcode-27.0.0-Release.Candidate.app/Contents/Developer/Platforms/WatchOS.platform/Developer/SDKs/WatchOS27.0.sdk/System/Library/Frameworks/Foundation.framework/Headers/NSFileManager.h:1004:35: note: 'homeDirectoryForCurrentUser' has been explicitly marked unavailable here
1002 |
1003 | /// The home directory for the current user.
1004 | @property (readonly, copy) NSURL *homeDirectoryForCurrentUser API_AVAILABLE(macosx(10.12)) API_UNAVAILABLE(ios, watchos, tvos);
     |                                   `- note: 'homeDirectoryForCurrentUser' has been explicitly marked unavailable here
1005 | /// The temporary directory for the current user.
1006 | @property (readonly, copy) NSURL *temporaryDirectory API_AVAILABLE(macosx(10.12), ios(10.0), watchos(3.0), tvos(10.0));
/Users/admin/builder/spi-builder-workspace/Sources/SwiftNetrcCore/SwiftNetrc.swift:105:13: warning: variable 'tokens' was never mutated; consider changing to 'let' constant [#VariableNeverMutated]
103 |         let tokenContent = content
104 |
105 |         var tokens = tokenContent.trimmingCharacters(in: .whitespacesAndNewlines)
    |             `- warning: variable 'tokens' was never mutated; consider changing to 'let' constant [#VariableNeverMutated]
106 |             .components(separatedBy: .whitespacesAndNewlines)
107 |
[#VariableNeverMutated]: <https://docs.swift.org/compiler/documentation/diagnostics/variable-never-mutated>
Failed frontend command:
/Applications/Xcode-27.0.0-Release.Candidate.app/Contents/Developer/Toolchains/XcodeDefault.xctoolchain/usr/bin/swift-frontend -frontend -c -primary-file /Users/admin/builder/spi-builder-workspace/Sources/SwiftNetrcCore/SwiftNetrc.swift -emit-dependencies-path /Users/admin/builder/spi-builder-workspace/.derivedData/Build/Intermediates.noindex/SwiftNetrc.build/Debug-watchos/SwiftNetrcCore-t.build/Objects-normal/arm64/SwiftNetrc.d -emit-const-values-path /Users/admin/builder/spi-builder-workspace/.derivedData/Build/Intermediates.noindex/SwiftNetrc.build/Debug-watchos/SwiftNetrcCore-t.build/Objects-normal/arm64/SwiftNetrc.swiftconstvalues -emit-reference-dependencies-path /Users/admin/builder/spi-builder-workspace/.derivedData/Build/Intermediates.noindex/SwiftNetrc.build/Debug-watchos/SwiftNetrcCore-t.build/Objects-normal/arm64/SwiftNetrc.swiftdeps -serialize-diagnostics-path /Users/admin/builder/spi-builder-workspace/.derivedData/Build/Intermediates.noindex/SwiftNetrc.build/Debug-watchos/SwiftNetrcCore-t.build/Objects-normal/arm64/SwiftNetrc.dia -target arm64-apple-watchos9.0 -Xllvm -aarch64-use-tbi -enable-objc-interop -stack-check -sdk /Applications/Xcode-27.0.0-Release.Candidate.app/Contents/Developer/Platforms/WatchOS.platform/Developer/SDKs/WatchOS27.0.sdk -I /Users/admin/builder/spi-builder-workspace/.derivedData/Build/Products/Debug-watchos -Isystem /Applications/Xcode-27.0.0-Release.Candidate.app/Contents/Developer/Platforms/WatchOS.platform/Developer/usr/lib -F /Users/admin/builder/spi-builder-workspace/.derivedData/Build/Products/Debug-watchos -F /Applications/Xcode-27.0.0-Release.Candidate.app/Contents/Developer/Platforms/WatchOS.platform/Developer/Library/Frameworks -F /Applications/Xcode-27.0.0-Release.Candidate.app/Contents/Developer/Platforms/WatchOS.platform/Developer/SDKs/WatchOS27.0.sdk/Developer/Library/Frameworks -module-cache-path /Users/admin/builder/spi-builder-workspace/.derivedData/ModuleCache.noindex -no-color-diagnostics -Xcc -fno-color-diagnostics -enable-testing -g -debug-info-format\=dwarf -dwarf-version\=4 -profile-generate -profile-coverage-mapping -swift-version 4 -Onone -D SWIFT_PACKAGE -D DEBUG -D SWIFT_MODULE_RESOURCE_BUNDLE_UNAVAILABLE -D Xcode -serialize-debugging-options -enable-experimental-feature DebugDescriptionMacro -empty-abi-descriptor -plugin-path /Applications/Xcode-27.0.0-Release.Candidate.app/Contents/Developer/Toolchains/XcodeDefault.xctoolchain/usr/lib/swift/host/plugins/testing -validate-clang-modules-once -clang-build-session-file /Users/admin/builder/spi-builder-workspace/.derivedData/ModuleCache.noindex/Session.modulevalidation -Xcc -working-directory -Xcc /Users/admin/builder/spi-builder-workspace/.swiftpm/xcode -enable-anonymous-context-mangled-names -file-compilation-dir /Users/admin/builder/spi-builder-workspace/.swiftpm/xcode -Xcc -D_LIBCPP_HARDENING_MODE\=_LIBCPP_HARDENING_MODE_DEBUG -Xcc -ivfsstatcache -Xcc /Users/admin/builder/spi-builder-workspace/.derivedData/SDKStatCaches.noindex/watchos27.0-24R360-e829b21a6f8c9b70876ba0858053c04477534ef55a1706bf4c1112bbb242f0a2.sdkstatcache -Xcc -fmodules-prune-interval\=86400 -Xcc -fmodules-prune-after\=345600 -Xcc -I/Users/admin/builder/spi-builder-workspace/.derivedData/Build/Products/Debug-watchos/include -Xcc -I/Users/admin/builder/spi-builder-workspace/.derivedData/Build/Intermediates.noindex/SwiftNetrc.build/Debug-watchos/SwiftNetrcCore-t.build/DerivedSources-normal/arm64 -Xcc -I/Users/admin/builder/spi-builder-workspace/.derivedData/Build/Intermediates.noindex/SwiftNetrc.build/Debug-watchos/SwiftNetrcCore-t.build/DerivedSources/arm64 -Xcc -I/Users/admin/builder/spi-builder-workspace/.derivedData/Build/Intermediates.noindex/SwiftNetrc.build/Debug-watchos/SwiftNetrcCore-t.build/DerivedSources -Xcc -DSWIFT_PACKAGE -Xcc -DDEBUG\=1 -no-auto-bridging-header-chaining -module-name SwiftNetrcCore -const-gather-protocols-file /Users/admin/builder/spi-builder-workspace/.derivedData/Build/Intermediates.noindex/SwiftNetrc.build/Debug-watchos/SwiftNetrcCore-t.build/Objects-normal/arm64/SwiftNetrcCore_const_extract_protocols.json -disable-clang-spi -target-sdk-version 27.0 -target-sdk-name watchos27.0 -external-plugin-path /Applications/Xcode-27.0.0-Release.Candidate.app/Contents/Developer/Platforms/WatchOS.platform/Developer/usr/lib/swift/host/plugins\#/Applications/Xcode-27.0.0-Release.Candidate.app/Contents/Developer/Platforms/WatchOS.platform/Developer/usr/bin/swift-plugin-server -external-plugin-path /Applications/Xcode-27.0.0-Release.Candidate.app/Contents/Developer/Platforms/WatchOS.platform/Developer/usr/local/lib/swift/host/plugins\#/Applications/Xcode-27.0.0-Release.Candidate.app/Contents/Developer/Platforms/WatchOS.platform/Developer/usr/bin/swift-plugin-server -in-process-plugin-server-path /Applications/Xcode-27.0.0-Release.Candidate.app/Contents/Developer/Toolchains/XcodeDefault.xctoolchain/usr/lib/swift/host/libSwiftInProcPluginServer.dylib -plugin-path /Applications/Xcode-27.0.0-Release.Candidate.app/Contents/Developer/Toolchains/XcodeDefault.xctoolchain/usr/lib/swift/host/plugins -plugin-path /Applications/Xcode-27.0.0-Release.Candidate.app/Contents/Developer/Toolchains/XcodeDefault.xctoolchain/usr/local/lib/swift/host/plugins -parse-as-library -o /Users/admin/builder/spi-builder-workspace/.derivedData/Build/Intermediates.noindex/SwiftNetrc.build/Debug-watchos/SwiftNetrcCore-t.build/Objects-normal/arm64/SwiftNetrc.o -index-unit-output-path /SwiftNetrc.build/Debug-watchos/SwiftNetrcCore-t.build/Objects-normal/arm64/SwiftNetrc.o -index-store-path /Users/admin/builder/spi-builder-workspace/.derivedData/Index.noindex/DataStore -index-system-modules
SwiftCompile normal arm64_32 Compiling\ SwiftNetrc.swift /Users/admin/builder/spi-builder-workspace/Sources/SwiftNetrcCore/SwiftNetrc.swift (in target 'SwiftNetrcCore' from project 'SwiftNetrc')
SwiftCompile normal arm64_32 /Users/admin/builder/spi-builder-workspace/Sources/SwiftNetrcCore/SwiftNetrc.swift (in target 'SwiftNetrcCore' from project 'SwiftNetrc')
    cd /Users/admin/builder/spi-builder-workspace/.swiftpm/xcode
    builtin-SwiftPerFileCompile SwiftNetrc.swift
/Users/admin/builder/spi-builder-workspace/Sources/SwiftNetrcCore/SwiftNetrc.swift:28:14: warning: members of 'final' classes are implicitly 'final'; use 'public' instead of 'open'
 26 |
 27 |     /// The URL to the .netrc file. Defaults to ~/.netrc
 28 |     open var netrcFile: URL = getDefaultNetrc()
    |              `- warning: members of 'final' classes are implicitly 'final'; use 'public' instead of 'open'
 29 |
 30 |     /// Return a URL to ~/.netrc using method appropriate for the OS
/Users/admin/builder/spi-builder-workspace/Sources/SwiftNetrcCore/SwiftNetrc.swift:31:22: warning: static declarations are implicitly 'final'; use 'public' instead of 'open'
 29 |
 30 |     /// Return a URL to ~/.netrc using method appropriate for the OS
 31 |     open static func getDefaultNetrc() -> URL {
    |                      `- warning: static declarations are implicitly 'final'; use 'public' instead of 'open'
 32 |         if #available(OSX 10.12, *) {
 33 |             // This *might* return the user's home directory regardless of sandboxing?
/Users/admin/builder/spi-builder-workspace/Sources/SwiftNetrcCore/SwiftNetrc.swift:72:15: warning: members of 'final' classes are implicitly 'final'; use 'public' instead of 'open'
 70 |
 71 |     /// Reads the contents of .netrc into `machines`
 72 |     open func load() throws {
    |               `- warning: members of 'final' classes are implicitly 'final'; use 'public' instead of 'open'
 73 |         let attributes = try FileManager.default.attributesOfItem(atPath: netrcFile.path)
 74 |         // .netrc must be read and/or write for user only, so 600 or 400 are ok, nothing else.
/Users/admin/builder/spi-builder-workspace/Sources/SwiftNetrcCore/SwiftNetrc.swift:34:40: error: 'homeDirectoryForCurrentUser' is unavailable in watchOS
 32 |         if #available(OSX 10.12, *) {
 33 |             // This *might* return the user's home directory regardless of sandboxing?
 34 |             return FileManager.default.homeDirectoryForCurrentUser.appendingPathComponent(".netrc")
    |                                        `- error: 'homeDirectoryForCurrentUser' is unavailable in watchOS
 35 |         } else {
 36 |             // NSHomeDirectory returns the user's home directory, which is ~/, or in the Application sandbox,
/Applications/Xcode-27.0.0-Release.Candidate.app/Contents/Developer/Platforms/WatchOS.platform/Developer/SDKs/WatchOS27.0.sdk/System/Library/Frameworks/Foundation.framework/Headers/NSFileManager.h:1004:35: note: 'homeDirectoryForCurrentUser' has been explicitly marked unavailable here
1002 |
1003 | /// The home directory for the current user.
1004 | @property (readonly, copy) NSURL *homeDirectoryForCurrentUser API_AVAILABLE(macosx(10.12)) API_UNAVAILABLE(ios, watchos, tvos);
     |                                   `- note: 'homeDirectoryForCurrentUser' has been explicitly marked unavailable here
1005 | /// The temporary directory for the current user.
1006 | @property (readonly, copy) NSURL *temporaryDirectory API_AVAILABLE(macosx(10.12), ios(10.0), watchos(3.0), tvos(10.0));
/Users/admin/builder/spi-builder-workspace/Sources/SwiftNetrcCore/SwiftNetrc.swift:105:13: warning: variable 'tokens' was never mutated; consider changing to 'let' constant [#VariableNeverMutated]
103 |         let tokenContent = content
104 |
105 |         var tokens = tokenContent.trimmingCharacters(in: .whitespacesAndNewlines)
    |             `- warning: variable 'tokens' was never mutated; consider changing to 'let' constant [#VariableNeverMutated]
106 |             .components(separatedBy: .whitespacesAndNewlines)
107 |
[#VariableNeverMutated]: <https://docs.swift.org/compiler/documentation/diagnostics/variable-never-mutated>
Failed frontend command:
/Applications/Xcode-27.0.0-Release.Candidate.app/Contents/Developer/Toolchains/XcodeDefault.xctoolchain/usr/bin/swift-frontend -frontend -c -primary-file /Users/admin/builder/spi-builder-workspace/Sources/SwiftNetrcCore/SwiftNetrc.swift -emit-dependencies-path /Users/admin/builder/spi-builder-workspace/.derivedData/Build/Intermediates.noindex/SwiftNetrc.build/Debug-watchos/SwiftNetrcCore-t.build/Objects-normal/arm64_32/SwiftNetrc.d -emit-const-values-path /Users/admin/builder/spi-builder-workspace/.derivedData/Build/Intermediates.noindex/SwiftNetrc.build/Debug-watchos/SwiftNetrcCore-t.build/Objects-normal/arm64_32/SwiftNetrc.swiftconstvalues -emit-reference-dependencies-path /Users/admin/builder/spi-builder-workspace/.derivedData/Build/Intermediates.noindex/SwiftNetrc.build/Debug-watchos/SwiftNetrcCore-t.build/Objects-normal/arm64_32/SwiftNetrc.swiftdeps -serialize-diagnostics-path /Users/admin/builder/spi-builder-workspace/.derivedData/Build/Intermediates.noindex/SwiftNetrc.build/Debug-watchos/SwiftNetrcCore-t.build/Objects-normal/arm64_32/SwiftNetrc.dia -target arm64_32-apple-watchos9.0 -enable-objc-interop -sdk /Applications/Xcode-27.0.0-Release.Candidate.app/Contents/Developer/Platforms/WatchOS.platform/Developer/SDKs/WatchOS27.0.sdk -I /Users/admin/builder/spi-builder-workspace/.derivedData/Build/Products/Debug-watchos -Isystem /Applications/Xcode-27.0.0-Release.Candidate.app/Contents/Developer/Platforms/WatchOS.platform/Developer/usr/lib -F /Users/admin/builder/spi-builder-workspace/.derivedData/Build/Products/Debug-watchos -F /Applications/Xcode-27.0.0-Release.Candidate.app/Contents/Developer/Platforms/WatchOS.platform/Developer/Library/Frameworks -F /Applications/Xcode-27.0.0-Release.Candidate.app/Contents/Developer/Platforms/WatchOS.platform/Developer/SDKs/WatchOS27.0.sdk/Developer/Library/Frameworks -module-cache-path /Users/admin/builder/spi-builder-workspace/.derivedData/ModuleCache.noindex -no-color-diagnostics -Xcc -fno-color-diagnostics -enable-testing -g -debug-info-format\=dwarf -dwarf-version\=4 -profile-generate -profile-coverage-mapping -swift-version 4 -Onone -D SWIFT_PACKAGE -D DEBUG -D SWIFT_MODULE_RESOURCE_BUNDLE_UNAVAILABLE -D Xcode -serialize-debugging-options -enable-experimental-feature DebugDescriptionMacro -empty-abi-descriptor -plugin-path /Applications/Xcode-27.0.0-Release.Candidate.app/Contents/Developer/Toolchains/XcodeDefault.xctoolchain/usr/lib/swift/host/plugins/testing -validate-clang-modules-once -clang-build-session-file /Users/admin/builder/spi-builder-workspace/.derivedData/ModuleCache.noindex/Session.modulevalidation -Xcc -working-directory -Xcc /Users/admin/builder/spi-builder-workspace/.swiftpm/xcode -enable-anonymous-context-mangled-names -file-compilation-dir /Users/admin/builder/spi-builder-workspace/.swiftpm/xcode -Xcc -D_LIBCPP_HARDENING_MODE\=_LIBCPP_HARDENING_MODE_DEBUG -Xcc -ivfsstatcache -Xcc /Users/admin/builder/spi-builder-workspace/.derivedData/SDKStatCaches.noindex/watchos27.0-24R360-e829b21a6f8c9b70876ba0858053c04477534ef55a1706bf4c1112bbb242f0a2.sdkstatcache -Xcc -fmodules-prune-interval\=86400 -Xcc -fmodules-prune-after\=345600 -Xcc -I/Users/admin/builder/spi-builder-workspace/.derivedData/Build/Products/Debug-watchos/include -Xcc -I/Users/admin/builder/spi-builder-workspace/.derivedData/Build/Intermediates.noindex/SwiftNetrc.build/Debug-watchos/SwiftNetrcCore-t.build/DerivedSources-normal/arm64_32 -Xcc -I/Users/admin/builder/spi-builder-workspace/.derivedData/Build/Intermediates.noindex/SwiftNetrc.build/Debug-watchos/SwiftNetrcCore-t.build/DerivedSources/arm64_32 -Xcc -I/Users/admin/builder/spi-builder-workspace/.derivedData/Build/Intermediates.noindex/SwiftNetrc.build/Debug-watchos/SwiftNetrcCore-t.build/DerivedSources -Xcc -DSWIFT_PACKAGE -Xcc -DDEBUG\=1 -no-auto-bridging-header-chaining -module-name SwiftNetrcCore -const-gather-protocols-file /Users/admin/builder/spi-builder-workspace/.derivedData/Build/Intermediates.noindex/SwiftNetrc.build/Debug-watchos/SwiftNetrcCore-t.build/Objects-normal/arm64_32/SwiftNetrcCore_const_extract_protocols.json -disable-clang-spi -target-sdk-version 27.0 -target-sdk-name watchos27.0 -external-plugin-path /Applications/Xcode-27.0.0-Release.Candidate.app/Contents/Developer/Platforms/WatchOS.platform/Developer/usr/lib/swift/host/plugins\#/Applications/Xcode-27.0.0-Release.Candidate.app/Contents/Developer/Platforms/WatchOS.platform/Developer/usr/bin/swift-plugin-server -external-plugin-path /Applications/Xcode-27.0.0-Release.Candidate.app/Contents/Developer/Platforms/WatchOS.platform/Developer/usr/local/lib/swift/host/plugins\#/Applications/Xcode-27.0.0-Release.Candidate.app/Contents/Developer/Platforms/WatchOS.platform/Developer/usr/bin/swift-plugin-server -in-process-plugin-server-path /Applications/Xcode-27.0.0-Release.Candidate.app/Contents/Developer/Toolchains/XcodeDefault.xctoolchain/usr/lib/swift/host/libSwiftInProcPluginServer.dylib -plugin-path /Applications/Xcode-27.0.0-Release.Candidate.app/Contents/Developer/Toolchains/XcodeDefault.xctoolchain/usr/lib/swift/host/plugins -plugin-path /Applications/Xcode-27.0.0-Release.Candidate.app/Contents/Developer/Toolchains/XcodeDefault.xctoolchain/usr/local/lib/swift/host/plugins -parse-as-library -o /Users/admin/builder/spi-builder-workspace/.derivedData/Build/Intermediates.noindex/SwiftNetrc.build/Debug-watchos/SwiftNetrcCore-t.build/Objects-normal/arm64_32/SwiftNetrc.o -index-unit-output-path /SwiftNetrc.build/Debug-watchos/SwiftNetrcCore-t.build/Objects-normal/arm64_32/SwiftNetrc.o -index-store-path /Users/admin/builder/spi-builder-workspace/.derivedData/Index.noindex/DataStore -index-system-modules
SwiftEmitModule normal arm64_32 Emitting\ module\ for\ SwiftNetrcCore (in target 'SwiftNetrcCore' from project 'SwiftNetrc')
/Users/admin/builder/spi-builder-workspace/Sources/SwiftNetrcCore/SwiftNetrc.swift:28:14: warning: members of 'final' classes are implicitly 'final'; use 'public' instead of 'open'
 26 |
 27 |     /// The URL to the .netrc file. Defaults to ~/.netrc
 28 |     open var netrcFile: URL = getDefaultNetrc()
    |              `- warning: members of 'final' classes are implicitly 'final'; use 'public' instead of 'open'
 29 |
 30 |     /// Return a URL to ~/.netrc using method appropriate for the OS
/Users/admin/builder/spi-builder-workspace/Sources/SwiftNetrcCore/SwiftNetrc.swift:31:22: warning: static declarations are implicitly 'final'; use 'public' instead of 'open'
 29 |
 30 |     /// Return a URL to ~/.netrc using method appropriate for the OS
 31 |     open static func getDefaultNetrc() -> URL {
    |                      `- warning: static declarations are implicitly 'final'; use 'public' instead of 'open'
 32 |         if #available(OSX 10.12, *) {
 33 |             // This *might* return the user's home directory regardless of sandboxing?
/Users/admin/builder/spi-builder-workspace/Sources/SwiftNetrcCore/SwiftNetrc.swift:72:15: warning: members of 'final' classes are implicitly 'final'; use 'public' instead of 'open'
 70 |
 71 |     /// Reads the contents of .netrc into `machines`
 72 |     open func load() throws {
    |               `- warning: members of 'final' classes are implicitly 'final'; use 'public' instead of 'open'
 73 |         let attributes = try FileManager.default.attributesOfItem(atPath: netrcFile.path)
 74 |         // .netrc must be read and/or write for user only, so 600 or 400 are ok, nothing else.
SwiftCompile normal arm64_32 (in target 'SwiftNetrcCore' from project 'SwiftNetrc')
    cd /Users/admin/builder/spi-builder-workspace/.swiftpm/xcode

SwiftCompile normal arm64 Compiling\ main.swift /Users/admin/builder/spi-builder-workspace/Sources/SwiftNetrc/main.swift (in target 'SwiftNetrc-product' from project 'SwiftNetrc')
SwiftCompile normal arm64 /Users/admin/builder/spi-builder-workspace/Sources/SwiftNetrc/main.swift (in target 'SwiftNetrc-product' from project 'SwiftNetrc')
    cd /Users/admin/builder/spi-builder-workspace/.swiftpm/xcode
    builtin-SwiftPerFileCompile main.swift
SwiftDriverJobDiscovery normal arm64 Compiling main.swift (in target 'SwiftNetrc-product' from project 'SwiftNetrc')
SwiftDriver\ Compilation SwiftNetrc normal arm64 com.apple.xcode.tools.swift.compiler (in target 'SwiftNetrc-product' from project 'SwiftNetrc')
    cd /Users/admin/builder/spi-builder-workspace/.swiftpm/xcode
    builtin-Swift-Compilation -- /Applications/Xcode-27.0.0-Release.Candidate.app/Contents/Developer/Toolchains/XcodeDefault.xctoolchain/usr/bin/swiftc -module-name SwiftNetrc -Onone @/Users/admin/builder/spi-builder-workspace/.derivedData/Build/Intermediates.noindex/SwiftNetrc.build/Debug-watchos/SwiftNetrc-p.build/Objects-normal/arm64/SwiftNetrc.SwiftFileList -DSWIFT_PACKAGE -DDEBUG -DXcode -plugin-path /Applications/Xcode-27.0.0-Release.Candidate.app/Contents/Developer/Toolchains/XcodeDefault.xctoolchain/usr/lib/swift/host/plugins/testing -enable-experimental-feature DebugDescriptionMacro -sdk /Applications/Xcode-27.0.0-Release.Candidate.app/Contents/Developer/Platforms/WatchOS.platform/Developer/SDKs/WatchOS27.0.sdk -target arm64-apple-watchos9.0 -g -module-cache-path /Users/admin/builder/spi-builder-workspace/.derivedData/ModuleCache.noindex -Xfrontend -serialize-debugging-options -profile-coverage-mapping -profile-generate -enable-testing -index-store-path /Users/admin/builder/spi-builder-workspace/.derivedData/Index.noindex/DataStore -Xcc -D_LIBCPP_HARDENING_MODE\=_LIBCPP_HARDENING_MODE_DEBUG -swift-version 4 -I /Users/admin/builder/spi-builder-workspace/.derivedData/Build/Products/Debug-watchos -Isystem /Applications/Xcode-27.0.0-Release.Candidate.app/Contents/Developer/Platforms/WatchOS.platform/Developer/usr/lib -F /Users/admin/builder/spi-builder-workspace/.derivedData/Build/Products/Debug-watchos/PackageFrameworks -F /Users/admin/builder/spi-builder-workspace/.derivedData/Build/Products/Debug-watchos -F /Applications/Xcode-27.0.0-Release.Candidate.app/Contents/Developer/Platforms/WatchOS.platform/Developer/Library/Frameworks -F /Applications/Xcode-27.0.0-Release.Candidate.app/Contents/Developer/Platforms/WatchOS.platform/Developer/SDKs/WatchOS27.0.sdk/Developer/Library/Frameworks -c -j10 -enable-batch-mode -incremental -Xcc -ivfsstatcache -Xcc /Users/admin/builder/spi-builder-workspace/.derivedData/SDKStatCaches.noindex/watchos27.0-24R360-e829b21a6f8c9b70876ba0858053c04477534ef55a1706bf4c1112bbb242f0a2.sdkstatcache -output-file-map /Users/admin/builder/spi-builder-workspace/.derivedData/Build/Intermediates.noindex/SwiftNetrc.build/Debug-watchos/SwiftNetrc-p.build/Objects-normal/arm64/SwiftNetrc-OutputFileMap.json -save-temps -no-color-diagnostics -emit-dependencies -emit-module -emit-module-path /Users/admin/builder/spi-builder-workspace/.derivedData/Build/Intermediates.noindex/SwiftNetrc.build/Debug-watchos/SwiftNetrc-p.build/Objects-normal/arm64/SwiftNetrc.swiftmodule -serialize-diagnostics -validate-clang-modules-once -clang-build-session-file /Users/admin/builder/spi-builder-workspace/.derivedData/ModuleCache.noindex/Session.modulevalidation -Xcc -fmodules-prune-interval\=86400 -Xcc -fmodules-prune-after\=345600 -emit-const-values -const-gather-protocols-list /Users/admin/builder/spi-builder-workspace/.derivedData/Build/Intermediates.noindex/SwiftNetrc.build/Debug-watchos/SwiftNetrc-p.build/Objects-normal/arm64/SwiftNetrc_const_extract_protocols.json -Xcc -I/Users/admin/builder/spi-builder-workspace/.derivedData/Build/Products/Debug-watchos/include -Xcc -I/Users/admin/builder/spi-builder-workspace/.derivedData/Build/Intermediates.noindex/SwiftNetrc.build/Debug-watchos/SwiftNetrc-p.build/DerivedSources-normal/arm64 -Xcc -I/Users/admin/builder/spi-builder-workspace/.derivedData/Build/Intermediates.noindex/SwiftNetrc.build/Debug-watchos/SwiftNetrc-p.build/DerivedSources/arm64 -Xcc -I/Users/admin/builder/spi-builder-workspace/.derivedData/Build/Intermediates.noindex/SwiftNetrc.build/Debug-watchos/SwiftNetrc-p.build/DerivedSources -Xcc -DSWIFT_PACKAGE -Xcc -DDEBUG\=1 -working-directory /Users/admin/builder/spi-builder-workspace/.swiftpm/xcode -experimental-emit-module-separately -disable-cmo
SwiftDriverJobDiscovery normal arm64_32 Compiling main.swift (in target 'SwiftNetrc-product' from project 'SwiftNetrc')
SwiftDriver\ Compilation SwiftNetrc normal arm64_32 com.apple.xcode.tools.swift.compiler (in target 'SwiftNetrc-product' from project 'SwiftNetrc')
    cd /Users/admin/builder/spi-builder-workspace/.swiftpm/xcode
    builtin-Swift-Compilation -- /Applications/Xcode-27.0.0-Release.Candidate.app/Contents/Developer/Toolchains/XcodeDefault.xctoolchain/usr/bin/swiftc -module-name SwiftNetrc -Onone @/Users/admin/builder/spi-builder-workspace/.derivedData/Build/Intermediates.noindex/SwiftNetrc.build/Debug-watchos/SwiftNetrc-p.build/Objects-normal/arm64_32/SwiftNetrc.SwiftFileList -DSWIFT_PACKAGE -DDEBUG -DXcode -plugin-path /Applications/Xcode-27.0.0-Release.Candidate.app/Contents/Developer/Toolchains/XcodeDefault.xctoolchain/usr/lib/swift/host/plugins/testing -enable-experimental-feature DebugDescriptionMacro -sdk /Applications/Xcode-27.0.0-Release.Candidate.app/Contents/Developer/Platforms/WatchOS.platform/Developer/SDKs/WatchOS27.0.sdk -target arm64_32-apple-watchos9.0 -g -module-cache-path /Users/admin/builder/spi-builder-workspace/.derivedData/ModuleCache.noindex -Xfrontend -serialize-debugging-options -profile-coverage-mapping -profile-generate -enable-testing -index-store-path /Users/admin/builder/spi-builder-workspace/.derivedData/Index.noindex/DataStore -Xcc -D_LIBCPP_HARDENING_MODE\=_LIBCPP_HARDENING_MODE_DEBUG -swift-version 4 -I /Users/admin/builder/spi-builder-workspace/.derivedData/Build/Products/Debug-watchos -Isystem /Applications/Xcode-27.0.0-Release.Candidate.app/Contents/Developer/Platforms/WatchOS.platform/Developer/usr/lib -F /Users/admin/builder/spi-builder-workspace/.derivedData/Build/Products/Debug-watchos/PackageFrameworks -F /Users/admin/builder/spi-builder-workspace/.derivedData/Build/Products/Debug-watchos -F /Applications/Xcode-27.0.0-Release.Candidate.app/Contents/Developer/Platforms/WatchOS.platform/Developer/Library/Frameworks -F /Applications/Xcode-27.0.0-Release.Candidate.app/Contents/Developer/Platforms/WatchOS.platform/Developer/SDKs/WatchOS27.0.sdk/Developer/Library/Frameworks -c -j10 -enable-batch-mode -incremental -Xcc -ivfsstatcache -Xcc /Users/admin/builder/spi-builder-workspace/.derivedData/SDKStatCaches.noindex/watchos27.0-24R360-e829b21a6f8c9b70876ba0858053c04477534ef55a1706bf4c1112bbb242f0a2.sdkstatcache -output-file-map /Users/admin/builder/spi-builder-workspace/.derivedData/Build/Intermediates.noindex/SwiftNetrc.build/Debug-watchos/SwiftNetrc-p.build/Objects-normal/arm64_32/SwiftNetrc-OutputFileMap.json -save-temps -no-color-diagnostics -emit-dependencies -emit-module -emit-module-path /Users/admin/builder/spi-builder-workspace/.derivedData/Build/Intermediates.noindex/SwiftNetrc.build/Debug-watchos/SwiftNetrc-p.build/Objects-normal/arm64_32/SwiftNetrc.swiftmodule -serialize-diagnostics -validate-clang-modules-once -clang-build-session-file /Users/admin/builder/spi-builder-workspace/.derivedData/ModuleCache.noindex/Session.modulevalidation -Xcc -fmodules-prune-interval\=86400 -Xcc -fmodules-prune-after\=345600 -emit-const-values -const-gather-protocols-list /Users/admin/builder/spi-builder-workspace/.derivedData/Build/Intermediates.noindex/SwiftNetrc.build/Debug-watchos/SwiftNetrc-p.build/Objects-normal/arm64_32/SwiftNetrc_const_extract_protocols.json -Xcc -I/Users/admin/builder/spi-builder-workspace/.derivedData/Build/Products/Debug-watchos/include -Xcc -I/Users/admin/builder/spi-builder-workspace/.derivedData/Build/Intermediates.noindex/SwiftNetrc.build/Debug-watchos/SwiftNetrc-p.build/DerivedSources-normal/arm64_32 -Xcc -I/Users/admin/builder/spi-builder-workspace/.derivedData/Build/Intermediates.noindex/SwiftNetrc.build/Debug-watchos/SwiftNetrc-p.build/DerivedSources/arm64_32 -Xcc -I/Users/admin/builder/spi-builder-workspace/.derivedData/Build/Intermediates.noindex/SwiftNetrc.build/Debug-watchos/SwiftNetrc-p.build/DerivedSources -Xcc -DSWIFT_PACKAGE -Xcc -DDEBUG\=1 -working-directory /Users/admin/builder/spi-builder-workspace/.swiftpm/xcode -experimental-emit-module-separately -disable-cmo
PruneExplicitPrecompiledModules /Users/admin/builder/spi-builder-workspace/.derivedData/Build/Intermediates.noindex/ExplicitPrecompiledModules
PruneExplicitPrecompiledModules /Users/admin/builder/spi-builder-workspace/.derivedData/SDKExplicitPrecompiledModules
PruneExplicitPrecompiledModules /Users/admin/builder/spi-builder-workspace/.derivedData/Build/Intermediates.noindex/SwiftExplicitPrecompiledModules
2026-09-16 15:32:47.948 xcodebuild[680:4467] [MT] IDERunDestination: Supported platforms for the buildables in the current scheme is empty.
** BUILD FAILED **
The following build commands failed:
	SwiftCompile normal arm64 /Users/admin/builder/spi-builder-workspace/Sources/SwiftNetrcCore/SwiftNetrc.swift (in target 'SwiftNetrcCore' from project 'SwiftNetrc')
	SwiftCompile normal arm64 Compiling\ SwiftNetrc.swift /Users/admin/builder/spi-builder-workspace/Sources/SwiftNetrcCore/SwiftNetrc.swift (in target 'SwiftNetrcCore' from project 'SwiftNetrc')
	SwiftCompile normal arm64_32 /Users/admin/builder/spi-builder-workspace/Sources/SwiftNetrcCore/SwiftNetrc.swift (in target 'SwiftNetrcCore' from project 'SwiftNetrc')
	SwiftCompile normal arm64_32 Compiling\ SwiftNetrc.swift /Users/admin/builder/spi-builder-workspace/Sources/SwiftNetrcCore/SwiftNetrc.swift (in target 'SwiftNetrcCore' from project 'SwiftNetrc')
	Building workspace SwiftNetrc with scheme SwiftNetrc-Package
(5 failures)
BUILD FAILURE 6.4 watchOS