The Swift Package Index logo.Swift Package Index

Build Information

Failed to build SwiftUI-UniformGrid, reference main (4bc45a), with Swift 6.4 for macOS (Xcode) using Xcode 27.0 on 22 Sep 2026 12:50:47 UTC.

Build Command

No build command. This typically means the build failed at an early stage where we determine the build command.

Build Log

========================================
RunAll
========================================
Builder version: 5.1.0
Interrupt handler set up.
========================================
Checkout
========================================
Clone URL: https://github.com/malhal/SwiftUI-UniformGrid.git
Reference: main
Initialized empty Git repository in /Users/admin/builder/spi-builder-workspace/.git/
From https://github.com/malhal/SwiftUI-UniformGrid
 * branch            main       -> FETCH_HEAD
 * [new branch]      main       -> origin/main
HEAD is now at 4bc45a5 Update README.md
Cloned https://github.com/malhal/SwiftUI-UniformGrid.git
Revision (git rev-parse @):
4bc45a5d9cd2726b41f14b4b50fc7cd9c3ba5aae
SUCCESS checkout https://github.com/malhal/SwiftUI-UniformGrid.git at main
========================================
Build
========================================
Selected platform:         macosXcodebuild
Swift version:             6.4
Building package at path:  $PWD
https://github.com/malhal/SwiftUI-UniformGrid.git
Command line invocation:
    /Applications/Xcode-27.0.0-Release.Candidate.app/Contents/Developer/usr/bin/xcodebuild -IDEClonedSourcePackagesDirPathOverride=/Users/admin/builder/spi-builder-workspace/.dependencies -resolvePackageDependencies
Resolve Package Graph
Source files for target UniformGridTests should be located under 'Tests/UniformGridTests', or a custom sources path can be set with the 'path' property in Package.swift
Resolve Package Graph
Source files for target UniformGridTests should be located under 'Tests/UniformGridTests', or a custom sources path can be set with the 'path' property in Package.swift
Resolved source packages:
  spi-builder-workspace: (null)
2026-09-22 08:50:46.604 xcodebuild[529:3033] Writing error result bundle to /var/folders/xq/y_g06wb113726d38xsyx71_h0000gn/T/ResultBundle_2026-22-09_08-50-0046.xcresult
xcodebuild: error: Could not resolve package dependencies:
  Source files for target UniformGridTests should be located under 'Tests/UniformGridTests', or a custom sources path can be set with the 'path' property in Package.swift
Command line invocation:
    /Applications/Xcode-27.0.0-Release.Candidate.app/Contents/Developer/usr/bin/xcodebuild -IDEClonedSourcePackagesDirPathOverride=/Users/admin/builder/spi-builder-workspace/.dependencies -resolvePackageDependencies
Resolve Package Graph
Source files for target UniformGridTests should be located under 'Tests/UniformGridTests', or a custom sources path can be set with the 'path' property in Package.swift
Resolved source packages:
  spi-builder-workspace: (null)
2026-09-22 08:50:47.668 xcodebuild[599:3662] Writing error result bundle to /var/folders/xq/y_g06wb113726d38xsyx71_h0000gn/T/ResultBundle_2026-22-09_08-50-0047.xcresult
xcodebuild: error: Could not resolve package dependencies:
  Source files for target UniformGridTests should be located under 'Tests/UniformGridTests', or a custom sources path can be set with the 'path' property in Package.swift
BUILD FAILURE 6.4 macosXcodebuild