The Swift Package Index logo.Swift Package Index

Build Information

Failed to build NeumorphicView, reference main (2311b6), with Swift 6.4 for macOS (SPM) on 19 Sep 2026 20:31:02 UTC.

Build Command

env DEVELOPER_DIR=/Applications/Xcode-27.0.0-Release.Candidate.app xcrun swift build --arch arm64

Build Log

========================================
RunAll
========================================
Builder version: 5.1.0
Interrupt handler set up.
========================================
Checkout
========================================
Clone URL: https://github.com/maxial/NeumorphicView.git
Reference: main
Initialized empty Git repository in /Users/admin/builder/spi-builder-workspace/.git/
From https://github.com/maxial/NeumorphicView
 * branch            main       -> FETCH_HEAD
 * [new branch]      main       -> origin/main
HEAD is now at 2311b65 Update shadow colors logic
Cloned https://github.com/maxial/NeumorphicView.git
Revision (git rev-parse @):
2311b65f436f678fe89276a8f0f98ee2de80b271
SUCCESS checkout https://github.com/maxial/NeumorphicView.git at main
========================================
Build
========================================
Selected platform:         macosSpm
Swift version:             6.4
Building package at path:  $PWD
https://github.com/maxial/NeumorphicView.git
Running build ...
env DEVELOPER_DIR=/Applications/Xcode-27.0.0-Release.Candidate.app xcrun swift build --arch arm64
Building for debugging...
[Planning deferred tasks]
[19 / 28]
[20 / 29] NeumorphicView
[30 / 106]
[33 / 106]
[41 / 106]
[43 / 106]
[44 / 106]
[49 / 106]
[52 / 106]
[55 / 106]
[61 / 106]
[64 / 106]
[66 / 106]
[67 / 106]
[77 / 106]
[79 / 106]
[80 / 106]
[83 / 106]
[85 / 106]
[97 / 106] NeumorphicView
error: SwiftCompile normal arm64 /Users/admin/builder/spi-builder-workspace/Sources/NeumorphicView/Utils/Colors/HSBA.swift failed with a nonzero exit code. Command line:     cd /Users/admin/builder
    builtin-SwiftPerFileCompile HSBA.swift
/Users/admin/builder/spi-builder-workspace/Sources/NeumorphicView/Utils/Colors/HSBA.swift:26:23: error: cannot find 'UIColor' in scope
24 |
25 |     init?(color: Color) {
26 |         let uiColor = UIColor(color)
   |                       `- error: cannot find 'UIColor' in scope
27 |
28 |         var (h, s, b, a): (CGFloat, CGFloat, CGFloat, CGFloat) = (.zero, .zero, .zero, .zero)
Failed frontend command:
/Applications/Xcode-27.0.0-Release.Candidate.app/Contents/Developer/Toolchains/XcodeDefault.xctoolchain/usr/bin/swift-frontend -frontend -c /Users/admin/builder/spi-builder-workspace/Sources/NeumorphicView/Extensions/Literals.swift /Users/admin/builder/spi-builder-workspace/Sources/NeumorphicView/Extensions/View+Helpers.swift /Users/admin/builder/spi-builder-workspace/Sources/NeumorphicView/Extensions/View+Shadows.swift /Users/admin/builder/spi-builder-workspace/Sources/NeumorphicView/Models/ShadowState.swift /Users/admin/builder/spi-builder-workspace/Sources/NeumorphicView/Modifiers/ConcaveModifier.swift /Users/admin/builder/spi-builder-workspace/Sources/NeumorphicView/Modifiers/ConvexModifier.swift /Users/admin/builder/spi-builder-workspace/Sources/NeumorphicView/Utils/Colors/Color+.swift /Users/admin/builder/spi-builder-workspace/Sources/NeumorphicView/Utils/Colors/ColorModel.swift -primary-file /Users/admin/builder/spi-builder-workspace/Sources/NeumorphicView/Utils/Colors/HSBA.swift /Users/admin/builder/spi-builder-workspace/Sources/NeumorphicView/Utils/Colors/RGBA.swift -emit-dependencies-path /Users/admin/builder/spi-builder-workspace/.build/out/Intermediates.noindex/NeumorphicView.build/Debug/NeumorphicView-t.build/Objects-normal/arm64/HSBA.d -emit-const-values-path /Users/admin/builder/spi-builder-workspace/.build/out/Intermediates.noindex/NeumorphicView.build/Debug/NeumorphicView-t.build/Objects-normal/arm64/HSBA.swiftconstvalues -emit-reference-dependencies-path /Users/admin/builder/spi-builder-workspace/.build/out/Intermediates.noindex/NeumorphicView.build/Debug/NeumorphicView-t.build/Objects-normal/arm64/HSBA.swiftdeps -serialize-diagnostics-path /Users/admin/builder/spi-builder-workspace/.build/out/Intermediates.noindex/NeumorphicView.build/Debug/NeumorphicView-t.build/Objects-normal/arm64/HSBA.dia -target arm64-apple-macos12.0 -disable-cross-import-overlay-search -load-resolved-plugin /Applications/Xcode-27.0.0-Release.Candidate.app/Contents/Developer/Platforms/MacOSX.platform/Developer/usr/lib/swift/host/plugins/libFoundationMacros.dylib\#/Applications/Xcode-27.0.0-Release.Candidate.app/Contents/Developer/Platforms/MacOSX.platform/Developer/usr/bin/swift-plugin-server\#FoundationMacros -load-resolved-plugin /Applications/Xcode-27.0.0-Release.Candidate.app/Contents/Developer/Platforms/MacOSX.platform/Developer/usr/lib/swift/host/plugins/libObservationMacros.dylib\#/Applications/Xcode-27.0.0-Release.Candidate.app/Contents/Developer/Platforms/MacOSX.platform/Developer/usr/bin/swift-plugin-server\#ObservationMacros -load-resolved-plugin /Applications/Xcode-27.0.0-Release.Candidate.app/Contents/Developer/Platforms/MacOSX.platform/Developer/usr/lib/swift/host/plugins/libPreviewsMacros.dylib\#/Applications/Xcode-27.0.0-Release.Candidate.app/Contents/Developer/Platforms/MacOSX.platform/Developer/usr/bin/swift-plugin-server\#PreviewsMacros -load-resolved-plugin /Applications/Xcode-27.0.0-Release.Candidate.app/Contents/Developer/Platforms/MacOSX.platform/Developer/usr/lib/swift/host/plugins/libSwiftMacros.dylib\#/Applications/Xcode-27.0.0-Release.Candidate.app/Contents/Developer/Platforms/MacOSX.platform/Developer/usr/bin/swift-plugin-server\#SwiftMacros -load-resolved-plugin /Applications/Xcode-27.0.0-Release.Candidate.app/Contents/Developer/Platforms/MacOSX.platform/Developer/usr/lib/swift/host/plugins/libSwiftUIMacros.dylib\#/Applications/Xcode-27.0.0-Release.Candidate.app/Contents/Developer/Platforms/MacOSX.platform/Developer/usr/bin/swift-plugin-server\#SwiftUIMacros -disable-implicit-swift-modules -Xcc -fno-implicit-modules -Xcc -fno-implicit-module-maps -explicit-swift-module-map-file /Users/admin/builder/spi-builder-workspace/.build/out/Intermediates.noindex/NeumorphicView.build/Debug/NeumorphicView-t.build/Objects-normal/arm64/NeumorphicView-dependencies-1.json -Xllvm -aarch64-use-tbi -enable-objc-interop -stack-check -sdk /Applications/Xcode-27.0.0-Release.Candidate.app/Contents/Developer/Platforms/MacOSX.platform/Developer/SDKs/MacOSX27.0.sdk -I /Users/admin/builder/spi-builder-workspace/.build/out/Products/Debug -Isystem /Applications/Xcode-27.0.0-Release.Candidate.app/Contents/Developer/Platforms/MacOSX.platform/Developer/usr/lib -F /Users/admin/builder/spi-builder-workspace/.build/out/Products/Debug -F /Applications/Xcode-27.0.0-Release.Candidate.app/Contents/Developer/Platforms/MacOSX.platform/Developer/Library/Frameworks -module-cache-path /Users/admin/builder/spi-builder-workspace/.build/out/Intermediates.noindex/SwiftExplicitPrecompiledModules -color-diagnostics -Xcc -fcolor-diagnostics -enable-testing -g -debug-info-format\=dwarf -dwarf-version\=4 -swift-version 5 -Onone -D SWIFT_PACKAGE -D DEBUG -D SWIFT_MODULE_RESOURCE_BUNDLE_UNAVAILABLE -D Xcode -serialize-debugging-options -enable-experimental-feature DebugDescriptionMacro -empty-abi-descriptor -validate-clang-modules-once -clang-build-session-file /Users/admin/builder/spi-builder-workspace/.build/out/ModuleCache.noindex/Session.modulevalidation -Xcc -working-directory -Xcc /Users/admin/builder -enable-anonymous-context-mangled-names -file-compilation-dir /Users/admin/builder -Xcc -D_LIBCPP_HARDENING_MODE\=_LIBCPP_HARDENING_MODE_DEBUG -Xcc -ivfsstatcache -Xcc /Users/admin/builder/spi-builder-workspace/.build/out/SDKStatCaches.noindex/macosx27.0-26A425-80c5bbf1d171475443272936d42f90a36a22442a12e9d48fe1a705f55a1adfc4.sdkstatcache -Xcc -fmodules-prune-interval\=86400 -Xcc -fmodules-prune-after\=345600 -Xcc -I/Users/admin/builder/spi-builder-workspace/.build/out/Products/Debug/include -Xcc -I/Users/admin/builder/spi-builder-workspace/.build/out/Intermediates.noindex/NeumorphicView.build/Debug/NeumorphicView-t.build/DerivedSources-normal/arm64 -Xcc -I/Users/admin/builder/spi-builder-workspace/.build/out/Intermediates.noindex/NeumorphicView.build/Debug/NeumorphicView-t.build/DerivedSources/arm64 -Xcc -I/Users/admin/builder/spi-builder-workspace/.build/out/Intermediates.noindex/NeumorphicView.build/Debug/NeumorphicView-t.build/DerivedSources -Xcc -DSWIFT_PACKAGE -Xcc -DDEBUG\=1 -no-auto-bridging-header-chaining -module-name NeumorphicView -const-gather-protocols-file /Users/admin/builder/spi-builder-workspace/.build/out/Intermediates.noindex/NeumorphicView.build/Debug/NeumorphicView-t.build/Objects-normal/arm64/NeumorphicView_const_extract_protocols.json -disable-clang-spi -clang-target arm64-apple-macos27.0 -target-sdk-version 27.0 -target-sdk-name macosx27.0 -in-process-plugin-server-path /Applications/Xcode-27.0.0-Release.Candidate.app/Contents/Developer/Toolchains/XcodeDefault.xctoolchain/usr/lib/swift/host/libSwiftInProcPluginServer.dylib -parse-as-library -o /Users/admin/builder/spi-builder-workspace/.build/out/Intermediates.noindex/NeumorphicView.build/Debug/NeumorphicView-t.build/Objects-normal/arm64/HSBA.o -debug-module-path /Users/admin/builder/spi-builder-workspace/.build/out/Intermediates.noindex/NeumorphicView.build/Debug/NeumorphicView-t.build/Objects-normal/arm64/NeumorphicView.swiftmodule -index-unit-output-path /NeumorphicView.build/Debug/NeumorphicView-t.build/Objects-normal/arm64/HSBA.o -index-store-path /Users/admin/builder/spi-builder-workspace/.build/out -index-system-modules
error: SwiftCompile normal arm64 /Users/admin/builder/spi-builder-workspace/Sources/NeumorphicView/Utils/Colors/RGBA.swift failed with a nonzero exit code. Command line:     cd /Users/admin/builder
    builtin-SwiftPerFileCompile RGBA.swift
/Users/admin/builder/spi-builder-workspace/Sources/NeumorphicView/Utils/Colors/RGBA.swift:60:23: error: cannot find 'UIColor' in scope
 58 |
 59 |     init?(color: Color) {
 60 |         let uiColor = UIColor(color)
    |                       `- error: cannot find 'UIColor' in scope
 61 |         guard
 62 |             let components = uiColor.cgColor.components,
Failed frontend command:
/Applications/Xcode-27.0.0-Release.Candidate.app/Contents/Developer/Toolchains/XcodeDefault.xctoolchain/usr/bin/swift-frontend -frontend -c /Users/admin/builder/spi-builder-workspace/Sources/NeumorphicView/Extensions/Literals.swift /Users/admin/builder/spi-builder-workspace/Sources/NeumorphicView/Extensions/View+Helpers.swift /Users/admin/builder/spi-builder-workspace/Sources/NeumorphicView/Extensions/View+Shadows.swift /Users/admin/builder/spi-builder-workspace/Sources/NeumorphicView/Models/ShadowState.swift /Users/admin/builder/spi-builder-workspace/Sources/NeumorphicView/Modifiers/ConcaveModifier.swift /Users/admin/builder/spi-builder-workspace/Sources/NeumorphicView/Modifiers/ConvexModifier.swift /Users/admin/builder/spi-builder-workspace/Sources/NeumorphicView/Utils/Colors/Color+.swift /Users/admin/builder/spi-builder-workspace/Sources/NeumorphicView/Utils/Colors/ColorModel.swift /Users/admin/builder/spi-builder-workspace/Sources/NeumorphicView/Utils/Colors/HSBA.swift -primary-file /Users/admin/builder/spi-builder-workspace/Sources/NeumorphicView/Utils/Colors/RGBA.swift -emit-dependencies-path /Users/admin/builder/spi-builder-workspace/.build/out/Intermediates.noindex/NeumorphicView.build/Debug/NeumorphicView-t.build/Objects-normal/arm64/RGBA.d -emit-const-values-path /Users/admin/builder/spi-builder-workspace/.build/out/Intermediates.noindex/NeumorphicView.build/Debug/NeumorphicView-t.build/Objects-normal/arm64/RGBA.swiftconstvalues -emit-reference-dependencies-path /Users/admin/builder/spi-builder-workspace/.build/out/Intermediates.noindex/NeumorphicView.build/Debug/NeumorphicView-t.build/Objects-normal/arm64/RGBA.swiftdeps -serialize-diagnostics-path /Users/admin/builder/spi-builder-workspace/.build/out/Intermediates.noindex/NeumorphicView.build/Debug/NeumorphicView-t.build/Objects-normal/arm64/RGBA.dia -target arm64-apple-macos12.0 -disable-cross-import-overlay-search -load-resolved-plugin /Applications/Xcode-27.0.0-Release.Candidate.app/Contents/Developer/Platforms/MacOSX.platform/Developer/usr/lib/swift/host/plugins/libFoundationMacros.dylib\#/Applications/Xcode-27.0.0-Release.Candidate.app/Contents/Developer/Platforms/MacOSX.platform/Developer/usr/bin/swift-plugin-server\#FoundationMacros -load-resolved-plugin /Applications/Xcode-27.0.0-Release.Candidate.app/Contents/Developer/Platforms/MacOSX.platform/Developer/usr/lib/swift/host/plugins/libObservationMacros.dylib\#/Applications/Xcode-27.0.0-Release.Candidate.app/Contents/Developer/Platforms/MacOSX.platform/Developer/usr/bin/swift-plugin-server\#ObservationMacros -load-resolved-plugin /Applications/Xcode-27.0.0-Release.Candidate.app/Contents/Developer/Platforms/MacOSX.platform/Developer/usr/lib/swift/host/plugins/libPreviewsMacros.dylib\#/Applications/Xcode-27.0.0-Release.Candidate.app/Contents/Developer/Platforms/MacOSX.platform/Developer/usr/bin/swift-plugin-server\#PreviewsMacros -load-resolved-plugin /Applications/Xcode-27.0.0-Release.Candidate.app/Contents/Developer/Platforms/MacOSX.platform/Developer/usr/lib/swift/host/plugins/libSwiftMacros.dylib\#/Applications/Xcode-27.0.0-Release.Candidate.app/Contents/Developer/Platforms/MacOSX.platform/Developer/usr/bin/swift-plugin-server\#SwiftMacros -load-resolved-plugin /Applications/Xcode-27.0.0-Release.Candidate.app/Contents/Developer/Platforms/MacOSX.platform/Developer/usr/lib/swift/host/plugins/libSwiftUIMacros.dylib\#/Applications/Xcode-27.0.0-Release.Candidate.app/Contents/Developer/Platforms/MacOSX.platform/Developer/usr/bin/swift-plugin-server\#SwiftUIMacros -disable-implicit-swift-modules -Xcc -fno-implicit-modules -Xcc -fno-implicit-module-maps -explicit-swift-module-map-file /Users/admin/builder/spi-builder-workspace/.build/out/Intermediates.noindex/NeumorphicView.build/Debug/NeumorphicView-t.build/Objects-normal/arm64/NeumorphicView-dependencies-1.json -Xllvm -aarch64-use-tbi -enable-objc-interop -stack-check -sdk /Applications/Xcode-27.0.0-Release.Candidate.app/Contents/Developer/Platforms/MacOSX.platform/Developer/SDKs/MacOSX27.0.sdk -I /Users/admin/builder/spi-builder-workspace/.build/out/Products/Debug -Isystem /Applications/Xcode-27.0.0-Release.Candidate.app/Contents/Developer/Platforms/MacOSX.platform/Developer/usr/lib -F /Users/admin/builder/spi-builder-workspace/.build/out/Products/Debug -F /Applications/Xcode-27.0.0-Release.Candidate.app/Contents/Developer/Platforms/MacOSX.platform/Developer/Library/Frameworks -module-cache-path /Users/admin/builder/spi-builder-workspace/.build/out/Intermediates.noindex/SwiftExplicitPrecompiledModules -color-diagnostics -Xcc -fcolor-diagnostics -enable-testing -g -debug-info-format\=dwarf -dwarf-version\=4 -swift-version 5 -Onone -D SWIFT_PACKAGE -D DEBUG -D SWIFT_MODULE_RESOURCE_BUNDLE_UNAVAILABLE -D Xcode -serialize-debugging-options -enable-experimental-feature DebugDescriptionMacro -empty-abi-descriptor -validate-clang-modules-once -clang-build-session-file /Users/admin/builder/spi-builder-workspace/.build/out/ModuleCache.noindex/Session.modulevalidation -Xcc -working-directory -Xcc /Users/admin/builder -enable-anonymous-context-mangled-names -file-compilation-dir /Users/admin/builder -Xcc -D_LIBCPP_HARDENING_MODE\=_LIBCPP_HARDENING_MODE_DEBUG -Xcc -ivfsstatcache -Xcc /Users/admin/builder/spi-builder-workspace/.build/out/SDKStatCaches.noindex/macosx27.0-26A425-80c5bbf1d171475443272936d42f90a36a22442a12e9d48fe1a705f55a1adfc4.sdkstatcache -Xcc -fmodules-prune-interval\=86400 -Xcc -fmodules-prune-after\=345600 -Xcc -I/Users/admin/builder/spi-builder-workspace/.build/out/Products/Debug/include -Xcc -I/Users/admin/builder/spi-builder-workspace/.build/out/Intermediates.noindex/NeumorphicView.build/Debug/NeumorphicView-t.build/DerivedSources-normal/arm64 -Xcc -I/Users/admin/builder/spi-builder-workspace/.build/out/Intermediates.noindex/NeumorphicView.build/Debug/NeumorphicView-t.build/DerivedSources/arm64 -Xcc -I/Users/admin/builder/spi-builder-workspace/.build/out/Intermediates.noindex/NeumorphicView.build/Debug/NeumorphicView-t.build/DerivedSources -Xcc -DSWIFT_PACKAGE -Xcc -DDEBUG\=1 -no-auto-bridging-header-chaining -module-name NeumorphicView -const-gather-protocols-file /Users/admin/builder/spi-builder-workspace/.build/out/Intermediates.noindex/NeumorphicView.build/Debug/NeumorphicView-t.build/Objects-normal/arm64/NeumorphicView_const_extract_protocols.json -disable-clang-spi -clang-target arm64-apple-macos27.0 -target-sdk-version 27.0 -target-sdk-name macosx27.0 -in-process-plugin-server-path /Applications/Xcode-27.0.0-Release.Candidate.app/Contents/Developer/Toolchains/XcodeDefault.xctoolchain/usr/lib/swift/host/libSwiftInProcPluginServer.dylib -parse-as-library -o /Users/admin/builder/spi-builder-workspace/.build/out/Intermediates.noindex/NeumorphicView.build/Debug/NeumorphicView-t.build/Objects-normal/arm64/RGBA.o -debug-module-path /Users/admin/builder/spi-builder-workspace/.build/out/Intermediates.noindex/NeumorphicView.build/Debug/NeumorphicView-t.build/Objects-normal/arm64/NeumorphicView.swiftmodule -index-unit-output-path /NeumorphicView.build/Debug/NeumorphicView-t.build/Objects-normal/arm64/RGBA.o -index-store-path /Users/admin/builder/spi-builder-workspace/.build/out -index-system-modules
error: Build failed
BUILD FAILURE 6.4 macosSpm