Build Information
Failed to build QuranRecognitionKit, reference main (81b769), with Swift 6.3 for Android on 30 Jun 2026 16:56:50 UTC.
Build Command
bash -c docker run --pull=always --rm -v "checkouts-53886770-0":/host -w "$PWD" -e JAVA_HOME="/root/.sdkman/candidates/java/current" -e SPI_BUILD="1" -e SPI_PROCESSING="1" registry.gitlab.com/saguaro1/spi-images:android-6.3-latest swift build --swift-sdk aarch64-unknown-linux-android28 2>&1Build Log
========================================
RunAll
========================================
Builder version: 0e64495ecc1688c3b3e031a5ef1348b5c05091ae
Interrupt handler set up.
========================================
Checkout
========================================
Clone URL: https://github.com/akhandafm17/QuranRecognitionKit.git
Reference: main
Initialized empty Git repository in /host/spi-builder-workspace/.git/
hint: Using 'master' as the name for the initial branch. This default branch name
hint: is subject to change. To configure the initial branch name to use in all
hint: of your new repositories, which will suppress this warning, call:
hint:
hint: git config --global init.defaultBranch <name>
hint:
hint: Names commonly chosen instead of 'master' are 'main', 'trunk' and
hint: 'development'. The just-created branch can be renamed via this command:
hint:
hint: git branch -m <name>
From https://github.com/akhandafm17/QuranRecognitionKit
* branch main -> FETCH_HEAD
* [new branch] main -> origin/main
HEAD is now at 81b769a Set Al-Kahf replay drift bound to measured residual (+3)
Cloned https://github.com/akhandafm17/QuranRecognitionKit.git
Revision (git rev-parse @):
81b769ab52a054f773d1c0127f57315fdf02350c
SUCCESS checkout https://github.com/akhandafm17/QuranRecognitionKit.git at main
========================================
Build
========================================
Selected platform: android
Swift version: 6.3
Building package at path: $PWD
https://github.com/akhandafm17/QuranRecognitionKit.git
Running build ...
bash -c docker run --pull=always --rm -v "checkouts-53886770-0":/host -w "$PWD" -e JAVA_HOME="/root/.sdkman/candidates/java/current" -e SPI_BUILD="1" -e SPI_PROCESSING="1" registry.gitlab.com/saguaro1/spi-images:android-6.3-latest swift build --swift-sdk aarch64-unknown-linux-android28 2>&1
android-6.3-latest: Pulling from saguaro1/spi-images
Digest: sha256:451958f7df55f9af673f8b0851dc526f2aee3222db374ae53b89fa21ad564bc8
Status: Image is up to date for registry.gitlab.com/saguaro1/spi-images:android-6.3-latest
Fetching https://github.com/microsoft/onnxruntime-swift-package-manager.git
[1/1129] Fetching onnxruntime-swift-package-manager
Fetched https://github.com/microsoft/onnxruntime-swift-package-manager.git from cache (1.93s)
Computing version for https://github.com/microsoft/onnxruntime-swift-package-manager.git
Computed https://github.com/microsoft/onnxruntime-swift-package-manager.git at 1.24.2 (2.81s)
Creating working copy for https://github.com/microsoft/onnxruntime-swift-package-manager.git
Working copy of https://github.com/microsoft/onnxruntime-swift-package-manager.git resolved at 1.24.2
Downloading binary artifact https://download.onnxruntime.ai/pod-archive-onnxruntime-c-1.24.2.zip
Downloading binary artifact https://download.onnxruntime.ai/pod-archive-onnxruntime-extensions-c-0.13.0.zip
[16064/52138597] Downloading https://download.onnxruntime.ai/pod-archive-onnxruntime-c-1.24.2.zip
[48832/71497650] Downloading https://download.onnxruntime.ai/pod-archive-onnxruntime-c-1.24.2.zip, https://download.onnxruntime.ai/pod-archive-onnxruntime-extensions-c-0.13.0.zip
Downloaded https://download.onnxruntime.ai/pod-archive-onnxruntime-extensions-c-0.13.0.zip (1.25s)
Downloaded https://download.onnxruntime.ai/pod-archive-onnxruntime-c-1.24.2.zip (3.24s)
Building for debugging...
[0/22] Write sources
[1/22] Copying vocab.json
[2/22] Copying quran.json
[2/22] Copying Info.plist
/host/spi-builder-workspace/.build/checkouts/onnxruntime-swift-package-manager/objectivec/assert_arc_enabled.mm:4:37: error: static assertion failed: Objective-C ARC must be enabled.
4 | static_assert(__has_feature(objc_arc), "Objective-C ARC must be enabled.");
| ^
<scratch space>:4:1: note: expanded from here
4 | 0
| ^
1 error generated.
[4/22] Compiling OnnxRuntimeBindings assert_arc_enabled.mm
In file included from /host/spi-builder-workspace/.build/checkouts/onnxruntime-swift-package-manager/objectivec/cxx_utils.mm:4:
/host/spi-builder-workspace/.build/checkouts/onnxruntime-swift-package-manager/objectivec/cxx_utils.h:4:9: fatal error: 'Foundation/Foundation.h' file not found
4 | #import <Foundation/Foundation.h>
| ^~~~~~~~~~~~~~~~~~~~~~~~~
[4/22] Compiling OnnxRuntimeBindings cxx_utils.mm
In file included from /host/spi-builder-workspace/.build/checkouts/onnxruntime-swift-package-manager/objectivec/error_utils.mm:4:
/host/spi-builder-workspace/.build/checkouts/onnxruntime-swift-package-manager/objectivec/error_utils.h:4:9: fatal error: 'Foundation/Foundation.h' file not found
4 | #import <Foundation/Foundation.h>
| ^~~~~~~~~~~~~~~~~~~~~~~~~
[4/22] Compiling OnnxRuntimeBindings error_utils.mm
In file included from /host/spi-builder-workspace/.build/checkouts/onnxruntime-swift-package-manager/objectivec/ort_coreml_execution_provider.mm:4:
/host/spi-builder-workspace/.build/checkouts/onnxruntime-swift-package-manager/objectivec/include/ort_coreml_execution_provider.h:4:9: fatal error: 'Foundation/Foundation.h' file not found
4 | #import <Foundation/Foundation.h>
| ^~~~~~~~~~~~~~~~~~~~~~~~~
[4/22] Compiling OnnxRuntimeBindings ort_coreml_execution_provider.mm
In file included from /host/spi-builder-workspace/.build/checkouts/onnxruntime-swift-package-manager/objectivec/ort_env.mm:4:
In file included from /host/spi-builder-workspace/.build/checkouts/onnxruntime-swift-package-manager/objectivec/ort_env_internal.h:4:
/host/spi-builder-workspace/.build/checkouts/onnxruntime-swift-package-manager/objectivec/include/ort_env.h:4:9: fatal error: 'Foundation/Foundation.h' file not found
4 | #import <Foundation/Foundation.h>
| ^~~~~~~~~~~~~~~~~~~~~~~~~
[4/22] Compiling OnnxRuntimeBindings ort_env.mm
In file included from /host/spi-builder-workspace/.build/checkouts/onnxruntime-swift-package-manager/objectivec/ort_enums.mm:4:
In file included from /host/spi-builder-workspace/.build/checkouts/onnxruntime-swift-package-manager/objectivec/ort_enums_internal.h:4:
/host/spi-builder-workspace/.build/checkouts/onnxruntime-swift-package-manager/objectivec/include/ort_enums.h:4:9: fatal error: 'Foundation/Foundation.h' file not found
4 | #import <Foundation/Foundation.h>
| ^~~~~~~~~~~~~~~~~~~~~~~~~
[4/22] Compiling OnnxRuntimeBindings ort_enums.mm
[4/22] Write swift-version-272D24FF697CF451.txt
[4/22] Copying FastConformerQuranCTC.onnx.zip
BUILD FAILURE 6.3 android