The Swift Package Index logo.Swift Package Index

Build Information

Failed to build Amplify, reference 2.62.1 (04e062), with Swift 6.1 for Wasm on 12 Oct 2026 08:52:01 UTC.

Build Command

bash -c docker run --pull=always --rm -v "checkouts-54344845-2":/host -w "$PWD" -e JAVA_HOME="/root/.sdkman/candidates/java/current" -e SPI_BUILD="1" -e SPI_PROCESSING="1" registry.gitlab.com/saguaro1/spi-images:wasm-6.1-latest swift build --swift-sdk wasm32-unknown-wasi 2>&1

Build Log

========================================
RunAll
========================================
Builder version: 5.1.1
Interrupt handler set up.
========================================
Checkout
========================================
Clone URL: https://github.com/aws-amplify/amplify-swift.git
Reference: 2.62.1
Initialized empty Git repository in /host/spi-builder-workspace/.git/
hint: Using 'master' as the name for the initial branch. This default branch name
hint: is subject to change. To configure the initial branch name to use in all
hint: of your new repositories, which will suppress this warning, call:
hint:
hint: 	git config --global init.defaultBranch <name>
hint:
hint: Names commonly chosen instead of 'master' are 'main', 'trunk' and
hint: 'development'. The just-created branch can be renamed via this command:
hint:
hint: 	git branch -m <name>
From https://github.com/aws-amplify/amplify-swift
 * tag               2.62.1     -> FETCH_HEAD
HEAD is now at 04e0628 chore: finalize release 2.62.1 [skip ci]
Cloned https://github.com/aws-amplify/amplify-swift.git
Revision (git rev-parse @):
04e062870a8d3e7ccff67ab30a1dab04dfec443c
SUCCESS checkout https://github.com/aws-amplify/amplify-swift.git at 2.62.1
========================================
Build
========================================
Selected platform:         wasm
Swift version:             6.1
Building package at path:  $PWD
https://github.com/aws-amplify/amplify-swift.git
https://github.com/aws-amplify/amplify-swift.git
WARNING: environment variable SUPPRESS_SWIFT_6_FLAGS is not set
Running build ...
bash -c docker run --pull=always --rm -v "checkouts-54344845-2":/host -w "$PWD" -e JAVA_HOME="/root/.sdkman/candidates/java/current" -e SPI_BUILD="1" -e SPI_PROCESSING="1" registry.gitlab.com/saguaro1/spi-images:wasm-6.1-latest swift build --swift-sdk wasm32-unknown-wasi -Xswiftc -Xfrontend -Xswiftc -stats-output-dir -Xswiftc -Xfrontend -Xswiftc .stats -Xswiftc -strict-concurrency=complete -Xswiftc -enable-upcoming-feature -Xswiftc StrictConcurrency -Xswiftc -enable-upcoming-feature -Xswiftc DisableOutwardActorInference -Xswiftc -enable-upcoming-feature -Xswiftc GlobalActorIsolatedTypesUsability -Xswiftc -enable-upcoming-feature -Xswiftc InferSendableFromCaptures 2>&1
wasm-6.1-latest: Pulling from saguaro1/spi-images
Digest: sha256:005e294ea72e7f7733559677ac003354f37dc6afb35c5bbab6bc9a95fc174f44
Status: Image is up to date for registry.gitlab.com/saguaro1/spi-images:wasm-6.1-latest
Fetching https://github.com/stephencelis/SQLite.swift.git
Fetching https://github.com/aws-amplify/amplify-swift-utils-notifications.git
Fetching https://github.com/mattgallagher/CwlPreconditionTesting.git
Fetching https://github.com/awslabs/aws-sdk-swift
[1/1257] Fetching cwlpreconditiontesting
[1258/1899] Fetching cwlpreconditiontesting, amplify-swift-utils-notifications
[1348/13206] Fetching cwlpreconditiontesting, amplify-swift-utils-notifications, sqlite.swift
Fetched https://github.com/mattgallagher/CwlPreconditionTesting.git from cache (0.66s)
[7992/11949] Fetching amplify-swift-utils-notifications, sqlite.swift
Fetched https://github.com/stephencelis/SQLite.swift.git from cache (0.87s)
[1/925622] Fetching aws-sdk-swift
Fetched https://github.com/aws-amplify/amplify-swift-utils-notifications.git from cache (190.17s)
Fetched https://github.com/awslabs/aws-sdk-swift from cache (216.42s)
Computing version for https://github.com/stephencelis/SQLite.swift.git
Computed https://github.com/stephencelis/SQLite.swift.git at 0.15.4 (217.55s)
Fetching https://github.com/swiftlang/swift-toolchain-sqlite
[4/388] Fetching swift-toolchain-sqlite
Fetched https://github.com/swiftlang/swift-toolchain-sqlite from cache (2.62s)
Computing version for https://github.com/awslabs/aws-sdk-swift
Computed https://github.com/awslabs/aws-sdk-swift at 1.7.60 (10.90s)
Fetching https://github.com/smithy-lang/smithy-swift
Fetching https://github.com/awslabs/aws-crt-swift
[1/33843] Fetching aws-crt-swift
[24368/119105] Fetching aws-crt-swift, smithy-swift
Fetched https://github.com/awslabs/aws-crt-swift from cache (3.48s)
Fetched https://github.com/smithy-lang/smithy-swift from cache (3.58s)
Computing version for https://github.com/swiftlang/swift-toolchain-sqlite
Computed https://github.com/swiftlang/swift-toolchain-sqlite at 1.0.4 (4.57s)
Computing version for https://github.com/smithy-lang/smithy-swift
Computed https://github.com/smithy-lang/smithy-swift at 0.242.0 (1.18s)
Fetching https://github.com/swift-server/async-http-client.git
Fetching https://github.com/apple/swift-log.git
Fetching https://github.com/apple/swift-argument-parser.git
[1/8257] Fetching swift-log
[8258/27369] Fetching swift-log, swift-argument-parser
[26988/43833] Fetching swift-log, swift-argument-parser, async-http-client
Fetched https://github.com/apple/swift-log.git from cache (2.04s)
Fetched https://github.com/swift-server/async-http-client.git from cache (2.55s)
Fetched https://github.com/apple/swift-argument-parser.git from cache (2.56s)
Computing version for https://github.com/aws-amplify/amplify-swift-utils-notifications.git
Computed https://github.com/aws-amplify/amplify-swift-utils-notifications.git at 1.1.1 (3.55s)
Computing version for https://github.com/awslabs/aws-crt-swift
Computed https://github.com/awslabs/aws-crt-swift at 0.64.1 (1.11s)
Computing version for https://github.com/mattgallagher/CwlPreconditionTesting.git
Computed https://github.com/mattgallagher/CwlPreconditionTesting.git at 2.2.2 (1.18s)
Fetching https://github.com/mattgallagher/CwlCatchException.git
[1/460] Fetching cwlcatchexception
Fetched https://github.com/mattgallagher/CwlCatchException.git from cache (1.32s)
Computing version for https://github.com/mattgallagher/CwlCatchException.git
Computed https://github.com/mattgallagher/CwlCatchException.git at 2.2.1 (2.15s)
Computing version for https://github.com/apple/swift-argument-parser.git
Computed https://github.com/apple/swift-argument-parser.git at 1.8.2 (1.00s)
Computing version for https://github.com/swift-server/async-http-client.git
Computed https://github.com/swift-server/async-http-client.git at 1.36.2 (1.27s)
Fetching https://github.com/apple/swift-nio-http2.git
Fetching https://github.com/apple/swift-distributed-tracing.git
[1/12294] Fetching swift-nio-http2
[247/18845] Fetching swift-nio-http2, swift-distributed-tracing
Fetched https://github.com/apple/swift-distributed-tracing.git from cache (1.06s)
Fetching https://github.com/apple/swift-nio-ssl.git
[1/16880] Fetching swift-nio-ssl
Fetching https://github.com/apple/swift-nio-transport-services.git
Fetching https://github.com/apple/swift-algorithms.git
Fetching https://github.com/apple/swift-nio-extras.git
Fetching https://github.com/apple/swift-atomics.git
Fetched https://github.com/apple/swift-nio-http2.git from cache (1.87s)
Fetching https://github.com/apple/swift-nio.git
[16881/18769] Fetching swift-nio-ssl, swift-atomics
[16995/24933] Fetching swift-nio-ssl, swift-atomics, swift-algorithms
[17109/27800] Fetching swift-nio-ssl, swift-atomics, swift-algorithms, swift-nio-transport-services
[25077/34504] Fetching swift-nio-ssl, swift-atomics, swift-algorithms, swift-nio-transport-services, swift-nio-extras
[34505/120884] Fetching swift-nio-ssl, swift-atomics, swift-algorithms, swift-nio-transport-services, swift-nio-extras, swift-nio
Fetched https://github.com/apple/swift-atomics.git from cache (1.41s)
[38662/118995] Fetching swift-nio-ssl, swift-algorithms, swift-nio-transport-services, swift-nio-extras, swift-nio
Fetched https://github.com/apple/swift-nio-ssl.git from cache (2.60s)
[52879/102115] Fetching swift-algorithms, swift-nio-transport-services, swift-nio-extras, swift-nio
Fetched https://github.com/apple/swift-nio-transport-services.git from cache (1.99s)
Fetched https://github.com/apple/swift-nio-extras.git from cache (1.99s)
Fetched https://github.com/apple/swift-algorithms.git from cache (1.99s)
[56147/86380] Fetching swift-nio
Fetched https://github.com/apple/swift-nio.git from cache (6.09s)
Computing version for https://github.com/apple/swift-algorithms.git
Computed https://github.com/apple/swift-algorithms.git at 1.2.1 (8.78s)
Fetching https://github.com/apple/swift-numerics.git
[1/6743] Fetching swift-numerics
Fetched https://github.com/apple/swift-numerics.git from cache (1.22s)
Computing version for https://github.com/apple/swift-distributed-tracing.git
Computed https://github.com/apple/swift-distributed-tracing.git at 1.5.0 (2.55s)
Fetching https://github.com/apple/swift-service-context.git
[1/1501] Fetching swift-service-context
Fetched https://github.com/apple/swift-service-context.git from cache (1.26s)
Computing version for https://github.com/apple/swift-service-context.git
Computed https://github.com/apple/swift-service-context.git at 1.3.0 (2.18s)
Computing version for https://github.com/apple/swift-atomics.git
Computed https://github.com/apple/swift-atomics.git at 1.3.1 (0.96s)
Computing version for https://github.com/apple/swift-numerics.git
Computed https://github.com/apple/swift-numerics.git at 1.1.1 (1.33s)
Computing version for https://github.com/apple/swift-nio-transport-services.git
Computed https://github.com/apple/swift-nio-transport-services.git at 1.28.0 (1.10s)
Computing version for https://github.com/apple/swift-nio.git
Computed https://github.com/apple/swift-nio.git at 2.104.0 (0.96s)
Fetching https://github.com/apple/swift-collections.git
Fetching https://github.com/apple/swift-system.git
[1/7241] Fetching swift-system
[3043/35944] Fetching swift-system, swift-collections
Fetched https://github.com/apple/swift-system.git from cache (5.02s)
Fetched https://github.com/apple/swift-collections.git from cache (5.03s)
Computing version for https://github.com/apple/swift-nio-http2.git
Computed https://github.com/apple/swift-nio-http2.git at 1.46.0 (6.16s)
Computing version for https://github.com/apple/swift-nio-ssl.git
Computed https://github.com/apple/swift-nio-ssl.git at 2.37.5 (0.34s)
Computing version for https://github.com/apple/swift-log.git
Computed https://github.com/apple/swift-log.git at 1.15.1 (0.25s)
Computing version for https://github.com/apple/swift-collections.git
Computed https://github.com/apple/swift-collections.git at 1.6.0 (0.38s)
Computing version for https://github.com/apple/swift-nio-extras.git
Computed https://github.com/apple/swift-nio-extras.git at 1.35.1 (1.57s)
Fetching https://github.com/apple/swift-asn1.git
Fetching https://github.com/apple/swift-async-algorithms.git
Fetching https://github.com/apple/swift-certificates.git
Fetching https://github.com/swift-server/swift-service-lifecycle.git
Fetching https://github.com/apple/swift-http-structured-headers.git
Fetching https://github.com/apple/swift-http-types.git
[1/1939] Fetching swift-http-types
[79/3948] Fetching swift-http-types, swift-asn1
[259/6815] Fetching swift-http-types, swift-asn1, swift-service-lifecycle
[6816/13635] Fetching swift-http-types, swift-asn1, swift-service-lifecycle, swift-async-algorithms
[6817/21248] Fetching swift-http-types, swift-asn1, swift-service-lifecycle, swift-async-algorithms, swift-certificates
[6962/22501] Fetching swift-http-types, swift-asn1, swift-service-lifecycle, swift-async-algorithms, swift-certificates, swift-http-structured-headers
Fetched https://github.com/apple/swift-asn1.git from cache (0.84s)
[15525/20492] Fetching swift-http-types, swift-service-lifecycle, swift-async-algorithms, swift-certificates, swift-http-structured-headers
Fetched https://github.com/swift-server/swift-service-lifecycle.git from cache (0.84s)
[12999/17625] Fetching swift-http-types, swift-async-algorithms, swift-certificates, swift-http-structured-headers
Fetched https://github.com/apple/swift-async-algorithms.git from cache (1.20s)
Fetched https://github.com/apple/swift-http-structured-headers.git from cache (1.21s)
Fetched https://github.com/apple/swift-http-types.git from cache (1.21s)
Fetched https://github.com/apple/swift-certificates.git from cache (1.21s)
Computing version for https://github.com/swift-server/swift-service-lifecycle.git
Computed https://github.com/swift-server/swift-service-lifecycle.git at 2.12.1 (1.86s)
Computing version for https://github.com/apple/swift-async-algorithms.git
Computed https://github.com/apple/swift-async-algorithms.git at 1.1.7 (0.77s)
Computing version for https://github.com/apple/swift-http-structured-headers.git
Computed https://github.com/apple/swift-http-structured-headers.git at 1.7.0 (0.66s)
Computing version for https://github.com/apple/swift-http-types.git
Computed https://github.com/apple/swift-http-types.git at 1.8.0 (0.99s)
Computing version for https://github.com/apple/swift-asn1.git
Computed https://github.com/apple/swift-asn1.git at 1.7.3 (1.31s)
Computing version for https://github.com/apple/swift-certificates.git
Computed https://github.com/apple/swift-certificates.git at 1.21.0 (1.01s)
Fetching https://github.com/apple/swift-crypto.git
[1/18629] Fetching swift-crypto
Fetched https://github.com/apple/swift-crypto.git from cache (2.45s)
Computing version for https://github.com/apple/swift-system.git
Computed https://github.com/apple/swift-system.git at 1.8.1 (2.74s)
Computing version for https://github.com/apple/swift-crypto.git
Computed https://github.com/apple/swift-crypto.git at 4.5.2 (0.84s)
Creating working copy for https://github.com/apple/swift-nio-transport-services.git
Working copy of https://github.com/apple/swift-nio-transport-services.git resolved at 1.28.0
Creating working copy for https://github.com/apple/swift-nio-http2.git
Working copy of https://github.com/apple/swift-nio-http2.git resolved at 1.46.0
Creating working copy for https://github.com/awslabs/aws-sdk-swift
Working copy of https://github.com/awslabs/aws-sdk-swift resolved at 1.7.60
Creating working copy for https://github.com/swift-server/async-http-client.git
Working copy of https://github.com/swift-server/async-http-client.git resolved at 1.36.2
Creating working copy for https://github.com/apple/swift-async-algorithms.git
Working copy of https://github.com/apple/swift-async-algorithms.git resolved at 1.1.7
Creating working copy for https://github.com/apple/swift-service-context.git
Working copy of https://github.com/apple/swift-service-context.git resolved at 1.3.0
Creating working copy for https://github.com/swift-server/swift-service-lifecycle.git
Working copy of https://github.com/swift-server/swift-service-lifecycle.git resolved at 2.12.1
Creating working copy for https://github.com/apple/swift-distributed-tracing.git
Working copy of https://github.com/apple/swift-distributed-tracing.git resolved at 1.5.0
Creating working copy for https://github.com/apple/swift-algorithms.git
Working copy of https://github.com/apple/swift-algorithms.git resolved at 1.2.1
Creating working copy for https://github.com/aws-amplify/amplify-swift-utils-notifications.git
Working copy of https://github.com/aws-amplify/amplify-swift-utils-notifications.git resolved at 1.1.1
Creating working copy for https://github.com/apple/swift-system.git
Working copy of https://github.com/apple/swift-system.git resolved at 1.8.1
Creating working copy for https://github.com/awslabs/aws-crt-swift
Working copy of https://github.com/awslabs/aws-crt-swift resolved at 0.64.1
Creating working copy for https://github.com/apple/swift-http-types.git
Working copy of https://github.com/apple/swift-http-types.git resolved at 1.8.0
Creating working copy for https://github.com/apple/swift-collections.git
Working copy of https://github.com/apple/swift-collections.git resolved at 1.6.0
Creating working copy for https://github.com/mattgallagher/CwlPreconditionTesting.git
Working copy of https://github.com/mattgallagher/CwlPreconditionTesting.git resolved at 2.2.2
Creating working copy for https://github.com/apple/swift-log.git
Working copy of https://github.com/apple/swift-log.git resolved at 1.15.1
Creating working copy for https://github.com/apple/swift-http-structured-headers.git
Working copy of https://github.com/apple/swift-http-structured-headers.git resolved at 1.7.0
Creating working copy for https://github.com/apple/swift-certificates.git
Working copy of https://github.com/apple/swift-certificates.git resolved at 1.21.0
Creating working copy for https://github.com/apple/swift-asn1.git
Working copy of https://github.com/apple/swift-asn1.git resolved at 1.7.3
Creating working copy for https://github.com/stephencelis/SQLite.swift.git
Working copy of https://github.com/stephencelis/SQLite.swift.git resolved at 0.15.4
Creating working copy for https://github.com/smithy-lang/smithy-swift
Working copy of https://github.com/smithy-lang/smithy-swift resolved at 0.242.0
Creating working copy for https://github.com/apple/swift-crypto.git
Working copy of https://github.com/apple/swift-crypto.git resolved at 4.5.2
Creating working copy for https://github.com/apple/swift-argument-parser.git
Working copy of https://github.com/apple/swift-argument-parser.git resolved at 1.8.2
Creating working copy for https://github.com/swiftlang/swift-toolchain-sqlite
Working copy of https://github.com/swiftlang/swift-toolchain-sqlite resolved at 1.0.4
Creating working copy for https://github.com/apple/swift-atomics.git
Working copy of https://github.com/apple/swift-atomics.git resolved at 1.3.1
Creating working copy for https://github.com/apple/swift-nio-ssl.git
Working copy of https://github.com/apple/swift-nio-ssl.git resolved at 2.37.5
Creating working copy for https://github.com/apple/swift-nio-extras.git
Working copy of https://github.com/apple/swift-nio-extras.git resolved at 1.35.1
Creating working copy for https://github.com/apple/swift-numerics.git
Working copy of https://github.com/apple/swift-numerics.git resolved at 1.1.1
Creating working copy for https://github.com/apple/swift-nio.git
Working copy of https://github.com/apple/swift-nio.git resolved at 2.104.0
Creating working copy for https://github.com/mattgallagher/CwlCatchException.git
Working copy of https://github.com/mattgallagher/CwlCatchException.git resolved at 2.2.1
warning: you may be able to install libcrypto using your system-packager:
    apt-get install openssl libssl-dev
[0/18] Write sources
[4/18] Copying DefaultSwiftHeader.txt
[6/18] Write sources
[8/18] Write swift-version-24593BA9C3E375BF.txt
[10/31] Emitting module Logging
unable to find node: pound
unable to find node: pound
<unknown>:0: warning: upcoming feature 'InferSendableFromCaptures' is already enabled as of Swift version 6
<unknown>:0: warning: upcoming feature 'GlobalActorIsolatedTypesUsability' is already enabled as of Swift version 6
<unknown>:0: warning: upcoming feature 'DisableOutwardActorInference' is already enabled as of Swift version 6
[11/32] Emitting module ArgumentParserToolInfo
<unknown>:0: warning: upcoming feature 'InferSendableFromCaptures' is already enabled as of Swift version 6
<unknown>:0: warning: upcoming feature 'GlobalActorIsolatedTypesUsability' is already enabled as of Swift version 6
<unknown>:0: warning: upcoming feature 'DisableOutwardActorInference' is already enabled as of Swift version 6
[12/32] Compiling ArgumentParserToolInfo ToolInfo.swift
<unknown>:0: warning: upcoming feature 'InferSendableFromCaptures' is already enabled as of Swift version 6
<unknown>:0: warning: upcoming feature 'GlobalActorIsolatedTypesUsability' is already enabled as of Swift version 6
<unknown>:0: warning: upcoming feature 'DisableOutwardActorInference' is already enabled as of Swift version 6
[13/33] Wrapping AST for ArgumentParserToolInfo for debugging
[15/33] Compiling Logging Logger.swift
<unknown>:0: warning: upcoming feature 'InferSendableFromCaptures' is already enabled as of Swift version 6
<unknown>:0: warning: upcoming feature 'GlobalActorIsolatedTypesUsability' is already enabled as of Swift version 6
<unknown>:0: warning: upcoming feature 'DisableOutwardActorInference' is already enabled as of Swift version 6
[16/33] Compiling Logging LoggingSystem.swift
<unknown>:0: warning: upcoming feature 'InferSendableFromCaptures' is already enabled as of Swift version 6
<unknown>:0: warning: upcoming feature 'GlobalActorIsolatedTypesUsability' is already enabled as of Swift version 6
<unknown>:0: warning: upcoming feature 'DisableOutwardActorInference' is already enabled as of Swift version 6
[17/80] Compiling Logging Logger+With.swift
unable to find node: pound
unable to find node: pound
<unknown>:0: warning: upcoming feature 'InferSendableFromCaptures' is already enabled as of Swift version 6
<unknown>:0: warning: upcoming feature 'GlobalActorIsolatedTypesUsability' is already enabled as of Swift version 6
<unknown>:0: warning: upcoming feature 'DisableOutwardActorInference' is already enabled as of Swift version 6
[18/80] Compiling Logging MetadataProvider.swift
<unknown>:0: warning: upcoming feature 'InferSendableFromCaptures' is already enabled as of Swift version 6
<unknown>:0: warning: upcoming feature 'GlobalActorIsolatedTypesUsability' is already enabled as of Swift version 6
<unknown>:0: warning: upcoming feature 'DisableOutwardActorInference' is already enabled as of Swift version 6
[19/80] Compiling ArgumentParser ArgumentVisibility.swift
<unknown>:0: warning: upcoming feature 'InferSendableFromCaptures' is already enabled as of Swift version 6
<unknown>:0: warning: upcoming feature 'GlobalActorIsolatedTypesUsability' is already enabled as of Swift version 6
<unknown>:0: warning: upcoming feature 'DisableOutwardActorInference' is already enabled as of Swift version 6
[20/80] Compiling ArgumentParser CompletionKind.swift
<unknown>:0: warning: upcoming feature 'InferSendableFromCaptures' is already enabled as of Swift version 6
<unknown>:0: warning: upcoming feature 'GlobalActorIsolatedTypesUsability' is already enabled as of Swift version 6
<unknown>:0: warning: upcoming feature 'DisableOutwardActorInference' is already enabled as of Swift version 6
[21/80] Compiling Logging Logger+Attributes.swift
<unknown>:0: warning: upcoming feature 'InferSendableFromCaptures' is already enabled as of Swift version 6
<unknown>:0: warning: upcoming feature 'GlobalActorIsolatedTypesUsability' is already enabled as of Swift version 6
<unknown>:0: warning: upcoming feature 'DisableOutwardActorInference' is already enabled as of Swift version 6
[22/80] Compiling ArgumentParser NameSpecification.swift
<unknown>:0: warning: upcoming feature 'InferSendableFromCaptures' is already enabled as of Swift version 6
<unknown>:0: warning: upcoming feature 'GlobalActorIsolatedTypesUsability' is already enabled as of Swift version 6
<unknown>:0: warning: upcoming feature 'DisableOutwardActorInference' is already enabled as of Swift version 6
[23/80] Compiling ArgumentParser Option.swift
<unknown>:0: warning: upcoming feature 'InferSendableFromCaptures' is already enabled as of Swift version 6
<unknown>:0: warning: upcoming feature 'GlobalActorIsolatedTypesUsability' is already enabled as of Swift version 6
<unknown>:0: warning: upcoming feature 'DisableOutwardActorInference' is already enabled as of Swift version 6
[24/80] Compiling ArgumentParser Errors.swift
<unknown>:0: warning: upcoming feature 'InferSendableFromCaptures' is already enabled as of Swift version 6
<unknown>:0: warning: upcoming feature 'GlobalActorIsolatedTypesUsability' is already enabled as of Swift version 6
<unknown>:0: warning: upcoming feature 'DisableOutwardActorInference' is already enabled as of Swift version 6
[25/80] Compiling ArgumentParser Flag.swift
<unknown>:0: warning: upcoming feature 'InferSendableFromCaptures' is already enabled as of Swift version 6
<unknown>:0: warning: upcoming feature 'GlobalActorIsolatedTypesUsability' is already enabled as of Swift version 6
<unknown>:0: warning: upcoming feature 'DisableOutwardActorInference' is already enabled as of Swift version 6
[26/81] Wrapping AST for Logging for debugging
[28/147] Emitting module ArgumentParser
<unknown>:0: warning: upcoming feature 'InferSendableFromCaptures' is already enabled as of Swift version 6
<unknown>:0: warning: upcoming feature 'GlobalActorIsolatedTypesUsability' is already enabled as of Swift version 6
<unknown>:0: warning: upcoming feature 'DisableOutwardActorInference' is already enabled as of Swift version 6
[29/153] Compiling Smithy SmithyDocument.swift
<unknown>:0: warning: upcoming feature 'InferSendableFromCaptures' is already enabled as of Swift version 6
<unknown>:0: warning: upcoming feature 'GlobalActorIsolatedTypesUsability' is already enabled as of Swift version 6
<unknown>:0: warning: upcoming feature 'DisableOutwardActorInference' is already enabled as of Swift version 6
[30/153] Compiling Smithy LogAgent.swift
<unknown>:0: warning: upcoming feature 'InferSendableFromCaptures' is already enabled as of Swift version 6
<unknown>:0: warning: upcoming feature 'GlobalActorIsolatedTypesUsability' is already enabled as of Swift version 6
<unknown>:0: warning: upcoming feature 'DisableOutwardActorInference' is already enabled as of Swift version 6
[31/153] Compiling Smithy LogAgentLevel.swift
<unknown>:0: warning: upcoming feature 'InferSendableFromCaptures' is already enabled as of Swift version 6
<unknown>:0: warning: upcoming feature 'GlobalActorIsolatedTypesUsability' is already enabled as of Swift version 6
<unknown>:0: warning: upcoming feature 'DisableOutwardActorInference' is already enabled as of Swift version 6
[32/153] Compiling Smithy SwiftLog+LogAgent.swift
<unknown>:0: warning: upcoming feature 'InferSendableFromCaptures' is already enabled as of Swift version 6
<unknown>:0: warning: upcoming feature 'GlobalActorIsolatedTypesUsability' is already enabled as of Swift version 6
<unknown>:0: warning: upcoming feature 'DisableOutwardActorInference' is already enabled as of Swift version 6
[33/153] Compiling Smithy Node.swift
<unknown>:0: warning: upcoming feature 'InferSendableFromCaptures' is already enabled as of Swift version 6
<unknown>:0: warning: upcoming feature 'GlobalActorIsolatedTypesUsability' is already enabled as of Swift version 6
<unknown>:0: warning: upcoming feature 'DisableOutwardActorInference' is already enabled as of Swift version 6
[34/153] Compiling Smithy RequestMessage.swift
<unknown>:0: warning: upcoming feature 'InferSendableFromCaptures' is already enabled as of Swift version 6
<unknown>:0: warning: upcoming feature 'GlobalActorIsolatedTypesUsability' is already enabled as of Swift version 6
<unknown>:0: warning: upcoming feature 'DisableOutwardActorInference' is already enabled as of Swift version 6
[35/153] Compiling Smithy RequestMessageBuilder.swift
<unknown>:0: warning: upcoming feature 'InferSendableFromCaptures' is already enabled as of Swift version 6
<unknown>:0: warning: upcoming feature 'GlobalActorIsolatedTypesUsability' is already enabled as of Swift version 6
<unknown>:0: warning: upcoming feature 'DisableOutwardActorInference' is already enabled as of Swift version 6
[36/153] Compiling Smithy ClientError.swift
<unknown>:0: warning: upcoming feature 'InferSendableFromCaptures' is already enabled as of Swift version 6
<unknown>:0: warning: upcoming feature 'GlobalActorIsolatedTypesUsability' is already enabled as of Swift version 6
<unknown>:0: warning: upcoming feature 'DisableOutwardActorInference' is already enabled as of Swift version 6
[37/153] Compiling Smithy Context.swift
<unknown>:0: warning: upcoming feature 'InferSendableFromCaptures' is already enabled as of Swift version 6
<unknown>:0: warning: upcoming feature 'GlobalActorIsolatedTypesUsability' is already enabled as of Swift version 6
<unknown>:0: warning: upcoming feature 'DisableOutwardActorInference' is already enabled as of Swift version 6
[38/153] Compiling Smithy DocumentError.swift
<unknown>:0: warning: upcoming feature 'InferSendableFromCaptures' is already enabled as of Swift version 6
<unknown>:0: warning: upcoming feature 'GlobalActorIsolatedTypesUsability' is already enabled as of Swift version 6
<unknown>:0: warning: upcoming feature 'DisableOutwardActorInference' is already enabled as of Swift version 6
[39/153] Compiling Smithy BigDecimalDocument.swift
<unknown>:0: warning: upcoming feature 'InferSendableFromCaptures' is already enabled as of Swift version 6
<unknown>:0: warning: upcoming feature 'GlobalActorIsolatedTypesUsability' is already enabled as of Swift version 6
<unknown>:0: warning: upcoming feature 'DisableOutwardActorInference' is already enabled as of Swift version 6
[40/153] Compiling Smithy BigIntegerDocument.swift
<unknown>:0: warning: upcoming feature 'InferSendableFromCaptures' is already enabled as of Swift version 6
<unknown>:0: warning: upcoming feature 'GlobalActorIsolatedTypesUsability' is already enabled as of Swift version 6
<unknown>:0: warning: upcoming feature 'DisableOutwardActorInference' is already enabled as of Swift version 6
[41/153] Compiling Smithy BlobDocument.swift
<unknown>:0: warning: upcoming feature 'InferSendableFromCaptures' is already enabled as of Swift version 6
<unknown>:0: warning: upcoming feature 'GlobalActorIsolatedTypesUsability' is already enabled as of Swift version 6
<unknown>:0: warning: upcoming feature 'DisableOutwardActorInference' is already enabled as of Swift version 6
[42/153] Compiling ArgumentParser AsyncCompletionsValidator.swift
<unknown>:0: warning: upcoming feature 'InferSendableFromCaptures' is already enabled as of Swift version 6
<unknown>:0: warning: upcoming feature 'GlobalActorIsolatedTypesUsability' is already enabled as of Swift version 6
<unknown>:0: warning: upcoming feature 'DisableOutwardActorInference' is already enabled as of Swift version 6
[43/153] Compiling ArgumentParser CodingKeyValidator.swift
<unknown>:0: warning: upcoming feature 'InferSendableFromCaptures' is already enabled as of Swift version 6
<unknown>:0: warning: upcoming feature 'GlobalActorIsolatedTypesUsability' is already enabled as of Swift version 6
<unknown>:0: warning: upcoming feature 'DisableOutwardActorInference' is already enabled as of Swift version 6
[44/153] Compiling ArgumentParser NonsenseFlagsValidator.swift
<unknown>:0: warning: upcoming feature 'InferSendableFromCaptures' is already enabled as of Swift version 6
<unknown>:0: warning: upcoming feature 'GlobalActorIsolatedTypesUsability' is already enabled as of Swift version 6
<unknown>:0: warning: upcoming feature 'DisableOutwardActorInference' is already enabled as of Swift version 6
[45/153] Compiling ArgumentParser ParsableArgumentsValidation.swift
<unknown>:0: warning: upcoming feature 'InferSendableFromCaptures' is already enabled as of Swift version 6
<unknown>:0: warning: upcoming feature 'GlobalActorIsolatedTypesUsability' is already enabled as of Swift version 6
<unknown>:0: warning: upcoming feature 'DisableOutwardActorInference' is already enabled as of Swift version 6
[46/153] Compiling ArgumentParser PositionalArgumentsValidator.swift
<unknown>:0: warning: upcoming feature 'InferSendableFromCaptures' is already enabled as of Swift version 6
<unknown>:0: warning: upcoming feature 'GlobalActorIsolatedTypesUsability' is already enabled as of Swift version 6
<unknown>:0: warning: upcoming feature 'DisableOutwardActorInference' is already enabled as of Swift version 6
[47/153] Compiling ArgumentParser UniqueNamesValidator.swift
<unknown>:0: warning: upcoming feature 'InferSendableFromCaptures' is already enabled as of Swift version 6
<unknown>:0: warning: upcoming feature 'GlobalActorIsolatedTypesUsability' is already enabled as of Swift version 6
<unknown>:0: warning: upcoming feature 'DisableOutwardActorInference' is already enabled as of Swift version 6
[48/153] Compiling Smithy BooleanDocument.swift
<unknown>:0: warning: upcoming feature 'InferSendableFromCaptures' is already enabled as of Swift version 6
<unknown>:0: warning: upcoming feature 'GlobalActorIsolatedTypesUsability' is already enabled as of Swift version 6
<unknown>:0: warning: upcoming feature 'DisableOutwardActorInference' is already enabled as of Swift version 6
[49/153] Compiling Smithy ByteDocument.swift
<unknown>:0: warning: upcoming feature 'InferSendableFromCaptures' is already enabled as of Swift version 6
<unknown>:0: warning: upcoming feature 'GlobalActorIsolatedTypesUsability' is already enabled as of Swift version 6
<unknown>:0: warning: upcoming feature 'DisableOutwardActorInference' is already enabled as of Swift version 6
[50/153] Compiling Smithy EnumValueTrait.swift
<unknown>:0: warning: upcoming feature 'InferSendableFromCaptures' is already enabled as of Swift version 6
<unknown>:0: warning: upcoming feature 'GlobalActorIsolatedTypesUsability' is already enabled as of Swift version 6
<unknown>:0: warning: upcoming feature 'DisableOutwardActorInference' is already enabled as of Swift version 6
[51/153] Compiling Smithy ErrorTrait.swift
<unknown>:0: warning: upcoming feature 'InferSendableFromCaptures' is already enabled as of Swift version 6
<unknown>:0: warning: upcoming feature 'GlobalActorIsolatedTypesUsability' is already enabled as of Swift version 6
<unknown>:0: warning: upcoming feature 'DisableOutwardActorInference' is already enabled as of Swift version 6
[52/153] Compiling Smithy EventHeaderTrait.swift
<unknown>:0: warning: upcoming feature 'InferSendableFromCaptures' is already enabled as of Swift version 6
<unknown>:0: warning: upcoming feature 'GlobalActorIsolatedTypesUsability' is already enabled as of Swift version 6
<unknown>:0: warning: upcoming feature 'DisableOutwardActorInference' is already enabled as of Swift version 6
[53/153] Compiling Smithy EventPayloadTrait.swift
<unknown>:0: warning: upcoming feature 'InferSendableFromCaptures' is already enabled as of Swift version 6
<unknown>:0: warning: upcoming feature 'GlobalActorIsolatedTypesUsability' is already enabled as of Swift version 6
<unknown>:0: warning: upcoming feature 'DisableOutwardActorInference' is already enabled as of Swift version 6
[54/153] Compiling Smithy HTTPHeaderTrait.swift
<unknown>:0: warning: upcoming feature 'InferSendableFromCaptures' is already enabled as of Swift version 6
<unknown>:0: warning: upcoming feature 'GlobalActorIsolatedTypesUsability' is already enabled as of Swift version 6
<unknown>:0: warning: upcoming feature 'DisableOutwardActorInference' is already enabled as of Swift version 6
[55/153] Compiling Smithy HTTPLabelTrait.swift
<unknown>:0: warning: upcoming feature 'InferSendableFromCaptures' is already enabled as of Swift version 6
<unknown>:0: warning: upcoming feature 'GlobalActorIsolatedTypesUsability' is already enabled as of Swift version 6
<unknown>:0: warning: upcoming feature 'DisableOutwardActorInference' is already enabled as of Swift version 6
[56/153] Compiling Smithy HTTPQueryParamsTrait.swift
<unknown>:0: warning: upcoming feature 'InferSendableFromCaptures' is already enabled as of Swift version 6
<unknown>:0: warning: upcoming feature 'GlobalActorIsolatedTypesUsability' is already enabled as of Swift version 6
<unknown>:0: warning: upcoming feature 'DisableOutwardActorInference' is already enabled as of Swift version 6
[57/153] Compiling Smithy HTTPQueryTrait.swift
<unknown>:0: warning: upcoming feature 'InferSendableFromCaptures' is already enabled as of Swift version 6
<unknown>:0: warning: upcoming feature 'GlobalActorIsolatedTypesUsability' is already enabled as of Swift version 6
<unknown>:0: warning: upcoming feature 'DisableOutwardActorInference' is already enabled as of Swift version 6
[58/153] Compiling Smithy HTTPTrait.swift
<unknown>:0: warning: upcoming feature 'InferSendableFromCaptures' is already enabled as of Swift version 6
<unknown>:0: warning: upcoming feature 'GlobalActorIsolatedTypesUsability' is already enabled as of Swift version 6
<unknown>:0: warning: upcoming feature 'DisableOutwardActorInference' is already enabled as of Swift version 6
[59/153] Compiling Smithy TimestampDocument.swift
<unknown>:0: warning: upcoming feature 'InferSendableFromCaptures' is already enabled as of Swift version 6
<unknown>:0: warning: upcoming feature 'GlobalActorIsolatedTypesUsability' is already enabled as of Swift version 6
<unknown>:0: warning: upcoming feature 'DisableOutwardActorInference' is already enabled as of Swift version 6
[60/153] Compiling Smithy SchemaExtension.swift
<unknown>:0: warning: upcoming feature 'InferSendableFromCaptures' is already enabled as of Swift version 6
<unknown>:0: warning: upcoming feature 'GlobalActorIsolatedTypesUsability' is already enabled as of Swift version 6
<unknown>:0: warning: upcoming feature 'DisableOutwardActorInference' is already enabled as of Swift version 6
[61/153] Compiling Smithy ShapeID.swift
<unknown>:0: warning: upcoming feature 'InferSendableFromCaptures' is already enabled as of Swift version 6
<unknown>:0: warning: upcoming feature 'GlobalActorIsolatedTypesUsability' is already enabled as of Swift version 6
<unknown>:0: warning: upcoming feature 'DisableOutwardActorInference' is already enabled as of Swift version 6
[62/153] Compiling Smithy ShapeType.swift
<unknown>:0: warning: upcoming feature 'InferSendableFromCaptures' is already enabled as of Swift version 6
<unknown>:0: warning: upcoming feature 'GlobalActorIsolatedTypesUsability' is already enabled as of Swift version 6
<unknown>:0: warning: upcoming feature 'DisableOutwardActorInference' is already enabled as of Swift version 6
[63/153] Compiling Smithy Stream.swift
<unknown>:0: warning: upcoming feature 'InferSendableFromCaptures' is already enabled as of Swift version 6
<unknown>:0: warning: upcoming feature 'GlobalActorIsolatedTypesUsability' is already enabled as of Swift version 6
<unknown>:0: warning: upcoming feature 'DisableOutwardActorInference' is already enabled as of Swift version 6
[64/153] Compiling Smithy TimestampFormat.swift
<unknown>:0: warning: upcoming feature 'InferSendableFromCaptures' is already enabled as of Swift version 6
<unknown>:0: warning: upcoming feature 'GlobalActorIsolatedTypesUsability' is already enabled as of Swift version 6
<unknown>:0: warning: upcoming feature 'DisableOutwardActorInference' is already enabled as of Swift version 6
[65/153] Compiling Smithy Attribute.swift
<unknown>:0: warning: upcoming feature 'InferSendableFromCaptures' is already enabled as of Swift version 6
<unknown>:0: warning: upcoming feature 'GlobalActorIsolatedTypesUsability' is already enabled as of Swift version 6
<unknown>:0: warning: upcoming feature 'DisableOutwardActorInference' is already enabled as of Swift version 6
[66/153] Compiling Smithy ByteStream.swift
<unknown>:0: warning: upcoming feature 'InferSendableFromCaptures' is already enabled as of Swift version 6
<unknown>:0: warning: upcoming feature 'GlobalActorIsolatedTypesUsability' is already enabled as of Swift version 6
<unknown>:0: warning: upcoming feature 'DisableOutwardActorInference' is already enabled as of Swift version 6
[67/153] Emitting module Smithy
[77/162] Compiling Smithy InputTrait.swift
[78/162] Compiling Smithy JSONNameTrait.swift
[79/162] Compiling Smithy OutputTrait.swift
[80/162] Compiling Smithy RequiredTrait.swift
[81/162] Compiling Smithy SensitiveTrait.swift
[82/162] Compiling Smithy ServiceTrait.swift
[83/162] Compiling Smithy SparseTrait.swift
[84/162] Compiling Smithy StreamingTrait.swift
[85/162] Compiling Smithy TargetsUnitTrait.swift
[91/162] Compiling Smithy AddedDefaultTrait.swift
[92/162] Compiling Smithy AllRuntimeTraits.swift
[93/162] Compiling Smithy ClientOptionalTrait.swift
[94/162] Compiling Smithy DefaultTrait.swift
[95/162] Compiling Smithy Document.swift
<unknown>:0: warning: upcoming feature 'InferSendableFromCaptures' is already enabled as of Swift version 6
<unknown>:0: warning: upcoming feature 'GlobalActorIsolatedTypesUsability' is already enabled as of Swift version 6
<unknown>:0: warning: upcoming feature 'DisableOutwardActorInference' is already enabled as of Swift version 6
[96/162] Compiling Smithy DoubleDocument.swift
<unknown>:0: warning: upcoming feature 'InferSendableFromCaptures' is already enabled as of Swift version 6
<unknown>:0: warning: upcoming feature 'GlobalActorIsolatedTypesUsability' is already enabled as of Swift version 6
<unknown>:0: warning: upcoming feature 'DisableOutwardActorInference' is already enabled as of Swift version 6
[97/162] Compiling Smithy FloatDocument.swift
<unknown>:0: warning: upcoming feature 'InferSendableFromCaptures' is already enabled as of Swift version 6
<unknown>:0: warning: upcoming feature 'GlobalActorIsolatedTypesUsability' is already enabled as of Swift version 6
<unknown>:0: warning: upcoming feature 'DisableOutwardActorInference' is already enabled as of Swift version 6
[98/162] Compiling Smithy IntegerDocument.swift
<unknown>:0: warning: upcoming feature 'InferSendableFromCaptures' is already enabled as of Swift version 6
<unknown>:0: warning: upcoming feature 'GlobalActorIsolatedTypesUsability' is already enabled as of Swift version 6
<unknown>:0: warning: upcoming feature 'DisableOutwardActorInference' is already enabled as of Swift version 6
[99/162] Compiling Smithy ListDocument.swift
<unknown>:0: warning: upcoming feature 'InferSendableFromCaptures' is already enabled as of Swift version 6
<unknown>:0: warning: upcoming feature 'GlobalActorIsolatedTypesUsability' is already enabled as of Swift version 6
<unknown>:0: warning: upcoming feature 'DisableOutwardActorInference' is already enabled as of Swift version 6
[100/162] Compiling Smithy LongDocument.swift
<unknown>:0: warning: upcoming feature 'InferSendableFromCaptures' is already enabled as of Swift version 6
<unknown>:0: warning: upcoming feature 'GlobalActorIsolatedTypesUsability' is already enabled as of Swift version 6
<unknown>:0: warning: upcoming feature 'DisableOutwardActorInference' is already enabled as of Swift version 6
[101/162] Compiling Smithy NullDocument.swift
<unknown>:0: warning: upcoming feature 'InferSendableFromCaptures' is already enabled as of Swift version 6
<unknown>:0: warning: upcoming feature 'GlobalActorIsolatedTypesUsability' is already enabled as of Swift version 6
<unknown>:0: warning: upcoming feature 'DisableOutwardActorInference' is already enabled as of Swift version 6
[102/162] Compiling Smithy ShortDocument.swift
<unknown>:0: warning: upcoming feature 'InferSendableFromCaptures' is already enabled as of Swift version 6
<unknown>:0: warning: upcoming feature 'GlobalActorIsolatedTypesUsability' is already enabled as of Swift version 6
<unknown>:0: warning: upcoming feature 'DisableOutwardActorInference' is already enabled as of Swift version 6
[103/162] Compiling Smithy StringDocument.swift
<unknown>:0: warning: upcoming feature 'InferSendableFromCaptures' is already enabled as of Swift version 6
<unknown>:0: warning: upcoming feature 'GlobalActorIsolatedTypesUsability' is already enabled as of Swift version 6
<unknown>:0: warning: upcoming feature 'DisableOutwardActorInference' is already enabled as of Swift version 6
[104/162] Compiling Smithy StringMapDocument.swift
<unknown>:0: warning: upcoming feature 'InferSendableFromCaptures' is already enabled as of Swift version 6
<unknown>:0: warning: upcoming feature 'GlobalActorIsolatedTypesUsability' is already enabled as of Swift version 6
<unknown>:0: warning: upcoming feature 'DisableOutwardActorInference' is already enabled as of Swift version 6
[105/162] Compiling Smithy ResponseMessage.swift
<unknown>:0: warning: upcoming feature 'InferSendableFromCaptures' is already enabled as of Swift version 6
<unknown>:0: warning: upcoming feature 'GlobalActorIsolatedTypesUsability' is already enabled as of Swift version 6
<unknown>:0: warning: upcoming feature 'DisableOutwardActorInference' is already enabled as of Swift version 6
[106/162] Compiling Smithy ResponseMessageDeserializer.swift
<unknown>:0: warning: upcoming feature 'InferSendableFromCaptures' is already enabled as of Swift version 6
<unknown>:0: warning: upcoming feature 'GlobalActorIsolatedTypesUsability' is already enabled as of Swift version 6
<unknown>:0: warning: upcoming feature 'DisableOutwardActorInference' is already enabled as of Swift version 6
[107/162] Compiling Smithy Prelude.swift
<unknown>:0: warning: upcoming feature 'InferSendableFromCaptures' is already enabled as of Swift version 6
<unknown>:0: warning: upcoming feature 'GlobalActorIsolatedTypesUsability' is already enabled as of Swift version 6
<unknown>:0: warning: upcoming feature 'DisableOutwardActorInference' is already enabled as of Swift version 6
[108/162] Compiling Smithy Schema.swift
<unknown>:0: warning: upcoming feature 'InferSendableFromCaptures' is already enabled as of Swift version 6
<unknown>:0: warning: upcoming feature 'GlobalActorIsolatedTypesUsability' is already enabled as of Swift version 6
<unknown>:0: warning: upcoming feature 'DisableOutwardActorInference' is already enabled as of Swift version 6
[109/163] Wrapping AST for ArgumentParser for debugging
[120/163] Compiling Smithy TimestampFormatTrait.swift
[121/163] Compiling Smithy UnitTypeTrait.swift
[122/163] Compiling Smithy URI.swift
[123/163] Compiling Smithy URIQueryItem.swift
[124/163] Compiling Smithy URIScheme.swift
[125/163] Compiling Smithy UniqueIndexCounter.swift
[126/163] Compiling Smithy UniquelyIndexedByType.swift
[127/163] Compiling Smithy UniquelyIndexedCollection.swift
[128/163] Compiling Smithy UniquelyIndexedMutableCollection.swift
[158/164] Wrapping AST for Smithy for debugging
[160/182] Compiling SmithySerialization WriteValueConsumer.swift
[161/182] Compiling SmithySerialization SerializerError.swift
[162/184] Compiling SmithySerialization DeserializableShape.swift
[163/184] Compiling SmithySerialization DeserializableStruct.swift
[164/184] Compiling SmithySerialization ReadValueConsumer.swift
[165/184] Compiling SmithySerialization SerdeUtils.swift
[166/184] Compiling SmithySerialization SerializableShape.swift
[167/184] Compiling SmithySerialization ShapeDeserializer.swift
[168/184] Compiling SmithySerialization ResponseDecodingError.swift
[169/184] Emitting module SmithySerialization
[170/184] Compiling SmithySerialization ClientProtocol.swift
[171/184] Compiling SmithySerialization Operation.swift
[172/184] Compiling SmithySerialization OperationProperties.swift
[173/184] Compiling SmithySerialization SerializableStruct.swift
[174/184] Compiling SmithySerialization ShapeSerializer.swift
[175/184] Compiling SmithySerialization Codec.swift
[176/184] Compiling SmithySerialization Context+Operation.swift
[177/184] Compiling SmithySerialization DecodedNull.swift
[178/184] Compiling SmithySerialization StringSerializer.swift
[179/184] Compiling SmithySerialization TypeRegistry.swift
[180/185] Wrapping AST for SmithySerialization for debugging
[182/240] Compiling SmithyCodegenCore ShapeID+AST.swift
[183/240] Compiling SmithyCodegenCore ShapeType+AST.swift
[184/240] Compiling SmithyCodegenCore Model+Box.swift
[185/240] Compiling SmithyCodegenCore Model+Deprecated.swift
[186/240] Compiling SmithyCodegenCore Model+InputOutput.swift
[187/240] Compiling SmithyCodegenCore Model+Operations.swift
[188/240] Compiling SmithyCodegenCore Model+PruneToService.swift
[189/240] Compiling SmithyCodegenCore Model+TrimReferences.swift
[190/240] Compiling SmithyCodegenCore ASTError.swift
[191/240] Compiling SmithyCodegenCore ASTMember.swift
[192/240] Compiling SmithyCodegenCore ASTModel.swift
[193/240] Compiling SmithyCodegenCore ASTReference.swift
[194/240] Compiling SmithyCodegenCore ASTShape.swift
[195/240] Compiling SmithyCodegenCore ASTType.swift
[196/240] Compiling SmithyCodegenCore Node+AST.swift
[197/240] Compiling SmithyCodegenCore CodeGenerator.swift
[198/247] Emitting module SmithyCodegenCore
[199/247] Compiling SmithyCodegenCore EnumShape.swift
[200/247] Compiling SmithyCodegenCore HasMembers.swift
[201/247] Compiling SmithyCodegenCore IntEnumShape.swift
[202/247] Compiling SmithyCodegenCore IntegerShape.swift
[203/247] Compiling SmithyCodegenCore ListShape.swift
[204/247] Compiling SmithyCodegenCore MapShape.swift
[205/247] Compiling SmithyCodegenCore MemberShape.swift
[206/247] Compiling SmithyCodegenCore OperationShape.swift
[207/247] Compiling SmithyCodegenCore Node+Rendered.swift
[208/247] Compiling SmithyCodegenCore String+Utils.swift
[209/247] Compiling SmithyCodegenCore SwiftWriter.swift
[210/247] Compiling SmithyCodegenCore SwiftSettings.swift
[211/247] Compiling SmithyCodegenCore String+ReservedWords.swift
[212/247] Compiling SmithyCodegenCore SymbolProvider.swift
[213/247] Compiling SmithyCodegenCore SymbolProviderError.swift
[214/247] Compiling SmithyCodegenCore ResourceShape.swift
[215/247] Compiling SmithyCodegenCore ServiceShape.swift
[216/247] Compiling SmithyCodegenCore Shape+Prelude.swift
[217/247] Compiling SmithyCodegenCore Shape.swift
[218/247] Compiling SmithyCodegenCore StringShape.swift
[219/247] Compiling SmithyCodegenCore StructureShape.swift
[220/247] Compiling SmithyCodegenCore UnionShape.swift
[221/247] Compiling SmithyCodegenCore Model+Union.swift
[222/247] Compiling SmithyCodegenCore NullableIndex.swift
[223/247] Compiling SmithyCodegenCore OperationsCodegen.swift
[224/247] Compiling SmithyCodegenCore SchemasCodegen.swift
[225/247] Compiling SmithyCodegenCore Shape+Schema.swift
[226/247] Compiling SmithyCodegenCore SerializeCodegen.swift
[227/247] Compiling SmithyCodegenCore Shape+SerializeMethodName.swift
[228/247] Compiling SmithyCodegenCore DocumentShape.swift
[229/247] Compiling SmithyCodegenCore CodegenError.swift
[230/247] Compiling SmithyCodegenCore DeserializeCodegen.swift
[231/247] Compiling SmithyCodegenCore Shape+DeserializeMethodName.swift
[232/247] Compiling SmithyCodegenCore GenerationContext.swift
[233/247] Compiling SmithyCodegenCore HasShapeID.swift
[234/247] Compiling SmithyCodegenCore Model+AST.swift
[235/247] Compiling SmithyCodegenCore Model.swift
[236/247] Compiling SmithyCodegenCore ModelError.swift
[237/247] Compiling SmithyCodegenCore AllCodegenTraits.swift
[238/247] Compiling SmithyCodegenCore DeprecatedTrait.swift
[239/247] Compiling SmithyCodegenCore EnumTrait.swift
[240/247] Compiling SmithyCodegenCore UsedAsInputTrait.swift
[241/247] Compiling SmithyCodegenCore UsedAsOutputTrait.swift
[242/247] Compiling SmithyCodegenCore TypeRegistryCodegen.swift
[243/247] Compiling SmithyCodegenCore resource_bundle_accessor.swift
[244/248] Wrapping AST for SmithyCodegenCore for debugging
[246/250] Compiling SmithyCodegenCLI SmithyCodegenCLI.swift
[247/250] Emitting module SmithyCodegenCLI
[248/251] Wrapping AST for SmithyCodegenCLI for debugging
[249/251] Write Objects.LinkFileList
[250/251] Linking SmithyCodegenCLI-tool
warning: you may be able to install libcrypto using your system-packager:
    apt-get install openssl libssl-dev
warning: 'spi-builder-workspace': found 1 file(s) which are unhandled; explicitly declare them as resources or exclude from the target
    /host/spi-builder-workspace/Amplify/AGENTS.md
warning: 'spi-builder-workspace': found 1 file(s) which are unhandled; explicitly declare them as resources or exclude from the target
    /host/spi-builder-workspace/AmplifyPlugins/Core/AWSPluginsCore/WebSocket/README.md
warning: 'spi-builder-workspace': found 1 file(s) which are unhandled; explicitly declare them as resources or exclude from the target
    /host/spi-builder-workspace/AmplifyPlugins/API/Sources/AWSAPIPlugin/AppSyncRealTimeClient/README.md
warning: 'sqlite.swift': found 1 file(s) which are unhandled; explicitly declare them as resources or exclude from the target
    /host/spi-builder-workspace/.build/checkouts/SQLite.swift/Sources/SQLite/PrivacyInfo.xcprivacy
[1/1] Compiling plugin SmithyCodeGeneratorPlugin
[2/2] Compiling plugin GenerateManual
[3/3] Compiling plugin GenerateDoccReference
Building for debugging...
[3/537] Write sources
[10/537] Copying DefaultSwiftHeader.txt
[10/537] Copying PrivacyInfo.xcprivacy
[12/537] Compiling libtommathAmplify amplify_bn_mp_add_d.c
[12/537] Compiling libtommathAmplify amplify_bn_s_mp_toom_mul.c
[12/537] Compiling libtommathAmplify amplify_bn_mp_addmod.c
[12/537] Compiling libtommathAmplify amplify_bn_mp_montgomery_setup.c
[12/537] Compiling libtommathAmplify amplify_bn_mp_init_l.c
[12/537] Compiling libtommathAmplify amplify_bn_s_mp_toom_sqr.c
[18/537] Compiling libtommathAmplify amplify_bn_s_mp_reverse.c
[18/537] Compiling libtommathAmplify amplify_bn_s_mp_sqr_fast.c
[20/537] Compiling libtommathAmplify amplify_bn_s_mp_rand_jenkins.c
[20/537] Compiling libtommathAmplify amplify_bn_s_mp_sqr.c
[22/537] Compiling libtommathAmplify amplify_bn_s_mp_rand_platform.c
[23/537] Compiling libtommathAmplify amplify_bn_s_mp_sub.c
[24/537] Compiling libtommathAmplify amplify_bn_mp_and.c
[25/537] Write swift-version-24593BA9C3E375BF.txt
[26/537] Compiling libtommathAmplify amplify_bn_s_mp_mul_high_digs.c
[27/537] Compiling libtommathAmplify amplify_bn_s_mp_prime_is_divisible.c
[28/537] Compiling libtommathAmplify amplify_bn_s_mp_mul_high_digs_fast.c
[29/537] Compiling libtommathAmplify amplify_bn_s_mp_mul_digs_fast.c
[30/537] Compiling libtommathAmplify amplify_bn_s_mp_montgomery_reduce_fast.c
[31/537] Compiling libtommathAmplify amplify_bn_s_mp_karatsuba_sqr.c
[32/537] Compiling libtommathAmplify amplify_bn_s_mp_karatsuba_mul.c
[33/537] Compiling libtommathAmplify amplify_bn_s_mp_mul_digs.c
[34/537] Compiling libtommathAmplify amplify_bn_s_mp_invmod_slow.c
[35/537] Compiling libtommathAmplify amplify_bn_s_mp_get_bit.c
[36/537] Compiling libtommathAmplify amplify_bn_s_mp_exptmod.c
[37/537] Compiling libtommathAmplify amplify_bn_s_mp_invmod_fast.c
[38/537] Compiling libtommathAmplify amplify_bn_s_mp_exptmod_fast.c
[38/537] Compiling libtommathAmplify amplify_bn_s_mp_add.c
[40/537] Compiling libtommathAmplify amplify_bn_prime_tab.c
[41/537] Compiling libtommathAmplify amplify_bn_s_mp_balance_mul.c
[42/538] Compiling libtommathAmplify amplify_bn_mp_xor.c
[43/538] Compiling libtommathAmplify amplify_bn_mp_zero.c
[44/539] Compiling libtommathAmplify amplify_bn_mp_to_ubin.c
[44/539] Compiling libtommathAmplify amplify_bn_mp_ubin_size.c
[46/539] Compiling libtommathAmplify amplify_bn_mp_unpack.c
[47/539] Compiling libtommathAmplify amplify_bn_mp_to_radix.c
[48/539] Compiling libtommathAmplify amplify_bn_mp_to_sbin.c
[49/539] Compiling libtommathAmplify amplify_bn_mp_submod.c
[50/539] Compiling libtommathAmplify amplify_bn_mp_sub_d.c
[51/539] Compiling libtommathAmplify amplify_bn_mp_sqrtmod_prime.c
[52/539] Compiling libtommathAmplify amplify_bn_mp_sub.c
[53/539] Compiling libtommathAmplify amplify_bn_mp_sqr.c
[54/539] Compiling libtommathAmplify amplify_bn_mp_signed_rsh.c
[55/539] Compiling libtommathAmplify amplify_bn_mp_sqrmod.c
[56/539] Compiling libtommathAmplify amplify_bn_mp_shrink.c
[57/539] Compiling libtommathAmplify amplify_bn_mp_sqrt.c
[58/539] Compiling libtommathAmplify amplify_bn_mp_set_ull.c
[59/539] Compiling libtommathAmplify amplify_bn_mp_set_ul.c
[60/539] Compiling libtommathAmplify amplify_bn_mp_set_ll.c
[61/539] Compiling libtommathAmplify amplify_bn_mp_set_u32.c
[62/539] Compiling libtommathAmplify amplify_bn_mp_set_i64.c
[63/539] Compiling libtommathAmplify amplify_bn_mp_set_i32.c
[64/539] Compiling libtommathAmplify amplify_bn_mp_set_u64.c
[65/539] Compiling libtommathAmplify amplify_bn_mp_set_l.c
[67/539] Emitting module ArgumentParserToolInfo
<unknown>:0: warning: upcoming feature 'InferSendableFromCaptures' is already enabled as of Swift version 6
<unknown>:0: warning: upcoming feature 'GlobalActorIsolatedTypesUsability' is already enabled as of Swift version 6
<unknown>:0: warning: upcoming feature 'DisableOutwardActorInference' is already enabled as of Swift version 6
[67/540] Compiling libtommathAmplify amplify_bn_mp_set_double.c
[68/540] Compiling libtommathAmplify amplify_bn_mp_sbin_size.c
[69/540] Compiling libtommathAmplify amplify_bn_mp_set.c
[70/540] Compiling libtommathAmplify amplify_bn_mp_reduce_setup.c
[71/540] Compiling libtommathAmplify amplify_bn_mp_root_u32.c
[72/540] Compiling libtommathAmplify amplify_bn_mp_rshd.c
[73/540] Compiling libtommathAmplify amplify_bn_mp_reduce_is_2k_l.c
[74/540] Compiling libtommathAmplify amplify_bn_mp_reduce_is_2k.c
[75/540] Compiling libtommathAmplify amplify_bn_mp_reduce_2k_setup_l.c
[76/540] Compiling libtommathAmplify amplify_bn_mp_reduce_2k_setup.c
[78/540] Compiling libtommathAmplify amplify_bn_mp_reduce_2k.c
[79/540] Compiling libtommathAmplify amplify_bn_mp_reduce_2k_l.c
[80/540] Compiling libtommathAmplify amplify_bn_mp_reduce.c
[81/540] Compiling libtommathAmplify amplify_bn_mp_read_radix.c
[82/540] Compiling libtommathAmplify amplify_bn_mp_rand.c
[83/540] Compiling libtommathAmplify amplify_bn_mp_radix_smap.c
[84/540] Compiling libtommathAmplify amplify_bn_mp_prime_strong_lucas_selfridge.c
[84/540] Compiling libtommathAmplify amplify_bn_mp_prime_rand.c
[86/540] Compiling libtommathAmplify amplify_bn_mp_prime_rabin_miller_trials.c
[87/540] Compiling libtommathAmplify amplify_bn_mp_radix_size.c
[88/540] Compiling libtommathAmplify amplify_bn_mp_prime_next_prime.c
[89/540] Compiling libtommathAmplify amplify_bn_mp_prime_is_prime.c
[90/540] Compiling libtommathAmplify amplify_bn_mp_prime_miller_rabin.c
[91/540] Compiling libtommathAmplify amplify_bn_mp_prime_frobenius_underwood.c
[92/540] Wrapping AST for ArgumentParserToolInfo for debugging
[93/540] Compiling libtommathAmplify amplify_bn_mp_pack_count.c
[94/540] Compiling libtommathAmplify amplify_bn_mp_prime_fermat.c
[96/540] Emitting module Logging
unable to find node: pound
unable to find node: pound
<unknown>:0: warning: upcoming feature 'InferSendableFromCaptures' is already enabled as of Swift version 6
<unknown>:0: warning: upcoming feature 'GlobalActorIsolatedTypesUsability' is already enabled as of Swift version 6
<unknown>:0: warning: upcoming feature 'DisableOutwardActorInference' is already enabled as of Swift version 6
[96/541] Compiling libtommathAmplify amplify_bn_mp_pack.c
[97/541] Compiling libtommathAmplify amplify_bn_mp_neg.c
[98/541] Compiling libtommathAmplify amplify_bn_mp_or.c
[99/541] Compiling libtommathAmplify amplify_bn_mp_mul_2d.c
[100/541] Compiling libtommathAmplify amplify_bn_mp_mulmod.c
[101/541] Compiling libtommathAmplify amplify_bn_mp_mul_d.c
[102/541] Compiling libtommathAmplify amplify_bn_mp_mod_2d.c
[104/541] Compiling libtommathAmplify amplify_bn_mp_mul.c
[105/542] Compiling libtommathAmplify amplify_bn_mp_mul_2.c
[106/542] Compiling libtommathAmplify amplify_bn_mp_montgomery_calc_normalization.c
[106/542] Compiling libtommathAmplify amplify_bn_mp_mod.c
[108/542] Compiling libtommathAmplify amplify_bn_mp_mod_d.c
[109/542] Compiling libtommathAmplify amplify_bn_mp_montgomery_reduce.c
[110/542] Compiling libtommathAmplify amplify_bn_mp_log_u32.c
[111/542] Compiling libtommathAmplify amplify_bn_mp_lshd.c
[112/542] Compiling libtommathAmplify amplify_bn_mp_isodd.c
[113/542] Compiling libtommathAmplify amplify_bn_mp_kronecker.c
[114/542] Compiling libtommathAmplify amplify_bn_mp_lcm.c
[114/542] Compiling libtommathAmplify amplify_bn_mp_iseven.c
[116/542] Compiling libtommathAmplify amplify_bn_mp_is_square.c
[117/542] Compiling libtommathAmplify amplify_bn_mp_invmod.c
[118/542] Compiling libtommathAmplify amplify_bn_mp_init_ull.c
[118/542] Compiling libtommathAmplify amplify_bn_mp_init_ul.c
[118/542] Wrapping AST for Logging for debugging
[121/542] Compiling libtommathAmplify amplify_bn_mp_init_u64.c
[122/542] Compiling libtommathAmplify amplify_bn_mp_init_size.c
[123/542] Compiling libtommathAmplify amplify_bn_mp_init_ll.c
[123/542] Compiling libtommathAmplify amplify_bn_mp_init_set.c
[124/542] Compiling libtommathAmplify amplify_bn_mp_init_multi.c
[126/542] Compiling libtommathAmplify amplify_bn_mp_init_u32.c
[127/542] Compiling libtommathAmplify amplify_bn_mp_init_i64.c
[128/542] Compiling libtommathAmplify amplify_bn_mp_init_copy.c
[129/542] Compiling libtommathAmplify amplify_bn_mp_init_i32.c
[130/542] Compiling libtommathAmplify amplify_bn_mp_incr.c
[131/542] Compiling libtommathAmplify amplify_bn_mp_init.c
[132/542] Compiling libtommathAmplify amplify_bn_mp_grow.c
[133/542] Compiling libtommathAmplify amplify_bn_mp_get_mag_ull.c
[134/543] Compiling libtommathAmplify amplify_bn_mp_get_ll.c
[135/543] Compiling libtommathAmplify amplify_bn_mp_get_mag_u64.c
[136/543] Compiling libtommathAmplify amplify_bn_mp_get_mag_u32.c
[137/543] Compiling libtommathAmplify amplify_bn_mp_get_mag_ul.c
[137/543] Compiling libtommathAmplify amplify_bn_mp_get_l.c
[139/543] Compiling libtommathAmplify amplify_bn_mp_get_i64.c
[140/543] Compiling libtommathAmplify amplify_bn_mp_fwrite.c
[141/543] Compiling libtommathAmplify amplify_bn_mp_get_i32.c
[142/543] Compiling libtommathAmplify amplify_bn_mp_from_ubin.c
[142/543] Compiling libtommathAmplify amplify_bn_mp_from_sbin.c
[142/543] Compiling libtommathAmplify amplify_bn_mp_get_double.c
[145/543] Compiling libtommathAmplify amplify_bn_mp_gcd.c
[146/543] Compiling libtommathAmplify amplify_bn_mp_fread.c
[147/543] Compiling libtommathAmplify amplify_bn_mp_exteuclid.c
[148/543] Compiling libtommathAmplify amplify_bn_mp_expt_u32.c
[149/543] Compiling libtommathAmplify amplify_bn_mp_error_to_string.c
[149/543] Compiling libtommathAmplify amplify_bn_mp_exptmod.c
[151/543] Compiling libtommathAmplify amplify_bn_mp_exch.c
[152/543] Compiling libtommathAmplify amplify_bn_mp_dr_setup.c
[153/543] Compiling libtommathAmplify amplify_bn_mp_dr_is_modulus.c
[154/543] Compiling libtommathAmplify amplify_bn_mp_dr_reduce.c
[155/543] Compiling libtommathAmplify amplify_bn_mp_div_3.c
[156/543] Compiling libtommathAmplify amplify_bn_mp_div_2d.c
[157/543] Compiling libtommathAmplify amplify_bn_mp_div_2.c
[158/543] Compiling libtommathAmplify amplify_bn_mp_div_d.c
[159/543] Compiling libtommathAmplify amplify_bn_mp_complement.c
[160/543] Compiling libtommathAmplify amplify_bn_mp_count_bits.c
[161/543] Compiling libtommathAmplify amplify_bn_mp_div.c
[161/543] Compiling libtommathAmplify amplify_bn_mp_copy.c
[163/543] Compiling libtommathAmplify amplify_bn_mp_decr.c
[164/543] Compiling libtommathAmplify amplify_bn_mp_cnt_lsb.c
[165/543] Compiling libtommathAmplify amplify_bn_mp_clear_multi.c
[166/543] Compiling libtommathAmplify amplify_bn_mp_cmp_d.c
[167/543] Compiling libtommathAmplify amplify_bn_mp_cmp_mag.c
[168/543] Compiling libtommathAmplify amplify_bn_mp_clamp.c
[168/543] Compiling libtommathAmplify amplify_bn_mp_cmp.c
[170/543] Compiling libtommathAmplify amplify_bn_mp_clear.c
[170/543] Copying PrivacyInfo.xcprivacy
[170/543] Write sources
[191/543] Emitting module ArgumentParser
<unknown>:0: warning: upcoming feature 'InferSendableFromCaptures' is already enabled as of Swift version 6
<unknown>:0: warning: upcoming feature 'GlobalActorIsolatedTypesUsability' is already enabled as of Swift version 6
<unknown>:0: warning: upcoming feature 'DisableOutwardActorInference' is already enabled as of Swift version 6
[191/544] Compiling libtommathAmplify amplify_bn_mp_add.c
[191/544] Write sources
[191/544] Compiling libtommathAmplify amplify_bn_mp_2expt.c
[191/544] Compiling libtommathAmplify amplify_bn_mp_abs.c
[191/544] Write sources
[191/544] Compiling CwlMachBadInstructionHandler mach_excServer.c
[191/544] Compiling CwlMachBadInstructionHandler CwlMachBadInstructionHandler.m
In file included from /host/spi-builder-workspace/.build/checkouts/CwlCatchException/Sources/CwlCatchExceptionSupport/CwlCatchException.m:21:
/host/spi-builder-workspace/.build/checkouts/CwlCatchException/Sources/CwlCatchExceptionSupport/include/CwlCatchException.h:21:9: fatal error: 'Foundation/Foundation.h' file not found
   21 | #import <Foundation/Foundation.h>
      |         ^~~~~~~~~~~~~~~~~~~~~~~~~
1 error generated.
[191/544] Compiling CwlCatchExceptionSupport CwlCatchException.m
[191/544] Compiling libtommathAmplify amplify_bn_cutoffs.c
[191/544] Compiling libtommathAmplify amplify_bn_deprecated.c
[191/544] Compiling mqtt5_types.c
[257/544] Compiling rate_limiters.c
[312/544] Compiling mqtt5_utils.c
Running build ...
bash -c docker run --pull=always --rm -v "checkouts-54344845-2":/host -w "$PWD" -e JAVA_HOME="/root/.sdkman/candidates/java/current" -e SPI_BUILD="1" -e SPI_PROCESSING="1" registry.gitlab.com/saguaro1/spi-images:wasm-6.1-latest swift build --swift-sdk wasm32-unknown-wasi 2>&1
wasm-6.1-latest: Pulling from saguaro1/spi-images
Digest: sha256:005e294ea72e7f7733559677ac003354f37dc6afb35c5bbab6bc9a95fc174f44
Status: Image is up to date for registry.gitlab.com/saguaro1/spi-images:wasm-6.1-latest
warning: you may be able to install libcrypto using your system-packager:
    apt-get install openssl libssl-dev
[0/11] Copying DefaultSwiftHeader.txt
[1/11] Write swift-version-24593BA9C3E375BF.txt
[3/24] Compiling Logging SwiftLogNoOpLogHandler.swift
[4/24] Compiling Logging Locks.swift
[5/25] Compiling Logging LoggingSystem.swift
[6/25] Compiling Logging Logger+Attributes.swift
[7/25] Compiling Logging Logger+With.swift
unable to find node: pound
unable to find node: pound
[8/25] Compiling Logging MetadataProvider.swift
[9/25] Compiling Logging MultiplexLogHandler.swift
[10/25] Compiling Logging StreamLogHandler.swift
[11/25] Compiling Logging LogEvent.swift
[12/25] Compiling Logging LogHandler.swift
[13/25] Compiling Logging Logger.swift
[14/25] Emitting module Logging
unable to find node: pound
unable to find node: pound
[15/26] Wrapping AST for Logging for debugging
[17/26] Compiling ArgumentParserToolInfo ToolInfo.swift
[18/26] Emitting module ArgumentParserToolInfo
[19/93] Wrapping AST for ArgumentParserToolInfo for debugging
[21/140] Compiling ArgumentParser Option.swift
[22/140] Compiling ArgumentParser OptionGroup.swift
[23/140] Compiling ArgumentParser BashCompletionsGenerator.swift
[24/140] Compiling ArgumentParser CompletionsGenerator.swift
[25/140] Compiling ArgumentParser FishCompletionsGenerator.swift
[26/140] Compiling ArgumentParser ZshCompletionsGenerator.swift
[27/140] Compiling ArgumentParser Argument.swift
[28/140] Compiling ArgumentParser ArgumentDiscussion.swift
[29/140] Compiling ArgumentParser ArgumentHelp.swift
[30/149] Compiling Smithy TimestampDocument.swift
[31/149] Compiling Smithy SmithyDocument.swift
[32/149] Compiling Smithy LogAgent.swift
[33/149] Compiling Smithy LogAgentLevel.swift
[34/149] Compiling Smithy SwiftLog+LogAgent.swift
[35/149] Compiling Smithy Node.swift
[36/149] Compiling Smithy RequestMessage.swift
[37/149] Compiling Smithy RequestMessageBuilder.swift
[38/149] Compiling Smithy RequestMessageSerializer.swift
[39/149] Compiling ArgumentParser UsageGenerator.swift
[40/149] Compiling ArgumentParser CollectionExtensions.swift
[41/149] Compiling ArgumentParser Foundation.swift
[42/149] Compiling ArgumentParser Mutex.swift
[43/149] Compiling ArgumentParser Platform.swift
[44/149] Compiling ArgumentParser SequenceExtensions.swift
[45/149] Compiling ArgumentParser StringExtensions.swift
[46/149] Compiling ArgumentParser SwiftExtensions.swift
[47/149] Compiling ArgumentParser Tree.swift
[48/149] Compiling Smithy Document.swift
[49/149] Compiling Smithy DoubleDocument.swift
[50/149] Compiling Smithy FloatDocument.swift
[51/149] Compiling Smithy IntegerDocument.swift
[52/149] Compiling Smithy ListDocument.swift
[53/149] Compiling Smithy LongDocument.swift
[54/149] Compiling Smithy NullDocument.swift
[55/149] Compiling Smithy ShortDocument.swift
[56/149] Compiling Smithy StringDocument.swift
[57/149] Compiling Smithy StringMapDocument.swift
[58/149] Compiling ArgumentParser Name.swift
[59/149] Compiling ArgumentParser Parsed.swift
[60/149] Compiling ArgumentParser ParsedValues.swift
[61/149] Compiling ArgumentParser ParserError.swift
[62/149] Compiling ArgumentParser SplitArguments.swift
[63/149] Compiling ArgumentParser DumpHelpGenerator.swift
[64/149] Compiling ArgumentParser HelpCommand.swift
[65/149] Compiling ArgumentParser HelpGenerator.swift
[66/149] Compiling ArgumentParser MessageInfo.swift
[67/149] Compiling ArgumentParser ParsableCommand.swift
[68/149] Compiling ArgumentParser ArgumentDecoder.swift
[69/149] Compiling ArgumentParser ArgumentDefinition.swift
[70/149] Compiling ArgumentParser ArgumentSet.swift
[71/149] Compiling ArgumentParser CommandParser.swift
[72/149] Compiling ArgumentParser InputKey.swift
[73/149] Compiling ArgumentParser InputOrigin.swift
[74/149] Compiling ArgumentParser ParentCommand.swift
[75/149] Compiling ArgumentParser AsyncParsableCommand.swift
[76/149] Compiling ArgumentParser CommandConfiguration.swift
[77/149] Compiling ArgumentParser CommandGroup.swift
[78/149] Compiling ArgumentParser EnumerableFlag.swift
[79/149] Compiling ArgumentParser ExpressibleByArgument.swift
[80/149] Compiling ArgumentParser ParsableArguments.swift
[81/149] Compiling ArgumentParser ArgumentVisibility.swift
[82/149] Compiling ArgumentParser CompletionKind.swift
[83/149] Compiling ArgumentParser Errors.swift
[84/149] Compiling ArgumentParser Flag.swift
[85/149] Compiling ArgumentParser NameSpecification.swift
[86/149] Emitting module Smithy
[93/155] Compiling Smithy TimestampFormatTrait.swift
[94/155] Compiling Smithy UnitTypeTrait.swift
[95/155] Compiling Smithy URI.swift
[96/155] Compiling Smithy URIQueryItem.swift
[97/155] Compiling Smithy URIScheme.swift
[98/155] Compiling Smithy UniqueIndexCounter.swift
[99/155] Compiling Smithy UniquelyIndexedByType.swift
[100/155] Compiling Smithy UniquelyIndexedCollection.swift
[101/155] Compiling Smithy UniquelyIndexedMutableCollection.swift
[103/173] Compiling SmithySerialization WriteValueConsumer.swift
[104/173] Compiling SmithySerialization SerializerError.swift
[108/175] Compiling SmithySerialization DeserializableShape.swift
[112/175] Compiling SmithySerialization DeserializableStruct.swift
[114/175] Compiling SmithySerialization ReadValueConsumer.swift
[120/175] Compiling SmithySerialization Codec.swift
[121/175] Compiling SmithySerialization Context+Operation.swift
[122/175] Compiling SmithySerialization DecodedNull.swift
[123/175] Compiling SmithySerialization ShapeDeserializer.swift
[124/175] Compiling SmithySerialization ResponseDecodingError.swift
[125/175] Compiling ArgumentParser AsyncCompletionsValidator.swift
[126/175] Compiling ArgumentParser CodingKeyValidator.swift
[127/175] Compiling ArgumentParser NonsenseFlagsValidator.swift
[128/175] Compiling ArgumentParser ParsableArgumentsValidation.swift
[129/175] Compiling ArgumentParser PositionalArgumentsValidator.swift
[130/175] Compiling ArgumentParser UniqueNamesValidator.swift
[131/175] Emitting module SmithySerialization
[132/175] Compiling SmithySerialization ClientProtocol.swift
[133/175] Compiling SmithySerialization Operation.swift
[134/175] Compiling SmithySerialization OperationProperties.swift
[135/175] Compiling SmithySerialization SerializableStruct.swift
[136/175] Compiling SmithySerialization ShapeSerializer.swift
[137/175] Compiling SmithySerialization SerdeUtils.swift
[138/175] Compiling SmithySerialization SerializableShape.swift
[139/175] Compiling SmithySerialization StringSerializer.swift
[140/175] Compiling SmithySerialization TypeRegistry.swift
[142/230] Emitting module SmithyCodegenCore
[143/237] Compiling SmithyCodegenCore EnumShape.swift
[144/237] Compiling SmithyCodegenCore HasMembers.swift
[145/237] Compiling SmithyCodegenCore IntEnumShape.swift
[146/237] Compiling SmithyCodegenCore IntegerShape.swift
[147/237] Compiling SmithyCodegenCore ListShape.swift
[148/237] Compiling SmithyCodegenCore MapShape.swift
[149/237] Compiling SmithyCodegenCore MemberShape.swift
[150/237] Compiling SmithyCodegenCore OperationShape.swift
[151/237] Compiling SmithyCodegenCore AllCodegenTraits.swift
[152/237] Compiling SmithyCodegenCore DeprecatedTrait.swift
[153/237] Compiling SmithyCodegenCore EnumTrait.swift
[154/237] Compiling SmithyCodegenCore UsedAsInputTrait.swift
[155/237] Compiling SmithyCodegenCore UsedAsOutputTrait.swift
[156/237] Compiling SmithyCodegenCore TypeRegistryCodegen.swift
[157/237] Compiling SmithyCodegenCore resource_bundle_accessor.swift
[158/237] Compiling SmithyCodegenCore CodegenError.swift
[159/237] Compiling SmithyCodegenCore DeserializeCodegen.swift
[160/237] Compiling SmithyCodegenCore Shape+DeserializeMethodName.swift
[161/237] Compiling SmithyCodegenCore GenerationContext.swift
[162/237] Compiling SmithyCodegenCore HasShapeID.swift
[163/237] Compiling SmithyCodegenCore Model+AST.swift
[164/237] Compiling SmithyCodegenCore Model.swift
[165/237] Compiling SmithyCodegenCore ModelError.swift
[166/237] Compiling SmithyCodegenCore ResourceShape.swift
[167/237] Compiling SmithyCodegenCore ServiceShape.swift
[168/237] Compiling SmithyCodegenCore Shape+Prelude.swift
[169/237] Compiling SmithyCodegenCore Shape.swift
[170/237] Compiling SmithyCodegenCore StringShape.swift
[171/237] Compiling SmithyCodegenCore StructureShape.swift
[172/237] Compiling SmithyCodegenCore UnionShape.swift
[173/237] Compiling SmithyCodegenCore Node+Rendered.swift
[174/237] Compiling SmithyCodegenCore String+Utils.swift
[175/237] Compiling SmithyCodegenCore SwiftWriter.swift
[176/237] Compiling SmithyCodegenCore SwiftSettings.swift
[177/237] Compiling SmithyCodegenCore String+ReservedWords.swift
[178/237] Compiling SmithyCodegenCore SymbolProvider.swift
[179/237] Compiling SmithyCodegenCore SymbolProviderError.swift
[180/237] Compiling SmithyCodegenCore SerializeCodegen.swift
[181/237] Compiling SmithyCodegenCore Shape+SerializeMethodName.swift
[182/237] Compiling SmithyCodegenCore DocumentShape.swift
[183/237] Compiling SmithyCodegenCore ASTError.swift
[184/237] Compiling SmithyCodegenCore ASTMember.swift
[185/237] Compiling SmithyCodegenCore ASTModel.swift
[186/237] Compiling SmithyCodegenCore ASTReference.swift
[194/237] Emitting module ArgumentParser
[195/237] Compiling SmithyCodegenCore Model+PruneToService.swift
[196/237] Compiling SmithyCodegenCore Model+TrimReferences.swift
[197/237] Compiling SmithyCodegenCore Model+Union.swift
[198/237] Compiling SmithyCodegenCore NullableIndex.swift
[199/237] Compiling SmithyCodegenCore OperationsCodegen.swift
[200/237] Compiling SmithyCodegenCore SchemasCodegen.swift
[201/237] Compiling SmithyCodegenCore Shape+Schema.swift
[203/237] Compiling SmithyCodegenCore ShapeID+AST.swift
[204/237] Compiling SmithyCodegenCore ShapeType+AST.swift
[205/237] Compiling SmithyCodegenCore Model+Box.swift
[206/237] Compiling SmithyCodegenCore Model+Deprecated.swift
[207/237] Compiling SmithyCodegenCore Model+InputOutput.swift
[208/237] Compiling SmithyCodegenCore Model+Operations.swift
[229/238] Compiling SmithyCodegenCore ASTShape.swift
[230/238] Compiling SmithyCodegenCore ASTType.swift
[231/238] Compiling SmithyCodegenCore Node+AST.swift
[232/238] Compiling SmithyCodegenCore CodeGenerator.swift
[235/239] Compiling SmithyCodegenCLI SmithyCodegenCLI.swift
[236/239] Emitting module SmithyCodegenCLI
[237/239] Write Objects.LinkFileList
[238/239] Linking SmithyCodegenCLI-tool
warning: you may be able to install libcrypto using your system-packager:
    apt-get install openssl libssl-dev
warning: 'spi-builder-workspace': found 1 file(s) which are unhandled; explicitly declare them as resources or exclude from the target
    /host/spi-builder-workspace/AmplifyPlugins/Core/AmplifyCredentialsTests/AWSPluginsSDKCore.xctestplan
warning: 'spi-builder-workspace': found 3 file(s) which are unhandled; explicitly declare them as resources or exclude from the target
    /host/spi-builder-workspace/AmplifyPlugins/Predictions/Tests/CoreMLPredictionsPluginUnitTests/TestResources/Info.plist
    /host/spi-builder-workspace/AmplifyPlugins/Predictions/Tests/CoreMLPredictionsPluginUnitTests/TestResources/audio.wav
    /host/spi-builder-workspace/AmplifyPlugins/Predictions/Tests/CoreMLPredictionsPluginUnitTests/README.md
warning: 'spi-builder-workspace': found 2 file(s) which are unhandled; explicitly declare them as resources or exclude from the target
    /host/spi-builder-workspace/AmplifyPlugins/Predictions/Tests/AWSPredictionsPluginUnitTests/TestResources/README.md
    /host/spi-builder-workspace/AmplifyPlugins/Predictions/Tests/AWSPredictionsPluginUnitTests/TestResources/Info.plist
warning: 'spi-builder-workspace': found 1 file(s) which are unhandled; explicitly declare them as resources or exclude from the target
    /host/spi-builder-workspace/AmplifyPlugins/API/Tests/AWSAPIPluginTests/APISwiftCompatibility/README.md
warning: 'spi-builder-workspace': found 1 file(s) which are unhandled; explicitly declare them as resources or exclude from the target
    /host/spi-builder-workspace/Amplify/AGENTS.md
warning: 'spi-builder-workspace': found 1 file(s) which are unhandled; explicitly declare them as resources or exclude from the target
    /host/spi-builder-workspace/AmplifyPlugins/Core/AWSPluginsCore/WebSocket/README.md
warning: 'spi-builder-workspace': found 1 file(s) which are unhandled; explicitly declare them as resources or exclude from the target
    /host/spi-builder-workspace/AmplifyPlugins/API/Sources/AWSAPIPlugin/AppSyncRealTimeClient/README.md
warning: 'sqlite.swift': found 1 file(s) which are unhandled; explicitly declare them as resources or exclude from the target
    /host/spi-builder-workspace/.build/checkouts/SQLite.swift/Sources/SQLite/PrivacyInfo.xcprivacy
[0/1] Planning build
[1/1] Compiling plugin SmithyCodeGeneratorPlugin
[2/2] Compiling plugin GenerateManual
[3/3] Compiling plugin GenerateDoccReference
Building for debugging...
In file included from /host/spi-builder-workspace/.build/checkouts/CwlCatchException/Sources/CwlCatchExceptionSupport/CwlCatchException.m:21:
/host/spi-builder-workspace/.build/checkouts/CwlCatchException/Sources/CwlCatchExceptionSupport/include/CwlCatchException.h:21:9: fatal error: 'Foundation/Foundation.h' file not found
   21 | #import <Foundation/Foundation.h>
      |         ^~~~~~~~~~~~~~~~~~~~~~~~~
1 error generated.
[3/330] Compiling CwlCatchExceptionSupport CwlCatchException.m
[3/330] Compiling mqtt5_types.c
[3/330] Compiling rate_limiters.c
[3/330] Compiling mqtt5_to_mqtt3_adapter.c
[3/330] Compiling mqtt5_listener.c
[3/330] Compiling mqtt5_topic_alias.c
[3/330] Compiling mqtt5_utils.c
[3/330] Compiling mqtt5_options_storage.c
BUILD FAILURE 6.1 wasm