The Swift Package Index logo.Swift Package Index

Build Information

Failed to build RIBsTreeViewerClient, reference master (b71f31), with Swift 6.2 for Linux on 25 Jun 2026 12:12:58 UTC.

Build Command

bash -c docker run --pull=always --rm -v "checkouts-53886768-0":/host -w "$PWD" -e JAVA_HOME="/root/.sdkman/candidates/java/current" -e SPI_BUILD="1" -e SPI_PROCESSING="1" registry.gitlab.com/swiftpackageindex/spi-images:basic-6.2-latest swift build --triple x86_64-unknown-linux-gnu 2>&1

Build Log

========================================
RunAll
========================================
Builder version: 4071e0796c748d991a0123890d2f0ecadc8fcc8c
Interrupt handler set up.
========================================
Checkout
========================================
Clone URL: https://github.com/srea/RIBsTreeViewerClient.git
Reference: master
Initialized empty Git repository in /host/spi-builder-workspace/.git/
hint: Using 'master' as the name for the initial branch. This default branch name
hint: is subject to change. To configure the initial branch name to use in all
hint: of your new repositories, which will suppress this warning, call:
hint:
hint: 	git config --global init.defaultBranch <name>
hint:
hint: Names commonly chosen instead of 'master' are 'main', 'trunk' and
hint: 'development'. The just-created branch can be renamed via this command:
hint:
hint: 	git branch -m <name>
From https://github.com/srea/RIBsTreeViewerClient
 * branch            master     -> FETCH_HEAD
 * [new branch]      master     -> origin/master
HEAD is now at b71f319 Merge pull request #42 from srea/cursor/unify-npm-e1d0
Cloned https://github.com/srea/RIBsTreeViewerClient.git
Revision (git rev-parse @):
b71f3190d0cdf36eb9e65c363ef5b51eca060d45
SUCCESS checkout https://github.com/srea/RIBsTreeViewerClient.git at master
========================================
Build
========================================
Selected platform:         linux
Swift version:             6.2
Building package at path:  $PWD
https://github.com/srea/RIBsTreeViewerClient.git
Running build ...
bash -c docker run --pull=always --rm -v "checkouts-53886768-0":/host -w "$PWD" -e JAVA_HOME="/root/.sdkman/candidates/java/current" -e SPI_BUILD="1" -e SPI_PROCESSING="1" registry.gitlab.com/swiftpackageindex/spi-images:basic-6.2-latest swift build --triple x86_64-unknown-linux-gnu 2>&1
basic-6.2-latest: Pulling from swiftpackageindex/spi-images
Digest: sha256:c1e64916691157aa211c844e845a45f54e1288d5927bb1481ff28ec0cfa5960d
Status: Image is up to date for registry.gitlab.com/swiftpackageindex/spi-images:basic-6.2-latest
Fetching https://github.com/uber/RIBs-iOS.git
Fetching https://github.com/ReactiveX/RxSwift.git
[1/3090] Fetching ribs-ios
[3091/57425] Fetching ribs-ios, rxswift
Fetched https://github.com/uber/RIBs-iOS.git from cache (3.95s)
Fetched https://github.com/ReactiveX/RxSwift.git from cache (4.00s)
Computing version for https://github.com/uber/RIBs-iOS.git
Computed https://github.com/uber/RIBs-iOS.git at 1.0.0 (4.17s)
Computing version for https://github.com/ReactiveX/RxSwift.git
Computed https://github.com/ReactiveX/RxSwift.git at 6.10.2 (0.19s)
Creating working copy for https://github.com/uber/RIBs-iOS.git
Working copy of https://github.com/uber/RIBs-iOS.git resolved at 1.0.0
Creating working copy for https://github.com/ReactiveX/RxSwift.git
Working copy of https://github.com/ReactiveX/RxSwift.git resolved at 6.10.2
warning: 'ribs-ios': found 1 file(s) which are unhandled; explicitly declare them as resources or exclude from the target
    /host/spi-builder-workspace/.build/checkouts/RIBs-iOS/RIBs/Info.plist
Building for debugging...
[0/7] Write sources
[1/7] Copying PrivacyInfo.xcprivacy
[1/7] Write sources
[6/7] Write swift-version-24593BA9C3E375BF.txt
[8/151] Emitting module RxSwift
[9/171] Compiling RxSwift Never.swift
[10/171] Compiling RxSwift NopDisposable.swift
[11/171] Compiling RxSwift Observable+Concurrency.swift
[12/171] Compiling RxSwift Observable.swift
[13/171] Compiling RxSwift ObservableConvertibleType+Infallible.swift
[14/171] Compiling RxSwift ObservableConvertibleType.swift
[15/171] Compiling RxSwift ObservableType+Extensions.swift
[16/171] Compiling RxSwift ObservableType+PrimitiveSequence.swift
[17/171] Compiling RxSwift ObservableType.swift
[18/171] Compiling RxSwift ObserveOn.swift
[19/171] Compiling RxSwift ObserverBase.swift
[20/171] Compiling RxSwift ObserverType.swift
[21/171] Compiling RxSwift OperationQueueScheduler.swift
[22/171] Compiling RxSwift Optional.swift
[23/171] Compiling RxSwift Platform.Darwin.swift
[24/171] Compiling RxSwift Platform.Linux.swift
[25/171] Compiling RxSwift PrimitiveSequence+Concurrency.swift
[26/171] Compiling RxSwift PrimitiveSequence+Zip+arity.swift
[27/171] Compiling RxSwift PrimitiveSequence.swift
[28/171] Compiling RxSwift PriorityQueue.swift
[29/171] Compiling RxSwift DispatchQueueConfiguration.swift
[30/171] Compiling RxSwift Disposable.swift
[31/171] Compiling RxSwift Disposables.swift
[32/171] Compiling RxSwift DisposeBag.swift
[33/171] Compiling RxSwift DisposeBase.swift
[34/171] Compiling RxSwift DistinctUntilChanged.swift
[35/171] Compiling RxSwift Do.swift
[36/171] Compiling RxSwift ElementAt.swift
[37/171] Compiling RxSwift Empty.swift
[38/171] Compiling RxSwift Enumerated.swift
[39/171] Compiling RxSwift Error.swift
[40/171] Compiling RxSwift Errors.swift
[41/171] Compiling RxSwift Event.swift
[42/171] Compiling RxSwift Filter.swift
[43/171] Compiling RxSwift First.swift
[44/171] Compiling RxSwift Generate.swift
[45/171] Compiling RxSwift GroupBy.swift
[46/171] Compiling RxSwift GroupedObservable.swift
[47/171] Compiling RxSwift HistoricalScheduler.swift
[48/171] Compiling RxSwift HistoricalSchedulerTimeConverter.swift
[49/171] Compiling RxSwift ImmediateSchedulerType.swift
[50/171] Compiling RxSwift Producer.swift
[51/171] Compiling RxSwift PublishSubject.swift
[52/171] Compiling RxSwift Queue.swift
[53/171] Compiling RxSwift Range.swift
[54/171] Compiling RxSwift Reactive.swift
[55/171] Compiling RxSwift RecursiveLock.swift
[56/171] Compiling RxSwift RecursiveScheduler.swift
[57/171] Compiling RxSwift Reduce.swift
[58/171] Compiling RxSwift RefCountDisposable.swift
[59/171] Compiling RxSwift Repeat.swift
[60/171] Compiling RxSwift ReplaySubject.swift
[61/171] Compiling RxSwift RetryWhen.swift
[62/171] Compiling RxSwift Rx.swift
[63/171] Compiling RxSwift RxMutableBox.swift
[64/171] Compiling RxSwift Sample.swift
[65/171] Compiling RxSwift Scan.swift
[66/171] Compiling RxSwift ScheduledDisposable.swift
[67/171] Compiling RxSwift ScheduledItem.swift
[68/171] Compiling RxSwift ScheduledItemType.swift
[69/171] Compiling RxSwift SchedulerServices+Emulation.swift
[70/171] Compiling RxSwift SynchronizedOnType.swift
[71/171] Compiling RxSwift SynchronizedUnsubscribeType.swift
[72/171] Compiling RxSwift TailRecursiveSink.swift
[73/171] Compiling RxSwift Take.swift
[74/171] Compiling RxSwift TakeLast.swift
[75/171] Compiling RxSwift TakeWithPredicate.swift
[76/171] Compiling RxSwift Throttle.swift
[77/171] Compiling RxSwift Timeout.swift
[78/171] Compiling RxSwift Timer.swift
[79/171] Compiling RxSwift ToArray.swift
[80/171] Compiling RxSwift Using.swift
[81/171] Compiling RxSwift VirtualTimeConverterType.swift
[82/171] Compiling RxSwift VirtualTimeScheduler.swift
[83/171] Compiling RxSwift Window.swift
[84/171] Compiling RxSwift WithLatestFrom.swift
[85/171] Compiling RxSwift WithUnretained.swift
[86/171] Compiling RxSwift Zip+Collection.swift
[87/171] Compiling RxSwift Zip+arity.swift
[88/171] Compiling RxSwift Zip.swift
[89/171] Compiling RxSwift resource_bundle_accessor.swift
[90/171] Compiling RxSwift SchedulerType.swift
[91/171] Compiling RxSwift Sequence.swift
[92/171] Compiling RxSwift SerialDispatchQueueScheduler.swift
[93/171] Compiling RxSwift SerialDisposable.swift
[94/171] Compiling RxSwift ShareReplayScope.swift
[95/171] Compiling RxSwift Single.swift
[96/171] Compiling RxSwift SingleAssignmentDisposable.swift
[97/171] Compiling RxSwift SingleAsync.swift
[98/171] Compiling RxSwift Sink.swift
[99/171] Compiling RxSwift Skip.swift
[100/171] Compiling RxSwift SkipUntil.swift
[101/171] Compiling RxSwift SkipWhile.swift
[102/171] Compiling RxSwift StartWith.swift
[103/171] Compiling RxSwift SubjectType.swift
[104/171] Compiling RxSwift SubscribeOn.swift
[105/171] Compiling RxSwift SubscriptionDisposable.swift
[106/171] Compiling RxSwift SwiftSupport.swift
[107/171] Compiling RxSwift Switch.swift
[108/171] Compiling RxSwift SwitchIfEmpty.swift
[109/171] Compiling RxSwift SynchronizedDisposeType.swift
[110/171] Compiling RxSwift AddRef.swift
[111/171] Compiling RxSwift Amb.swift
[112/171] Compiling RxSwift AnonymousDisposable.swift
[113/171] Compiling RxSwift AnonymousObserver.swift
[114/171] Compiling RxSwift AnyObserver.swift
[115/171] Compiling RxSwift AsMaybe.swift
[116/171] Compiling RxSwift AsSingle.swift
[117/171] Compiling RxSwift AsyncLock.swift
[118/171] Compiling RxSwift AsyncSubject.swift
[119/171] Compiling RxSwift AtomicInt.swift
[120/171] Compiling RxSwift Bag+Rx.swift
[121/171] Compiling RxSwift Bag.swift
[122/171] Compiling RxSwift BehaviorSubject.swift
[123/171] Compiling RxSwift BinaryDisposable.swift
[124/171] Compiling RxSwift Binder.swift
[125/171] Compiling RxSwift BooleanDisposable.swift
[126/171] Compiling RxSwift Buffer.swift
[127/171] Compiling RxSwift Cancelable.swift
[128/171] Compiling RxSwift Catch.swift
[129/171] Compiling RxSwift CombineLatest+Collection.swift
[130/171] Compiling RxSwift CombineLatest+arity.swift
[131/171] Compiling RxSwift Infallible+CombineLatest+Collection.swift
[132/171] Compiling RxSwift Infallible+CombineLatest+arity.swift
[133/171] Compiling RxSwift Infallible+Concurrency.swift
[134/171] Compiling RxSwift Infallible+Create.swift
[135/171] Compiling RxSwift Infallible+Debug.swift
[136/171] Compiling RxSwift Infallible+Operators.swift
[137/171] Compiling RxSwift Infallible+Zip+arity.swift
[138/171] Compiling RxSwift Infallible.swift
[139/171] Compiling RxSwift InfiniteSequence.swift
[140/171] Compiling RxSwift InvocableScheduledItem.swift
[141/171] Compiling RxSwift InvocableType.swift
[142/171] Compiling RxSwift Just.swift
[143/171] Compiling RxSwift Lock.swift
[144/171] Compiling RxSwift LockOwnerType.swift
[145/171] Compiling RxSwift MainScheduler.swift
[146/171] Compiling RxSwift Map.swift
[147/171] Compiling RxSwift Materialize.swift
[148/171] Compiling RxSwift Maybe.swift
[149/171] Compiling RxSwift Merge.swift
[150/171] Compiling RxSwift Multicast.swift
[151/171] Compiling RxSwift CombineLatest.swift
[152/171] Compiling RxSwift CompactMap.swift
[153/171] Compiling RxSwift Completable+AndThen.swift
[154/171] Compiling RxSwift Completable.swift
[155/171] Compiling RxSwift CompositeDisposable.swift
[156/171] Compiling RxSwift Concat.swift
[157/171] Compiling RxSwift ConcurrentDispatchQueueScheduler.swift
[158/171] Compiling RxSwift ConcurrentMainScheduler.swift
[159/171] Compiling RxSwift ConnectableObservableType.swift
[160/171] Compiling RxSwift Create.swift
[161/171] Compiling RxSwift CurrentThreadScheduler.swift
[162/171] Compiling RxSwift Date+Dispatch.swift
[163/171] Compiling RxSwift Debounce.swift
[164/171] Compiling RxSwift Debug.swift
[165/171] Compiling RxSwift Decode.swift
[166/171] Compiling RxSwift DefaultIfEmpty.swift
[167/171] Compiling RxSwift Deferred.swift
[168/171] Compiling RxSwift Delay.swift
[169/171] Compiling RxSwift DelaySubscription.swift
[170/171] Compiling RxSwift Dematerialize.swift
[171/171] Compiling RxSwift DispatchQueue+Extensions.swift
[173/179] Compiling RxRelay ReplayRelay.swift
[174/179] Compiling RxRelay Utils.swift
[175/179] Compiling RxRelay resource_bundle_accessor.swift
[176/179] Compiling RxRelay PublishRelay.swift
[177/179] Emitting module RxRelay
[178/179] Compiling RxRelay BehaviorRelay.swift
[179/179] Compiling RxRelay Observable+Bind.swift
error: emit-module command failed with exit code 1 (use -v to see invocation)
[181/196] Emitting module RIBs
/host/spi-builder-workspace/.build/checkouts/RIBs-iOS/RIBs/Classes/Interactor.swift:19:8: error: no such module 'UIKit'
 17 | import Foundation
 18 | import RxSwift
 19 | import UIKit
    |        `- error: no such module 'UIKit'
 20 |
 21 | /// Protocol defining the activeness of an interactor's scope.
[182/198] Compiling RIBs Presenter.swift
/host/spi-builder-workspace/.build/checkouts/RIBs-iOS/RIBs/Classes/Interactor.swift:19:8: error: no such module 'UIKit'
 17 | import Foundation
 18 | import RxSwift
 19 | import UIKit
    |        `- error: no such module 'UIKit'
 20 |
 21 | /// Protocol defining the activeness of an interactor's scope.
[183/198] Compiling RIBs Router.swift
/host/spi-builder-workspace/.build/checkouts/RIBs-iOS/RIBs/Classes/Interactor.swift:19:8: error: no such module 'UIKit'
 17 | import Foundation
 18 | import RxSwift
 19 | import UIKit
    |        `- error: no such module 'UIKit'
 20 |
 21 | /// Protocol defining the activeness of an interactor's scope.
[184/198] Compiling RIBs Dependency.swift
/host/spi-builder-workspace/.build/checkouts/RIBs-iOS/RIBs/Classes/Interactor.swift:19:8: error: no such module 'UIKit'
 17 | import Foundation
 18 | import RxSwift
 19 | import UIKit
    |        `- error: no such module 'UIKit'
 20 |
 21 | /// Protocol defining the activeness of an interactor's scope.
[185/198] Compiling RIBs Foundation+Extensions.swift
/host/spi-builder-workspace/.build/checkouts/RIBs-iOS/RIBs/Classes/Interactor.swift:19:8: error: no such module 'UIKit'
 17 | import Foundation
 18 | import RxSwift
 19 | import UIKit
    |        `- error: no such module 'UIKit'
 20 |
 21 | /// Protocol defining the activeness of an interactor's scope.
[186/198] Compiling RIBs MultiStageComponentizedBuilder.swift
/host/spi-builder-workspace/.build/checkouts/RIBs-iOS/RIBs/Classes/Interactor.swift:19:8: error: no such module 'UIKit'
 17 | import Foundation
 18 | import RxSwift
 19 | import UIKit
    |        `- error: no such module 'UIKit'
 20 |
 21 | /// Protocol defining the activeness of an interactor's scope.
[187/198] Compiling RIBs PresentableInteractor.swift
/host/spi-builder-workspace/.build/checkouts/RIBs-iOS/RIBs/Classes/Interactor.swift:19:8: error: no such module 'UIKit'
 17 | import Foundation
 18 | import RxSwift
 19 | import UIKit
    |        `- error: no such module 'UIKit'
 20 |
 21 | /// Protocol defining the activeness of an interactor's scope.
[188/198] Compiling RIBs Interactor.swift
/host/spi-builder-workspace/.build/checkouts/RIBs-iOS/RIBs/Classes/Interactor.swift:19:8: error: no such module 'UIKit'
 17 | import Foundation
 18 | import RxSwift
 19 | import UIKit
    |        `- error: no such module 'UIKit'
 20 |
 21 | /// Protocol defining the activeness of an interactor's scope.
[189/198] Compiling RIBs LaunchRouter.swift
/host/spi-builder-workspace/.build/checkouts/RIBs-iOS/RIBs/Classes/Interactor.swift:19:8: error: no such module 'UIKit'
 17 | import Foundation
 18 | import RxSwift
 19 | import UIKit
    |        `- error: no such module 'UIKit'
 20 |
 21 | /// Protocol defining the activeness of an interactor's scope.
[190/198] Compiling RIBs ViewControllable.swift
/host/spi-builder-workspace/.build/checkouts/RIBs-iOS/RIBs/Classes/Interactor.swift:19:8: error: no such module 'UIKit'
 17 | import Foundation
 18 | import RxSwift
 19 | import UIKit
    |        `- error: no such module 'UIKit'
 20 |
 21 | /// Protocol defining the activeness of an interactor's scope.
[191/198] Compiling RIBs ViewableRouter.swift
/host/spi-builder-workspace/.build/checkouts/RIBs-iOS/RIBs/Classes/Interactor.swift:19:8: error: no such module 'UIKit'
 17 | import Foundation
 18 | import RxSwift
 19 | import UIKit
    |        `- error: no such module 'UIKit'
 20 |
 21 | /// Protocol defining the activeness of an interactor's scope.
[192/198] Compiling RIBs Executor.swift
/host/spi-builder-workspace/.build/checkouts/RIBs-iOS/RIBs/Classes/Interactor.swift:19:8: error: no such module 'UIKit'
 17 | import Foundation
 18 | import RxSwift
 19 | import UIKit
    |        `- error: no such module 'UIKit'
 20 |
 21 | /// Protocol defining the activeness of an interactor's scope.
[193/198] Compiling RIBs LeakDetector.swift
/host/spi-builder-workspace/.build/checkouts/RIBs-iOS/RIBs/Classes/Interactor.swift:19:8: error: no such module 'UIKit'
 17 | import Foundation
 18 | import RxSwift
 19 | import UIKit
    |        `- error: no such module 'UIKit'
 20 |
 21 | /// Protocol defining the activeness of an interactor's scope.
[194/198] Compiling RIBs Builder.swift
/host/spi-builder-workspace/.build/checkouts/RIBs-iOS/RIBs/Classes/Interactor.swift:19:8: error: no such module 'UIKit'
 17 | import Foundation
 18 | import RxSwift
 19 | import UIKit
    |        `- error: no such module 'UIKit'
 20 |
 21 | /// Protocol defining the activeness of an interactor's scope.
[195/198] Compiling RIBs ComponentizedBuilder.swift
/host/spi-builder-workspace/.build/checkouts/RIBs-iOS/RIBs/Classes/Interactor.swift:19:8: error: no such module 'UIKit'
 17 | import Foundation
 18 | import RxSwift
 19 | import UIKit
    |        `- error: no such module 'UIKit'
 20 |
 21 | /// Protocol defining the activeness of an interactor's scope.
[196/198] Compiling RIBs Component.swift
/host/spi-builder-workspace/.build/checkouts/RIBs-iOS/RIBs/Classes/Interactor.swift:19:8: error: no such module 'UIKit'
 17 | import Foundation
 18 | import RxSwift
 19 | import UIKit
    |        `- error: no such module 'UIKit'
 20 |
 21 | /// Protocol defining the activeness of an interactor's scope.
[197/198] Compiling RIBs Worker.swift
/host/spi-builder-workspace/.build/checkouts/RIBs-iOS/RIBs/Classes/Interactor.swift:19:8: error: no such module 'UIKit'
 17 | import Foundation
 18 | import RxSwift
 19 | import UIKit
    |        `- error: no such module 'UIKit'
 20 |
 21 | /// Protocol defining the activeness of an interactor's scope.
[198/198] Compiling RIBs Workflow.swift
/host/spi-builder-workspace/.build/checkouts/RIBs-iOS/RIBs/Classes/Interactor.swift:19:8: error: no such module 'UIKit'
 17 | import Foundation
 18 | import RxSwift
 19 | import UIKit
    |        `- error: no such module 'UIKit'
 20 |
 21 | /// Protocol defining the activeness of an interactor's scope.
BUILD FAILURE 6.2 linux