The Swift Package Index logo.Swift Package Index

Build Information

Failed to build Catbird, reference master (d57fe3), with Swift 6.4 for Wasm on 18 Sep 2026 04:10:55 UTC.

Build Command

bash -c docker run --pull=always --rm -v "checkouts-54344844-0":/host -w "$PWD" -e JAVA_HOME="/root/.sdkman/candidates/java/current" -e SPI_BUILD="1" -e SPI_PROCESSING="1" registry.gitlab.com/saguaro1/spi-images:wasm-6.4-latest swift build --swift-sdk swift-6.4.x-DEVELOPMENT-SNAPSHOT-2026-09-04-a_wasm 2>&1

Build Log

========================================
RunAll
========================================
Builder version: 5.1.0
Interrupt handler set up.
========================================
Checkout
========================================
Clone URL: https://github.com/RedMadRobot/catbird.git
Reference: master
Initialized empty Git repository in /host/spi-builder-workspace/.git/
hint: Using 'master' as the name for the initial branch. This default branch name
hint: is subject to change. To configure the initial branch name to use in all
hint: of your new repositories, which will suppress this warning, call:
hint:
hint: 	git config --global init.defaultBranch <name>
hint:
hint: Names commonly chosen instead of 'master' are 'main', 'trunk' and
hint: 'development'. The just-created branch can be renamed via this command:
hint:
hint: 	git branch -m <name>
From https://github.com/RedMadRobot/catbird
 * branch            master     -> FETCH_HEAD
 * [new branch]      master     -> origin/master
HEAD is now at d57fe3d Bump tzinfo from 1.2.7 to 1.2.10 in /Example/CatbirdX (#59)
Cloned https://github.com/RedMadRobot/catbird.git
Revision (git rev-parse @):
d57fe3de2df3ad390494083d4cc9ff183cd6d1b7
SUCCESS checkout https://github.com/RedMadRobot/catbird.git at master
========================================
Build
========================================
Selected platform:         wasm
Swift version:             6.4
Building package at path:  $PWD
https://github.com/RedMadRobot/catbird.git
Running build ...
bash -c docker run --pull=always --rm -v "checkouts-54344844-0":/host -w "$PWD" -e JAVA_HOME="/root/.sdkman/candidates/java/current" -e SPI_BUILD="1" -e SPI_PROCESSING="1" registry.gitlab.com/saguaro1/spi-images:wasm-6.4-latest swift build --swift-sdk swift-6.4.x-DEVELOPMENT-SNAPSHOT-2026-09-04-a_wasm 2>&1
wasm-6.4-latest: Pulling from saguaro1/spi-images
Digest: sha256:4328fdb43c680d205c1d6761b1e3267aa38277eefdda9ddfb17b6a0f1a77857a
Status: Image is up to date for registry.gitlab.com/saguaro1/spi-images:wasm-6.4-latest
Building for debugging...
[Planning deferred tasks]
[25 / 33] CatbirdAPI
error: SwiftCompile normal wasm32 failed with a nonzero exit code. Command line:     cd /host

/host/spi-builder-workspace/Packages/CatbirdAPI/Sources/CatbirdAPI/Catbird.swift:16:32: error: 'URLSession' is unavailable: This type has moved to the FoundationNetworking module. Import that module to use it.
 14 |
 15 |     /// Default network session.
 16 |     public static var session: URLSession {
    |                                `- error: 'URLSession' is unavailable: This type has moved to the FoundationNetworking module. Import that module to use it.
 17 |         let configuration = URLSessionConfiguration.ephemeral
 18 |         configuration.timeoutIntervalForRequest = 5
Foundation.URLSession:2:18: note: 'URLSession' has been explicitly marked unavailable here
1 | @available(*, unavailable, message: "This type has moved to the FoundationNetworking module. Import that module to use it.")
2 | public typealias URLSession = AnyObject
  |                  `- note: 'URLSession' has been explicitly marked unavailable here
/host/spi-builder-workspace/Packages/CatbirdAPI/Sources/CatbirdAPI/Catbird.swift:28:26: error: 'URLSession' is unavailable: This type has moved to the FoundationNetworking module. Import that module to use it.
 26 |
 27 |     /// Network session.
 28 |     private let session: URLSession
    |                          `- error: 'URLSession' is unavailable: This type has moved to the FoundationNetworking module. Import that module to use it.
 29 |
 30 |     /// Unique catbird id for parallel test running.
Foundation.URLSession:2:18: note: 'URLSession' has been explicitly marked unavailable here
1 | @available(*, unavailable, message: "This type has moved to the FoundationNetworking module. Import that module to use it.")
2 | public typealias URLSession = AnyObject
  |                  `- note: 'URLSession' has been explicitly marked unavailable here
/host/spi-builder-workspace/Packages/CatbirdAPI/Sources/CatbirdAPI/Catbird.swift:33:48: error: 'URLSession' is unavailable: This type has moved to the FoundationNetworking module. Import that module to use it.
 31 |     public var parallelId: String?
 32 |
 33 |     public init(url: URL = localhost, session: URLSession = session, parallelId: String? = nil) {
    |                                                `- error: 'URLSession' is unavailable: This type has moved to the FoundationNetworking module. Import that module to use it.
 34 |         self.url = url
 35 |         self.session = session
Foundation.URLSession:2:18: note: 'URLSession' has been explicitly marked unavailable here
1 | @available(*, unavailable, message: "This type has moved to the FoundationNetworking module. Import that module to use it.")
2 | public typealias URLSession = AnyObject
  |                  `- note: 'URLSession' has been explicitly marked unavailable here
/host/spi-builder-workspace/Packages/CatbirdAPI/Sources/CatbirdAPI/Catbird.swift:48:90: error: 'URLSessionTask' is unavailable: This type has moved to the FoundationNetworking module. Import that module to use it.
 46 |     /// - Returns: Session task.
 47 |     @discardableResult
 48 |     public func send(_ action: CatbirdAction, completion: @escaping (Error?) -> Void) -> URLSessionTask {
    |                                                                                          `- error: 'URLSessionTask' is unavailable: This type has moved to the FoundationNetworking module. Import that module to use it.
 49 |         let request = try! action.makeRequest(to: url, parallelId: parallelId)
 50 |         return dataTask(request, completion: completion)
Foundation.URLSessionTask:2:18: note: 'URLSessionTask' has been explicitly marked unavailable here
1 | @available(*, unavailable, message: "This type has moved to the FoundationNetworking module. Import that module to use it.")
2 | public typealias URLSessionTask = AnyObject
  |                  `- note: 'URLSessionTask' has been explicitly marked unavailable here
/host/spi-builder-workspace/Packages/CatbirdAPI/Sources/CatbirdAPI/Catbird.swift:75:41: error: cannot find type 'URLRequest' in scope
 73 |     // MARK: - Private
 74 |
 75 |     private func dataTask(_ urlRequest: URLRequest, completion: @escaping (Error?) -> Void) -> URLSessionTask {
    |                                         `- error: cannot find type 'URLRequest' in scope
 76 |         let task = session.dataTask(with: urlRequest) { (data: Data?, response: URLResponse?, error: Error?) in
 77 |             switch (response, error) {
/host/spi-builder-workspace/Packages/CatbirdAPI/Sources/CatbirdAPI/Catbird.swift:75:96: error: 'URLSessionTask' is unavailable: This type has moved to the FoundationNetworking module. Import that module to use it.
 73 |     // MARK: - Private
 74 |
 75 |     private func dataTask(_ urlRequest: URLRequest, completion: @escaping (Error?) -> Void) -> URLSessionTask {
    |                                                                                                `- error: 'URLSessionTask' is unavailable: This type has moved to the FoundationNetworking module. Import that module to use it.
 76 |         let task = session.dataTask(with: urlRequest) { (data: Data?, response: URLResponse?, error: Error?) in
 77 |             switch (response, error) {
Foundation.URLSessionTask:2:18: note: 'URLSessionTask' has been explicitly marked unavailable here
1 | @available(*, unavailable, message: "This type has moved to the FoundationNetworking module. Import that module to use it.")
2 | public typealias URLSessionTask = AnyObject
  |                  `- note: 'URLSessionTask' has been explicitly marked unavailable here
/host/spi-builder-workspace/Packages/CatbirdAPI/Sources/CatbirdAPI/Catbird.swift:92:1: error: non-nominal type 'URLSessionTask' (aka 'AnyObject') cannot be extended [#]8;;https://docs.swift.org/compiler/documentation/diagnostics/nominal-types\NominalTypes]8;;\]
 90 | }
 91 |
 92 | extension URLSessionTask {
    | `- error: non-nominal type 'URLSessionTask' (aka 'AnyObject') cannot be extended [#]8;;https://docs.swift.org/compiler/documentation/diagnostics/nominal-types\NominalTypes]8;;\]
 93 |     /// Wait until task completed.
 94 |     fileprivate func wait() {
/host/spi-builder-workspace/Packages/CatbirdAPI/Sources/CatbirdAPI/Catbird.swift:104:72: error: cannot find type 'URLRequest' in scope
102 |
103 | extension CatbirdAction {
104 |     func makeRequest(to url: URL, parallelId: String? = nil) throws -> URLRequest {
    |                                                                        `- error: cannot find type 'URLRequest' in scope
105 |         let request = try makeHTTPRequest(to: url, parallelId: parallelId)
106 |
[#NominalTypes]: <https://docs.swift.org/compiler/documentation/diagnostics/nominal-types>
Failed frontend command:
/usr/bin/swift-frontend -frontend -emit-module -experimental-skip-non-inlinable-function-bodies-without-types /host/spi-builder-workspace/Packages/CatbirdAPI/Sources/CatbirdAPI/Catbird.swift /host/spi-builder-workspace/Packages/CatbirdAPI/Sources/CatbirdAPI/CatbirdAction.swift /host/spi-builder-workspace/Packages/CatbirdAPI/Sources/CatbirdAPI/CatbirdError.swift /host/spi-builder-workspace/Packages/CatbirdAPI/Sources/CatbirdAPI/PatternMatch.swift /host/spi-builder-workspace/Packages/CatbirdAPI/Sources/CatbirdAPI/RequestPattern.swift /host/spi-builder-workspace/Packages/CatbirdAPI/Sources/CatbirdAPI/ResponseMock.swift -target wasm32-unknown-wasip1 -disable-objc-interop -sdk /root/.swiftpm/swift-sdks/swift-6.4.x-DEVELOPMENT-SNAPSHOT-2026-09-04-a_wasm.artifactbundle/swift-6.4.x-DEVELOPMENT-SNAPSHOT-2026-09-04-a_wasm/wasm32-unknown-wasip1/WASI.sdk -sysroot /root/.swiftpm/swift-sdks/swift-6.4.x-DEVELOPMENT-SNAPSHOT-2026-09-04-a_wasm.artifactbundle/swift-6.4.x-DEVELOPMENT-SNAPSHOT-2026-09-04-a_wasm/wasm32-unknown-wasip1/WASI.sdk -I /host/spi-builder-workspace/.build/out/Products/Debug-webassembly-wasm32 -module-cache-path /host/spi-builder-workspace/.build/out/ModuleCache.noindex -color-diagnostics -Xcc -fcolor-diagnostics -enable-testing -g -debug-info-format\=dwarf -dwarf-version\=4 -swift-version 5 -Onone -D SWIFT_PACKAGE -D DEBUG -D SWIFT_MODULE_RESOURCE_BUNDLE_UNAVAILABLE -D Xcode -serialize-debugging-options -enable-experimental-feature DebugDescriptionMacro -empty-abi-descriptor -external-plugin-path /usr/lib/swift/host/plugins/testing\#/usr/bin/swift-plugin-server -validate-clang-modules-once -clang-build-session-file /host/spi-builder-workspace/.build/out/ModuleCache.noindex/Session.modulevalidation -Xcc -working-directory -Xcc /host -resource-dir /root/.swiftpm/swift-sdks/swift-6.4.x-DEVELOPMENT-SNAPSHOT-2026-09-04-a_wasm.artifactbundle/swift-6.4.x-DEVELOPMENT-SNAPSHOT-2026-09-04-a_wasm/wasm32-unknown-wasip1/swift.xctoolchain/usr/lib/swift_static -use-static-resource-dir -enable-anonymous-context-mangled-names -file-compilation-dir /host -Xcc -resource-dir -Xcc /root/.swiftpm/swift-sdks/swift-6.4.x-DEVELOPMENT-SNAPSHOT-2026-09-04-a_wasm.artifactbundle/swift-6.4.x-DEVELOPMENT-SNAPSHOT-2026-09-04-a_wasm/wasm32-unknown-wasip1/swift.xctoolchain/usr/lib/swift_static/clang -Xcc -D_LIBCPP_HARDENING_MODE\=_LIBCPP_HARDENING_MODE_DEBUG -Xcc -fmodules-prune-interval\=86400 -Xcc -fmodules-prune-after\=345600 -Xcc -I/host/spi-builder-workspace/.build/out/Products/Debug-webassembly-wasm32/include -Xcc -I/host/spi-builder-workspace/.build/out/Intermediates.noindex/Catbird.build/Debug-webassembly-wasm32/CatbirdAPI-t.build/DerivedSources-normal/wasm32 -Xcc -I/host/spi-builder-workspace/.build/out/Intermediates.noindex/Catbird.build/Debug-webassembly-wasm32/CatbirdAPI-t.build/DerivedSources/wasm32 -Xcc -I/host/spi-builder-workspace/.build/out/Intermediates.noindex/Catbird.build/Debug-webassembly-wasm32/CatbirdAPI-t.build/DerivedSources -Xcc -DSWIFT_PACKAGE -Xcc -DDEBUG\=1 -no-auto-bridging-header-chaining -module-name CatbirdAPI -const-gather-protocols-file /host/spi-builder-workspace/.build/out/Intermediates.noindex/Catbird.build/Debug-webassembly-wasm32/CatbirdAPI-t.build/Objects-normal/wasm32/CatbirdAPI_const_extract_protocols.json -in-process-plugin-server-path /usr/lib/swift/host/libSwiftInProcPluginServer.so -plugin-path /usr/lib/swift/host/plugins -plugin-path /usr/local/lib/swift/host/plugins -emit-module-doc-path /host/spi-builder-workspace/.build/out/Intermediates.noindex/Catbird.build/Debug-webassembly-wasm32/CatbirdAPI-t.build/Objects-normal/wasm32/Modules/CatbirdAPI.swiftdoc -emit-module-source-info-path /host/spi-builder-workspace/.build/out/Intermediates.noindex/Catbird.build/Debug-webassembly-wasm32/CatbirdAPI-t.build/Objects-normal/wasm32/Modules/CatbirdAPI.swiftsourceinfo -emit-objc-header-path /host/spi-builder-workspace/.build/out/Intermediates.noindex/Catbird.build/Debug-webassembly-wasm32/CatbirdAPI-t.build/Objects-normal/wasm32/CatbirdAPI-Swift.h -serialize-diagnostics-path /host/spi-builder-workspace/.build/out/Intermediates.noindex/Catbird.build/Debug-webassembly-wasm32/CatbirdAPI-t.build/Objects-normal/wasm32/CatbirdAPI-primary-emit-module.dia -emit-dependencies-path /host/spi-builder-workspace/.build/out/Intermediates.noindex/Catbird.build/Debug-webassembly-wasm32/CatbirdAPI-t.build/Objects-normal/wasm32/CatbirdAPI-primary-emit-module.d -parse-as-library -o /host/spi-builder-workspace/.build/out/Intermediates.noindex/Catbird.build/Debug-webassembly-wasm32/CatbirdAPI-t.build/Objects-normal/wasm32/Modules/CatbirdAPI.swiftmodule
error: Build failed
BUILD FAILURE 6.4 wasm