The Swift Package Index logo.Swift Package Index

Build Information

Failed to build postgres-nio, reference 1.34.0-beta.1 (464a13), with Swift 6.2 for Android on 2 Oct 2026 21:53:01 UTC.

Build Command

bash -c docker run --pull=always --rm -v "checkouts-54344845-2":/host -w "$PWD" -e JAVA_HOME="/root/.sdkman/candidates/java/current" -e SPI_BUILD="1" -e SPI_PROCESSING="1" registry.gitlab.com/saguaro1/spi-images:android-6.2-latest swift build --swift-sdk aarch64-unknown-linux-android28 2>&1

Build Log

[654/1068] Compiling tasn_dec.cc
[655/1068] Compiling posix_time.cc
[656/1068] Compiling f_string.cc
[657/1068] Compiling f_int.cc
[658/1068] Compiling asn_pack.cc
[659/1068] Compiling asn1_par.cc
[660/1068] Compiling a_time.cc
[661/1068] Compiling asn1_lib.cc
[662/1068] Compiling a_strnid.cc
[663/1068] Compiling a_utctm.cc
[664/1068] Compiling a_type.cc
[665/1068] Compiling a_octet.cc
[666/1068] Compiling a_strex.cc
[667/1068] Compiling a_object.cc
[668/1068] Compiling a_i2d_fp.cc
[669/1068] Compiling a_dup.cc
[670/1068] Compiling a_gentm.cc
[671/1068] Compiling a_int.cc
[672/1068] Compiling a_mbstr.cc
[673/1068] Compiling fiat_p256_adx_mul.S
[674/1068] Compiling fiat_p256_adx_sqr.S
[675/1068] Compiling fiat_curve25519_adx_square.S
[676/1068] Compiling a_d2i_fp.cc
[677/1068] Compiling fiat_curve25519_adx_mul.S
[678/1068] Compiling md5-x86_64-linux.S
[679/1068] Compiling md5-x86_64-apple.S
[680/1068] Compiling md5-586-linux.S
[681/1068] Compiling md5-586-apple.S
[682/1068] Compiling chacha20_poly1305_x86_64-linux.S
[683/1068] Compiling chacha20_poly1305_x86_64-apple.S
[684/1068] Compiling chacha20_poly1305_armv8-win.S
[685/1068] Compiling chacha20_poly1305_armv8-apple.S
[686/1068] Compiling a_bitstr.cc
[687/1068] Compiling chacha20_poly1305_armv8-linux.S
[688/1068] Compiling chacha-x86_64-linux.S
[689/1068] Compiling chacha-x86_64-apple.S
[690/1068] Compiling chacha-x86-linux.S
[691/1068] Compiling chacha-x86-apple.S
[692/1068] Compiling chacha-armv8-win.S
[693/1068] Compiling chacha-armv8-linux.S
[694/1068] Compiling chacha-armv8-apple.S
[695/1068] Compiling a_bool.cc
[696/1068] Compiling chacha-armv4-linux.S
[697/1068] Compiling aes128gcmsiv-x86_64-apple.S
[698/1068] Compiling aes128gcmsiv-x86_64-linux.S
[699/1068] Compiling x86_64-mont5-apple.S
[700/1068] Compiling x86_64-mont5-linux.S
[701/1068] Compiling x86_64-mont-linux.S
[702/1068] Compiling x86_64-mont-apple.S
[703/1068] Compiling x86-mont-linux.S
[704/1068] Compiling vpaes-x86_64-apple.S
[705/1068] Compiling x86-mont-apple.S
[706/1068] Compiling vpaes-x86_64-linux.S
[707/1068] Compiling vpaes-x86-linux.S
[708/1068] Compiling vpaes-armv8-win.S
[709/1068] Compiling vpaes-x86-apple.S
[710/1068] Compiling vpaes-armv7-linux.S
[711/1068] Compiling vpaes-armv8-apple.S
[712/1068] Compiling vpaes-armv8-linux.S
[713/1068] Compiling sha512-x86_64-linux.S
[714/1068] Compiling sha512-armv8-win.S
[715/1068] Compiling err_data.cc
[716/1068] Compiling sha512-x86_64-apple.S
[717/1068] Compiling sha512-armv8-apple.S
[718/1068] Compiling sha512-armv8-linux.S
[719/1068] Compiling sha512-586-apple.S
[720/1068] Compiling sha512-armv4-linux.S
[721/1068] Compiling sha256-x86_64-linux.S
[721/1068] Compiling sha512-586-linux.S
[723/1068] Compiling sha256-x86_64-apple.S
[724/1068] Compiling sha256-armv8-win.S
[725/1068] Compiling sha256-586-linux.S
[726/1068] Compiling sha256-armv8-apple.S
[727/1068] Compiling sha256-armv8-linux.S
[728/1068] Compiling sha256-armv4-linux.S
[729/1068] Compiling sha256-586-apple.S
[730/1068] Compiling sha1-armv8-win.S
[731/1068] Compiling sha1-x86_64-apple.S
[732/1068] Compiling sha1-armv4-large-linux.S
[733/1068] Compiling sha1-armv8-apple.S
[734/1068] Compiling sha1-x86_64-linux.S
[735/1068] Compiling sha1-586-linux.S
[736/1068] Compiling rsaz-avx2-apple.S
[737/1068] Compiling sha1-586-apple.S
[738/1068] Compiling sha1-armv8-linux.S
[739/1068] Compiling rsaz-avx2-linux.S
[739/1068] Compiling rdrand-x86_64-linux.S
[741/1068] Compiling p256_beeu-x86_64-asm-linux.S
[741/1068] Compiling rdrand-x86_64-apple.S
[743/1068] Compiling p256_beeu-x86_64-asm-apple.S
[744/1068] Compiling p256_beeu-armv8-asm-win.S
[744/1068] Compiling p256_beeu-armv8-asm-linux.S
[746/1068] Compiling p256-x86_64-asm-linux.S
[747/1068] Compiling p256-armv8-asm-win.S
[748/1068] Compiling p256-armv8-asm-apple.S
[749/1068] Compiling ghashv8-armv8-win.S
[750/1068] Compiling p256-armv8-asm-linux.S
[751/1068] Compiling p256_beeu-armv8-asm-apple.S
[752/1068] Compiling p256-x86_64-asm-apple.S
[753/1068] Compiling ghashv8-armv7-linux.S
[754/1068] Compiling ghashv8-armv8-linux.S
[755/1068] Compiling ghashv8-armv8-apple.S
[756/1068] Compiling ghash-x86_64-linux.S
[757/1068] Compiling ghash-x86-linux.S
[758/1068] Compiling ghash-x86-apple.S
[759/1068] Compiling ghash-x86_64-apple.S
[760/1068] Compiling ghash-ssse3-x86_64-apple.S
[761/1068] Compiling ghash-ssse3-x86_64-linux.S
[762/1068] Compiling ghash-ssse3-x86-apple.S
[763/1068] Compiling ghash-neon-armv8-linux.S
[764/1068] Compiling ghash-neon-armv8-apple.S
[765/1068] Compiling ghash-neon-armv8-win.S
[766/1068] Compiling ghash-ssse3-x86-linux.S
[767/1068] Compiling co-586-linux.S
[768/1068] Compiling bn-armv8-linux.S
[769/1068] Compiling bsaes-armv7-linux.S
[770/1068] Compiling bn-586-linux.S
[771/1068] Compiling ghash-armv4-linux.S
[772/1068] Compiling bn-armv8-win.S
[773/1068] Compiling co-586-apple.S
[774/1068] Compiling armv8-mont-win.S
[775/1068] Compiling bn-armv8-apple.S
[776/1068] Compiling armv8-mont-apple.S
[777/1068] Compiling aesv8-gcm-armv8-win.S
[778/1068] Compiling bn-586-apple.S
[779/1068] Compiling aesv8-gcm-armv8-linux.S
[780/1068] Compiling aesv8-gcm-armv8-apple.S
[781/1068] Compiling armv8-mont-linux.S
[782/1068] Compiling aesv8-armv8-win.S
[783/1068] Compiling armv4-mont-linux.S
[784/1068] Compiling aesv8-armv8-apple.S
[785/1068] Compiling aesv8-armv7-linux.S
[786/1068] Compiling aesni-x86_64-linux.S
[787/1068] Compiling aesni-x86_64-apple.S
[788/1068] Compiling aesv8-armv8-linux.S
[789/1068] Compiling aesni-x86-apple.S
[790/1068] Compiling aesni-x86-linux.S
[791/1068] Compiling aesni-gcm-x86_64-linux.S
[792/1068] Compiling aesni-gcm-x86_64-apple.S
[793/1068] Compiling aes-gcm-avx512-x86_64-linux.S
[794/1068] Compiling aes-gcm-avx2-x86_64-apple.S
[795/1068] Compiling aes-gcm-avx2-x86_64-linux.S
[796/1068] Compiling aes-gcm-avx512-x86_64-apple.S
[797/1068] Compiling xwing.cc
[798/1068] Compiling x_req.cc
[799/1068] Compiling x_sig.cc
[800/1068] Compiling x_x509a.cc
[801/1068] Compiling x_spki.cc
[802/1068] Compiling x_x509.cc
[803/1068] Compiling c-nioatomics.c
[804/1068] Compiling x_attrib.cc
[805/1068] Compiling x_name.cc
[806/1068] Compiling c-atomics.c
[807/1068] Compiling x_pubkey.cc
[808/1075] Compiling x_crl.cc
[809/1075] Compiling x_exten.cc
[811/1075] Compiling NIOConcurrencyHelpers lock.swift
[811/1075] Compiling x_all.cc
[813/1075] Compiling NIOConcurrencyHelpers NIOLock.swift
[814/1075] Emitting module NIOConcurrencyHelpers
[815/1075] Compiling NIOConcurrencyHelpers NIOAtomic.swift
[816/1075] Compiling NIOConcurrencyHelpers atomics.swift
[817/1075] Compiling NIOConcurrencyHelpers NIOThreadPoolWorkAvailable.swift
[818/1075] Compiling NIOConcurrencyHelpers NIOLockedValueBox.swift
[819/1076] Compiling x509spki.cc
[820/1076] Wrapping AST for NIOConcurrencyHelpers for debugging
[821/1076] Compiling x_algor.cc
[822/1076] Compiling x509rset.cc
[823/1076] Compiling x509name.cc
[824/1076] Compiling x509_vfy.cc
[825/1076] Compiling x509cset.cc
[826/1076] Compiling x509_v3.cc
[827/1076] Compiling x509_vpm.cc
[828/1076] Compiling x509_txt.cc
[829/1076] Compiling x509_trs.cc
[830/1076] Compiling x509_req.cc
[831/1076] Compiling x509_d2.cc
[832/1076] Compiling x509_set.cc
[833/1076] Compiling x509_lu.cc
[834/1076] Compiling x509_ext.cc
[835/1076] Compiling x509_obj.cc
[836/1076] Compiling x509_cmp.cc
[837/1076] Compiling x509_def.cc
[838/1076] Compiling x509.cc
[839/1076] Compiling v3_utl.cc
[840/1076] Compiling x509_att.cc
[841/1076] Compiling v3_purp.cc
[842/1076] Compiling v3_prn.cc
[843/1076] Compiling v3_skey.cc
[844/1076] Compiling v3_pmaps.cc
[845/1076] Compiling v3_pcons.cc
[846/1076] Compiling v3_ocsp.cc
[847/1076] Compiling v3_ncons.cc
[848/1076] Compiling v3_info.cc
[849/1076] Compiling v3_lib.cc
[850/1076] Compiling v3_ia5.cc
[851/1076] Compiling v3_int.cc
[852/1076] Compiling v3_genn.cc
[853/1076] Compiling v3_extku.cc
[854/1076] Compiling v3_cpols.cc
[855/1076] Compiling v3_enum.cc
[856/1076] Compiling v3_conf.cc
[857/1076] Compiling v3_crld.cc
[858/1076] Compiling v3_bitst.cc
[859/1076] Compiling v3_bcons.cc
[860/1076] Compiling v3_akeya.cc
[861/1076] Compiling v3_alt.cc
[862/1076] Compiling t_x509.cc
[863/1076] Compiling v3_akey.cc
[864/1076] Compiling t_x509a.cc
[865/1076] Compiling i2d_pr.cc
[866/1076] Compiling policy.cc
[867/1076] Compiling t_req.cc
[868/1076] Compiling t_crl.cc
[869/1076] Compiling rsa_pss.cc
[870/1076] Compiling name_print.cc
[871/1076] Compiling asn1_gen.cc
[872/1076] Compiling algorithm.cc
[873/1076] Compiling by_file.cc
[874/1076] Compiling a_verify.cc
[875/1076] Compiling by_dir.cc
[876/1076] Compiling thread_win.cc
[877/1076] Compiling a_digest.cc
[878/1076] Compiling a_sign.cc
[879/1076] Compiling voprf.cc
[880/1076] Compiling trust_token.cc
[881/1076] Compiling thread_pthread.cc
[882/1076] Compiling thread_none.cc
[883/1076] Compiling stack.cc
[884/1076] Compiling pmbtoken.cc
[885/1076] Compiling thread.cc
[886/1076] Compiling sha512.cc
[887/1076] Compiling slhdsa.cc
[888/1076] Compiling rsa_print.cc
[889/1076] Compiling siphash.cc
[890/1076] Compiling rsa_extra.cc
[891/1076] Compiling sha256.cc
[892/1076] Compiling sha1.cc
[893/1076] Compiling spake2plus.cc
[894/1076] Compiling windows.cc
[895/1076] Compiling rand.cc
[896/1076] Compiling rc4.cc
[897/1076] Compiling refcount.cc
[898/1076] Compiling rsa_crypt.cc
[899/1076] Compiling urandom.cc
[900/1076] Compiling trusty.cc
[901/1076] Compiling getentropy.cc
[902/1076] Compiling forkunsafe.cc
[903/1076] Compiling poly1305_arm_asm.S
[904/1076] Compiling ios.cc
[905/1076] Compiling passive.cc
[906/1076] Compiling fork_detect.cc
[907/1076] Compiling poly1305_vec.cc
[908/1076] Compiling rsa_asn1.cc
[909/1076] Compiling poly1305_arm.cc
[910/1076] Compiling deterministic.cc
[911/1076] Compiling poly1305.cc
[912/1076] Compiling pool.cc
[913/1076] Compiling pkcs8.cc
[914/1076] Compiling p5_pbev2.cc
[915/1076] Compiling pkcs7.cc
[916/1076] Compiling pem_xaux.cc
[917/1076] Compiling pkcs8_x509.cc
[918/1076] Compiling pkcs7_x509.cc
[919/1076] Compiling pem_pkey.cc
[920/1076] Compiling pem_pk8.cc
[921/1076] Compiling pem_x509.cc
[922/1076] Compiling pem_lib.cc
[923/1076] Compiling mlkem.cc
[924/1076] Compiling pem_oth.cc
[925/1076] Compiling obj.cc
[926/1076] Compiling pem_info.cc
[927/1076] Compiling obj_xref.cc
[928/1076] Compiling mldsa.cc
[929/1076] Compiling pem_all.cc
[930/1076] Compiling poly_rq_mul.S
[931/1076] Compiling mem.cc
[932/1076] Compiling fips_shared_support.cc
[933/1076] Compiling md5.cc
[934/1076] Compiling lhash.cc
[935/1076] Compiling md4.cc
[936/1076] Compiling fuzzer_mode.cc
[937/1076] Compiling ex_data.cc
[938/1076] Compiling scrypt.cc
[939/1076] Compiling kyber.cc
[940/1076] Compiling print.cc
[941/1076] Compiling hrss.cc
[942/1076] Compiling hpke.cc
[943/1076] Compiling sign.cc
[944/1076] Compiling pbkdf.cc
[945/1076] Compiling p_x25519_asn1.cc
[946/1076] Compiling p_x25519.cc
[947/1076] Compiling p_rsa_asn1.cc
[947/1076] Compiling p_hkdf.cc
[949/1076] Compiling p_ed25519_asn1.cc
[950/1076] Compiling p_rsa.cc
[951/1076] Compiling p_ed25519.cc
[952/1076] Compiling p_dsa_asn1.cc
[953/1076] Compiling p_dh_asn1.cc
[954/1076] Compiling p_ec_asn1.cc
[955/1076] Compiling p_ec.cc
[956/1076] Compiling p_dh.cc
[957/1076] Compiling evp_ctx.cc
[958/1076] Compiling err.cc
[959/1076] Compiling engine.cc
[960/1076] Compiling evp.cc
[961/1076] Compiling ecdsa_p1363.cc
[962/1076] Compiling evp_asn1.cc
[963/1076] Compiling ecdh.cc
[964/1076] Compiling ecdsa_asn1.cc
[965/1076] Compiling ec_derive.cc
[966/1076] Compiling hash_to_curve.cc
[967/1076] Compiling ec_asn1.cc
[968/1076] Compiling dsa.cc
[969/1076] Compiling dsa_asn1.cc
[970/1076] Compiling digest_extra.cc
[971/1076] Compiling x25519-asm-arm.S
[972/1076] Compiling params.cc
[973/1076] Compiling des.cc
[974/1076] Compiling curve25519_64_adx.cc
[975/1076] Compiling dh_asn1.cc
[976/1076] Compiling curve25519.cc
[977/1076] Compiling spake25519.cc
[978/1076] Compiling cpu_intel.cc
[979/1076] Compiling crypto.cc
[980/1076] Compiling cpu_arm_freebsd.cc
[981/1076] Compiling cpu_aarch64_sysreg.cc
[982/1076] Compiling cpu_aarch64_win.cc
[983/1076] Compiling conf.cc
[984/1076] Compiling cpu_aarch64_openbsd.cc
[985/1076] Compiling cpu_aarch64_linux.cc
[986/1076] Compiling cpu_aarch64_fuchsia.cc
[987/1076] Compiling cpu_aarch64_apple.cc
[988/1076] Compiling e_tls.cc
[989/1076] Compiling tls_cbc.cc
[990/1076] Compiling get_cipher.cc
[991/1076] Compiling e_rc2.cc
[992/1076] Compiling e_rc4.cc
[993/1076] Compiling e_null.cc
[994/1076] Compiling cms.cc
[995/1076] Compiling e_des.cc
[996/1076] Compiling e_chacha20poly1305.cc
[997/1076] Compiling e_aesgcmsiv.cc
[998/1076] Compiling e_aeseax.cc
[999/1076] Compiling e_aesctrhmac.cc
[1000/1076] Compiling derive_key.cc
[1001/1076] Compiling chacha.cc
[1002/1076] Compiling unicode.cc
[1003/1076] Compiling buf.cc
[1004/1076] Compiling sqrt.cc
[1005/1076] Compiling cbb.cc
[1006/1076] Compiling cbs.cc
[1006/1076] Compiling ber.cc
[1008/1076] Compiling asn1_compat.cc
[1009/1076] Compiling exponentiation.cc
[1010/1076] Compiling blake2.cc
[1011/1076] Compiling div.cc
[1012/1076] Compiling printf.cc
[1013/1076] Compiling bn_asn1.cc
[1014/1076] Compiling hexdump.cc
[1015/1076] Compiling fd.cc
[1016/1076] Compiling pair.cc
[1017/1076] Compiling convert.cc
[1018/1076] Compiling bio.cc
[1019/1076] Compiling file.cc
[1020/1076] Compiling bio_mem.cc
[1021/1076] Compiling errno.cc
[1022/1076] Compiling tasn_utl.cc
[1023/1076] Compiling base64.cc
[1024/1076] Compiling tasn_enc.cc
[1025/1076] Compiling tasn_new.cc
[1026/1076] Compiling tasn_typ.cc
[1027/1076] Compiling tasn_fre.cc
[1028/1076] Compiling posix_time.cc
[1029/1076] Compiling f_string.cc
[1030/1076] Compiling asn1_par.cc
[1031/1076] Compiling f_int.cc
[1032/1076] Compiling asn_pack.cc
[1033/1076] Compiling tasn_dec.cc
[1034/1076] Compiling asn1_lib.cc
[1035/1076] Compiling bcm.cc
[1036/1076] Compiling a_utctm.cc
[1037/1076] Compiling a_octet.cc
[1037/1076] Write sources
[1041/1076] Compiling a_time.cc
[1042/1076] Compiling a_strex.cc
[1043/1094] Compiling a_strnid.cc
[1044/1147] Compiling a_object.cc
[1046/1147] Compiling AsyncAlgorithms BoundedBufferStorage.swift
[1047/1147] Compiling AsyncAlgorithms UnboundedBufferStateMachine.swift
[1048/1149] Compiling AsyncAlgorithms AsyncThrowingExclusiveReductionsSequence.swift
[1049/1149] Compiling AsyncAlgorithms AsyncThrowingInclusiveReductionsSequence.swift
[1050/1149] Compiling AsyncAlgorithms AsyncSyncSequence.swift
[1051/1149] Compiling AsyncAlgorithms AsyncThrottleSequence.swift
[1052/1149] Compiling AsyncAlgorithms AsyncJoinedBySeparatorSequence.swift
[1053/1149] Compiling AsyncAlgorithms AsyncJoinedSequence.swift
[1053/1149] Compiling a_mbstr.cc
[1054/1149] Compiling a_i2d_fp.cc
[1056/1149] Compiling AsyncAlgorithms AsyncMapErrorSequence.swift
[1057/1149] Compiling AsyncAlgorithms AsyncRemoveDuplicatesSequence.swift
[1058/1149] Compiling AsyncAlgorithms AsyncShareSequence.swift
[1059/1149] Compiling Atomics IntegerOperations.swift
[1060/1149] Compiling Atomics Unmanaged extensions.swift
[1060/1149] Compiling a_int.cc
[1065/1157] Compiling AsyncAlgorithms AsyncThrowingChannel.swift
[1066/1157] Compiling AsyncAlgorithms ChannelStateMachine.swift
[1067/1157] Compiling AsyncAlgorithms ChannelStorage.swift
[1068/1157] Compiling AsyncAlgorithms AsyncCombineLatest2Sequence.swift
[1069/1164] Compiling CryptoBoringWrapper CryptoKitErrors_boring.swift
[1070/1165] Compiling CryptoBoringWrapper EllipticCurve.swift
[1071/1165] Compiling CryptoBoringWrapper Data+Span.swift
[1072/1165] Compiling CryptoBoringWrapper FiniteFieldArithmeticContext.swift
[1073/1165] Compiling CryptoBoringWrapper ArbitraryPrecisionInteger.swift
[1078/1165] Compiling AsyncAlgorithms AsyncTimerSequence.swift
[1079/1165] Compiling AsyncAlgorithms AsyncBufferSequence.swift
[1080/1165] Compiling AsyncAlgorithms BoundedBufferStateMachine.swift
[1082/1165] Emitting module CryptoBoringWrapper
[1083/1165] Compiling CryptoBoringWrapper EllipticCurvePoint.swift
[1084/1165] Compiling CryptoBoringWrapper BoringSSLAEAD.swift
[1085/1165] Compiling CryptoBoringWrapper RandomBytes.swift
[1086/1166] Wrapping AST for CryptoBoringWrapper for debugging
[1088/1252] Compiling Crypto ASN1Null.swift
[1089/1252] Compiling Crypto ASN1OctetString.swift
[1090/1252] Compiling Crypto ASN1Strings.swift
[1091/1252] Emitting module Atomics
[1092/1252] Compiling Crypto AES-GCM.swift
[1093/1252] Compiling Crypto AES-GCM_boring.swift
[1094/1252] Compiling Crypto ChaChaPoly_boring.swift
[1095/1253] Wrapping AST for Atomics for debugging
[1097/1332] Compiling NIOCore NIOAny.swift
[1098/1332] Compiling NIOCore NIOCloseOnErrorHandler.swift
[1099/1332] Compiling NIOCore NIOCoreSendableMetatype.swift
[1100/1332] Compiling NIOCore NIODecodedAsyncSequence.swift
[1101/1332] Compiling NIOCore NIOLoopBound.swift
[1102/1332] Compiling NIOCore NIOPooledRecvBufferAllocator.swift
[1103/1332] Compiling NIOCore NIOScheduledCallback.swift
[1104/1332] Compiling NIOCore AddressedEnvelope.swift
[1105/1332] Compiling NIOCore AsyncAwaitSupport.swift
/host/spi-builder-workspace/.build/checkouts/swift-crypto/Sources/Crypto/AEADs/AES/GCM/AES-GCM.swift:29:6: error: unknown attribute 'nonexhaustive'
 27 |     /// The Advanced Encryption Standard (AES) Galois Counter Mode (GCM) cipher
 28 |     /// suite.
 29 |     @nonexhaustive
    |      `- error: unknown attribute 'nonexhaustive'
 30 |     public enum GCM: Cipher, Sendable {
 31 |         static let tagByteCount = 16
/host/spi-builder-workspace/.build/checkouts/swift-crypto/Sources/Crypto/AEADs/ChachaPoly/ChaChaPoly.swift:28:2: error: unknown attribute 'nonexhaustive'
 26 |
 27 | /// An implementation of the ChaCha20-Poly1305 cipher.
 28 | @nonexhaustive
    |  `- error: unknown attribute 'nonexhaustive'
 29 | public enum ChaChaPoly: Cipher, Sendable {
 30 |     static let tagByteCount = 16
/host/spi-builder-workspace/.build/checkouts/swift-crypto/Sources/Crypto/AEADs/AES/GCM/AES-GCM.swift:29:6: error: unknown attribute 'nonexhaustive'
 27 |     /// The Advanced Encryption Standard (AES) Galois Counter Mode (GCM) cipher
 28 |     /// suite.
 29 |     @nonexhaustive
    |      `- error: unknown attribute 'nonexhaustive'
 30 |     public enum GCM: Cipher, Sendable {
 31 |         static let tagByteCount = 16
/host/spi-builder-workspace/.build/checkouts/swift-crypto/Sources/Crypto/AEADs/ChachaPoly/ChaChaPoly.swift:28:2: error: unknown attribute 'nonexhaustive'
 26 |
 27 | /// An implementation of the ChaCha20-Poly1305 cipher.
 28 | @nonexhaustive
    |  `- error: unknown attribute 'nonexhaustive'
 29 | public enum ChaChaPoly: Cipher, Sendable {
 30 |     static let tagByteCount = 16
[1108/1333] Compiling NIOCore AsyncChannel.swift
/host/spi-builder-workspace/.build/checkouts/swift-crypto/Sources/Crypto/AEADs/AES/GCM/AES-GCM.swift:29:6: error: unknown attribute 'nonexhaustive'
 27 |     /// The Advanced Encryption Standard (AES) Galois Counter Mode (GCM) cipher
 28 |     /// suite.
 29 |     @nonexhaustive
    |      `- error: unknown attribute 'nonexhaustive'
 30 |     public enum GCM: Cipher, Sendable {
 31 |         static let tagByteCount = 16
/host/spi-builder-workspace/.build/checkouts/swift-crypto/Sources/Crypto/AEADs/ChachaPoly/ChaChaPoly.swift:28:2: error: unknown attribute 'nonexhaustive'
 26 |
 27 | /// An implementation of the ChaCha20-Poly1305 cipher.
 28 | @nonexhaustive
    |  `- error: unknown attribute 'nonexhaustive'
 29 | public enum ChaChaPoly: Cipher, Sendable {
 30 |     static let tagByteCount = 16
[1109/1333] Compiling NIOCore AsyncChannelHandler.swift
/host/spi-builder-workspace/.build/checkouts/swift-crypto/Sources/Crypto/AEADs/AES/GCM/AES-GCM.swift:29:6: error: unknown attribute 'nonexhaustive'
 27 |     /// The Advanced Encryption Standard (AES) Galois Counter Mode (GCM) cipher
 28 |     /// suite.
 29 |     @nonexhaustive
    |      `- error: unknown attribute 'nonexhaustive'
 30 |     public enum GCM: Cipher, Sendable {
 31 |         static let tagByteCount = 16
/host/spi-builder-workspace/.build/checkouts/swift-crypto/Sources/Crypto/AEADs/ChachaPoly/ChaChaPoly.swift:28:2: error: unknown attribute 'nonexhaustive'
 26 |
 27 | /// An implementation of the ChaCha20-Poly1305 cipher.
 28 | @nonexhaustive
    |  `- error: unknown attribute 'nonexhaustive'
 29 | public enum ChaChaPoly: Cipher, Sendable {
 30 |     static let tagByteCount = 16
[1110/1333] Compiling NIOCore AsyncChannelInboundStream.swift
/host/spi-builder-workspace/.build/checkouts/swift-crypto/Sources/Crypto/AEADs/AES/GCM/AES-GCM.swift:29:6: error: unknown attribute 'nonexhaustive'
 27 |     /// The Advanced Encryption Standard (AES) Galois Counter Mode (GCM) cipher
 28 |     /// suite.
 29 |     @nonexhaustive
    |      `- error: unknown attribute 'nonexhaustive'
 30 |     public enum GCM: Cipher, Sendable {
 31 |         static let tagByteCount = 16
/host/spi-builder-workspace/.build/checkouts/swift-crypto/Sources/Crypto/AEADs/ChachaPoly/ChaChaPoly.swift:28:2: error: unknown attribute 'nonexhaustive'
 26 |
 27 | /// An implementation of the ChaCha20-Poly1305 cipher.
 28 | @nonexhaustive
    |  `- error: unknown attribute 'nonexhaustive'
 29 | public enum ChaChaPoly: Cipher, Sendable {
 30 |     static let tagByteCount = 16
[1111/1333] Compiling NIOCore AsyncChannelOutboundWriter.swift
/host/spi-builder-workspace/.build/checkouts/swift-crypto/Sources/Crypto/AEADs/AES/GCM/AES-GCM.swift:29:6: error: unknown attribute 'nonexhaustive'
 27 |     /// The Advanced Encryption Standard (AES) Galois Counter Mode (GCM) cipher
 28 |     /// suite.
 29 |     @nonexhaustive
    |      `- error: unknown attribute 'nonexhaustive'
 30 |     public enum GCM: Cipher, Sendable {
 31 |         static let tagByteCount = 16
/host/spi-builder-workspace/.build/checkouts/swift-crypto/Sources/Crypto/AEADs/ChachaPoly/ChaChaPoly.swift:28:2: error: unknown attribute 'nonexhaustive'
 26 |
 27 | /// An implementation of the ChaCha20-Poly1305 cipher.
 28 | @nonexhaustive
    |  `- error: unknown attribute 'nonexhaustive'
 29 | public enum ChaChaPoly: Cipher, Sendable {
 30 |     static let tagByteCount = 16
[1112/1333] Compiling NIOCore NIOAsyncSequenceProducer.swift
/host/spi-builder-workspace/.build/checkouts/swift-crypto/Sources/Crypto/AEADs/AES/GCM/AES-GCM.swift:29:6: error: unknown attribute 'nonexhaustive'
 27 |     /// The Advanced Encryption Standard (AES) Galois Counter Mode (GCM) cipher
 28 |     /// suite.
 29 |     @nonexhaustive
    |      `- error: unknown attribute 'nonexhaustive'
 30 |     public enum GCM: Cipher, Sendable {
 31 |         static let tagByteCount = 16
/host/spi-builder-workspace/.build/checkouts/swift-crypto/Sources/Crypto/AEADs/ChachaPoly/ChaChaPoly.swift:28:2: error: unknown attribute 'nonexhaustive'
 26 |
 27 | /// An implementation of the ChaCha20-Poly1305 cipher.
 28 | @nonexhaustive
    |  `- error: unknown attribute 'nonexhaustive'
 29 | public enum ChaChaPoly: Cipher, Sendable {
 30 |     static let tagByteCount = 16
[1113/1333] Compiling NIOCore NIOAsyncSequenceProducerStrategies.swift
/host/spi-builder-workspace/.build/checkouts/swift-crypto/Sources/Crypto/AEADs/AES/GCM/AES-GCM.swift:29:6: error: unknown attribute 'nonexhaustive'
 27 |     /// The Advanced Encryption Standard (AES) Galois Counter Mode (GCM) cipher
 28 |     /// suite.
 29 |     @nonexhaustive
    |      `- error: unknown attribute 'nonexhaustive'
 30 |     public enum GCM: Cipher, Sendable {
 31 |         static let tagByteCount = 16
/host/spi-builder-workspace/.build/checkouts/swift-crypto/Sources/Crypto/AEADs/ChachaPoly/ChaChaPoly.swift:28:2: error: unknown attribute 'nonexhaustive'
 26 |
 27 | /// An implementation of the ChaCha20-Poly1305 cipher.
 28 | @nonexhaustive
    |  `- error: unknown attribute 'nonexhaustive'
 29 | public enum ChaChaPoly: Cipher, Sendable {
 30 |     static let tagByteCount = 16
[1114/1333] Compiling NIOCore NIOAsyncWriter.swift
/host/spi-builder-workspace/.build/checkouts/swift-crypto/Sources/Crypto/AEADs/AES/GCM/AES-GCM.swift:29:6: error: unknown attribute 'nonexhaustive'
 27 |     /// The Advanced Encryption Standard (AES) Galois Counter Mode (GCM) cipher
 28 |     /// suite.
 29 |     @nonexhaustive
    |      `- error: unknown attribute 'nonexhaustive'
 30 |     public enum GCM: Cipher, Sendable {
 31 |         static let tagByteCount = 16
/host/spi-builder-workspace/.build/checkouts/swift-crypto/Sources/Crypto/AEADs/ChachaPoly/ChaChaPoly.swift:28:2: error: unknown attribute 'nonexhaustive'
 26 |
 27 | /// An implementation of the ChaCha20-Poly1305 cipher.
 28 | @nonexhaustive
    |  `- error: unknown attribute 'nonexhaustive'
 29 | public enum ChaChaPoly: Cipher, Sendable {
 30 |     static let tagByteCount = 16
[1115/1333] Compiling NIOCore ByteBuffer-multi-int.swift
/host/spi-builder-workspace/.build/checkouts/swift-crypto/Sources/Crypto/AEADs/AES/GCM/AES-GCM.swift:29:6: error: unknown attribute 'nonexhaustive'
 27 |     /// The Advanced Encryption Standard (AES) Galois Counter Mode (GCM) cipher
 28 |     /// suite.
 29 |     @nonexhaustive
    |      `- error: unknown attribute 'nonexhaustive'
 30 |     public enum GCM: Cipher, Sendable {
 31 |         static let tagByteCount = 16
/host/spi-builder-workspace/.build/checkouts/swift-crypto/Sources/Crypto/AEADs/ChachaPoly/ChaChaPoly.swift:28:2: error: unknown attribute 'nonexhaustive'
 26 |
 27 | /// An implementation of the ChaCha20-Poly1305 cipher.
 28 | @nonexhaustive
    |  `- error: unknown attribute 'nonexhaustive'
 29 | public enum ChaChaPoly: Cipher, Sendable {
 30 |     static let tagByteCount = 16
[1116/1333] Compiling NIOCore ByteBuffer-quicBinaryEncodingStrategy.swift
/host/spi-builder-workspace/.build/checkouts/swift-crypto/Sources/Crypto/AEADs/AES/GCM/AES-GCM.swift:29:6: error: unknown attribute 'nonexhaustive'
 27 |     /// The Advanced Encryption Standard (AES) Galois Counter Mode (GCM) cipher
 28 |     /// suite.
 29 |     @nonexhaustive
    |      `- error: unknown attribute 'nonexhaustive'
 30 |     public enum GCM: Cipher, Sendable {
 31 |         static let tagByteCount = 16
/host/spi-builder-workspace/.build/checkouts/swift-crypto/Sources/Crypto/AEADs/ChachaPoly/ChaChaPoly.swift:28:2: error: unknown attribute 'nonexhaustive'
 26 |
 27 | /// An implementation of the ChaCha20-Poly1305 cipher.
 28 | @nonexhaustive
    |  `- error: unknown attribute 'nonexhaustive'
 29 | public enum ChaChaPoly: Cipher, Sendable {
 30 |     static let tagByteCount = 16
[1117/1333] Compiling NIOCore ByteBuffer-views.swift
/host/spi-builder-workspace/.build/checkouts/swift-crypto/Sources/Crypto/AEADs/AES/GCM/AES-GCM.swift:29:6: error: unknown attribute 'nonexhaustive'
 27 |     /// The Advanced Encryption Standard (AES) Galois Counter Mode (GCM) cipher
 28 |     /// suite.
 29 |     @nonexhaustive
    |      `- error: unknown attribute 'nonexhaustive'
 30 |     public enum GCM: Cipher, Sendable {
 31 |         static let tagByteCount = 16
/host/spi-builder-workspace/.build/checkouts/swift-crypto/Sources/Crypto/AEADs/ChachaPoly/ChaChaPoly.swift:28:2: error: unknown attribute 'nonexhaustive'
 26 |
 27 | /// An implementation of the ChaCha20-Poly1305 cipher.
 28 | @nonexhaustive
    |  `- error: unknown attribute 'nonexhaustive'
 29 | public enum ChaChaPoly: Cipher, Sendable {
 30 |     static let tagByteCount = 16
[1118/1333] Compiling NIOCore Channel.swift
/host/spi-builder-workspace/.build/checkouts/swift-crypto/Sources/Crypto/AEADs/AES/GCM/AES-GCM.swift:29:6: error: unknown attribute 'nonexhaustive'
 27 |     /// The Advanced Encryption Standard (AES) Galois Counter Mode (GCM) cipher
 28 |     /// suite.
 29 |     @nonexhaustive
    |      `- error: unknown attribute 'nonexhaustive'
 30 |     public enum GCM: Cipher, Sendable {
 31 |         static let tagByteCount = 16
/host/spi-builder-workspace/.build/checkouts/swift-crypto/Sources/Crypto/AEADs/ChachaPoly/ChaChaPoly.swift:28:2: error: unknown attribute 'nonexhaustive'
 26 |
 27 | /// An implementation of the ChaCha20-Poly1305 cipher.
 28 | @nonexhaustive
    |  `- error: unknown attribute 'nonexhaustive'
 29 | public enum ChaChaPoly: Cipher, Sendable {
 30 |     static let tagByteCount = 16
[1119/1345] Compiling NIOCore Linux.swift
/host/spi-builder-workspace/.build/checkouts/swift-crypto/Sources/Crypto/Key Wrapping/AESWrap.swift:30:6: error: unknown attribute 'nonexhaustive'
28 |     /// An implementation of AES Key Wrapping in accordance with the IETF RFC
29 |     /// 3394 specification.
30 |     @nonexhaustive
   |      `- error: unknown attribute 'nonexhaustive'
31 |     public enum KeyWrap: Sendable {
32 |         /// Wraps a key using the AES wrap algorithm.
/host/spi-builder-workspace/.build/checkouts/swift-crypto/Sources/Crypto/Keys/EC/Curve25519.swift:19:2: error: unknown attribute 'nonexhaustive'
17 | #else
18 | /// An elliptic curve that enables X25519 key agreement and Ed25519 signatures.
19 | @nonexhaustive
   |  `- error: unknown attribute 'nonexhaustive'
20 | public enum Curve25519: Sendable {}
21 | #endif // canImport(CryptoKit)
/host/spi-builder-workspace/.build/checkouts/swift-crypto/Sources/Crypto/Keys/EC/Ed25519Keys.swift:33:6: error: unknown attribute 'nonexhaustive'
 31 |     /// A mechanism used to create or verify a cryptographic signature using
 32 |     /// Ed25519.
 33 |     @nonexhaustive
    |      `- error: unknown attribute 'nonexhaustive'
 34 |     public enum Signing: Sendable {
 35 |         typealias Curve25519PrivateKeyImpl = Curve25519.Signing.OpenSSLCurve25519PrivateKeyImpl
/host/spi-builder-workspace/.build/checkouts/swift-crypto/Sources/Crypto/Keys/EC/NISTCurvesKeys.swift:51:2: error: unknown attribute 'nonexhaustive'
49 |
50 | /// An elliptic curve that enables NIST P-256 signatures and key agreement.
51 | @nonexhaustive
   |  `- error: unknown attribute 'nonexhaustive'
52 | public enum P256: Sendable { }
53 |
/host/spi-builder-workspace/.build/checkouts/swift-crypto/Sources/Crypto/Keys/EC/NISTCurvesKeys.swift:55:2: error: unknown attribute 'nonexhaustive'
53 |
54 | /// An elliptic curve that enables NIST P-384 signatures and key agreement.
55 | @nonexhaustive
   |  `- error: unknown attribute 'nonexhaustive'
56 | public enum P384: Sendable { }
57 |
/host/spi-builder-workspace/.build/checkouts/swift-crypto/Sources/Crypto/Keys/EC/NISTCurvesKeys.swift:59:2: error: unknown attribute 'nonexhaustive'
57 |
58 | /// An elliptic curve that enables NIST P-521 signatures and key agreement.
59 | @nonexhaustive
   |  `- error: unknown attribute 'nonexhaustive'
60 | public enum P521: Sendable { }
61 | #endif // canImport(CryptoKit)
/host/spi-builder-workspace/.build/checkouts/swift-crypto/Sources/Crypto/Keys/EC/X25519Keys.swift:33:6: error: unknown attribute 'nonexhaustive'
 31 |     /// A mechanism used to create a shared secret between two users by
 32 |     /// performing X25519 key agreement.
 33 |     @nonexhaustive
    |      `- error: unknown attribute 'nonexhaustive'
 34 |     public enum KeyAgreement: Sendable {
 35 |         typealias Curve25519PrivateKeyImpl = Curve25519.KeyAgreement.OpenSSLCurve25519PrivateKeyImpl
[1120/1345] Compiling NIOCore MarkedCircularBuffer.swift
/host/spi-builder-workspace/.build/checkouts/swift-crypto/Sources/Crypto/Key Wrapping/AESWrap.swift:30:6: error: unknown attribute 'nonexhaustive'
28 |     /// An implementation of AES Key Wrapping in accordance with the IETF RFC
29 |     /// 3394 specification.
30 |     @nonexhaustive
   |      `- error: unknown attribute 'nonexhaustive'
31 |     public enum KeyWrap: Sendable {
32 |         /// Wraps a key using the AES wrap algorithm.
/host/spi-builder-workspace/.build/checkouts/swift-crypto/Sources/Crypto/Keys/EC/Curve25519.swift:19:2: error: unknown attribute 'nonexhaustive'
17 | #else
18 | /// An elliptic curve that enables X25519 key agreement and Ed25519 signatures.
19 | @nonexhaustive
   |  `- error: unknown attribute 'nonexhaustive'
20 | public enum Curve25519: Sendable {}
21 | #endif // canImport(CryptoKit)
/host/spi-builder-workspace/.build/checkouts/swift-crypto/Sources/Crypto/Keys/EC/Ed25519Keys.swift:33:6: error: unknown attribute 'nonexhaustive'
 31 |     /// A mechanism used to create or verify a cryptographic signature using
 32 |     /// Ed25519.
 33 |     @nonexhaustive
    |      `- error: unknown attribute 'nonexhaustive'
 34 |     public enum Signing: Sendable {
 35 |         typealias Curve25519PrivateKeyImpl = Curve25519.Signing.OpenSSLCurve25519PrivateKeyImpl
/host/spi-builder-workspace/.build/checkouts/swift-crypto/Sources/Crypto/Keys/EC/NISTCurvesKeys.swift:51:2: error: unknown attribute 'nonexhaustive'
49 |
50 | /// An elliptic curve that enables NIST P-256 signatures and key agreement.
51 | @nonexhaustive
   |  `- error: unknown attribute 'nonexhaustive'
52 | public enum P256: Sendable { }
53 |
/host/spi-builder-workspace/.build/checkouts/swift-crypto/Sources/Crypto/Keys/EC/NISTCurvesKeys.swift:55:2: error: unknown attribute 'nonexhaustive'
53 |
54 | /// An elliptic curve that enables NIST P-384 signatures and key agreement.
55 | @nonexhaustive
   |  `- error: unknown attribute 'nonexhaustive'
56 | public enum P384: Sendable { }
57 |
/host/spi-builder-workspace/.build/checkouts/swift-crypto/Sources/Crypto/Keys/EC/NISTCurvesKeys.swift:59:2: error: unknown attribute 'nonexhaustive'
57 |
58 | /// An elliptic curve that enables NIST P-521 signatures and key agreement.
59 | @nonexhaustive
   |  `- error: unknown attribute 'nonexhaustive'
60 | public enum P521: Sendable { }
61 | #endif // canImport(CryptoKit)
/host/spi-builder-workspace/.build/checkouts/swift-crypto/Sources/Crypto/Keys/EC/X25519Keys.swift:33:6: error: unknown attribute 'nonexhaustive'
 31 |     /// A mechanism used to create a shared secret between two users by
 32 |     /// performing X25519 key agreement.
 33 |     @nonexhaustive
    |      `- error: unknown attribute 'nonexhaustive'
 34 |     public enum KeyAgreement: Sendable {
 35 |         typealias Curve25519PrivateKeyImpl = Curve25519.KeyAgreement.OpenSSLCurve25519PrivateKeyImpl
[1121/1345] Compiling NIOCore MulticastChannel.swift
/host/spi-builder-workspace/.build/checkouts/swift-crypto/Sources/Crypto/Key Wrapping/AESWrap.swift:30:6: error: unknown attribute 'nonexhaustive'
28 |     /// An implementation of AES Key Wrapping in accordance with the IETF RFC
29 |     /// 3394 specification.
30 |     @nonexhaustive
   |      `- error: unknown attribute 'nonexhaustive'
31 |     public enum KeyWrap: Sendable {
32 |         /// Wraps a key using the AES wrap algorithm.
/host/spi-builder-workspace/.build/checkouts/swift-crypto/Sources/Crypto/Keys/EC/Curve25519.swift:19:2: error: unknown attribute 'nonexhaustive'
17 | #else
18 | /// An elliptic curve that enables X25519 key agreement and Ed25519 signatures.
19 | @nonexhaustive
   |  `- error: unknown attribute 'nonexhaustive'
20 | public enum Curve25519: Sendable {}
21 | #endif // canImport(CryptoKit)
/host/spi-builder-workspace/.build/checkouts/swift-crypto/Sources/Crypto/Keys/EC/Ed25519Keys.swift:33:6: error: unknown attribute 'nonexhaustive'
 31 |     /// A mechanism used to create or verify a cryptographic signature using
 32 |     /// Ed25519.
 33 |     @nonexhaustive
    |      `- error: unknown attribute 'nonexhaustive'
 34 |     public enum Signing: Sendable {
 35 |         typealias Curve25519PrivateKeyImpl = Curve25519.Signing.OpenSSLCurve25519PrivateKeyImpl
/host/spi-builder-workspace/.build/checkouts/swift-crypto/Sources/Crypto/Keys/EC/NISTCurvesKeys.swift:51:2: error: unknown attribute 'nonexhaustive'
49 |
50 | /// An elliptic curve that enables NIST P-256 signatures and key agreement.
51 | @nonexhaustive
   |  `- error: unknown attribute 'nonexhaustive'
52 | public enum P256: Sendable { }
53 |
/host/spi-builder-workspace/.build/checkouts/swift-crypto/Sources/Crypto/Keys/EC/NISTCurvesKeys.swift:55:2: error: unknown attribute 'nonexhaustive'
53 |
54 | /// An elliptic curve that enables NIST P-384 signatures and key agreement.
55 | @nonexhaustive
   |  `- error: unknown attribute 'nonexhaustive'
56 | public enum P384: Sendable { }
57 |
/host/spi-builder-workspace/.build/checkouts/swift-crypto/Sources/Crypto/Keys/EC/NISTCurvesKeys.swift:59:2: error: unknown attribute 'nonexhaustive'
57 |
58 | /// An elliptic curve that enables NIST P-521 signatures and key agreement.
59 | @nonexhaustive
   |  `- error: unknown attribute 'nonexhaustive'
60 | public enum P521: Sendable { }
61 | #endif // canImport(CryptoKit)
/host/spi-builder-workspace/.build/checkouts/swift-crypto/Sources/Crypto/Keys/EC/X25519Keys.swift:33:6: error: unknown attribute 'nonexhaustive'
 31 |     /// A mechanism used to create a shared secret between two users by
 32 |     /// performing X25519 key agreement.
 33 |     @nonexhaustive
    |      `- error: unknown attribute 'nonexhaustive'
 34 |     public enum KeyAgreement: Sendable {
 35 |         typealias Curve25519PrivateKeyImpl = Curve25519.KeyAgreement.OpenSSLCurve25519PrivateKeyImpl
/host/spi-builder-workspace/.build/checkouts/swift-crypto/Sources/Crypto/Key Wrapping/AESWrap.swift:30:6: error: unknown attribute 'nonexhaustive'
28 |     /// An implementation of AES Key Wrapping in accordance with the IETF RFC
29 |     /// 3394 specification.
30 |     @nonexhaustive
   |      `- error: unknown attribute 'nonexhaustive'
31 |     public enum KeyWrap: Sendable {
32 |         /// Wraps a key using the AES wrap algorithm.
/host/spi-builder-workspace/.build/checkouts/swift-crypto/Sources/Crypto/Keys/EC/Curve25519.swift:19:2: error: unknown attribute 'nonexhaustive'
17 | #else
18 | /// An elliptic curve that enables X25519 key agreement and Ed25519 signatures.
19 | @nonexhaustive
   |  `- error: unknown attribute 'nonexhaustive'
20 | public enum Curve25519: Sendable {}
21 | #endif // canImport(CryptoKit)
/host/spi-builder-workspace/.build/checkouts/swift-crypto/Sources/Crypto/Keys/EC/Ed25519Keys.swift:33:6: error: unknown attribute 'nonexhaustive'
 31 |     /// A mechanism used to create or verify a cryptographic signature using
 32 |     /// Ed25519.
 33 |     @nonexhaustive
    |      `- error: unknown attribute 'nonexhaustive'
 34 |     public enum Signing: Sendable {
 35 |         typealias Curve25519PrivateKeyImpl = Curve25519.Signing.OpenSSLCurve25519PrivateKeyImpl
/host/spi-builder-workspace/.build/checkouts/swift-crypto/Sources/Crypto/Keys/EC/NISTCurvesKeys.swift:51:2: error: unknown attribute 'nonexhaustive'
49 |
50 | /// An elliptic curve that enables NIST P-256 signatures and key agreement.
51 | @nonexhaustive
   |  `- error: unknown attribute 'nonexhaustive'
52 | public enum P256: Sendable { }
53 |
/host/spi-builder-workspace/.build/checkouts/swift-crypto/Sources/Crypto/Keys/EC/NISTCurvesKeys.swift:55:2: error: unknown attribute 'nonexhaustive'
53 |
54 | /// An elliptic curve that enables NIST P-384 signatures and key agreement.
55 | @nonexhaustive
   |  `- error: unknown attribute 'nonexhaustive'
56 | public enum P384: Sendable { }
57 |
/host/spi-builder-workspace/.build/checkouts/swift-crypto/Sources/Crypto/Keys/EC/NISTCurvesKeys.swift:59:2: error: unknown attribute 'nonexhaustive'
57 |
58 | /// An elliptic curve that enables NIST P-521 signatures and key agreement.
59 | @nonexhaustive
   |  `- error: unknown attribute 'nonexhaustive'
60 | public enum P521: Sendable { }
61 | #endif // canImport(CryptoKit)
/host/spi-builder-workspace/.build/checkouts/swift-crypto/Sources/Crypto/Keys/EC/X25519Keys.swift:33:6: error: unknown attribute 'nonexhaustive'
 31 |     /// A mechanism used to create a shared secret between two users by
 32 |     /// performing X25519 key agreement.
 33 |     @nonexhaustive
    |      `- error: unknown attribute 'nonexhaustive'
 34 |     public enum KeyAgreement: Sendable {
 35 |         typealias Curve25519PrivateKeyImpl = Curve25519.KeyAgreement.OpenSSLCurve25519PrivateKeyImpl
/host/spi-builder-workspace/.build/checkouts/swift-crypto/Sources/Crypto/Key Wrapping/AESWrap.swift:30:6: error: unknown attribute 'nonexhaustive'
28 |     /// An implementation of AES Key Wrapping in accordance with the IETF RFC
29 |     /// 3394 specification.
30 |     @nonexhaustive
   |      `- error: unknown attribute 'nonexhaustive'
31 |     public enum KeyWrap: Sendable {
32 |         /// Wraps a key using the AES wrap algorithm.
/host/spi-builder-workspace/.build/checkouts/swift-crypto/Sources/Crypto/Keys/EC/Curve25519.swift:19:2: error: unknown attribute 'nonexhaustive'
17 | #else
18 | /// An elliptic curve that enables X25519 key agreement and Ed25519 signatures.
19 | @nonexhaustive
   |  `- error: unknown attribute 'nonexhaustive'
20 | public enum Curve25519: Sendable {}
21 | #endif // canImport(CryptoKit)
/host/spi-builder-workspace/.build/checkouts/swift-crypto/Sources/Crypto/Keys/EC/Ed25519Keys.swift:33:6: error: unknown attribute 'nonexhaustive'
 31 |     /// A mechanism used to create or verify a cryptographic signature using
 32 |     /// Ed25519.
 33 |     @nonexhaustive
    |      `- error: unknown attribute 'nonexhaustive'
 34 |     public enum Signing: Sendable {
 35 |         typealias Curve25519PrivateKeyImpl = Curve25519.Signing.OpenSSLCurve25519PrivateKeyImpl
/host/spi-builder-workspace/.build/checkouts/swift-crypto/Sources/Crypto/Keys/EC/NISTCurvesKeys.swift:51:2: error: unknown attribute 'nonexhaustive'
49 |
50 | /// An elliptic curve that enables NIST P-256 signatures and key agreement.
51 | @nonexhaustive
   |  `- error: unknown attribute 'nonexhaustive'
52 | public enum P256: Sendable { }
53 |
/host/spi-builder-workspace/.build/checkouts/swift-crypto/Sources/Crypto/Keys/EC/NISTCurvesKeys.swift:55:2: error: unknown attribute 'nonexhaustive'
53 |
54 | /// An elliptic curve that enables NIST P-384 signatures and key agreement.
55 | @nonexhaustive
   |  `- error: unknown attribute 'nonexhaustive'
56 | public enum P384: Sendable { }
57 |
/host/spi-builder-workspace/.build/checkouts/swift-crypto/Sources/Crypto/Keys/EC/NISTCurvesKeys.swift:59:2: error: unknown attribute 'nonexhaustive'
57 |
58 | /// An elliptic curve that enables NIST P-521 signatures and key agreement.
59 | @nonexhaustive
   |  `- error: unknown attribute 'nonexhaustive'
60 | public enum P521: Sendable { }
61 | #endif // canImport(CryptoKit)
/host/spi-builder-workspace/.build/checkouts/swift-crypto/Sources/Crypto/Keys/EC/X25519Keys.swift:33:6: error: unknown attribute 'nonexhaustive'
 31 |     /// A mechanism used to create a shared secret between two users by
 32 |     /// performing X25519 key agreement.
 33 |     @nonexhaustive
    |      `- error: unknown attribute 'nonexhaustive'
 34 |     public enum KeyAgreement: Sendable {
 35 |         typealias Curve25519PrivateKeyImpl = Curve25519.KeyAgreement.OpenSSLCurve25519PrivateKeyImpl
/host/spi-builder-workspace/.build/checkouts/swift-crypto/Sources/Crypto/Key Wrapping/AESWrap.swift:30:6: error: unknown attribute 'nonexhaustive'
28 |     /// An implementation of AES Key Wrapping in accordance with the IETF RFC
29 |     /// 3394 specification.
30 |     @nonexhaustive
   |      `- error: unknown attribute 'nonexhaustive'
31 |     public enum KeyWrap: Sendable {
32 |         /// Wraps a key using the AES wrap algorithm.
/host/spi-builder-workspace/.build/checkouts/swift-crypto/Sources/Crypto/Keys/EC/Curve25519.swift:19:2: error: unknown attribute 'nonexhaustive'
17 | #else
18 | /// An elliptic curve that enables X25519 key agreement and Ed25519 signatures.
19 | @nonexhaustive
   |  `- error: unknown attribute 'nonexhaustive'
20 | public enum Curve25519: Sendable {}
21 | #endif // canImport(CryptoKit)
/host/spi-builder-workspace/.build/checkouts/swift-crypto/Sources/Crypto/Keys/EC/Ed25519Keys.swift:33:6: error: unknown attribute 'nonexhaustive'
 31 |     /// A mechanism used to create or verify a cryptographic signature using
 32 |     /// Ed25519.
 33 |     @nonexhaustive
    |      `- error: unknown attribute 'nonexhaustive'
 34 |     public enum Signing: Sendable {
 35 |         typealias Curve25519PrivateKeyImpl = Curve25519.Signing.OpenSSLCurve25519PrivateKeyImpl
/host/spi-builder-workspace/.build/checkouts/swift-crypto/Sources/Crypto/Keys/EC/NISTCurvesKeys.swift:51:2: error: unknown attribute 'nonexhaustive'
49 |
50 | /// An elliptic curve that enables NIST P-256 signatures and key agreement.
51 | @nonexhaustive
   |  `- error: unknown attribute 'nonexhaustive'
52 | public enum P256: Sendable { }
53 |
/host/spi-builder-workspace/.build/checkouts/swift-crypto/Sources/Crypto/Keys/EC/NISTCurvesKeys.swift:55:2: error: unknown attribute 'nonexhaustive'
53 |
54 | /// An elliptic curve that enables NIST P-384 signatures and key agreement.
55 | @nonexhaustive
   |  `- error: unknown attribute 'nonexhaustive'
56 | public enum P384: Sendable { }
57 |
/host/spi-builder-workspace/.build/checkouts/swift-crypto/Sources/Crypto/Keys/EC/NISTCurvesKeys.swift:59:2: error: unknown attribute 'nonexhaustive'
57 |
58 | /// An elliptic curve that enables NIST P-521 signatures and key agreement.
59 | @nonexhaustive
   |  `- error: unknown attribute 'nonexhaustive'
60 | public enum P521: Sendable { }
61 | #endif // canImport(CryptoKit)
/host/spi-builder-workspace/.build/checkouts/swift-crypto/Sources/Crypto/Keys/EC/X25519Keys.swift:33:6: error: unknown attribute 'nonexhaustive'
 31 |     /// A mechanism used to create a shared secret between two users by
 32 |     /// performing X25519 key agreement.
 33 |     @nonexhaustive
    |      `- error: unknown attribute 'nonexhaustive'
 34 |     public enum KeyAgreement: Sendable {
 35 |         typealias Curve25519PrivateKeyImpl = Curve25519.KeyAgreement.OpenSSLCurve25519PrivateKeyImpl
/host/spi-builder-workspace/.build/checkouts/swift-crypto/Sources/Crypto/Key Wrapping/AESWrap.swift:30:6: error: unknown attribute 'nonexhaustive'
28 |     /// An implementation of AES Key Wrapping in accordance with the IETF RFC
29 |     /// 3394 specification.
30 |     @nonexhaustive
   |      `- error: unknown attribute 'nonexhaustive'
31 |     public enum KeyWrap: Sendable {
32 |         /// Wraps a key using the AES wrap algorithm.
/host/spi-builder-workspace/.build/checkouts/swift-crypto/Sources/Crypto/Keys/EC/Curve25519.swift:19:2: error: unknown attribute 'nonexhaustive'
17 | #else
18 | /// An elliptic curve that enables X25519 key agreement and Ed25519 signatures.
19 | @nonexhaustive
   |  `- error: unknown attribute 'nonexhaustive'
20 | public enum Curve25519: Sendable {}
21 | #endif // canImport(CryptoKit)
/host/spi-builder-workspace/.build/checkouts/swift-crypto/Sources/Crypto/Keys/EC/Ed25519Keys.swift:33:6: error: unknown attribute 'nonexhaustive'
 31 |     /// A mechanism used to create or verify a cryptographic signature using
 32 |     /// Ed25519.
 33 |     @nonexhaustive
    |      `- error: unknown attribute 'nonexhaustive'
 34 |     public enum Signing: Sendable {
 35 |         typealias Curve25519PrivateKeyImpl = Curve25519.Signing.OpenSSLCurve25519PrivateKeyImpl
/host/spi-builder-workspace/.build/checkouts/swift-crypto/Sources/Crypto/Keys/EC/NISTCurvesKeys.swift:51:2: error: unknown attribute 'nonexhaustive'
49 |
50 | /// An elliptic curve that enables NIST P-256 signatures and key agreement.
51 | @nonexhaustive
   |  `- error: unknown attribute 'nonexhaustive'
52 | public enum P256: Sendable { }
53 |
/host/spi-builder-workspace/.build/checkouts/swift-crypto/Sources/Crypto/Keys/EC/NISTCurvesKeys.swift:55:2: error: unknown attribute 'nonexhaustive'
53 |
54 | /// An elliptic curve that enables NIST P-384 signatures and key agreement.
55 | @nonexhaustive
   |  `- error: unknown attribute 'nonexhaustive'
56 | public enum P384: Sendable { }
57 |
/host/spi-builder-workspace/.build/checkouts/swift-crypto/Sources/Crypto/Keys/EC/NISTCurvesKeys.swift:59:2: error: unknown attribute 'nonexhaustive'
57 |
58 | /// An elliptic curve that enables NIST P-521 signatures and key agreement.
59 | @nonexhaustive
   |  `- error: unknown attribute 'nonexhaustive'
60 | public enum P521: Sendable { }
61 | #endif // canImport(CryptoKit)
/host/spi-builder-workspace/.build/checkouts/swift-crypto/Sources/Crypto/Keys/EC/X25519Keys.swift:33:6: error: unknown attribute 'nonexhaustive'
 31 |     /// A mechanism used to create a shared secret between two users by
 32 |     /// performing X25519 key agreement.
 33 |     @nonexhaustive
    |      `- error: unknown attribute 'nonexhaustive'
 34 |     public enum KeyAgreement: Sendable {
 35 |         typealias Curve25519PrivateKeyImpl = Curve25519.KeyAgreement.OpenSSLCurve25519PrivateKeyImpl
/host/spi-builder-workspace/.build/checkouts/swift-crypto/Sources/Crypto/Key Wrapping/AESWrap.swift:30:6: error: unknown attribute 'nonexhaustive'
28 |     /// An implementation of AES Key Wrapping in accordance with the IETF RFC
29 |     /// 3394 specification.
30 |     @nonexhaustive
   |      `- error: unknown attribute 'nonexhaustive'
31 |     public enum KeyWrap: Sendable {
32 |         /// Wraps a key using the AES wrap algorithm.
/host/spi-builder-workspace/.build/checkouts/swift-crypto/Sources/Crypto/Keys/EC/Curve25519.swift:19:2: error: unknown attribute 'nonexhaustive'
17 | #else
18 | /// An elliptic curve that enables X25519 key agreement and Ed25519 signatures.
19 | @nonexhaustive
   |  `- error: unknown attribute 'nonexhaustive'
20 | public enum Curve25519: Sendable {}
21 | #endif // canImport(CryptoKit)
/host/spi-builder-workspace/.build/checkouts/swift-crypto/Sources/Crypto/Keys/EC/Ed25519Keys.swift:33:6: error: unknown attribute 'nonexhaustive'
 31 |     /// A mechanism used to create or verify a cryptographic signature using
 32 |     /// Ed25519.
 33 |     @nonexhaustive
    |      `- error: unknown attribute 'nonexhaustive'
 34 |     public enum Signing: Sendable {
 35 |         typealias Curve25519PrivateKeyImpl = Curve25519.Signing.OpenSSLCurve25519PrivateKeyImpl
/host/spi-builder-workspace/.build/checkouts/swift-crypto/Sources/Crypto/Keys/EC/NISTCurvesKeys.swift:51:2: error: unknown attribute 'nonexhaustive'
49 |
50 | /// An elliptic curve that enables NIST P-256 signatures and key agreement.
51 | @nonexhaustive
   |  `- error: unknown attribute 'nonexhaustive'
52 | public enum P256: Sendable { }
53 |
/host/spi-builder-workspace/.build/checkouts/swift-crypto/Sources/Crypto/Keys/EC/NISTCurvesKeys.swift:55:2: error: unknown attribute 'nonexhaustive'
53 |
54 | /// An elliptic curve that enables NIST P-384 signatures and key agreement.
55 | @nonexhaustive
   |  `- error: unknown attribute 'nonexhaustive'
56 | public enum P384: Sendable { }
57 |
/host/spi-builder-workspace/.build/checkouts/swift-crypto/Sources/Crypto/Keys/EC/NISTCurvesKeys.swift:59:2: error: unknown attribute 'nonexhaustive'
57 |
58 | /// An elliptic curve that enables NIST P-521 signatures and key agreement.
59 | @nonexhaustive
   |  `- error: unknown attribute 'nonexhaustive'
60 | public enum P521: Sendable { }
61 | #endif // canImport(CryptoKit)
/host/spi-builder-workspace/.build/checkouts/swift-crypto/Sources/Crypto/Keys/EC/X25519Keys.swift:33:6: error: unknown attribute 'nonexhaustive'
 31 |     /// A mechanism used to create a shared secret between two users by
 32 |     /// performing X25519 key agreement.
 33 |     @nonexhaustive
    |      `- error: unknown attribute 'nonexhaustive'
 34 |     public enum KeyAgreement: Sendable {
 35 |         typealias Curve25519PrivateKeyImpl = Curve25519.KeyAgreement.OpenSSLCurve25519PrivateKeyImpl
/host/spi-builder-workspace/.build/checkouts/swift-crypto/Sources/Crypto/Key Wrapping/AESWrap.swift:30:6: error: unknown attribute 'nonexhaustive'
28 |     /// An implementation of AES Key Wrapping in accordance with the IETF RFC
29 |     /// 3394 specification.
30 |     @nonexhaustive
   |      `- error: unknown attribute 'nonexhaustive'
31 |     public enum KeyWrap: Sendable {
32 |         /// Wraps a key using the AES wrap algorithm.
/host/spi-builder-workspace/.build/checkouts/swift-crypto/Sources/Crypto/Keys/EC/Curve25519.swift:19:2: error: unknown attribute 'nonexhaustive'
17 | #else
18 | /// An elliptic curve that enables X25519 key agreement and Ed25519 signatures.
19 | @nonexhaustive
   |  `- error: unknown attribute 'nonexhaustive'
20 | public enum Curve25519: Sendable {}
21 | #endif // canImport(CryptoKit)
/host/spi-builder-workspace/.build/checkouts/swift-crypto/Sources/Crypto/Keys/EC/Ed25519Keys.swift:33:6: error: unknown attribute 'nonexhaustive'
 31 |     /// A mechanism used to create or verify a cryptographic signature using
 32 |     /// Ed25519.
 33 |     @nonexhaustive
    |      `- error: unknown attribute 'nonexhaustive'
 34 |     public enum Signing: Sendable {
 35 |         typealias Curve25519PrivateKeyImpl = Curve25519.Signing.OpenSSLCurve25519PrivateKeyImpl
/host/spi-builder-workspace/.build/checkouts/swift-crypto/Sources/Crypto/Keys/EC/NISTCurvesKeys.swift:51:2: error: unknown attribute 'nonexhaustive'
49 |
50 | /// An elliptic curve that enables NIST P-256 signatures and key agreement.
51 | @nonexhaustive
   |  `- error: unknown attribute 'nonexhaustive'
52 | public enum P256: Sendable { }
53 |
/host/spi-builder-workspace/.build/checkouts/swift-crypto/Sources/Crypto/Keys/EC/NISTCurvesKeys.swift:55:2: error: unknown attribute 'nonexhaustive'
53 |
54 | /// An elliptic curve that enables NIST P-384 signatures and key agreement.
55 | @nonexhaustive
   |  `- error: unknown attribute 'nonexhaustive'
56 | public enum P384: Sendable { }
57 |
/host/spi-builder-workspace/.build/checkouts/swift-crypto/Sources/Crypto/Keys/EC/NISTCurvesKeys.swift:59:2: error: unknown attribute 'nonexhaustive'
57 |
58 | /// An elliptic curve that enables NIST P-521 signatures and key agreement.
59 | @nonexhaustive
   |  `- error: unknown attribute 'nonexhaustive'
60 | public enum P521: Sendable { }
61 | #endif // canImport(CryptoKit)
/host/spi-builder-workspace/.build/checkouts/swift-crypto/Sources/Crypto/Keys/EC/X25519Keys.swift:33:6: error: unknown attribute 'nonexhaustive'
 31 |     /// A mechanism used to create a shared secret between two users by
 32 |     /// performing X25519 key agreement.
 33 |     @nonexhaustive
    |      `- error: unknown attribute 'nonexhaustive'
 34 |     public enum KeyAgreement: Sendable {
 35 |         typealias Curve25519PrivateKeyImpl = Curve25519.KeyAgreement.OpenSSLCurve25519PrivateKeyImpl
/host/spi-builder-workspace/.build/checkouts/swift-crypto/Sources/Crypto/Key Wrapping/AESWrap.swift:30:6: error: unknown attribute 'nonexhaustive'
28 |     /// An implementation of AES Key Wrapping in accordance with the IETF RFC
29 |     /// 3394 specification.
30 |     @nonexhaustive
   |      `- error: unknown attribute 'nonexhaustive'
31 |     public enum KeyWrap: Sendable {
32 |         /// Wraps a key using the AES wrap algorithm.
/host/spi-builder-workspace/.build/checkouts/swift-crypto/Sources/Crypto/Keys/EC/Curve25519.swift:19:2: error: unknown attribute 'nonexhaustive'
17 | #else
18 | /// An elliptic curve that enables X25519 key agreement and Ed25519 signatures.
19 | @nonexhaustive
   |  `- error: unknown attribute 'nonexhaustive'
20 | public enum Curve25519: Sendable {}
21 | #endif // canImport(CryptoKit)
/host/spi-builder-workspace/.build/checkouts/swift-crypto/Sources/Crypto/Keys/EC/Ed25519Keys.swift:33:6: error: unknown attribute 'nonexhaustive'
 31 |     /// A mechanism used to create or verify a cryptographic signature using
 32 |     /// Ed25519.
 33 |     @nonexhaustive
    |      `- error: unknown attribute 'nonexhaustive'
 34 |     public enum Signing: Sendable {
 35 |         typealias Curve25519PrivateKeyImpl = Curve25519.Signing.OpenSSLCurve25519PrivateKeyImpl
/host/spi-builder-workspace/.build/checkouts/swift-crypto/Sources/Crypto/Keys/EC/NISTCurvesKeys.swift:51:2: error: unknown attribute 'nonexhaustive'
49 |
50 | /// An elliptic curve that enables NIST P-256 signatures and key agreement.
51 | @nonexhaustive
   |  `- error: unknown attribute 'nonexhaustive'
52 | public enum P256: Sendable { }
53 |
/host/spi-builder-workspace/.build/checkouts/swift-crypto/Sources/Crypto/Keys/EC/NISTCurvesKeys.swift:55:2: error: unknown attribute 'nonexhaustive'
53 |
54 | /// An elliptic curve that enables NIST P-384 signatures and key agreement.
55 | @nonexhaustive
   |  `- error: unknown attribute 'nonexhaustive'
56 | public enum P384: Sendable { }
57 |
/host/spi-builder-workspace/.build/checkouts/swift-crypto/Sources/Crypto/Keys/EC/NISTCurvesKeys.swift:59:2: error: unknown attribute 'nonexhaustive'
57 |
58 | /// An elliptic curve that enables NIST P-521 signatures and key agreement.
59 | @nonexhaustive
   |  `- error: unknown attribute 'nonexhaustive'
60 | public enum P521: Sendable { }
61 | #endif // canImport(CryptoKit)
/host/spi-builder-workspace/.build/checkouts/swift-crypto/Sources/Crypto/Keys/EC/X25519Keys.swift:33:6: error: unknown attribute 'nonexhaustive'
 31 |     /// A mechanism used to create a shared secret between two users by
 32 |     /// performing X25519 key agreement.
 33 |     @nonexhaustive
    |      `- error: unknown attribute 'nonexhaustive'
 34 |     public enum KeyAgreement: Sendable {
 35 |         typealias Curve25519PrivateKeyImpl = Curve25519.KeyAgreement.OpenSSLCurve25519PrivateKeyImpl
[1129/1345] Compiling NIOCore NIOSendable.swift
/host/spi-builder-workspace/.build/checkouts/swift-crypto/Sources/Crypto/Key Wrapping/AESWrap.swift:30:6: error: unknown attribute 'nonexhaustive'
28 |     /// An implementation of AES Key Wrapping in accordance with the IETF RFC
29 |     /// 3394 specification.
30 |     @nonexhaustive
   |      `- error: unknown attribute 'nonexhaustive'
31 |     public enum KeyWrap: Sendable {
32 |         /// Wraps a key using the AES wrap algorithm.
/host/spi-builder-workspace/.build/checkouts/swift-crypto/Sources/Crypto/Keys/EC/Curve25519.swift:19:2: error: unknown attribute 'nonexhaustive'
17 | #else
18 | /// An elliptic curve that enables X25519 key agreement and Ed25519 signatures.
19 | @nonexhaustive
   |  `- error: unknown attribute 'nonexhaustive'
20 | public enum Curve25519: Sendable {}
21 | #endif // canImport(CryptoKit)
/host/spi-builder-workspace/.build/checkouts/swift-crypto/Sources/Crypto/Keys/EC/Ed25519Keys.swift:33:6: error: unknown attribute 'nonexhaustive'
 31 |     /// A mechanism used to create or verify a cryptographic signature using
 32 |     /// Ed25519.
 33 |     @nonexhaustive
    |      `- error: unknown attribute 'nonexhaustive'
 34 |     public enum Signing: Sendable {
 35 |         typealias Curve25519PrivateKeyImpl = Curve25519.Signing.OpenSSLCurve25519PrivateKeyImpl
/host/spi-builder-workspace/.build/checkouts/swift-crypto/Sources/Crypto/Keys/EC/NISTCurvesKeys.swift:51:2: error: unknown attribute 'nonexhaustive'
49 |
50 | /// An elliptic curve that enables NIST P-256 signatures and key agreement.
51 | @nonexhaustive
   |  `- error: unknown attribute 'nonexhaustive'
52 | public enum P256: Sendable { }
53 |
/host/spi-builder-workspace/.build/checkouts/swift-crypto/Sources/Crypto/Keys/EC/NISTCurvesKeys.swift:55:2: error: unknown attribute 'nonexhaustive'
53 |
54 | /// An elliptic curve that enables NIST P-384 signatures and key agreement.
55 | @nonexhaustive
   |  `- error: unknown attribute 'nonexhaustive'
56 | public enum P384: Sendable { }
57 |
/host/spi-builder-workspace/.build/checkouts/swift-crypto/Sources/Crypto/Keys/EC/NISTCurvesKeys.swift:59:2: error: unknown attribute 'nonexhaustive'
57 |
58 | /// An elliptic curve that enables NIST P-521 signatures and key agreement.
59 | @nonexhaustive
   |  `- error: unknown attribute 'nonexhaustive'
60 | public enum P521: Sendable { }
61 | #endif // canImport(CryptoKit)
/host/spi-builder-workspace/.build/checkouts/swift-crypto/Sources/Crypto/Keys/EC/X25519Keys.swift:33:6: error: unknown attribute 'nonexhaustive'
 31 |     /// A mechanism used to create a shared secret between two users by
 32 |     /// performing X25519 key agreement.
 33 |     @nonexhaustive
    |      `- error: unknown attribute 'nonexhaustive'
 34 |     public enum KeyAgreement: Sendable {
 35 |         typealias Curve25519PrivateKeyImpl = Curve25519.KeyAgreement.OpenSSLCurve25519PrivateKeyImpl
[1130/1345] Compiling NIOCore NIOSplitLinesMessageDecoder.swift
/host/spi-builder-workspace/.build/checkouts/swift-crypto/Sources/Crypto/Key Wrapping/AESWrap.swift:30:6: error: unknown attribute 'nonexhaustive'
28 |     /// An implementation of AES Key Wrapping in accordance with the IETF RFC
29 |     /// 3394 specification.
30 |     @nonexhaustive
   |      `- error: unknown attribute 'nonexhaustive'
31 |     public enum KeyWrap: Sendable {
32 |         /// Wraps a key using the AES wrap algorithm.
/host/spi-builder-workspace/.build/checkouts/swift-crypto/Sources/Crypto/Keys/EC/Curve25519.swift:19:2: error: unknown attribute 'nonexhaustive'
17 | #else
18 | /// An elliptic curve that enables X25519 key agreement and Ed25519 signatures.
19 | @nonexhaustive
   |  `- error: unknown attribute 'nonexhaustive'
20 | public enum Curve25519: Sendable {}
21 | #endif // canImport(CryptoKit)
/host/spi-builder-workspace/.build/checkouts/swift-crypto/Sources/Crypto/Keys/EC/Ed25519Keys.swift:33:6: error: unknown attribute 'nonexhaustive'
 31 |     /// A mechanism used to create or verify a cryptographic signature using
 32 |     /// Ed25519.
 33 |     @nonexhaustive
    |      `- error: unknown attribute 'nonexhaustive'
 34 |     public enum Signing: Sendable {
 35 |         typealias Curve25519PrivateKeyImpl = Curve25519.Signing.OpenSSLCurve25519PrivateKeyImpl
/host/spi-builder-workspace/.build/checkouts/swift-crypto/Sources/Crypto/Keys/EC/NISTCurvesKeys.swift:51:2: error: unknown attribute 'nonexhaustive'
49 |
50 | /// An elliptic curve that enables NIST P-256 signatures and key agreement.
51 | @nonexhaustive
   |  `- error: unknown attribute 'nonexhaustive'
52 | public enum P256: Sendable { }
53 |
/host/spi-builder-workspace/.build/checkouts/swift-crypto/Sources/Crypto/Keys/EC/NISTCurvesKeys.swift:55:2: error: unknown attribute 'nonexhaustive'
53 |
54 | /// An elliptic curve that enables NIST P-384 signatures and key agreement.
55 | @nonexhaustive
   |  `- error: unknown attribute 'nonexhaustive'
56 | public enum P384: Sendable { }
57 |
/host/spi-builder-workspace/.build/checkouts/swift-crypto/Sources/Crypto/Keys/EC/NISTCurvesKeys.swift:59:2: error: unknown attribute 'nonexhaustive'
57 |
58 | /// An elliptic curve that enables NIST P-521 signatures and key agreement.
59 | @nonexhaustive
   |  `- error: unknown attribute 'nonexhaustive'
60 | public enum P521: Sendable { }
61 | #endif // canImport(CryptoKit)
/host/spi-builder-workspace/.build/checkouts/swift-crypto/Sources/Crypto/Keys/EC/X25519Keys.swift:33:6: error: unknown attribute 'nonexhaustive'
 31 |     /// A mechanism used to create a shared secret between two users by
 32 |     /// performing X25519 key agreement.
 33 |     @nonexhaustive
    |      `- error: unknown attribute 'nonexhaustive'
 34 |     public enum KeyAgreement: Sendable {
 35 |         typealias Curve25519PrivateKeyImpl = Curve25519.KeyAgreement.OpenSSLCurve25519PrivateKeyImpl
[1131/1345] Compiling NIOCore NIOTransportAccessibleChannelCore.swift
/host/spi-builder-workspace/.build/checkouts/swift-crypto/Sources/Crypto/PRF/AES.swift:19:2: error: unknown attribute 'nonexhaustive'
17 | #else
18 | /// A container for Advanced Encryption Standard (AES) ciphers.
19 | @nonexhaustive
   |  `- error: unknown attribute 'nonexhaustive'
20 | public enum AES: Sendable {
21 |     static let blockSizeByteCount = 16
/host/spi-builder-workspace/.build/checkouts/swift-crypto/Sources/Crypto/Signatures/MLDSA.swift:29:2: error: unknown attribute 'nonexhaustive'
 27 |
 28 | /// The MLDSA65 Digital Signature Algorithm
 29 | @nonexhaustive
    |  `- error: unknown attribute 'nonexhaustive'
 30 | public enum MLDSA65: Sendable {}
 31 |
/host/spi-builder-workspace/.build/checkouts/swift-crypto/Sources/Crypto/Signatures/MLDSA.swift:184:2: error: unknown attribute 'nonexhaustive'
182 |
183 | /// The MLDSA87 Digital Signature Algorithm
184 | @nonexhaustive
    |  `- error: unknown attribute 'nonexhaustive'
185 | public enum MLDSA87: Sendable {}
186 |
[1132/1345] Compiling NIOCore RecvByteBufferAllocator.swift
/host/spi-builder-workspace/.build/checkouts/swift-crypto/Sources/Crypto/PRF/AES.swift:19:2: error: unknown attribute 'nonexhaustive'
17 | #else
18 | /// A container for Advanced Encryption Standard (AES) ciphers.
19 | @nonexhaustive
   |  `- error: unknown attribute 'nonexhaustive'
20 | public enum AES: Sendable {
21 |     static let blockSizeByteCount = 16
/host/spi-builder-workspace/.build/checkouts/swift-crypto/Sources/Crypto/Signatures/MLDSA.swift:29:2: error: unknown attribute 'nonexhaustive'
 27 |
 28 | /// The MLDSA65 Digital Signature Algorithm
 29 | @nonexhaustive
    |  `- error: unknown attribute 'nonexhaustive'
 30 | public enum MLDSA65: Sendable {}
 31 |
/host/spi-builder-workspace/.build/checkouts/swift-crypto/Sources/Crypto/Signatures/MLDSA.swift:184:2: error: unknown attribute 'nonexhaustive'
182 |
183 | /// The MLDSA87 Digital Signature Algorithm
184 | @nonexhaustive
    |  `- error: unknown attribute 'nonexhaustive'
185 | public enum MLDSA87: Sendable {}
186 |
[1133/1345] Compiling Crypto ECDSASignature_boring.swift
/host/spi-builder-workspace/.build/checkouts/swift-crypto/Sources/Crypto/PRF/AES.swift:19:2: error: unknown attribute 'nonexhaustive'
17 | #else
18 | /// A container for Advanced Encryption Standard (AES) ciphers.
19 | @nonexhaustive
   |  `- error: unknown attribute 'nonexhaustive'
20 | public enum AES: Sendable {
21 |     static let blockSizeByteCount = 16
/host/spi-builder-workspace/.build/checkouts/swift-crypto/Sources/Crypto/Signatures/MLDSA.swift:29:2: error: unknown attribute 'nonexhaustive'
 27 |
 28 | /// The MLDSA65 Digital Signature Algorithm
 29 | @nonexhaustive
    |  `- error: unknown attribute 'nonexhaustive'
 30 | public enum MLDSA65: Sendable {}
 31 |
/host/spi-builder-workspace/.build/checkouts/swift-crypto/Sources/Crypto/Signatures/MLDSA.swift:184:2: error: unknown attribute 'nonexhaustive'
182 |
183 | /// The MLDSA87 Digital Signature Algorithm
184 | @nonexhaustive
    |  `- error: unknown attribute 'nonexhaustive'
185 | public enum MLDSA87: Sendable {}
186 |
[1134/1345] Compiling Crypto ECDSA_boring.swift
/host/spi-builder-workspace/.build/checkouts/swift-crypto/Sources/Crypto/PRF/AES.swift:19:2: error: unknown attribute 'nonexhaustive'
17 | #else
18 | /// A container for Advanced Encryption Standard (AES) ciphers.
19 | @nonexhaustive
   |  `- error: unknown attribute 'nonexhaustive'
20 | public enum AES: Sendable {
21 |     static let blockSizeByteCount = 16
/host/spi-builder-workspace/.build/checkouts/swift-crypto/Sources/Crypto/Signatures/MLDSA.swift:29:2: error: unknown attribute 'nonexhaustive'
 27 |
 28 | /// The MLDSA65 Digital Signature Algorithm
 29 | @nonexhaustive
    |  `- error: unknown attribute 'nonexhaustive'
 30 | public enum MLDSA65: Sendable {}
 31 |
/host/spi-builder-workspace/.build/checkouts/swift-crypto/Sources/Crypto/Signatures/MLDSA.swift:184:2: error: unknown attribute 'nonexhaustive'
182 |
183 | /// The MLDSA87 Digital Signature Algorithm
184 | @nonexhaustive
    |  `- error: unknown attribute 'nonexhaustive'
185 | public enum MLDSA87: Sendable {}
186 |
[1135/1345] Compiling Crypto EdDSA_boring.swift
/host/spi-builder-workspace/.build/checkouts/swift-crypto/Sources/Crypto/PRF/AES.swift:19:2: error: unknown attribute 'nonexhaustive'
17 | #else
18 | /// A container for Advanced Encryption Standard (AES) ciphers.
19 | @nonexhaustive
   |  `- error: unknown attribute 'nonexhaustive'
20 | public enum AES: Sendable {
21 |     static let blockSizeByteCount = 16
/host/spi-builder-workspace/.build/checkouts/swift-crypto/Sources/Crypto/Signatures/MLDSA.swift:29:2: error: unknown attribute 'nonexhaustive'
 27 |
 28 | /// The MLDSA65 Digital Signature Algorithm
 29 | @nonexhaustive
    |  `- error: unknown attribute 'nonexhaustive'
 30 | public enum MLDSA65: Sendable {}
 31 |
/host/spi-builder-workspace/.build/checkouts/swift-crypto/Sources/Crypto/Signatures/MLDSA.swift:184:2: error: unknown attribute 'nonexhaustive'
182 |
183 | /// The MLDSA87 Digital Signature Algorithm
184 | @nonexhaustive
    |  `- error: unknown attribute 'nonexhaustive'
185 | public enum MLDSA87: Sendable {}
186 |
[1136/1345] Compiling Crypto MLDSA_boring.swift
/host/spi-builder-workspace/.build/checkouts/swift-crypto/Sources/Crypto/PRF/AES.swift:19:2: error: unknown attribute 'nonexhaustive'
17 | #else
18 | /// A container for Advanced Encryption Standard (AES) ciphers.
19 | @nonexhaustive
   |  `- error: unknown attribute 'nonexhaustive'
20 | public enum AES: Sendable {
21 |     static let blockSizeByteCount = 16
/host/spi-builder-workspace/.build/checkouts/swift-crypto/Sources/Crypto/Signatures/MLDSA.swift:29:2: error: unknown attribute 'nonexhaustive'
 27 |
 28 | /// The MLDSA65 Digital Signature Algorithm
 29 | @nonexhaustive
    |  `- error: unknown attribute 'nonexhaustive'
 30 | public enum MLDSA65: Sendable {}
 31 |
/host/spi-builder-workspace/.build/checkouts/swift-crypto/Sources/Crypto/Signatures/MLDSA.swift:184:2: error: unknown attribute 'nonexhaustive'
182 |
183 | /// The MLDSA87 Digital Signature Algorithm
184 | @nonexhaustive
    |  `- error: unknown attribute 'nonexhaustive'
185 | public enum MLDSA87: Sendable {}
186 |
[1137/1345] Compiling Crypto MLDSA_wrapper.swift
/host/spi-builder-workspace/.build/checkouts/swift-crypto/Sources/Crypto/PRF/AES.swift:19:2: error: unknown attribute 'nonexhaustive'
17 | #else
18 | /// A container for Advanced Encryption Standard (AES) ciphers.
19 | @nonexhaustive
   |  `- error: unknown attribute 'nonexhaustive'
20 | public enum AES: Sendable {
21 |     static let blockSizeByteCount = 16
/host/spi-builder-workspace/.build/checkouts/swift-crypto/Sources/Crypto/Signatures/MLDSA.swift:29:2: error: unknown attribute 'nonexhaustive'
 27 |
 28 | /// The MLDSA65 Digital Signature Algorithm
 29 | @nonexhaustive
    |  `- error: unknown attribute 'nonexhaustive'
 30 | public enum MLDSA65: Sendable {}
 31 |
/host/spi-builder-workspace/.build/checkouts/swift-crypto/Sources/Crypto/Signatures/MLDSA.swift:184:2: error: unknown attribute 'nonexhaustive'
182 |
183 | /// The MLDSA87 Digital Signature Algorithm
184 | @nonexhaustive
    |  `- error: unknown attribute 'nonexhaustive'
185 | public enum MLDSA87: Sendable {}
186 |
[1138/1345] Compiling Crypto ECDSA.swift
/host/spi-builder-workspace/.build/checkouts/swift-crypto/Sources/Crypto/PRF/AES.swift:19:2: error: unknown attribute 'nonexhaustive'
17 | #else
18 | /// A container for Advanced Encryption Standard (AES) ciphers.
19 | @nonexhaustive
   |  `- error: unknown attribute 'nonexhaustive'
20 | public enum AES: Sendable {
21 |     static let blockSizeByteCount = 16
/host/spi-builder-workspace/.build/checkouts/swift-crypto/Sources/Crypto/Signatures/MLDSA.swift:29:2: error: unknown attribute 'nonexhaustive'
 27 |
 28 | /// The MLDSA65 Digital Signature Algorithm
 29 | @nonexhaustive
    |  `- error: unknown attribute 'nonexhaustive'
 30 | public enum MLDSA65: Sendable {}
 31 |
/host/spi-builder-workspace/.build/checkouts/swift-crypto/Sources/Crypto/Signatures/MLDSA.swift:184:2: error: unknown attribute 'nonexhaustive'
182 |
183 | /// The MLDSA87 Digital Signature Algorithm
184 | @nonexhaustive
    |  `- error: unknown attribute 'nonexhaustive'
185 | public enum MLDSA87: Sendable {}
186 |
[1139/1345] Compiling Crypto Ed25519.swift
/host/spi-builder-workspace/.build/checkouts/swift-crypto/Sources/Crypto/PRF/AES.swift:19:2: error: unknown attribute 'nonexhaustive'
17 | #else
18 | /// A container for Advanced Encryption Standard (AES) ciphers.
19 | @nonexhaustive
   |  `- error: unknown attribute 'nonexhaustive'
20 | public enum AES: Sendable {
21 |     static let blockSizeByteCount = 16
/host/spi-builder-workspace/.build/checkouts/swift-crypto/Sources/Crypto/Signatures/MLDSA.swift:29:2: error: unknown attribute 'nonexhaustive'
 27 |
 28 | /// The MLDSA65 Digital Signature Algorithm
 29 | @nonexhaustive
    |  `- error: unknown attribute 'nonexhaustive'
 30 | public enum MLDSA65: Sendable {}
 31 |
/host/spi-builder-workspace/.build/checkouts/swift-crypto/Sources/Crypto/Signatures/MLDSA.swift:184:2: error: unknown attribute 'nonexhaustive'
182 |
183 | /// The MLDSA87 Digital Signature Algorithm
184 | @nonexhaustive
    |  `- error: unknown attribute 'nonexhaustive'
185 | public enum MLDSA87: Sendable {}
186 |
[1140/1345] Compiling Crypto MLDSA.swift
/host/spi-builder-workspace/.build/checkouts/swift-crypto/Sources/Crypto/PRF/AES.swift:19:2: error: unknown attribute 'nonexhaustive'
17 | #else
18 | /// A container for Advanced Encryption Standard (AES) ciphers.
19 | @nonexhaustive
   |  `- error: unknown attribute 'nonexhaustive'
20 | public enum AES: Sendable {
21 |     static let blockSizeByteCount = 16
/host/spi-builder-workspace/.build/checkouts/swift-crypto/Sources/Crypto/Signatures/MLDSA.swift:29:2: error: unknown attribute 'nonexhaustive'
 27 |
 28 | /// The MLDSA65 Digital Signature Algorithm
 29 | @nonexhaustive
    |  `- error: unknown attribute 'nonexhaustive'
 30 | public enum MLDSA65: Sendable {}
 31 |
/host/spi-builder-workspace/.build/checkouts/swift-crypto/Sources/Crypto/Signatures/MLDSA.swift:184:2: error: unknown attribute 'nonexhaustive'
182 |
183 | /// The MLDSA87 Digital Signature Algorithm
184 | @nonexhaustive
    |  `- error: unknown attribute 'nonexhaustive'
185 | public enum MLDSA87: Sendable {}
186 |
[1141/1345] Compiling Crypto Signature.swift
/host/spi-builder-workspace/.build/checkouts/swift-crypto/Sources/Crypto/PRF/AES.swift:19:2: error: unknown attribute 'nonexhaustive'
17 | #else
18 | /// A container for Advanced Encryption Standard (AES) ciphers.
19 | @nonexhaustive
   |  `- error: unknown attribute 'nonexhaustive'
20 | public enum AES: Sendable {
21 |     static let blockSizeByteCount = 16
/host/spi-builder-workspace/.build/checkouts/swift-crypto/Sources/Crypto/Signatures/MLDSA.swift:29:2: error: unknown attribute 'nonexhaustive'
 27 |
 28 | /// The MLDSA65 Digital Signature Algorithm
 29 | @nonexhaustive
    |  `- error: unknown attribute 'nonexhaustive'
 30 | public enum MLDSA65: Sendable {}
 31 |
/host/spi-builder-workspace/.build/checkouts/swift-crypto/Sources/Crypto/Signatures/MLDSA.swift:184:2: error: unknown attribute 'nonexhaustive'
182 |
183 | /// The MLDSA87 Digital Signature Algorithm
184 | @nonexhaustive
    |  `- error: unknown attribute 'nonexhaustive'
185 | public enum MLDSA87: Sendable {}
186 |
[1142/1345] Compiling Crypto ArraySpanHelpers.swift
/host/spi-builder-workspace/.build/checkouts/swift-crypto/Sources/Crypto/PRF/AES.swift:19:2: error: unknown attribute 'nonexhaustive'
17 | #else
18 | /// A container for Advanced Encryption Standard (AES) ciphers.
19 | @nonexhaustive
   |  `- error: unknown attribute 'nonexhaustive'
20 | public enum AES: Sendable {
21 |     static let blockSizeByteCount = 16
/host/spi-builder-workspace/.build/checkouts/swift-crypto/Sources/Crypto/Signatures/MLDSA.swift:29:2: error: unknown attribute 'nonexhaustive'
 27 |
 28 | /// The MLDSA65 Digital Signature Algorithm
 29 | @nonexhaustive
    |  `- error: unknown attribute 'nonexhaustive'
 30 | public enum MLDSA65: Sendable {}
 31 |
/host/spi-builder-workspace/.build/checkouts/swift-crypto/Sources/Crypto/Signatures/MLDSA.swift:184:2: error: unknown attribute 'nonexhaustive'
182 |
183 | /// The MLDSA87 Digital Signature Algorithm
184 | @nonexhaustive
    |  `- error: unknown attribute 'nonexhaustive'
185 | public enum MLDSA87: Sendable {}
186 |
error: emit-module command failed with exit code 1 (use -v to see invocation)
[1143/1345] Emitting module Crypto
/host/spi-builder-workspace/.build/checkouts/swift-crypto/Sources/Crypto/AEADs/AES/GCM/AES-GCM.swift:29:6: error: unknown attribute 'nonexhaustive'
 27 |     /// The Advanced Encryption Standard (AES) Galois Counter Mode (GCM) cipher
 28 |     /// suite.
 29 |     @nonexhaustive
    |      `- error: unknown attribute 'nonexhaustive'
 30 |     public enum GCM: Cipher, Sendable {
 31 |         static let tagByteCount = 16
/host/spi-builder-workspace/.build/checkouts/swift-crypto/Sources/Crypto/AEADs/ChachaPoly/ChaChaPoly.swift:28:2: error: unknown attribute 'nonexhaustive'
 26 |
 27 | /// An implementation of the ChaCha20-Poly1305 cipher.
 28 | @nonexhaustive
    |  `- error: unknown attribute 'nonexhaustive'
 29 | public enum ChaChaPoly: Cipher, Sendable {
 30 |     static let tagByteCount = 16
/host/spi-builder-workspace/.build/checkouts/swift-crypto/Sources/Crypto/CryptoKitErrors.swift:19:2: error: unknown attribute 'nonexhaustive'
 17 | #else
 18 | /// General cryptography errors used by CryptoKit.
 19 | @nonexhaustive
    |  `- error: unknown attribute 'nonexhaustive'
 20 | public enum CryptoKitError: Error {
 21 |     /// The key size is incorrect.
/host/spi-builder-workspace/.build/checkouts/swift-crypto/Sources/Crypto/CryptoKitErrors.swift:41:2: error: unknown attribute 'nonexhaustive'
 39 |
 40 | /// Errors from decoding ASN.1 content.
 41 | @nonexhaustive
    |  `- error: unknown attribute 'nonexhaustive'
 42 | public enum CryptoKitASN1Error: Equatable, Error, Hashable {
 43 |     /// The ASN.1 tag for this field is invalid or unsupported.
/host/spi-builder-workspace/.build/checkouts/swift-crypto/Sources/Crypto/HPKE/Ciphersuite/HPKE-AEAD.swift:27:6: error: unknown attribute 'nonexhaustive'
 25 | extension HPKE {
 26 |     /// The authenticated encryption with associated data (AEAD) algorithms to use in HPKE.
 27 |     @nonexhaustive
    |      `- error: unknown attribute 'nonexhaustive'
 28 |     public enum AEAD: CaseIterable, Hashable, Sendable {
 29 | 		/// An Advanced Encryption Standard cipher in Galois/Counter Mode with a key length of 128 bits.
/host/spi-builder-workspace/.build/checkouts/swift-crypto/Sources/Crypto/HPKE/Ciphersuite/HPKE-KDF.swift:27:6: error: unknown attribute 'nonexhaustive'
 25 | extension HPKE {
 26 |     /// The key derivation functions to use in HPKE.
 27 |     @nonexhaustive
    |      `- error: unknown attribute 'nonexhaustive'
 28 |     public enum KDF: CaseIterable, Hashable, Sendable {
 29 | 		/// An HMAC-based key derivation function that uses SHA-2 hashing with a 256-bit digest.
/host/spi-builder-workspace/.build/checkouts/swift-crypto/Sources/Crypto/HPKE/Ciphersuite/KEM/Conformances/DHKEM.swift:81:6: error: unknown attribute 'nonexhaustive'
 79 | extension HPKE {
 80 | 	/// A container for Diffie-Hellman key encapsulation mechanisms (KEMs).
 81 |     @nonexhaustive
    |      `- error: unknown attribute 'nonexhaustive'
 82 |     public enum DHKEM: Sendable {
 83 |         struct PublicKey<DHPK: HPKEDiffieHellmanPublicKey>: KEMPublicKey where DHPK == DHPK.EphemeralPrivateKey.PublicKey {
/host/spi-builder-workspace/.build/checkouts/swift-crypto/Sources/Crypto/HPKE/Ciphersuite/KEM/HPKE-KEM.swift:29:6: error: unknown attribute 'nonexhaustive'
 27 |     /// The module-lattice key encapsulation mechanism (ML-KEM) is designed to offer increased security in situations
 28 |     /// where an adversary uses a quantum computer.
 29 |     @nonexhaustive
    |      `- error: unknown attribute 'nonexhaustive'
 30 |     public enum KEM: CaseIterable, Hashable, Sendable {
 31 |         public static var allCases: [HPKE.KEM] {
/host/spi-builder-workspace/.build/checkouts/swift-crypto/Sources/Crypto/HPKE/HPKE-Errors.swift:27:6: error: unknown attribute 'nonexhaustive'
25 | extension HPKE {
26 |     /// Hybrid public key encryption (HPKE) errors that CryptoKit uses.
27 |     @nonexhaustive
   |      `- error: unknown attribute 'nonexhaustive'
28 |     public enum Errors: Error {
29 | 		/// The parameters for initializing an HPKE sender or receiver are inconsistent.
/host/spi-builder-workspace/.build/checkouts/swift-crypto/Sources/Crypto/HPKE/HPKE.swift:53:2: error: unknown attribute 'nonexhaustive'
 51 | /// ### Handling errors
 52 | ///  - ``Errors``
 53 | @nonexhaustive
    |  `- error: unknown attribute 'nonexhaustive'
 54 | public enum HPKE: Sendable {}
 55 |
/host/spi-builder-workspace/.build/checkouts/swift-crypto/Sources/Crypto/Insecure/Insecure.swift:23:2: error: unknown attribute 'nonexhaustive'
21 | /// but the framework provides them for backward compatibility with older
22 | /// services that require them. For new services, avoid these algorithms.
23 | @nonexhaustive
   |  `- error: unknown attribute 'nonexhaustive'
24 | public enum Insecure: Sendable {}
25 | #endif // canImport(CryptoKit)
/host/spi-builder-workspace/.build/checkouts/swift-crypto/Sources/Crypto/KEM/KEM-Errors.swift:27:6: error: unknown attribute 'nonexhaustive'
25 | extension KEM {
26 |     /// Errors that CryptoKit throws when it encounters problems in key encapsulation mechanism (KEM) operations.
27 |     @nonexhaustive
   |      `- error: unknown attribute 'nonexhaustive'
28 |     public enum Errors: Error {
29 |         /// The public key CryptoKit receives when it initializes a key encapsulation operation doesn't match the expected value.
/host/spi-builder-workspace/.build/checkouts/swift-crypto/Sources/Crypto/KEM/KEM.swift:28:2: error: unknown attribute 'nonexhaustive'
26 | ///
27 | /// Use a key encapsulation mechanism (KEM) to protect a symmetric cryptographic key that you share with another party.
28 | @nonexhaustive
   |  `- error: unknown attribute 'nonexhaustive'
29 | public enum KEM: Sendable {
30 |     /// The result of a key encapsulation operation.
/host/spi-builder-workspace/.build/checkouts/swift-crypto/Sources/Crypto/KEM/MLKEM.swift:30:2: error: unknown attribute 'nonexhaustive'
 28 |
 29 | /// The Module-Lattice key encapsulation mechanism (KEM).
 30 | @nonexhaustive
    |  `- error: unknown attribute 'nonexhaustive'
 31 | public enum MLKEM768: Sendable {}
 32 |
/host/spi-builder-workspace/.build/checkouts/swift-crypto/Sources/Crypto/KEM/MLKEM.swift:201:2: error: unknown attribute 'nonexhaustive'
199 |
200 | /// The Module-Lattice key encapsulation mechanism (KEM).
201 | @nonexhaustive
    |  `- error: unknown attribute 'nonexhaustive'
202 | public enum MLKEM1024: Sendable {}
203 |
/host/spi-builder-workspace/.build/checkouts/swift-crypto/Sources/Crypto/KEM/XWing.swift:34:2: error: unknown attribute 'nonexhaustive'
 32 | /// The X-Wing (ML-KEM768 with X25519) Key Encapsulation Mechanism, defined in
 33 | /// https://datatracker.ietf.org/doc/html/draft-connolly-cfrg-xwing-kem-06
 34 | @nonexhaustive
    |  `- error: unknown attribute 'nonexhaustive'
 35 | public enum XWingMLKEM768X25519: Sendable {}
 36 |
/host/spi-builder-workspace/.build/checkouts/swift-crypto/Sources/Crypto/Key Agreement/ECDH.swift:36:6: error: unknown attribute 'nonexhaustive'
  34 |     /// A mechanism used to create or verify a cryptographic signature using
  35 |     /// the NIST P-256 elliptic curve digital signature algorithm (ECDSA).
  36 |     @nonexhaustive
     |      `- error: unknown attribute 'nonexhaustive'
  37 |     public enum Signing: Sendable {
  38 |
/host/spi-builder-workspace/.build/checkouts/swift-crypto/Sources/Crypto/Key Agreement/ECDH.swift:260:6: error: unknown attribute 'nonexhaustive'
 258 |     /// performing NIST P-256 elliptic curve Diffie Hellman (ECDH) key
 259 |     /// exchange.
 260 |     @nonexhaustive
     |      `- error: unknown attribute 'nonexhaustive'
 261 |     public enum KeyAgreement: Sendable {
 262 |
/host/spi-builder-workspace/.build/checkouts/swift-crypto/Sources/Crypto/Key Agreement/ECDH.swift:483:6: error: unknown attribute 'nonexhaustive'
 481 |     /// A mechanism used to create or verify a cryptographic signature using
 482 |     /// the NIST P-384 elliptic curve digital signature algorithm (ECDSA).
 483 |     @nonexhaustive
     |      `- error: unknown attribute 'nonexhaustive'
 484 |     public enum Signing: Sendable {
 485 |
/host/spi-builder-workspace/.build/checkouts/swift-crypto/Sources/Crypto/Key Agreement/ECDH.swift:707:6: error: unknown attribute 'nonexhaustive'
 705 |     /// performing NIST P-384 elliptic curve Diffie Hellman (ECDH) key
 706 |     /// exchange.
 707 |     @nonexhaustive
     |      `- error: unknown attribute 'nonexhaustive'
 708 |     public enum KeyAgreement: Sendable {
 709 |
/host/spi-builder-workspace/.build/checkouts/swift-crypto/Sources/Crypto/Key Agreement/ECDH.swift:930:6: error: unknown attribute 'nonexhaustive'
 928 |     /// A mechanism used to create or verify a cryptographic signature using
 929 |     /// the NIST P-521 elliptic curve digital signature algorithm (ECDSA).
 930 |     @nonexhaustive
     |      `- error: unknown attribute 'nonexhaustive'
 931 |     public enum Signing: Sendable {
 932 |
/host/spi-builder-workspace/.build/checkouts/swift-crypto/Sources/Crypto/Key Agreement/ECDH.swift:1154:6: error: unknown attribute 'nonexhaustive'
1152 |     /// performing NIST P-521 elliptic curve Diffie Hellman (ECDH) key
1153 |     /// exchange.
1154 |     @nonexhaustive
     |      `- error: unknown attribute 'nonexhaustive'
1155 |     public enum KeyAgreement: Sendable {
1156 |
/host/spi-builder-workspace/.build/checkouts/swift-crypto/Sources/Crypto/Key Wrapping/AESWrap.swift:30:6: error: unknown attribute 'nonexhaustive'
28 |     /// An implementation of AES Key Wrapping in accordance with the IETF RFC
29 |     /// 3394 specification.
30 |     @nonexhaustive
   |      `- error: unknown attribute 'nonexhaustive'
31 |     public enum KeyWrap: Sendable {
32 |         /// Wraps a key using the AES wrap algorithm.
/host/spi-builder-workspace/.build/checkouts/swift-crypto/Sources/Crypto/Keys/EC/Curve25519.swift:19:2: error: unknown attribute 'nonexhaustive'
17 | #else
18 | /// An elliptic curve that enables X25519 key agreement and Ed25519 signatures.
19 | @nonexhaustive
   |  `- error: unknown attribute 'nonexhaustive'
20 | public enum Curve25519: Sendable {}
21 | #endif // canImport(CryptoKit)
/host/spi-builder-workspace/.build/checkouts/swift-crypto/Sources/Crypto/Keys/EC/Ed25519Keys.swift:33:6: error: unknown attribute 'nonexhaustive'
 31 |     /// A mechanism used to create or verify a cryptographic signature using
 32 |     /// Ed25519.
 33 |     @nonexhaustive
    |      `- error: unknown attribute 'nonexhaustive'
 34 |     public enum Signing: Sendable {
 35 |         typealias Curve25519PrivateKeyImpl = Curve25519.Signing.OpenSSLCurve25519PrivateKeyImpl
/host/spi-builder-workspace/.build/checkouts/swift-crypto/Sources/Crypto/Keys/EC/NISTCurvesKeys.swift:51:2: error: unknown attribute 'nonexhaustive'
49 |
50 | /// An elliptic curve that enables NIST P-256 signatures and key agreement.
51 | @nonexhaustive
   |  `- error: unknown attribute 'nonexhaustive'
52 | public enum P256: Sendable { }
53 |
/host/spi-builder-workspace/.build/checkouts/swift-crypto/Sources/Crypto/Keys/EC/NISTCurvesKeys.swift:55:2: error: unknown attribute 'nonexhaustive'
53 |
54 | /// An elliptic curve that enables NIST P-384 signatures and key agreement.
55 | @nonexhaustive
   |  `- error: unknown attribute 'nonexhaustive'
56 | public enum P384: Sendable { }
57 |
/host/spi-builder-workspace/.build/checkouts/swift-crypto/Sources/Crypto/Keys/EC/NISTCurvesKeys.swift:59:2: error: unknown attribute 'nonexhaustive'
57 |
58 | /// An elliptic curve that enables NIST P-521 signatures and key agreement.
59 | @nonexhaustive
   |  `- error: unknown attribute 'nonexhaustive'
60 | public enum P521: Sendable { }
61 | #endif // canImport(CryptoKit)
/host/spi-builder-workspace/.build/checkouts/swift-crypto/Sources/Crypto/Keys/EC/X25519Keys.swift:33:6: error: unknown attribute 'nonexhaustive'
 31 |     /// A mechanism used to create a shared secret between two users by
 32 |     /// performing X25519 key agreement.
 33 |     @nonexhaustive
    |      `- error: unknown attribute 'nonexhaustive'
 34 |     public enum KeyAgreement: Sendable {
 35 |         typealias Curve25519PrivateKeyImpl = Curve25519.KeyAgreement.OpenSSLCurve25519PrivateKeyImpl
/host/spi-builder-workspace/.build/checkouts/swift-crypto/Sources/Crypto/PRF/AES.swift:19:2: error: unknown attribute 'nonexhaustive'
17 | #else
18 | /// A container for Advanced Encryption Standard (AES) ciphers.
19 | @nonexhaustive
   |  `- error: unknown attribute 'nonexhaustive'
20 | public enum AES: Sendable {
21 |     static let blockSizeByteCount = 16
/host/spi-builder-workspace/.build/checkouts/swift-crypto/Sources/Crypto/Signatures/MLDSA.swift:29:2: error: unknown attribute 'nonexhaustive'
 27 |
 28 | /// The MLDSA65 Digital Signature Algorithm
 29 | @nonexhaustive
    |  `- error: unknown attribute 'nonexhaustive'
 30 | public enum MLDSA65: Sendable {}
 31 |
/host/spi-builder-workspace/.build/checkouts/swift-crypto/Sources/Crypto/Signatures/MLDSA.swift:184:2: error: unknown attribute 'nonexhaustive'
182 |
183 | /// The MLDSA87 Digital Signature Algorithm
184 | @nonexhaustive
    |  `- error: unknown attribute 'nonexhaustive'
185 | public enum MLDSA87: Sendable {}
186 |
[1144/1345] Compiling NIOCore ChannelHandler.swift
/host/spi-builder-workspace/.build/checkouts/swift-crypto/Sources/Crypto/CryptoKitErrors.swift:19:2: error: unknown attribute 'nonexhaustive'
 17 | #else
 18 | /// General cryptography errors used by CryptoKit.
 19 | @nonexhaustive
    |  `- error: unknown attribute 'nonexhaustive'
 20 | public enum CryptoKitError: Error {
 21 |     /// The key size is incorrect.
/host/spi-builder-workspace/.build/checkouts/swift-crypto/Sources/Crypto/CryptoKitErrors.swift:41:2: error: unknown attribute 'nonexhaustive'
 39 |
 40 | /// Errors from decoding ASN.1 content.
 41 | @nonexhaustive
    |  `- error: unknown attribute 'nonexhaustive'
 42 | public enum CryptoKitASN1Error: Equatable, Error, Hashable {
 43 |     /// The ASN.1 tag for this field is invalid or unsupported.
[1145/1345] Compiling NIOCore ChannelHandlers.swift
/host/spi-builder-workspace/.build/checkouts/swift-crypto/Sources/Crypto/CryptoKitErrors.swift:19:2: error: unknown attribute 'nonexhaustive'
 17 | #else
 18 | /// General cryptography errors used by CryptoKit.
 19 | @nonexhaustive
    |  `- error: unknown attribute 'nonexhaustive'
 20 | public enum CryptoKitError: Error {
 21 |     /// The key size is incorrect.
/host/spi-builder-workspace/.build/checkouts/swift-crypto/Sources/Crypto/CryptoKitErrors.swift:41:2: error: unknown attribute 'nonexhaustive'
 39 |
 40 | /// Errors from decoding ASN.1 content.
 41 | @nonexhaustive
    |  `- error: unknown attribute 'nonexhaustive'
 42 | public enum CryptoKitASN1Error: Equatable, Error, Hashable {
 43 |     /// The ASN.1 tag for this field is invalid or unsupported.
[1146/1345] Compiling NIOCore ChannelInvoker.swift
/host/spi-builder-workspace/.build/checkouts/swift-crypto/Sources/Crypto/CryptoKitErrors.swift:19:2: error: unknown attribute 'nonexhaustive'
 17 | #else
 18 | /// General cryptography errors used by CryptoKit.
 19 | @nonexhaustive
    |  `- error: unknown attribute 'nonexhaustive'
 20 | public enum CryptoKitError: Error {
 21 |     /// The key size is incorrect.
/host/spi-builder-workspace/.build/checkouts/swift-crypto/Sources/Crypto/CryptoKitErrors.swift:41:2: error: unknown attribute 'nonexhaustive'
 39 |
 40 | /// Errors from decoding ASN.1 content.
 41 | @nonexhaustive
    |  `- error: unknown attribute 'nonexhaustive'
 42 | public enum CryptoKitASN1Error: Equatable, Error, Hashable {
 43 |     /// The ASN.1 tag for this field is invalid or unsupported.
[1147/1345] Compiling NIOCore ChannelOption.swift
/host/spi-builder-workspace/.build/checkouts/swift-crypto/Sources/Crypto/CryptoKitErrors.swift:19:2: error: unknown attribute 'nonexhaustive'
 17 | #else
 18 | /// General cryptography errors used by CryptoKit.
 19 | @nonexhaustive
    |  `- error: unknown attribute 'nonexhaustive'
 20 | public enum CryptoKitError: Error {
 21 |     /// The key size is incorrect.
/host/spi-builder-workspace/.build/checkouts/swift-crypto/Sources/Crypto/CryptoKitErrors.swift:41:2: error: unknown attribute 'nonexhaustive'
 39 |
 40 | /// Errors from decoding ASN.1 content.
 41 | @nonexhaustive
    |  `- error: unknown attribute 'nonexhaustive'
 42 | public enum CryptoKitASN1Error: Equatable, Error, Hashable {
 43 |     /// The ASN.1 tag for this field is invalid or unsupported.
[1148/1345] Compiling NIOCore ChannelPipeline.swift
/host/spi-builder-workspace/.build/checkouts/swift-crypto/Sources/Crypto/CryptoKitErrors.swift:19:2: error: unknown attribute 'nonexhaustive'
 17 | #else
 18 | /// General cryptography errors used by CryptoKit.
 19 | @nonexhaustive
    |  `- error: unknown attribute 'nonexhaustive'
 20 | public enum CryptoKitError: Error {
 21 |     /// The key size is incorrect.
/host/spi-builder-workspace/.build/checkouts/swift-crypto/Sources/Crypto/CryptoKitErrors.swift:41:2: error: unknown attribute 'nonexhaustive'
 39 |
 40 | /// Errors from decoding ASN.1 content.
 41 | @nonexhaustive
    |  `- error: unknown attribute 'nonexhaustive'
 42 | public enum CryptoKitASN1Error: Equatable, Error, Hashable {
 43 |     /// The ASN.1 tag for this field is invalid or unsupported.
[1149/1345] Compiling NIOCore CircularBuffer.swift
/host/spi-builder-workspace/.build/checkouts/swift-crypto/Sources/Crypto/CryptoKitErrors.swift:19:2: error: unknown attribute 'nonexhaustive'
 17 | #else
 18 | /// General cryptography errors used by CryptoKit.
 19 | @nonexhaustive
    |  `- error: unknown attribute 'nonexhaustive'
 20 | public enum CryptoKitError: Error {
 21 |     /// The key size is incorrect.
/host/spi-builder-workspace/.build/checkouts/swift-crypto/Sources/Crypto/CryptoKitErrors.swift:41:2: error: unknown attribute 'nonexhaustive'
 39 |
 40 | /// Errors from decoding ASN.1 content.
 41 | @nonexhaustive
    |  `- error: unknown attribute 'nonexhaustive'
 42 | public enum CryptoKitASN1Error: Equatable, Error, Hashable {
 43 |     /// The ASN.1 tag for this field is invalid or unsupported.
[1150/1345] Compiling NIOCore Codec.swift
/host/spi-builder-workspace/.build/checkouts/swift-crypto/Sources/Crypto/CryptoKitErrors.swift:19:2: error: unknown attribute 'nonexhaustive'
 17 | #else
 18 | /// General cryptography errors used by CryptoKit.
 19 | @nonexhaustive
    |  `- error: unknown attribute 'nonexhaustive'
 20 | public enum CryptoKitError: Error {
 21 |     /// The key size is incorrect.
/host/spi-builder-workspace/.build/checkouts/swift-crypto/Sources/Crypto/CryptoKitErrors.swift:41:2: error: unknown attribute 'nonexhaustive'
 39 |
 40 | /// Errors from decoding ASN.1 content.
 41 | @nonexhaustive
    |  `- error: unknown attribute 'nonexhaustive'
 42 | public enum CryptoKitASN1Error: Equatable, Error, Hashable {
 43 |     /// The ASN.1 tag for this field is invalid or unsupported.
[1151/1345] Compiling NIOCore ConvenienceOptionSupport.swift
/host/spi-builder-workspace/.build/checkouts/swift-crypto/Sources/Crypto/CryptoKitErrors.swift:19:2: error: unknown attribute 'nonexhaustive'
 17 | #else
 18 | /// General cryptography errors used by CryptoKit.
 19 | @nonexhaustive
    |  `- error: unknown attribute 'nonexhaustive'
 20 | public enum CryptoKitError: Error {
 21 |     /// The key size is incorrect.
/host/spi-builder-workspace/.build/checkouts/swift-crypto/Sources/Crypto/CryptoKitErrors.swift:41:2: error: unknown attribute 'nonexhaustive'
 39 |
 40 | /// Errors from decoding ASN.1 content.
 41 | @nonexhaustive
    |  `- error: unknown attribute 'nonexhaustive'
 42 | public enum CryptoKitASN1Error: Equatable, Error, Hashable {
 43 |     /// The ASN.1 tag for this field is invalid or unsupported.
[1152/1345] Compiling NIOCore DeadChannel.swift
/host/spi-builder-workspace/.build/checkouts/swift-crypto/Sources/Crypto/CryptoKitErrors.swift:19:2: error: unknown attribute 'nonexhaustive'
 17 | #else
 18 | /// General cryptography errors used by CryptoKit.
 19 | @nonexhaustive
    |  `- error: unknown attribute 'nonexhaustive'
 20 | public enum CryptoKitError: Error {
 21 |     /// The key size is incorrect.
/host/spi-builder-workspace/.build/checkouts/swift-crypto/Sources/Crypto/CryptoKitErrors.swift:41:2: error: unknown attribute 'nonexhaustive'
 39 |
 40 | /// Errors from decoding ASN.1 content.
 41 | @nonexhaustive
    |  `- error: unknown attribute 'nonexhaustive'
 42 | public enum CryptoKitASN1Error: Equatable, Error, Hashable {
 43 |     /// The ASN.1 tag for this field is invalid or unsupported.
[1153/1345] Compiling NIOCore DispatchQueue+WithFuture.swift
/host/spi-builder-workspace/.build/checkouts/swift-crypto/Sources/Crypto/CryptoKitErrors.swift:19:2: error: unknown attribute 'nonexhaustive'
 17 | #else
 18 | /// General cryptography errors used by CryptoKit.
 19 | @nonexhaustive
    |  `- error: unknown attribute 'nonexhaustive'
 20 | public enum CryptoKitError: Error {
 21 |     /// The key size is incorrect.
/host/spi-builder-workspace/.build/checkouts/swift-crypto/Sources/Crypto/CryptoKitErrors.swift:41:2: error: unknown attribute 'nonexhaustive'
 39 |
 40 | /// Errors from decoding ASN.1 content.
 41 | @nonexhaustive
    |  `- error: unknown attribute 'nonexhaustive'
 42 | public enum CryptoKitASN1Error: Equatable, Error, Hashable {
 43 |     /// The ASN.1 tag for this field is invalid or unsupported.
[1154/1345] Compiling NIOCore EventLoop+Deprecated.swift
/host/spi-builder-workspace/.build/checkouts/swift-crypto/Sources/Crypto/CryptoKitErrors.swift:19:2: error: unknown attribute 'nonexhaustive'
 17 | #else
 18 | /// General cryptography errors used by CryptoKit.
 19 | @nonexhaustive
    |  `- error: unknown attribute 'nonexhaustive'
 20 | public enum CryptoKitError: Error {
 21 |     /// The key size is incorrect.
/host/spi-builder-workspace/.build/checkouts/swift-crypto/Sources/Crypto/CryptoKitErrors.swift:41:2: error: unknown attribute 'nonexhaustive'
 39 |
 40 | /// Errors from decoding ASN.1 content.
 41 | @nonexhaustive
    |  `- error: unknown attribute 'nonexhaustive'
 42 | public enum CryptoKitASN1Error: Equatable, Error, Hashable {
 43 |     /// The ASN.1 tag for this field is invalid or unsupported.
[1155/1345] Compiling NIOCore EventLoop+SerialExecutor.swift
/host/spi-builder-workspace/.build/checkouts/swift-crypto/Sources/Crypto/CryptoKitErrors.swift:19:2: error: unknown attribute 'nonexhaustive'
 17 | #else
 18 | /// General cryptography errors used by CryptoKit.
 19 | @nonexhaustive
    |  `- error: unknown attribute 'nonexhaustive'
 20 | public enum CryptoKitError: Error {
 21 |     /// The key size is incorrect.
/host/spi-builder-workspace/.build/checkouts/swift-crypto/Sources/Crypto/CryptoKitErrors.swift:41:2: error: unknown attribute 'nonexhaustive'
 39 |
 40 | /// Errors from decoding ASN.1 content.
 41 | @nonexhaustive
    |  `- error: unknown attribute 'nonexhaustive'
 42 | public enum CryptoKitASN1Error: Equatable, Error, Hashable {
 43 |     /// The ASN.1 tag for this field is invalid or unsupported.
[1156/1345] Compiling Crypto HPKE-Utils.swift
/host/spi-builder-workspace/.build/checkouts/swift-crypto/Sources/Crypto/HPKE/Ciphersuite/KEM/Conformances/DHKEM.swift:81:6: error: unknown attribute 'nonexhaustive'
 79 | extension HPKE {
 80 | 	/// A container for Diffie-Hellman key encapsulation mechanisms (KEMs).
 81 |     @nonexhaustive
    |      `- error: unknown attribute 'nonexhaustive'
 82 |     public enum DHKEM: Sendable {
 83 |         struct PublicKey<DHPK: HPKEDiffieHellmanPublicKey>: KEMPublicKey where DHPK == DHPK.EphemeralPrivateKey.PublicKey {
/host/spi-builder-workspace/.build/checkouts/swift-crypto/Sources/Crypto/HPKE/Ciphersuite/KEM/HPKE-KEM.swift:29:6: error: unknown attribute 'nonexhaustive'
 27 |     /// The module-lattice key encapsulation mechanism (ML-KEM) is designed to offer increased security in situations
 28 |     /// where an adversary uses a quantum computer.
 29 |     @nonexhaustive
    |      `- error: unknown attribute 'nonexhaustive'
 30 |     public enum KEM: CaseIterable, Hashable, Sendable {
 31 |         public static var allCases: [HPKE.KEM] {
/host/spi-builder-workspace/.build/checkouts/swift-crypto/Sources/Crypto/HPKE/HPKE-Errors.swift:27:6: error: unknown attribute 'nonexhaustive'
25 | extension HPKE {
26 |     /// Hybrid public key encryption (HPKE) errors that CryptoKit uses.
27 |     @nonexhaustive
   |      `- error: unknown attribute 'nonexhaustive'
28 |     public enum Errors: Error {
29 | 		/// The parameters for initializing an HPKE sender or receiver are inconsistent.
/host/spi-builder-workspace/.build/checkouts/swift-crypto/Sources/Crypto/HPKE/HPKE.swift:53:2: error: unknown attribute 'nonexhaustive'
 51 | /// ### Handling errors
 52 | ///  - ``Errors``
 53 | @nonexhaustive
    |  `- error: unknown attribute 'nonexhaustive'
 54 | public enum HPKE: Sendable {}
 55 |
/host/spi-builder-workspace/.build/checkouts/swift-crypto/Sources/Crypto/Insecure/Insecure.swift:23:2: error: unknown attribute 'nonexhaustive'
21 | /// but the framework provides them for backward compatibility with older
22 | /// services that require them. For new services, avoid these algorithms.
23 | @nonexhaustive
   |  `- error: unknown attribute 'nonexhaustive'
24 | public enum Insecure: Sendable {}
25 | #endif // canImport(CryptoKit)
[1157/1345] Compiling Crypto DHKEM.swift
/host/spi-builder-workspace/.build/checkouts/swift-crypto/Sources/Crypto/HPKE/Ciphersuite/KEM/Conformances/DHKEM.swift:81:6: error: unknown attribute 'nonexhaustive'
 79 | extension HPKE {
 80 | 	/// A container for Diffie-Hellman key encapsulation mechanisms (KEMs).
 81 |     @nonexhaustive
    |      `- error: unknown attribute 'nonexhaustive'
 82 |     public enum DHKEM: Sendable {
 83 |         struct PublicKey<DHPK: HPKEDiffieHellmanPublicKey>: KEMPublicKey where DHPK == DHPK.EphemeralPrivateKey.PublicKey {
/host/spi-builder-workspace/.build/checkouts/swift-crypto/Sources/Crypto/HPKE/Ciphersuite/KEM/HPKE-KEM.swift:29:6: error: unknown attribute 'nonexhaustive'
 27 |     /// The module-lattice key encapsulation mechanism (ML-KEM) is designed to offer increased security in situations
 28 |     /// where an adversary uses a quantum computer.
 29 |     @nonexhaustive
    |      `- error: unknown attribute 'nonexhaustive'
 30 |     public enum KEM: CaseIterable, Hashable, Sendable {
 31 |         public static var allCases: [HPKE.KEM] {
/host/spi-builder-workspace/.build/checkouts/swift-crypto/Sources/Crypto/HPKE/HPKE-Errors.swift:27:6: error: unknown attribute 'nonexhaustive'
25 | extension HPKE {
26 |     /// Hybrid public key encryption (HPKE) errors that CryptoKit uses.
27 |     @nonexhaustive
   |      `- error: unknown attribute 'nonexhaustive'
28 |     public enum Errors: Error {
29 | 		/// The parameters for initializing an HPKE sender or receiver are inconsistent.
/host/spi-builder-workspace/.build/checkouts/swift-crypto/Sources/Crypto/HPKE/HPKE.swift:53:2: error: unknown attribute 'nonexhaustive'
 51 | /// ### Handling errors
 52 | ///  - ``Errors``
 53 | @nonexhaustive
    |  `- error: unknown attribute 'nonexhaustive'
 54 | public enum HPKE: Sendable {}
 55 |
/host/spi-builder-workspace/.build/checkouts/swift-crypto/Sources/Crypto/Insecure/Insecure.swift:23:2: error: unknown attribute 'nonexhaustive'
21 | /// but the framework provides them for backward compatibility with older
22 | /// services that require them. For new services, avoid these algorithms.
23 | @nonexhaustive
   |  `- error: unknown attribute 'nonexhaustive'
24 | public enum Insecure: Sendable {}
25 | #endif // canImport(CryptoKit)
[1158/1345] Compiling Crypto HPKE-KEM-Curve25519.swift
/host/spi-builder-workspace/.build/checkouts/swift-crypto/Sources/Crypto/HPKE/Ciphersuite/KEM/Conformances/DHKEM.swift:81:6: error: unknown attribute 'nonexhaustive'
 79 | extension HPKE {
 80 | 	/// A container for Diffie-Hellman key encapsulation mechanisms (KEMs).
 81 |     @nonexhaustive
    |      `- error: unknown attribute 'nonexhaustive'
 82 |     public enum DHKEM: Sendable {
 83 |         struct PublicKey<DHPK: HPKEDiffieHellmanPublicKey>: KEMPublicKey where DHPK == DHPK.EphemeralPrivateKey.PublicKey {
/host/spi-builder-workspace/.build/checkouts/swift-crypto/Sources/Crypto/HPKE/Ciphersuite/KEM/HPKE-KEM.swift:29:6: error: unknown attribute 'nonexhaustive'
 27 |     /// The module-lattice key encapsulation mechanism (ML-KEM) is designed to offer increased security in situations
 28 |     /// where an adversary uses a quantum computer.
 29 |     @nonexhaustive
    |      `- error: unknown attribute 'nonexhaustive'
 30 |     public enum KEM: CaseIterable, Hashable, Sendable {
 31 |         public static var allCases: [HPKE.KEM] {
/host/spi-builder-workspace/.build/checkouts/swift-crypto/Sources/Crypto/HPKE/HPKE-Errors.swift:27:6: error: unknown attribute 'nonexhaustive'
25 | extension HPKE {
26 |     /// Hybrid public key encryption (HPKE) errors that CryptoKit uses.
27 |     @nonexhaustive
   |      `- error: unknown attribute 'nonexhaustive'
28 |     public enum Errors: Error {
29 | 		/// The parameters for initializing an HPKE sender or receiver are inconsistent.
/host/spi-builder-workspace/.build/checkouts/swift-crypto/Sources/Crypto/HPKE/HPKE.swift:53:2: error: unknown attribute 'nonexhaustive'
 51 | /// ### Handling errors
 52 | ///  - ``Errors``
 53 | @nonexhaustive
    |  `- error: unknown attribute 'nonexhaustive'
 54 | public enum HPKE: Sendable {}
 55 |
/host/spi-builder-workspace/.build/checkouts/swift-crypto/Sources/Crypto/Insecure/Insecure.swift:23:2: error: unknown attribute 'nonexhaustive'
21 | /// but the framework provides them for backward compatibility with older
22 | /// services that require them. For new services, avoid these algorithms.
23 | @nonexhaustive
   |  `- error: unknown attribute 'nonexhaustive'
24 | public enum Insecure: Sendable {}
25 | #endif // canImport(CryptoKit)
[1159/1345] Compiling Crypto HPKE-NIST-EC-KEMs.swift
/host/spi-builder-workspace/.build/checkouts/swift-crypto/Sources/Crypto/HPKE/Ciphersuite/KEM/Conformances/DHKEM.swift:81:6: error: unknown attribute 'nonexhaustive'
 79 | extension HPKE {
 80 | 	/// A container for Diffie-Hellman key encapsulation mechanisms (KEMs).
 81 |     @nonexhaustive
    |      `- error: unknown attribute 'nonexhaustive'
 82 |     public enum DHKEM: Sendable {
 83 |         struct PublicKey<DHPK: HPKEDiffieHellmanPublicKey>: KEMPublicKey where DHPK == DHPK.EphemeralPrivateKey.PublicKey {
/host/spi-builder-workspace/.build/checkouts/swift-crypto/Sources/Crypto/HPKE/Ciphersuite/KEM/HPKE-KEM.swift:29:6: error: unknown attribute 'nonexhaustive'
 27 |     /// The module-lattice key encapsulation mechanism (ML-KEM) is designed to offer increased security in situations
 28 |     /// where an adversary uses a quantum computer.
 29 |     @nonexhaustive
    |      `- error: unknown attribute 'nonexhaustive'
 30 |     public enum KEM: CaseIterable, Hashable, Sendable {
 31 |         public static var allCases: [HPKE.KEM] {
/host/spi-builder-workspace/.build/checkouts/swift-crypto/Sources/Crypto/HPKE/HPKE-Errors.swift:27:6: error: unknown attribute 'nonexhaustive'
25 | extension HPKE {
26 |     /// Hybrid public key encryption (HPKE) errors that CryptoKit uses.
27 |     @nonexhaustive
   |      `- error: unknown attribute 'nonexhaustive'
28 |     public enum Errors: Error {
29 | 		/// The parameters for initializing an HPKE sender or receiver are inconsistent.
/host/spi-builder-workspace/.build/checkouts/swift-crypto/Sources/Crypto/HPKE/HPKE.swift:53:2: error: unknown attribute 'nonexhaustive'
 51 | /// ### Handling errors
 52 | ///  - ``Errors``
 53 | @nonexhaustive
    |  `- error: unknown attribute 'nonexhaustive'
 54 | public enum HPKE: Sendable {}
 55 |
/host/spi-builder-workspace/.build/checkouts/swift-crypto/Sources/Crypto/Insecure/Insecure.swift:23:2: error: unknown attribute 'nonexhaustive'
21 | /// but the framework provides them for backward compatibility with older
22 | /// services that require them. For new services, avoid these algorithms.
23 | @nonexhaustive
   |  `- error: unknown attribute 'nonexhaustive'
24 | public enum Insecure: Sendable {}
25 | #endif // canImport(CryptoKit)
[1160/1345] Compiling Crypto HPKE-KEM.swift
/host/spi-builder-workspace/.build/checkouts/swift-crypto/Sources/Crypto/HPKE/Ciphersuite/KEM/Conformances/DHKEM.swift:81:6: error: unknown attribute 'nonexhaustive'
 79 | extension HPKE {
 80 | 	/// A container for Diffie-Hellman key encapsulation mechanisms (KEMs).
 81 |     @nonexhaustive
    |      `- error: unknown attribute 'nonexhaustive'
 82 |     public enum DHKEM: Sendable {
 83 |         struct PublicKey<DHPK: HPKEDiffieHellmanPublicKey>: KEMPublicKey where DHPK == DHPK.EphemeralPrivateKey.PublicKey {
/host/spi-builder-workspace/.build/checkouts/swift-crypto/Sources/Crypto/HPKE/Ciphersuite/KEM/HPKE-KEM.swift:29:6: error: unknown attribute 'nonexhaustive'
 27 |     /// The module-lattice key encapsulation mechanism (ML-KEM) is designed to offer increased security in situations
 28 |     /// where an adversary uses a quantum computer.
 29 |     @nonexhaustive
    |      `- error: unknown attribute 'nonexhaustive'
 30 |     public enum KEM: CaseIterable, Hashable, Sendable {
 31 |         public static var allCases: [HPKE.KEM] {
/host/spi-builder-workspace/.build/checkouts/swift-crypto/Sources/Crypto/HPKE/HPKE-Errors.swift:27:6: error: unknown attribute 'nonexhaustive'
25 | extension HPKE {
26 |     /// Hybrid public key encryption (HPKE) errors that CryptoKit uses.
27 |     @nonexhaustive
   |      `- error: unknown attribute 'nonexhaustive'
28 |     public enum Errors: Error {
29 | 		/// The parameters for initializing an HPKE sender or receiver are inconsistent.
/host/spi-builder-workspace/.build/checkouts/swift-crypto/Sources/Crypto/HPKE/HPKE.swift:53:2: error: unknown attribute 'nonexhaustive'
 51 | /// ### Handling errors
 52 | ///  - ``Errors``
 53 | @nonexhaustive
    |  `- error: unknown attribute 'nonexhaustive'
 54 | public enum HPKE: Sendable {}
 55 |
/host/spi-builder-workspace/.build/checkouts/swift-crypto/Sources/Crypto/Insecure/Insecure.swift:23:2: error: unknown attribute 'nonexhaustive'
21 | /// but the framework provides them for backward compatibility with older
22 | /// services that require them. For new services, avoid these algorithms.
23 | @nonexhaustive
   |  `- error: unknown attribute 'nonexhaustive'
24 | public enum Insecure: Sendable {}
25 | #endif // canImport(CryptoKit)
[1161/1345] Compiling Crypto HPKE-Errors.swift
/host/spi-builder-workspace/.build/checkouts/swift-crypto/Sources/Crypto/HPKE/Ciphersuite/KEM/Conformances/DHKEM.swift:81:6: error: unknown attribute 'nonexhaustive'
 79 | extension HPKE {
 80 | 	/// A container for Diffie-Hellman key encapsulation mechanisms (KEMs).
 81 |     @nonexhaustive
    |      `- error: unknown attribute 'nonexhaustive'
 82 |     public enum DHKEM: Sendable {
 83 |         struct PublicKey<DHPK: HPKEDiffieHellmanPublicKey>: KEMPublicKey where DHPK == DHPK.EphemeralPrivateKey.PublicKey {
/host/spi-builder-workspace/.build/checkouts/swift-crypto/Sources/Crypto/HPKE/Ciphersuite/KEM/HPKE-KEM.swift:29:6: error: unknown attribute 'nonexhaustive'
 27 |     /// The module-lattice key encapsulation mechanism (ML-KEM) is designed to offer increased security in situations
 28 |     /// where an adversary uses a quantum computer.
 29 |     @nonexhaustive
    |      `- error: unknown attribute 'nonexhaustive'
 30 |     public enum KEM: CaseIterable, Hashable, Sendable {
 31 |         public static var allCases: [HPKE.KEM] {
/host/spi-builder-workspace/.build/checkouts/swift-crypto/Sources/Crypto/HPKE/HPKE-Errors.swift:27:6: error: unknown attribute 'nonexhaustive'
25 | extension HPKE {
26 |     /// Hybrid public key encryption (HPKE) errors that CryptoKit uses.
27 |     @nonexhaustive
   |      `- error: unknown attribute 'nonexhaustive'
28 |     public enum Errors: Error {
29 | 		/// The parameters for initializing an HPKE sender or receiver are inconsistent.
/host/spi-builder-workspace/.build/checkouts/swift-crypto/Sources/Crypto/HPKE/HPKE.swift:53:2: error: unknown attribute 'nonexhaustive'
 51 | /// ### Handling errors
 52 | ///  - ``Errors``
 53 | @nonexhaustive
    |  `- error: unknown attribute 'nonexhaustive'
 54 | public enum HPKE: Sendable {}
 55 |
/host/spi-builder-workspace/.build/checkouts/swift-crypto/Sources/Crypto/Insecure/Insecure.swift:23:2: error: unknown attribute 'nonexhaustive'
21 | /// but the framework provides them for backward compatibility with older
22 | /// services that require them. For new services, avoid these algorithms.
23 | @nonexhaustive
   |  `- error: unknown attribute 'nonexhaustive'
24 | public enum Insecure: Sendable {}
25 | #endif // canImport(CryptoKit)
[1162/1345] Compiling Crypto HPKE.swift
/host/spi-builder-workspace/.build/checkouts/swift-crypto/Sources/Crypto/HPKE/Ciphersuite/KEM/Conformances/DHKEM.swift:81:6: error: unknown attribute 'nonexhaustive'
 79 | extension HPKE {
 80 | 	/// A container for Diffie-Hellman key encapsulation mechanisms (KEMs).
 81 |     @nonexhaustive
    |      `- error: unknown attribute 'nonexhaustive'
 82 |     public enum DHKEM: Sendable {
 83 |         struct PublicKey<DHPK: HPKEDiffieHellmanPublicKey>: KEMPublicKey where DHPK == DHPK.EphemeralPrivateKey.PublicKey {
/host/spi-builder-workspace/.build/checkouts/swift-crypto/Sources/Crypto/HPKE/Ciphersuite/KEM/HPKE-KEM.swift:29:6: error: unknown attribute 'nonexhaustive'
 27 |     /// The module-lattice key encapsulation mechanism (ML-KEM) is designed to offer increased security in situations
 28 |     /// where an adversary uses a quantum computer.
 29 |     @nonexhaustive
    |      `- error: unknown attribute 'nonexhaustive'
 30 |     public enum KEM: CaseIterable, Hashable, Sendable {
 31 |         public static var allCases: [HPKE.KEM] {
/host/spi-builder-workspace/.build/checkouts/swift-crypto/Sources/Crypto/HPKE/HPKE-Errors.swift:27:6: error: unknown attribute 'nonexhaustive'
25 | extension HPKE {
26 |     /// Hybrid public key encryption (HPKE) errors that CryptoKit uses.
27 |     @nonexhaustive
   |      `- error: unknown attribute 'nonexhaustive'
28 |     public enum Errors: Error {
29 | 		/// The parameters for initializing an HPKE sender or receiver are inconsistent.
/host/spi-builder-workspace/.build/checkouts/swift-crypto/Sources/Crypto/HPKE/HPKE.swift:53:2: error: unknown attribute 'nonexhaustive'
 51 | /// ### Handling errors
 52 | ///  - ``Errors``
 53 | @nonexhaustive
    |  `- error: unknown attribute 'nonexhaustive'
 54 | public enum HPKE: Sendable {}
 55 |
/host/spi-builder-workspace/.build/checkouts/swift-crypto/Sources/Crypto/Insecure/Insecure.swift:23:2: error: unknown attribute 'nonexhaustive'
21 | /// but the framework provides them for backward compatibility with older
22 | /// services that require them. For new services, avoid these algorithms.
23 | @nonexhaustive
   |  `- error: unknown attribute 'nonexhaustive'
24 | public enum Insecure: Sendable {}
25 | #endif // canImport(CryptoKit)
[1163/1345] Compiling Crypto HPKE-Context.swift
/host/spi-builder-workspace/.build/checkouts/swift-crypto/Sources/Crypto/HPKE/Ciphersuite/KEM/Conformances/DHKEM.swift:81:6: error: unknown attribute 'nonexhaustive'
 79 | extension HPKE {
 80 | 	/// A container for Diffie-Hellman key encapsulation mechanisms (KEMs).
 81 |     @nonexhaustive
    |      `- error: unknown attribute 'nonexhaustive'
 82 |     public enum DHKEM: Sendable {
 83 |         struct PublicKey<DHPK: HPKEDiffieHellmanPublicKey>: KEMPublicKey where DHPK == DHPK.EphemeralPrivateKey.PublicKey {
/host/spi-builder-workspace/.build/checkouts/swift-crypto/Sources/Crypto/HPKE/Ciphersuite/KEM/HPKE-KEM.swift:29:6: error: unknown attribute 'nonexhaustive'
 27 |     /// The module-lattice key encapsulation mechanism (ML-KEM) is designed to offer increased security in situations
 28 |     /// where an adversary uses a quantum computer.
 29 |     @nonexhaustive
    |      `- error: unknown attribute 'nonexhaustive'
 30 |     public enum KEM: CaseIterable, Hashable, Sendable {
 31 |         public static var allCases: [HPKE.KEM] {
/host/spi-builder-workspace/.build/checkouts/swift-crypto/Sources/Crypto/HPKE/HPKE-Errors.swift:27:6: error: unknown attribute 'nonexhaustive'
25 | extension HPKE {
26 |     /// Hybrid public key encryption (HPKE) errors that CryptoKit uses.
27 |     @nonexhaustive
   |      `- error: unknown attribute 'nonexhaustive'
28 |     public enum Errors: Error {
29 | 		/// The parameters for initializing an HPKE sender or receiver are inconsistent.
/host/spi-builder-workspace/.build/checkouts/swift-crypto/Sources/Crypto/HPKE/HPKE.swift:53:2: error: unknown attribute 'nonexhaustive'
 51 | /// ### Handling errors
 52 | ///  - ``Errors``
 53 | @nonexhaustive
    |  `- error: unknown attribute 'nonexhaustive'
 54 | public enum HPKE: Sendable {}
 55 |
/host/spi-builder-workspace/.build/checkouts/swift-crypto/Sources/Crypto/Insecure/Insecure.swift:23:2: error: unknown attribute 'nonexhaustive'
21 | /// but the framework provides them for backward compatibility with older
22 | /// services that require them. For new services, avoid these algorithms.
23 | @nonexhaustive
   |  `- error: unknown attribute 'nonexhaustive'
24 | public enum Insecure: Sendable {}
25 | #endif // canImport(CryptoKit)
[1164/1345] Compiling Crypto HPKE-KeySchedule.swift
/host/spi-builder-workspace/.build/checkouts/swift-crypto/Sources/Crypto/HPKE/Ciphersuite/KEM/Conformances/DHKEM.swift:81:6: error: unknown attribute 'nonexhaustive'
 79 | extension HPKE {
 80 | 	/// A container for Diffie-Hellman key encapsulation mechanisms (KEMs).
 81 |     @nonexhaustive
    |      `- error: unknown attribute 'nonexhaustive'
 82 |     public enum DHKEM: Sendable {
 83 |         struct PublicKey<DHPK: HPKEDiffieHellmanPublicKey>: KEMPublicKey where DHPK == DHPK.EphemeralPrivateKey.PublicKey {
/host/spi-builder-workspace/.build/checkouts/swift-crypto/Sources/Crypto/HPKE/Ciphersuite/KEM/HPKE-KEM.swift:29:6: error: unknown attribute 'nonexhaustive'
 27 |     /// The module-lattice key encapsulation mechanism (ML-KEM) is designed to offer increased security in situations
 28 |     /// where an adversary uses a quantum computer.
 29 |     @nonexhaustive
    |      `- error: unknown attribute 'nonexhaustive'
 30 |     public enum KEM: CaseIterable, Hashable, Sendable {
 31 |         public static var allCases: [HPKE.KEM] {
/host/spi-builder-workspace/.build/checkouts/swift-crypto/Sources/Crypto/HPKE/HPKE-Errors.swift:27:6: error: unknown attribute 'nonexhaustive'
25 | extension HPKE {
26 |     /// Hybrid public key encryption (HPKE) errors that CryptoKit uses.
27 |     @nonexhaustive
   |      `- error: unknown attribute 'nonexhaustive'
28 |     public enum Errors: Error {
29 | 		/// The parameters for initializing an HPKE sender or receiver are inconsistent.
/host/spi-builder-workspace/.build/checkouts/swift-crypto/Sources/Crypto/HPKE/HPKE.swift:53:2: error: unknown attribute 'nonexhaustive'
 51 | /// ### Handling errors
 52 | ///  - ``Errors``
 53 | @nonexhaustive
    |  `- error: unknown attribute 'nonexhaustive'
 54 | public enum HPKE: Sendable {}
 55 |
/host/spi-builder-workspace/.build/checkouts/swift-crypto/Sources/Crypto/Insecure/Insecure.swift:23:2: error: unknown attribute 'nonexhaustive'
21 | /// but the framework provides them for backward compatibility with older
22 | /// services that require them. For new services, avoid these algorithms.
23 | @nonexhaustive
   |  `- error: unknown attribute 'nonexhaustive'
24 | public enum Insecure: Sendable {}
25 | #endif // canImport(CryptoKit)
[1165/1345] Compiling Crypto HPKE-Modes.swift
/host/spi-builder-workspace/.build/checkouts/swift-crypto/Sources/Crypto/HPKE/Ciphersuite/KEM/Conformances/DHKEM.swift:81:6: error: unknown attribute 'nonexhaustive'
 79 | extension HPKE {
 80 | 	/// A container for Diffie-Hellman key encapsulation mechanisms (KEMs).
 81 |     @nonexhaustive
    |      `- error: unknown attribute 'nonexhaustive'
 82 |     public enum DHKEM: Sendable {
 83 |         struct PublicKey<DHPK: HPKEDiffieHellmanPublicKey>: KEMPublicKey where DHPK == DHPK.EphemeralPrivateKey.PublicKey {
/host/spi-builder-workspace/.build/checkouts/swift-crypto/Sources/Crypto/HPKE/Ciphersuite/KEM/HPKE-KEM.swift:29:6: error: unknown attribute 'nonexhaustive'
 27 |     /// The module-lattice key encapsulation mechanism (ML-KEM) is designed to offer increased security in situations
 28 |     /// where an adversary uses a quantum computer.
 29 |     @nonexhaustive
    |      `- error: unknown attribute 'nonexhaustive'
 30 |     public enum KEM: CaseIterable, Hashable, Sendable {
 31 |         public static var allCases: [HPKE.KEM] {
/host/spi-builder-workspace/.build/checkouts/swift-crypto/Sources/Crypto/HPKE/HPKE-Errors.swift:27:6: error: unknown attribute 'nonexhaustive'
25 | extension HPKE {
26 |     /// Hybrid public key encryption (HPKE) errors that CryptoKit uses.
27 |     @nonexhaustive
   |      `- error: unknown attribute 'nonexhaustive'
28 |     public enum Errors: Error {
29 | 		/// The parameters for initializing an HPKE sender or receiver are inconsistent.
/host/spi-builder-workspace/.build/checkouts/swift-crypto/Sources/Crypto/HPKE/HPKE.swift:53:2: error: unknown attribute 'nonexhaustive'
 51 | /// ### Handling errors
 52 | ///  - ``Errors``
 53 | @nonexhaustive
    |  `- error: unknown attribute 'nonexhaustive'
 54 | public enum HPKE: Sendable {}
 55 |
/host/spi-builder-workspace/.build/checkouts/swift-crypto/Sources/Crypto/Insecure/Insecure.swift:23:2: error: unknown attribute 'nonexhaustive'
21 | /// but the framework provides them for backward compatibility with older
22 | /// services that require them. For new services, avoid these algorithms.
23 | @nonexhaustive
   |  `- error: unknown attribute 'nonexhaustive'
24 | public enum Insecure: Sendable {}
25 | #endif // canImport(CryptoKit)
[1166/1345] Compiling Crypto Insecure.swift
/host/spi-builder-workspace/.build/checkouts/swift-crypto/Sources/Crypto/HPKE/Ciphersuite/KEM/Conformances/DHKEM.swift:81:6: error: unknown attribute 'nonexhaustive'
 79 | extension HPKE {
 80 | 	/// A container for Diffie-Hellman key encapsulation mechanisms (KEMs).
 81 |     @nonexhaustive
    |      `- error: unknown attribute 'nonexhaustive'
 82 |     public enum DHKEM: Sendable {
 83 |         struct PublicKey<DHPK: HPKEDiffieHellmanPublicKey>: KEMPublicKey where DHPK == DHPK.EphemeralPrivateKey.PublicKey {
/host/spi-builder-workspace/.build/checkouts/swift-crypto/Sources/Crypto/HPKE/Ciphersuite/KEM/HPKE-KEM.swift:29:6: error: unknown attribute 'nonexhaustive'
 27 |     /// The module-lattice key encapsulation mechanism (ML-KEM) is designed to offer increased security in situations
 28 |     /// where an adversary uses a quantum computer.
 29 |     @nonexhaustive
    |      `- error: unknown attribute 'nonexhaustive'
 30 |     public enum KEM: CaseIterable, Hashable, Sendable {
 31 |         public static var allCases: [HPKE.KEM] {
/host/spi-builder-workspace/.build/checkouts/swift-crypto/Sources/Crypto/HPKE/HPKE-Errors.swift:27:6: error: unknown attribute 'nonexhaustive'
25 | extension HPKE {
26 |     /// Hybrid public key encryption (HPKE) errors that CryptoKit uses.
27 |     @nonexhaustive
   |      `- error: unknown attribute 'nonexhaustive'
28 |     public enum Errors: Error {
29 | 		/// The parameters for initializing an HPKE sender or receiver are inconsistent.
/host/spi-builder-workspace/.build/checkouts/swift-crypto/Sources/Crypto/HPKE/HPKE.swift:53:2: error: unknown attribute 'nonexhaustive'
 51 | /// ### Handling errors
 52 | ///  - ``Errors``
 53 | @nonexhaustive
    |  `- error: unknown attribute 'nonexhaustive'
 54 | public enum HPKE: Sendable {}
 55 |
/host/spi-builder-workspace/.build/checkouts/swift-crypto/Sources/Crypto/Insecure/Insecure.swift:23:2: error: unknown attribute 'nonexhaustive'
21 | /// but the framework provides them for backward compatibility with older
22 | /// services that require them. For new services, avoid these algorithms.
23 | @nonexhaustive
   |  `- error: unknown attribute 'nonexhaustive'
24 | public enum Insecure: Sendable {}
25 | #endif // canImport(CryptoKit)
[1167/1345] Compiling Crypto Insecure_HashFunctions.swift
/host/spi-builder-workspace/.build/checkouts/swift-crypto/Sources/Crypto/HPKE/Ciphersuite/KEM/Conformances/DHKEM.swift:81:6: error: unknown attribute 'nonexhaustive'
 79 | extension HPKE {
 80 | 	/// A container for Diffie-Hellman key encapsulation mechanisms (KEMs).
 81 |     @nonexhaustive
    |      `- error: unknown attribute 'nonexhaustive'
 82 |     public enum DHKEM: Sendable {
 83 |         struct PublicKey<DHPK: HPKEDiffieHellmanPublicKey>: KEMPublicKey where DHPK == DHPK.EphemeralPrivateKey.PublicKey {
/host/spi-builder-workspace/.build/checkouts/swift-crypto/Sources/Crypto/HPKE/Ciphersuite/KEM/HPKE-KEM.swift:29:6: error: unknown attribute 'nonexhaustive'
 27 |     /// The module-lattice key encapsulation mechanism (ML-KEM) is designed to offer increased security in situations
 28 |     /// where an adversary uses a quantum computer.
 29 |     @nonexhaustive
    |      `- error: unknown attribute 'nonexhaustive'
 30 |     public enum KEM: CaseIterable, Hashable, Sendable {
 31 |         public static var allCases: [HPKE.KEM] {
/host/spi-builder-workspace/.build/checkouts/swift-crypto/Sources/Crypto/HPKE/HPKE-Errors.swift:27:6: error: unknown attribute 'nonexhaustive'
25 | extension HPKE {
26 |     /// Hybrid public key encryption (HPKE) errors that CryptoKit uses.
27 |     @nonexhaustive
   |      `- error: unknown attribute 'nonexhaustive'
28 |     public enum Errors: Error {
29 | 		/// The parameters for initializing an HPKE sender or receiver are inconsistent.
/host/spi-builder-workspace/.build/checkouts/swift-crypto/Sources/Crypto/HPKE/HPKE.swift:53:2: error: unknown attribute 'nonexhaustive'
 51 | /// ### Handling errors
 52 | ///  - ``Errors``
 53 | @nonexhaustive
    |  `- error: unknown attribute 'nonexhaustive'
 54 | public enum HPKE: Sendable {}
 55 |
/host/spi-builder-workspace/.build/checkouts/swift-crypto/Sources/Crypto/Insecure/Insecure.swift:23:2: error: unknown attribute 'nonexhaustive'
21 | /// but the framework provides them for backward compatibility with older
22 | /// services that require them. For new services, avoid these algorithms.
23 | @nonexhaustive
   |  `- error: unknown attribute 'nonexhaustive'
24 | public enum Insecure: Sendable {}
25 | #endif // canImport(CryptoKit)
[1168/1345] Compiling NIOCore EventLoopFuture+WithEventLoop.swift
/host/spi-builder-workspace/.build/checkouts/swift-crypto/Sources/Crypto/KEM/KEM-Errors.swift:27:6: error: unknown attribute 'nonexhaustive'
25 | extension KEM {
26 |     /// Errors that CryptoKit throws when it encounters problems in key encapsulation mechanism (KEM) operations.
27 |     @nonexhaustive
   |      `- error: unknown attribute 'nonexhaustive'
28 |     public enum Errors: Error {
29 |         /// The public key CryptoKit receives when it initializes a key encapsulation operation doesn't match the expected value.
/host/spi-builder-workspace/.build/checkouts/swift-crypto/Sources/Crypto/KEM/KEM.swift:28:2: error: unknown attribute 'nonexhaustive'
26 | ///
27 | /// Use a key encapsulation mechanism (KEM) to protect a symmetric cryptographic key that you share with another party.
28 | @nonexhaustive
   |  `- error: unknown attribute 'nonexhaustive'
29 | public enum KEM: Sendable {
30 |     /// The result of a key encapsulation operation.
/host/spi-builder-workspace/.build/checkouts/swift-crypto/Sources/Crypto/KEM/MLKEM.swift:30:2: error: unknown attribute 'nonexhaustive'
 28 |
 29 | /// The Module-Lattice key encapsulation mechanism (KEM).
 30 | @nonexhaustive
    |  `- error: unknown attribute 'nonexhaustive'
 31 | public enum MLKEM768: Sendable {}
 32 |
/host/spi-builder-workspace/.build/checkouts/swift-crypto/Sources/Crypto/KEM/MLKEM.swift:201:2: error: unknown attribute 'nonexhaustive'
199 |
200 | /// The Module-Lattice key encapsulation mechanism (KEM).
201 | @nonexhaustive
    |  `- error: unknown attribute 'nonexhaustive'
202 | public enum MLKEM1024: Sendable {}
203 |
/host/spi-builder-workspace/.build/checkouts/swift-crypto/Sources/Crypto/KEM/XWing.swift:34:2: error: unknown attribute 'nonexhaustive'
 32 | /// The X-Wing (ML-KEM768 with X25519) Key Encapsulation Mechanism, defined in
 33 | /// https://datatracker.ietf.org/doc/html/draft-connolly-cfrg-xwing-kem-06
 34 | @nonexhaustive
    |  `- error: unknown attribute 'nonexhaustive'
 35 | public enum XWingMLKEM768X25519: Sendable {}
 36 |
/host/spi-builder-workspace/.build/checkouts/swift-crypto/Sources/Crypto/Key Agreement/ECDH.swift:36:6: error: unknown attribute 'nonexhaustive'
  34 |     /// A mechanism used to create or verify a cryptographic signature using
  35 |     /// the NIST P-256 elliptic curve digital signature algorithm (ECDSA).
  36 |     @nonexhaustive
     |      `- error: unknown attribute 'nonexhaustive'
  37 |     public enum Signing: Sendable {
  38 |
/host/spi-builder-workspace/.build/checkouts/swift-crypto/Sources/Crypto/Key Agreement/ECDH.swift:260:6: error: unknown attribute 'nonexhaustive'
 258 |     /// performing NIST P-256 elliptic curve Diffie Hellman (ECDH) key
 259 |     /// exchange.
 260 |     @nonexhaustive
     |      `- error: unknown attribute 'nonexhaustive'
 261 |     public enum KeyAgreement: Sendable {
 262 |
/host/spi-builder-workspace/.build/checkouts/swift-crypto/Sources/Crypto/Key Agreement/ECDH.swift:483:6: error: unknown attribute 'nonexhaustive'
 481 |     /// A mechanism used to create or verify a cryptographic signature using
 482 |     /// the NIST P-384 elliptic curve digital signature algorithm (ECDSA).
 483 |     @nonexhaustive
     |      `- error: unknown attribute 'nonexhaustive'
 484 |     public enum Signing: Sendable {
 485 |
/host/spi-builder-workspace/.build/checkouts/swift-crypto/Sources/Crypto/Key Agreement/ECDH.swift:707:6: error: unknown attribute 'nonexhaustive'
 705 |     /// performing NIST P-384 elliptic curve Diffie Hellman (ECDH) key
 706 |     /// exchange.
 707 |     @nonexhaustive
     |      `- error: unknown attribute 'nonexhaustive'
 708 |     public enum KeyAgreement: Sendable {
 709 |
/host/spi-builder-workspace/.build/checkouts/swift-crypto/Sources/Crypto/Key Agreement/ECDH.swift:930:6: error: unknown attribute 'nonexhaustive'
 928 |     /// A mechanism used to create or verify a cryptographic signature using
 929 |     /// the NIST P-521 elliptic curve digital signature algorithm (ECDSA).
 930 |     @nonexhaustive
     |      `- error: unknown attribute 'nonexhaustive'
 931 |     public enum Signing: Sendable {
 932 |
/host/spi-builder-workspace/.build/checkouts/swift-crypto/Sources/Crypto/Key Agreement/ECDH.swift:1154:6: error: unknown attribute 'nonexhaustive'
1152 |     /// performing NIST P-521 elliptic curve Diffie Hellman (ECDH) key
1153 |     /// exchange.
1154 |     @nonexhaustive
     |      `- error: unknown attribute 'nonexhaustive'
1155 |     public enum KeyAgreement: Sendable {
1156 |
[1169/1345] Compiling NIOCore EventLoopFuture.swift
/host/spi-builder-workspace/.build/checkouts/swift-crypto/Sources/Crypto/KEM/KEM-Errors.swift:27:6: error: unknown attribute 'nonexhaustive'
25 | extension KEM {
26 |     /// Errors that CryptoKit throws when it encounters problems in key encapsulation mechanism (KEM) operations.
27 |     @nonexhaustive
   |      `- error: unknown attribute 'nonexhaustive'
28 |     public enum Errors: Error {
29 |         /// The public key CryptoKit receives when it initializes a key encapsulation operation doesn't match the expected value.
/host/spi-builder-workspace/.build/checkouts/swift-crypto/Sources/Crypto/KEM/KEM.swift:28:2: error: unknown attribute 'nonexhaustive'
26 | ///
27 | /// Use a key encapsulation mechanism (KEM) to protect a symmetric cryptographic key that you share with another party.
28 | @nonexhaustive
   |  `- error: unknown attribute 'nonexhaustive'
29 | public enum KEM: Sendable {
30 |     /// The result of a key encapsulation operation.
/host/spi-builder-workspace/.build/checkouts/swift-crypto/Sources/Crypto/KEM/MLKEM.swift:30:2: error: unknown attribute 'nonexhaustive'
 28 |
 29 | /// The Module-Lattice key encapsulation mechanism (KEM).
 30 | @nonexhaustive
    |  `- error: unknown attribute 'nonexhaustive'
 31 | public enum MLKEM768: Sendable {}
 32 |
/host/spi-builder-workspace/.build/checkouts/swift-crypto/Sources/Crypto/KEM/MLKEM.swift:201:2: error: unknown attribute 'nonexhaustive'
199 |
200 | /// The Module-Lattice key encapsulation mechanism (KEM).
201 | @nonexhaustive
    |  `- error: unknown attribute 'nonexhaustive'
202 | public enum MLKEM1024: Sendable {}
203 |
/host/spi-builder-workspace/.build/checkouts/swift-crypto/Sources/Crypto/KEM/XWing.swift:34:2: error: unknown attribute 'nonexhaustive'
 32 | /// The X-Wing (ML-KEM768 with X25519) Key Encapsulation Mechanism, defined in
 33 | /// https://datatracker.ietf.org/doc/html/draft-connolly-cfrg-xwing-kem-06
 34 | @nonexhaustive
    |  `- error: unknown attribute 'nonexhaustive'
 35 | public enum XWingMLKEM768X25519: Sendable {}
 36 |
/host/spi-builder-workspace/.build/checkouts/swift-crypto/Sources/Crypto/Key Agreement/ECDH.swift:36:6: error: unknown attribute 'nonexhaustive'
  34 |     /// A mechanism used to create or verify a cryptographic signature using
  35 |     /// the NIST P-256 elliptic curve digital signature algorithm (ECDSA).
  36 |     @nonexhaustive
     |      `- error: unknown attribute 'nonexhaustive'
  37 |     public enum Signing: Sendable {
  38 |
/host/spi-builder-workspace/.build/checkouts/swift-crypto/Sources/Crypto/Key Agreement/ECDH.swift:260:6: error: unknown attribute 'nonexhaustive'
 258 |     /// performing NIST P-256 elliptic curve Diffie Hellman (ECDH) key
 259 |     /// exchange.
 260 |     @nonexhaustive
     |      `- error: unknown attribute 'nonexhaustive'
 261 |     public enum KeyAgreement: Sendable {
 262 |
/host/spi-builder-workspace/.build/checkouts/swift-crypto/Sources/Crypto/Key Agreement/ECDH.swift:483:6: error: unknown attribute 'nonexhaustive'
 481 |     /// A mechanism used to create or verify a cryptographic signature using
 482 |     /// the NIST P-384 elliptic curve digital signature algorithm (ECDSA).
 483 |     @nonexhaustive
     |      `- error: unknown attribute 'nonexhaustive'
 484 |     public enum Signing: Sendable {
 485 |
/host/spi-builder-workspace/.build/checkouts/swift-crypto/Sources/Crypto/Key Agreement/ECDH.swift:707:6: error: unknown attribute 'nonexhaustive'
 705 |     /// performing NIST P-384 elliptic curve Diffie Hellman (ECDH) key
 706 |     /// exchange.
 707 |     @nonexhaustive
     |      `- error: unknown attribute 'nonexhaustive'
 708 |     public enum KeyAgreement: Sendable {
 709 |
/host/spi-builder-workspace/.build/checkouts/swift-crypto/Sources/Crypto/Key Agreement/ECDH.swift:930:6: error: unknown attribute 'nonexhaustive'
 928 |     /// A mechanism used to create or verify a cryptographic signature using
 929 |     /// the NIST P-521 elliptic curve digital signature algorithm (ECDSA).
 930 |     @nonexhaustive
     |      `- error: unknown attribute 'nonexhaustive'
 931 |     public enum Signing: Sendable {
 932 |
/host/spi-builder-workspace/.build/checkouts/swift-crypto/Sources/Crypto/Key Agreement/ECDH.swift:1154:6: error: unknown attribute 'nonexhaustive'
1152 |     /// performing NIST P-521 elliptic curve Diffie Hellman (ECDH) key
1153 |     /// exchange.
1154 |     @nonexhaustive
     |      `- error: unknown attribute 'nonexhaustive'
1155 |     public enum KeyAgreement: Sendable {
1156 |
[1170/1345] Compiling NIOCore FileDescriptor.swift
/host/spi-builder-workspace/.build/checkouts/swift-crypto/Sources/Crypto/KEM/KEM-Errors.swift:27:6: error: unknown attribute 'nonexhaustive'
25 | extension KEM {
26 |     /// Errors that CryptoKit throws when it encounters problems in key encapsulation mechanism (KEM) operations.
27 |     @nonexhaustive
   |      `- error: unknown attribute 'nonexhaustive'
28 |     public enum Errors: Error {
29 |         /// The public key CryptoKit receives when it initializes a key encapsulation operation doesn't match the expected value.
/host/spi-builder-workspace/.build/checkouts/swift-crypto/Sources/Crypto/KEM/KEM.swift:28:2: error: unknown attribute 'nonexhaustive'
26 | ///
27 | /// Use a key encapsulation mechanism (KEM) to protect a symmetric cryptographic key that you share with another party.
28 | @nonexhaustive
   |  `- error: unknown attribute 'nonexhaustive'
29 | public enum KEM: Sendable {
30 |     /// The result of a key encapsulation operation.
/host/spi-builder-workspace/.build/checkouts/swift-crypto/Sources/Crypto/KEM/MLKEM.swift:30:2: error: unknown attribute 'nonexhaustive'
 28 |
 29 | /// The Module-Lattice key encapsulation mechanism (KEM).
 30 | @nonexhaustive
    |  `- error: unknown attribute 'nonexhaustive'
 31 | public enum MLKEM768: Sendable {}
 32 |
/host/spi-builder-workspace/.build/checkouts/swift-crypto/Sources/Crypto/KEM/MLKEM.swift:201:2: error: unknown attribute 'nonexhaustive'
199 |
200 | /// The Module-Lattice key encapsulation mechanism (KEM).
201 | @nonexhaustive
    |  `- error: unknown attribute 'nonexhaustive'
202 | public enum MLKEM1024: Sendable {}
203 |
/host/spi-builder-workspace/.build/checkouts/swift-crypto/Sources/Crypto/KEM/XWing.swift:34:2: error: unknown attribute 'nonexhaustive'
 32 | /// The X-Wing (ML-KEM768 with X25519) Key Encapsulation Mechanism, defined in
 33 | /// https://datatracker.ietf.org/doc/html/draft-connolly-cfrg-xwing-kem-06
 34 | @nonexhaustive
    |  `- error: unknown attribute 'nonexhaustive'
 35 | public enum XWingMLKEM768X25519: Sendable {}
 36 |
/host/spi-builder-workspace/.build/checkouts/swift-crypto/Sources/Crypto/Key Agreement/ECDH.swift:36:6: error: unknown attribute 'nonexhaustive'
  34 |     /// A mechanism used to create or verify a cryptographic signature using
  35 |     /// the NIST P-256 elliptic curve digital signature algorithm (ECDSA).
  36 |     @nonexhaustive
     |      `- error: unknown attribute 'nonexhaustive'
  37 |     public enum Signing: Sendable {
  38 |
/host/spi-builder-workspace/.build/checkouts/swift-crypto/Sources/Crypto/Key Agreement/ECDH.swift:260:6: error: unknown attribute 'nonexhaustive'
 258 |     /// performing NIST P-256 elliptic curve Diffie Hellman (ECDH) key
 259 |     /// exchange.
 260 |     @nonexhaustive
     |      `- error: unknown attribute 'nonexhaustive'
 261 |     public enum KeyAgreement: Sendable {
 262 |
/host/spi-builder-workspace/.build/checkouts/swift-crypto/Sources/Crypto/Key Agreement/ECDH.swift:483:6: error: unknown attribute 'nonexhaustive'
 481 |     /// A mechanism used to create or verify a cryptographic signature using
 482 |     /// the NIST P-384 elliptic curve digital signature algorithm (ECDSA).
 483 |     @nonexhaustive
     |      `- error: unknown attribute 'nonexhaustive'
 484 |     public enum Signing: Sendable {
 485 |
/host/spi-builder-workspace/.build/checkouts/swift-crypto/Sources/Crypto/Key Agreement/ECDH.swift:707:6: error: unknown attribute 'nonexhaustive'
 705 |     /// performing NIST P-384 elliptic curve Diffie Hellman (ECDH) key
 706 |     /// exchange.
 707 |     @nonexhaustive
     |      `- error: unknown attribute 'nonexhaustive'
 708 |     public enum KeyAgreement: Sendable {
 709 |
/host/spi-builder-workspace/.build/checkouts/swift-crypto/Sources/Crypto/Key Agreement/ECDH.swift:930:6: error: unknown attribute 'nonexhaustive'
 928 |     /// A mechanism used to create or verify a cryptographic signature using
 929 |     /// the NIST P-521 elliptic curve digital signature algorithm (ECDSA).
 930 |     @nonexhaustive
     |      `- error: unknown attribute 'nonexhaustive'
 931 |     public enum Signing: Sendable {
 932 |
/host/spi-builder-workspace/.build/checkouts/swift-crypto/Sources/Crypto/Key Agreement/ECDH.swift:1154:6: error: unknown attribute 'nonexhaustive'
1152 |     /// performing NIST P-521 elliptic curve Diffie Hellman (ECDH) key
1153 |     /// exchange.
1154 |     @nonexhaustive
     |      `- error: unknown attribute 'nonexhaustive'
1155 |     public enum KeyAgreement: Sendable {
1156 |
[1171/1345] Compiling NIOCore FileHandle.swift
/host/spi-builder-workspace/.build/checkouts/swift-crypto/Sources/Crypto/KEM/KEM-Errors.swift:27:6: error: unknown attribute 'nonexhaustive'
25 | extension KEM {
26 |     /// Errors that CryptoKit throws when it encounters problems in key encapsulation mechanism (KEM) operations.
27 |     @nonexhaustive
   |      `- error: unknown attribute 'nonexhaustive'
28 |     public enum Errors: Error {
29 |         /// The public key CryptoKit receives when it initializes a key encapsulation operation doesn't match the expected value.
/host/spi-builder-workspace/.build/checkouts/swift-crypto/Sources/Crypto/KEM/KEM.swift:28:2: error: unknown attribute 'nonexhaustive'
26 | ///
27 | /// Use a key encapsulation mechanism (KEM) to protect a symmetric cryptographic key that you share with another party.
28 | @nonexhaustive
   |  `- error: unknown attribute 'nonexhaustive'
29 | public enum KEM: Sendable {
30 |     /// The result of a key encapsulation operation.
/host/spi-builder-workspace/.build/checkouts/swift-crypto/Sources/Crypto/KEM/MLKEM.swift:30:2: error: unknown attribute 'nonexhaustive'
 28 |
 29 | /// The Module-Lattice key encapsulation mechanism (KEM).
 30 | @nonexhaustive
    |  `- error: unknown attribute 'nonexhaustive'
 31 | public enum MLKEM768: Sendable {}
 32 |
/host/spi-builder-workspace/.build/checkouts/swift-crypto/Sources/Crypto/KEM/MLKEM.swift:201:2: error: unknown attribute 'nonexhaustive'
199 |
200 | /// The Module-Lattice key encapsulation mechanism (KEM).
201 | @nonexhaustive
    |  `- error: unknown attribute 'nonexhaustive'
202 | public enum MLKEM1024: Sendable {}
203 |
/host/spi-builder-workspace/.build/checkouts/swift-crypto/Sources/Crypto/KEM/XWing.swift:34:2: error: unknown attribute 'nonexhaustive'
 32 | /// The X-Wing (ML-KEM768 with X25519) Key Encapsulation Mechanism, defined in
 33 | /// https://datatracker.ietf.org/doc/html/draft-connolly-cfrg-xwing-kem-06
 34 | @nonexhaustive
    |  `- error: unknown attribute 'nonexhaustive'
 35 | public enum XWingMLKEM768X25519: Sendable {}
 36 |
/host/spi-builder-workspace/.build/checkouts/swift-crypto/Sources/Crypto/Key Agreement/ECDH.swift:36:6: error: unknown attribute 'nonexhaustive'
  34 |     /// A mechanism used to create or verify a cryptographic signature using
  35 |     /// the NIST P-256 elliptic curve digital signature algorithm (ECDSA).
  36 |     @nonexhaustive
     |      `- error: unknown attribute 'nonexhaustive'
  37 |     public enum Signing: Sendable {
  38 |
/host/spi-builder-workspace/.build/checkouts/swift-crypto/Sources/Crypto/Key Agreement/ECDH.swift:260:6: error: unknown attribute 'nonexhaustive'
 258 |     /// performing NIST P-256 elliptic curve Diffie Hellman (ECDH) key
 259 |     /// exchange.
 260 |     @nonexhaustive
     |      `- error: unknown attribute 'nonexhaustive'
 261 |     public enum KeyAgreement: Sendable {
 262 |
/host/spi-builder-workspace/.build/checkouts/swift-crypto/Sources/Crypto/Key Agreement/ECDH.swift:483:6: error: unknown attribute 'nonexhaustive'
 481 |     /// A mechanism used to create or verify a cryptographic signature using
 482 |     /// the NIST P-384 elliptic curve digital signature algorithm (ECDSA).
 483 |     @nonexhaustive
     |      `- error: unknown attribute 'nonexhaustive'
 484 |     public enum Signing: Sendable {
 485 |
/host/spi-builder-workspace/.build/checkouts/swift-crypto/Sources/Crypto/Key Agreement/ECDH.swift:707:6: error: unknown attribute 'nonexhaustive'
 705 |     /// performing NIST P-384 elliptic curve Diffie Hellman (ECDH) key
 706 |     /// exchange.
 707 |     @nonexhaustive
     |      `- error: unknown attribute 'nonexhaustive'
 708 |     public enum KeyAgreement: Sendable {
 709 |
/host/spi-builder-workspace/.build/checkouts/swift-crypto/Sources/Crypto/Key Agreement/ECDH.swift:930:6: error: unknown attribute 'nonexhaustive'
 928 |     /// A mechanism used to create or verify a cryptographic signature using
 929 |     /// the NIST P-521 elliptic curve digital signature algorithm (ECDSA).
 930 |     @nonexhaustive
     |      `- error: unknown attribute 'nonexhaustive'
 931 |     public enum Signing: Sendable {
 932 |
/host/spi-builder-workspace/.build/checkouts/swift-crypto/Sources/Crypto/Key Agreement/ECDH.swift:1154:6: error: unknown attribute 'nonexhaustive'
1152 |     /// performing NIST P-521 elliptic curve Diffie Hellman (ECDH) key
1153 |     /// exchange.
1154 |     @nonexhaustive
     |      `- error: unknown attribute 'nonexhaustive'
1155 |     public enum KeyAgreement: Sendable {
1156 |
[1172/1345] Compiling NIOCore FileRegion.swift
/host/spi-builder-workspace/.build/checkouts/swift-crypto/Sources/Crypto/KEM/KEM-Errors.swift:27:6: error: unknown attribute 'nonexhaustive'
25 | extension KEM {
26 |     /// Errors that CryptoKit throws when it encounters problems in key encapsulation mechanism (KEM) operations.
27 |     @nonexhaustive
   |      `- error: unknown attribute 'nonexhaustive'
28 |     public enum Errors: Error {
29 |         /// The public key CryptoKit receives when it initializes a key encapsulation operation doesn't match the expected value.
/host/spi-builder-workspace/.build/checkouts/swift-crypto/Sources/Crypto/KEM/KEM.swift:28:2: error: unknown attribute 'nonexhaustive'
26 | ///
27 | /// Use a key encapsulation mechanism (KEM) to protect a symmetric cryptographic key that you share with another party.
28 | @nonexhaustive
   |  `- error: unknown attribute 'nonexhaustive'
29 | public enum KEM: Sendable {
30 |     /// The result of a key encapsulation operation.
/host/spi-builder-workspace/.build/checkouts/swift-crypto/Sources/Crypto/KEM/MLKEM.swift:30:2: error: unknown attribute 'nonexhaustive'
 28 |
 29 | /// The Module-Lattice key encapsulation mechanism (KEM).
 30 | @nonexhaustive
    |  `- error: unknown attribute 'nonexhaustive'
 31 | public enum MLKEM768: Sendable {}
 32 |
/host/spi-builder-workspace/.build/checkouts/swift-crypto/Sources/Crypto/KEM/MLKEM.swift:201:2: error: unknown attribute 'nonexhaustive'
199 |
200 | /// The Module-Lattice key encapsulation mechanism (KEM).
201 | @nonexhaustive
    |  `- error: unknown attribute 'nonexhaustive'
202 | public enum MLKEM1024: Sendable {}
203 |
/host/spi-builder-workspace/.build/checkouts/swift-crypto/Sources/Crypto/KEM/XWing.swift:34:2: error: unknown attribute 'nonexhaustive'
 32 | /// The X-Wing (ML-KEM768 with X25519) Key Encapsulation Mechanism, defined in
 33 | /// https://datatracker.ietf.org/doc/html/draft-connolly-cfrg-xwing-kem-06
 34 | @nonexhaustive
    |  `- error: unknown attribute 'nonexhaustive'
 35 | public enum XWingMLKEM768X25519: Sendable {}
 36 |
/host/spi-builder-workspace/.build/checkouts/swift-crypto/Sources/Crypto/Key Agreement/ECDH.swift:36:6: error: unknown attribute 'nonexhaustive'
  34 |     /// A mechanism used to create or verify a cryptographic signature using
  35 |     /// the NIST P-256 elliptic curve digital signature algorithm (ECDSA).
  36 |     @nonexhaustive
     |      `- error: unknown attribute 'nonexhaustive'
  37 |     public enum Signing: Sendable {
  38 |
/host/spi-builder-workspace/.build/checkouts/swift-crypto/Sources/Crypto/Key Agreement/ECDH.swift:260:6: error: unknown attribute 'nonexhaustive'
 258 |     /// performing NIST P-256 elliptic curve Diffie Hellman (ECDH) key
 259 |     /// exchange.
 260 |     @nonexhaustive
     |      `- error: unknown attribute 'nonexhaustive'
 261 |     public enum KeyAgreement: Sendable {
 262 |
/host/spi-builder-workspace/.build/checkouts/swift-crypto/Sources/Crypto/Key Agreement/ECDH.swift:483:6: error: unknown attribute 'nonexhaustive'
 481 |     /// A mechanism used to create or verify a cryptographic signature using
 482 |     /// the NIST P-384 elliptic curve digital signature algorithm (ECDSA).
 483 |     @nonexhaustive
     |      `- error: unknown attribute 'nonexhaustive'
 484 |     public enum Signing: Sendable {
 485 |
/host/spi-builder-workspace/.build/checkouts/swift-crypto/Sources/Crypto/Key Agreement/ECDH.swift:707:6: error: unknown attribute 'nonexhaustive'
 705 |     /// performing NIST P-384 elliptic curve Diffie Hellman (ECDH) key
 706 |     /// exchange.
 707 |     @nonexhaustive
     |      `- error: unknown attribute 'nonexhaustive'
 708 |     public enum KeyAgreement: Sendable {
 709 |
/host/spi-builder-workspace/.build/checkouts/swift-crypto/Sources/Crypto/Key Agreement/ECDH.swift:930:6: error: unknown attribute 'nonexhaustive'
 928 |     /// A mechanism used to create or verify a cryptographic signature using
 929 |     /// the NIST P-521 elliptic curve digital signature algorithm (ECDSA).
 930 |     @nonexhaustive
     |      `- error: unknown attribute 'nonexhaustive'
 931 |     public enum Signing: Sendable {
 932 |
/host/spi-builder-workspace/.build/checkouts/swift-crypto/Sources/Crypto/Key Agreement/ECDH.swift:1154:6: error: unknown attribute 'nonexhaustive'
1152 |     /// performing NIST P-521 elliptic curve Diffie Hellman (ECDH) key
1153 |     /// exchange.
1154 |     @nonexhaustive
     |      `- error: unknown attribute 'nonexhaustive'
1155 |     public enum KeyAgreement: Sendable {
1156 |
[1173/1345] Compiling NIOCore GlobalSingletons.swift
/host/spi-builder-workspace/.build/checkouts/swift-crypto/Sources/Crypto/KEM/KEM-Errors.swift:27:6: error: unknown attribute 'nonexhaustive'
25 | extension KEM {
26 |     /// Errors that CryptoKit throws when it encounters problems in key encapsulation mechanism (KEM) operations.
27 |     @nonexhaustive
   |      `- error: unknown attribute 'nonexhaustive'
28 |     public enum Errors: Error {
29 |         /// The public key CryptoKit receives when it initializes a key encapsulation operation doesn't match the expected value.
/host/spi-builder-workspace/.build/checkouts/swift-crypto/Sources/Crypto/KEM/KEM.swift:28:2: error: unknown attribute 'nonexhaustive'
26 | ///
27 | /// Use a key encapsulation mechanism (KEM) to protect a symmetric cryptographic key that you share with another party.
28 | @nonexhaustive
   |  `- error: unknown attribute 'nonexhaustive'
29 | public enum KEM: Sendable {
30 |     /// The result of a key encapsulation operation.
/host/spi-builder-workspace/.build/checkouts/swift-crypto/Sources/Crypto/KEM/MLKEM.swift:30:2: error: unknown attribute 'nonexhaustive'
 28 |
 29 | /// The Module-Lattice key encapsulation mechanism (KEM).
 30 | @nonexhaustive
    |  `- error: unknown attribute 'nonexhaustive'
 31 | public enum MLKEM768: Sendable {}
 32 |
/host/spi-builder-workspace/.build/checkouts/swift-crypto/Sources/Crypto/KEM/MLKEM.swift:201:2: error: unknown attribute 'nonexhaustive'
199 |
200 | /// The Module-Lattice key encapsulation mechanism (KEM).
201 | @nonexhaustive
    |  `- error: unknown attribute 'nonexhaustive'
202 | public enum MLKEM1024: Sendable {}
203 |
/host/spi-builder-workspace/.build/checkouts/swift-crypto/Sources/Crypto/KEM/XWing.swift:34:2: error: unknown attribute 'nonexhaustive'
 32 | /// The X-Wing (ML-KEM768 with X25519) Key Encapsulation Mechanism, defined in
 33 | /// https://datatracker.ietf.org/doc/html/draft-connolly-cfrg-xwing-kem-06
 34 | @nonexhaustive
    |  `- error: unknown attribute 'nonexhaustive'
 35 | public enum XWingMLKEM768X25519: Sendable {}
 36 |
/host/spi-builder-workspace/.build/checkouts/swift-crypto/Sources/Crypto/Key Agreement/ECDH.swift:36:6: error: unknown attribute 'nonexhaustive'
  34 |     /// A mechanism used to create or verify a cryptographic signature using
  35 |     /// the NIST P-256 elliptic curve digital signature algorithm (ECDSA).
  36 |     @nonexhaustive
     |      `- error: unknown attribute 'nonexhaustive'
  37 |     public enum Signing: Sendable {
  38 |
/host/spi-builder-workspace/.build/checkouts/swift-crypto/Sources/Crypto/Key Agreement/ECDH.swift:260:6: error: unknown attribute 'nonexhaustive'
 258 |     /// performing NIST P-256 elliptic curve Diffie Hellman (ECDH) key
 259 |     /// exchange.
 260 |     @nonexhaustive
     |      `- error: unknown attribute 'nonexhaustive'
 261 |     public enum KeyAgreement: Sendable {
 262 |
/host/spi-builder-workspace/.build/checkouts/swift-crypto/Sources/Crypto/Key Agreement/ECDH.swift:483:6: error: unknown attribute 'nonexhaustive'
 481 |     /// A mechanism used to create or verify a cryptographic signature using
 482 |     /// the NIST P-384 elliptic curve digital signature algorithm (ECDSA).
 483 |     @nonexhaustive
     |      `- error: unknown attribute 'nonexhaustive'
 484 |     public enum Signing: Sendable {
 485 |
/host/spi-builder-workspace/.build/checkouts/swift-crypto/Sources/Crypto/Key Agreement/ECDH.swift:707:6: error: unknown attribute 'nonexhaustive'
 705 |     /// performing NIST P-384 elliptic curve Diffie Hellman (ECDH) key
 706 |     /// exchange.
 707 |     @nonexhaustive
     |      `- error: unknown attribute 'nonexhaustive'
 708 |     public enum KeyAgreement: Sendable {
 709 |
/host/spi-builder-workspace/.build/checkouts/swift-crypto/Sources/Crypto/Key Agreement/ECDH.swift:930:6: error: unknown attribute 'nonexhaustive'
 928 |     /// A mechanism used to create or verify a cryptographic signature using
 929 |     /// the NIST P-521 elliptic curve digital signature algorithm (ECDSA).
 930 |     @nonexhaustive
     |      `- error: unknown attribute 'nonexhaustive'
 931 |     public enum Signing: Sendable {
 932 |
/host/spi-builder-workspace/.build/checkouts/swift-crypto/Sources/Crypto/Key Agreement/ECDH.swift:1154:6: error: unknown attribute 'nonexhaustive'
1152 |     /// performing NIST P-521 elliptic curve Diffie Hellman (ECDH) key
1153 |     /// exchange.
1154 |     @nonexhaustive
     |      `- error: unknown attribute 'nonexhaustive'
1155 |     public enum KeyAgreement: Sendable {
1156 |
[1174/1345] Compiling NIOCore IO.swift
/host/spi-builder-workspace/.build/checkouts/swift-crypto/Sources/Crypto/KEM/KEM-Errors.swift:27:6: error: unknown attribute 'nonexhaustive'
25 | extension KEM {
26 |     /// Errors that CryptoKit throws when it encounters problems in key encapsulation mechanism (KEM) operations.
27 |     @nonexhaustive
   |      `- error: unknown attribute 'nonexhaustive'
28 |     public enum Errors: Error {
29 |         /// The public key CryptoKit receives when it initializes a key encapsulation operation doesn't match the expected value.
/host/spi-builder-workspace/.build/checkouts/swift-crypto/Sources/Crypto/KEM/KEM.swift:28:2: error: unknown attribute 'nonexhaustive'
26 | ///
27 | /// Use a key encapsulation mechanism (KEM) to protect a symmetric cryptographic key that you share with another party.
28 | @nonexhaustive
   |  `- error: unknown attribute 'nonexhaustive'
29 | public enum KEM: Sendable {
30 |     /// The result of a key encapsulation operation.
/host/spi-builder-workspace/.build/checkouts/swift-crypto/Sources/Crypto/KEM/MLKEM.swift:30:2: error: unknown attribute 'nonexhaustive'
 28 |
 29 | /// The Module-Lattice key encapsulation mechanism (KEM).
 30 | @nonexhaustive
    |  `- error: unknown attribute 'nonexhaustive'
 31 | public enum MLKEM768: Sendable {}
 32 |
/host/spi-builder-workspace/.build/checkouts/swift-crypto/Sources/Crypto/KEM/MLKEM.swift:201:2: error: unknown attribute 'nonexhaustive'
199 |
200 | /// The Module-Lattice key encapsulation mechanism (KEM).
201 | @nonexhaustive
    |  `- error: unknown attribute 'nonexhaustive'
202 | public enum MLKEM1024: Sendable {}
203 |
/host/spi-builder-workspace/.build/checkouts/swift-crypto/Sources/Crypto/KEM/XWing.swift:34:2: error: unknown attribute 'nonexhaustive'
 32 | /// The X-Wing (ML-KEM768 with X25519) Key Encapsulation Mechanism, defined in
 33 | /// https://datatracker.ietf.org/doc/html/draft-connolly-cfrg-xwing-kem-06
 34 | @nonexhaustive
    |  `- error: unknown attribute 'nonexhaustive'
 35 | public enum XWingMLKEM768X25519: Sendable {}
 36 |
/host/spi-builder-workspace/.build/checkouts/swift-crypto/Sources/Crypto/Key Agreement/ECDH.swift:36:6: error: unknown attribute 'nonexhaustive'
  34 |     /// A mechanism used to create or verify a cryptographic signature using
  35 |     /// the NIST P-256 elliptic curve digital signature algorithm (ECDSA).
  36 |     @nonexhaustive
     |      `- error: unknown attribute 'nonexhaustive'
  37 |     public enum Signing: Sendable {
  38 |
/host/spi-builder-workspace/.build/checkouts/swift-crypto/Sources/Crypto/Key Agreement/ECDH.swift:260:6: error: unknown attribute 'nonexhaustive'
 258 |     /// performing NIST P-256 elliptic curve Diffie Hellman (ECDH) key
 259 |     /// exchange.
 260 |     @nonexhaustive
     |      `- error: unknown attribute 'nonexhaustive'
 261 |     public enum KeyAgreement: Sendable {
 262 |
/host/spi-builder-workspace/.build/checkouts/swift-crypto/Sources/Crypto/Key Agreement/ECDH.swift:483:6: error: unknown attribute 'nonexhaustive'
 481 |     /// A mechanism used to create or verify a cryptographic signature using
 482 |     /// the NIST P-384 elliptic curve digital signature algorithm (ECDSA).
 483 |     @nonexhaustive
     |      `- error: unknown attribute 'nonexhaustive'
 484 |     public enum Signing: Sendable {
 485 |
/host/spi-builder-workspace/.build/checkouts/swift-crypto/Sources/Crypto/Key Agreement/ECDH.swift:707:6: error: unknown attribute 'nonexhaustive'
 705 |     /// performing NIST P-384 elliptic curve Diffie Hellman (ECDH) key
 706 |     /// exchange.
 707 |     @nonexhaustive
     |      `- error: unknown attribute 'nonexhaustive'
 708 |     public enum KeyAgreement: Sendable {
 709 |
/host/spi-builder-workspace/.build/checkouts/swift-crypto/Sources/Crypto/Key Agreement/ECDH.swift:930:6: error: unknown attribute 'nonexhaustive'
 928 |     /// A mechanism used to create or verify a cryptographic signature using
 929 |     /// the NIST P-521 elliptic curve digital signature algorithm (ECDSA).
 930 |     @nonexhaustive
     |      `- error: unknown attribute 'nonexhaustive'
 931 |     public enum Signing: Sendable {
 932 |
/host/spi-builder-workspace/.build/checkouts/swift-crypto/Sources/Crypto/Key Agreement/ECDH.swift:1154:6: error: unknown attribute 'nonexhaustive'
1152 |     /// performing NIST P-521 elliptic curve Diffie Hellman (ECDH) key
1153 |     /// exchange.
1154 |     @nonexhaustive
     |      `- error: unknown attribute 'nonexhaustive'
1155 |     public enum KeyAgreement: Sendable {
1156 |
[1175/1345] Compiling NIOCore IOData.swift
/host/spi-builder-workspace/.build/checkouts/swift-crypto/Sources/Crypto/KEM/KEM-Errors.swift:27:6: error: unknown attribute 'nonexhaustive'
25 | extension KEM {
26 |     /// Errors that CryptoKit throws when it encounters problems in key encapsulation mechanism (KEM) operations.
27 |     @nonexhaustive
   |      `- error: unknown attribute 'nonexhaustive'
28 |     public enum Errors: Error {
29 |         /// The public key CryptoKit receives when it initializes a key encapsulation operation doesn't match the expected value.
/host/spi-builder-workspace/.build/checkouts/swift-crypto/Sources/Crypto/KEM/KEM.swift:28:2: error: unknown attribute 'nonexhaustive'
26 | ///
27 | /// Use a key encapsulation mechanism (KEM) to protect a symmetric cryptographic key that you share with another party.
28 | @nonexhaustive
   |  `- error: unknown attribute 'nonexhaustive'
29 | public enum KEM: Sendable {
30 |     /// The result of a key encapsulation operation.
/host/spi-builder-workspace/.build/checkouts/swift-crypto/Sources/Crypto/KEM/MLKEM.swift:30:2: error: unknown attribute 'nonexhaustive'
 28 |
 29 | /// The Module-Lattice key encapsulation mechanism (KEM).
 30 | @nonexhaustive
    |  `- error: unknown attribute 'nonexhaustive'
 31 | public enum MLKEM768: Sendable {}
 32 |
/host/spi-builder-workspace/.build/checkouts/swift-crypto/Sources/Crypto/KEM/MLKEM.swift:201:2: error: unknown attribute 'nonexhaustive'
199 |
200 | /// The Module-Lattice key encapsulation mechanism (KEM).
201 | @nonexhaustive
    |  `- error: unknown attribute 'nonexhaustive'
202 | public enum MLKEM1024: Sendable {}
203 |
/host/spi-builder-workspace/.build/checkouts/swift-crypto/Sources/Crypto/KEM/XWing.swift:34:2: error: unknown attribute 'nonexhaustive'
 32 | /// The X-Wing (ML-KEM768 with X25519) Key Encapsulation Mechanism, defined in
 33 | /// https://datatracker.ietf.org/doc/html/draft-connolly-cfrg-xwing-kem-06
 34 | @nonexhaustive
    |  `- error: unknown attribute 'nonexhaustive'
 35 | public enum XWingMLKEM768X25519: Sendable {}
 36 |
/host/spi-builder-workspace/.build/checkouts/swift-crypto/Sources/Crypto/Key Agreement/ECDH.swift:36:6: error: unknown attribute 'nonexhaustive'
  34 |     /// A mechanism used to create or verify a cryptographic signature using
  35 |     /// the NIST P-256 elliptic curve digital signature algorithm (ECDSA).
  36 |     @nonexhaustive
     |      `- error: unknown attribute 'nonexhaustive'
  37 |     public enum Signing: Sendable {
  38 |
/host/spi-builder-workspace/.build/checkouts/swift-crypto/Sources/Crypto/Key Agreement/ECDH.swift:260:6: error: unknown attribute 'nonexhaustive'
 258 |     /// performing NIST P-256 elliptic curve Diffie Hellman (ECDH) key
 259 |     /// exchange.
 260 |     @nonexhaustive
     |      `- error: unknown attribute 'nonexhaustive'
 261 |     public enum KeyAgreement: Sendable {
 262 |
/host/spi-builder-workspace/.build/checkouts/swift-crypto/Sources/Crypto/Key Agreement/ECDH.swift:483:6: error: unknown attribute 'nonexhaustive'
 481 |     /// A mechanism used to create or verify a cryptographic signature using
 482 |     /// the NIST P-384 elliptic curve digital signature algorithm (ECDSA).
 483 |     @nonexhaustive
     |      `- error: unknown attribute 'nonexhaustive'
 484 |     public enum Signing: Sendable {
 485 |
/host/spi-builder-workspace/.build/checkouts/swift-crypto/Sources/Crypto/Key Agreement/ECDH.swift:707:6: error: unknown attribute 'nonexhaustive'
 705 |     /// performing NIST P-384 elliptic curve Diffie Hellman (ECDH) key
 706 |     /// exchange.
 707 |     @nonexhaustive
     |      `- error: unknown attribute 'nonexhaustive'
 708 |     public enum KeyAgreement: Sendable {
 709 |
/host/spi-builder-workspace/.build/checkouts/swift-crypto/Sources/Crypto/Key Agreement/ECDH.swift:930:6: error: unknown attribute 'nonexhaustive'
 928 |     /// A mechanism used to create or verify a cryptographic signature using
 929 |     /// the NIST P-521 elliptic curve digital signature algorithm (ECDSA).
 930 |     @nonexhaustive
     |      `- error: unknown attribute 'nonexhaustive'
 931 |     public enum Signing: Sendable {
 932 |
/host/spi-builder-workspace/.build/checkouts/swift-crypto/Sources/Crypto/Key Agreement/ECDH.swift:1154:6: error: unknown attribute 'nonexhaustive'
1152 |     /// performing NIST P-521 elliptic curve Diffie Hellman (ECDH) key
1153 |     /// exchange.
1154 |     @nonexhaustive
     |      `- error: unknown attribute 'nonexhaustive'
1155 |     public enum KeyAgreement: Sendable {
1156 |
[1176/1345] Compiling NIOCore IPProtocol.swift
/host/spi-builder-workspace/.build/checkouts/swift-crypto/Sources/Crypto/KEM/KEM-Errors.swift:27:6: error: unknown attribute 'nonexhaustive'
25 | extension KEM {
26 |     /// Errors that CryptoKit throws when it encounters problems in key encapsulation mechanism (KEM) operations.
27 |     @nonexhaustive
   |      `- error: unknown attribute 'nonexhaustive'
28 |     public enum Errors: Error {
29 |         /// The public key CryptoKit receives when it initializes a key encapsulation operation doesn't match the expected value.
/host/spi-builder-workspace/.build/checkouts/swift-crypto/Sources/Crypto/KEM/KEM.swift:28:2: error: unknown attribute 'nonexhaustive'
26 | ///
27 | /// Use a key encapsulation mechanism (KEM) to protect a symmetric cryptographic key that you share with another party.
28 | @nonexhaustive
   |  `- error: unknown attribute 'nonexhaustive'
29 | public enum KEM: Sendable {
30 |     /// The result of a key encapsulation operation.
/host/spi-builder-workspace/.build/checkouts/swift-crypto/Sources/Crypto/KEM/MLKEM.swift:30:2: error: unknown attribute 'nonexhaustive'
 28 |
 29 | /// The Module-Lattice key encapsulation mechanism (KEM).
 30 | @nonexhaustive
    |  `- error: unknown attribute 'nonexhaustive'
 31 | public enum MLKEM768: Sendable {}
 32 |
/host/spi-builder-workspace/.build/checkouts/swift-crypto/Sources/Crypto/KEM/MLKEM.swift:201:2: error: unknown attribute 'nonexhaustive'
199 |
200 | /// The Module-Lattice key encapsulation mechanism (KEM).
201 | @nonexhaustive
    |  `- error: unknown attribute 'nonexhaustive'
202 | public enum MLKEM1024: Sendable {}
203 |
/host/spi-builder-workspace/.build/checkouts/swift-crypto/Sources/Crypto/KEM/XWing.swift:34:2: error: unknown attribute 'nonexhaustive'
 32 | /// The X-Wing (ML-KEM768 with X25519) Key Encapsulation Mechanism, defined in
 33 | /// https://datatracker.ietf.org/doc/html/draft-connolly-cfrg-xwing-kem-06
 34 | @nonexhaustive
    |  `- error: unknown attribute 'nonexhaustive'
 35 | public enum XWingMLKEM768X25519: Sendable {}
 36 |
/host/spi-builder-workspace/.build/checkouts/swift-crypto/Sources/Crypto/Key Agreement/ECDH.swift:36:6: error: unknown attribute 'nonexhaustive'
  34 |     /// A mechanism used to create or verify a cryptographic signature using
  35 |     /// the NIST P-256 elliptic curve digital signature algorithm (ECDSA).
  36 |     @nonexhaustive
     |      `- error: unknown attribute 'nonexhaustive'
  37 |     public enum Signing: Sendable {
  38 |
/host/spi-builder-workspace/.build/checkouts/swift-crypto/Sources/Crypto/Key Agreement/ECDH.swift:260:6: error: unknown attribute 'nonexhaustive'
 258 |     /// performing NIST P-256 elliptic curve Diffie Hellman (ECDH) key
 259 |     /// exchange.
 260 |     @nonexhaustive
     |      `- error: unknown attribute 'nonexhaustive'
 261 |     public enum KeyAgreement: Sendable {
 262 |
/host/spi-builder-workspace/.build/checkouts/swift-crypto/Sources/Crypto/Key Agreement/ECDH.swift:483:6: error: unknown attribute 'nonexhaustive'
 481 |     /// A mechanism used to create or verify a cryptographic signature using
 482 |     /// the NIST P-384 elliptic curve digital signature algorithm (ECDSA).
 483 |     @nonexhaustive
     |      `- error: unknown attribute 'nonexhaustive'
 484 |     public enum Signing: Sendable {
 485 |
/host/spi-builder-workspace/.build/checkouts/swift-crypto/Sources/Crypto/Key Agreement/ECDH.swift:707:6: error: unknown attribute 'nonexhaustive'
 705 |     /// performing NIST P-384 elliptic curve Diffie Hellman (ECDH) key
 706 |     /// exchange.
 707 |     @nonexhaustive
     |      `- error: unknown attribute 'nonexhaustive'
 708 |     public enum KeyAgreement: Sendable {
 709 |
/host/spi-builder-workspace/.build/checkouts/swift-crypto/Sources/Crypto/Key Agreement/ECDH.swift:930:6: error: unknown attribute 'nonexhaustive'
 928 |     /// A mechanism used to create or verify a cryptographic signature using
 929 |     /// the NIST P-521 elliptic curve digital signature algorithm (ECDSA).
 930 |     @nonexhaustive
     |      `- error: unknown attribute 'nonexhaustive'
 931 |     public enum Signing: Sendable {
 932 |
/host/spi-builder-workspace/.build/checkouts/swift-crypto/Sources/Crypto/Key Agreement/ECDH.swift:1154:6: error: unknown attribute 'nonexhaustive'
1152 |     /// performing NIST P-521 elliptic curve Diffie Hellman (ECDH) key
1153 |     /// exchange.
1154 |     @nonexhaustive
     |      `- error: unknown attribute 'nonexhaustive'
1155 |     public enum KeyAgreement: Sendable {
1156 |
[1177/1345] Compiling NIOCore IntegerBitPacking.swift
/host/spi-builder-workspace/.build/checkouts/swift-crypto/Sources/Crypto/KEM/KEM-Errors.swift:27:6: error: unknown attribute 'nonexhaustive'
25 | extension KEM {
26 |     /// Errors that CryptoKit throws when it encounters problems in key encapsulation mechanism (KEM) operations.
27 |     @nonexhaustive
   |      `- error: unknown attribute 'nonexhaustive'
28 |     public enum Errors: Error {
29 |         /// The public key CryptoKit receives when it initializes a key encapsulation operation doesn't match the expected value.
/host/spi-builder-workspace/.build/checkouts/swift-crypto/Sources/Crypto/KEM/KEM.swift:28:2: error: unknown attribute 'nonexhaustive'
26 | ///
27 | /// Use a key encapsulation mechanism (KEM) to protect a symmetric cryptographic key that you share with another party.
28 | @nonexhaustive
   |  `- error: unknown attribute 'nonexhaustive'
29 | public enum KEM: Sendable {
30 |     /// The result of a key encapsulation operation.
/host/spi-builder-workspace/.build/checkouts/swift-crypto/Sources/Crypto/KEM/MLKEM.swift:30:2: error: unknown attribute 'nonexhaustive'
 28 |
 29 | /// The Module-Lattice key encapsulation mechanism (KEM).
 30 | @nonexhaustive
    |  `- error: unknown attribute 'nonexhaustive'
 31 | public enum MLKEM768: Sendable {}
 32 |
/host/spi-builder-workspace/.build/checkouts/swift-crypto/Sources/Crypto/KEM/MLKEM.swift:201:2: error: unknown attribute 'nonexhaustive'
199 |
200 | /// The Module-Lattice key encapsulation mechanism (KEM).
201 | @nonexhaustive
    |  `- error: unknown attribute 'nonexhaustive'
202 | public enum MLKEM1024: Sendable {}
203 |
/host/spi-builder-workspace/.build/checkouts/swift-crypto/Sources/Crypto/KEM/XWing.swift:34:2: error: unknown attribute 'nonexhaustive'
 32 | /// The X-Wing (ML-KEM768 with X25519) Key Encapsulation Mechanism, defined in
 33 | /// https://datatracker.ietf.org/doc/html/draft-connolly-cfrg-xwing-kem-06
 34 | @nonexhaustive
    |  `- error: unknown attribute 'nonexhaustive'
 35 | public enum XWingMLKEM768X25519: Sendable {}
 36 |
/host/spi-builder-workspace/.build/checkouts/swift-crypto/Sources/Crypto/Key Agreement/ECDH.swift:36:6: error: unknown attribute 'nonexhaustive'
  34 |     /// A mechanism used to create or verify a cryptographic signature using
  35 |     /// the NIST P-256 elliptic curve digital signature algorithm (ECDSA).
  36 |     @nonexhaustive
     |      `- error: unknown attribute 'nonexhaustive'
  37 |     public enum Signing: Sendable {
  38 |
/host/spi-builder-workspace/.build/checkouts/swift-crypto/Sources/Crypto/Key Agreement/ECDH.swift:260:6: error: unknown attribute 'nonexhaustive'
 258 |     /// performing NIST P-256 elliptic curve Diffie Hellman (ECDH) key
 259 |     /// exchange.
 260 |     @nonexhaustive
     |      `- error: unknown attribute 'nonexhaustive'
 261 |     public enum KeyAgreement: Sendable {
 262 |
/host/spi-builder-workspace/.build/checkouts/swift-crypto/Sources/Crypto/Key Agreement/ECDH.swift:483:6: error: unknown attribute 'nonexhaustive'
 481 |     /// A mechanism used to create or verify a cryptographic signature using
 482 |     /// the NIST P-384 elliptic curve digital signature algorithm (ECDSA).
 483 |     @nonexhaustive
     |      `- error: unknown attribute 'nonexhaustive'
 484 |     public enum Signing: Sendable {
 485 |
/host/spi-builder-workspace/.build/checkouts/swift-crypto/Sources/Crypto/Key Agreement/ECDH.swift:707:6: error: unknown attribute 'nonexhaustive'
 705 |     /// performing NIST P-384 elliptic curve Diffie Hellman (ECDH) key
 706 |     /// exchange.
 707 |     @nonexhaustive
     |      `- error: unknown attribute 'nonexhaustive'
 708 |     public enum KeyAgreement: Sendable {
 709 |
/host/spi-builder-workspace/.build/checkouts/swift-crypto/Sources/Crypto/Key Agreement/ECDH.swift:930:6: error: unknown attribute 'nonexhaustive'
 928 |     /// A mechanism used to create or verify a cryptographic signature using
 929 |     /// the NIST P-521 elliptic curve digital signature algorithm (ECDSA).
 930 |     @nonexhaustive
     |      `- error: unknown attribute 'nonexhaustive'
 931 |     public enum Signing: Sendable {
 932 |
/host/spi-builder-workspace/.build/checkouts/swift-crypto/Sources/Crypto/Key Agreement/ECDH.swift:1154:6: error: unknown attribute 'nonexhaustive'
1152 |     /// performing NIST P-521 elliptic curve Diffie Hellman (ECDH) key
1153 |     /// exchange.
1154 |     @nonexhaustive
     |      `- error: unknown attribute 'nonexhaustive'
1155 |     public enum KeyAgreement: Sendable {
1156 |
[1178/1345] Compiling NIOCore IntegerTypes.swift
/host/spi-builder-workspace/.build/checkouts/swift-crypto/Sources/Crypto/KEM/KEM-Errors.swift:27:6: error: unknown attribute 'nonexhaustive'
25 | extension KEM {
26 |     /// Errors that CryptoKit throws when it encounters problems in key encapsulation mechanism (KEM) operations.
27 |     @nonexhaustive
   |      `- error: unknown attribute 'nonexhaustive'
28 |     public enum Errors: Error {
29 |         /// The public key CryptoKit receives when it initializes a key encapsulation operation doesn't match the expected value.
/host/spi-builder-workspace/.build/checkouts/swift-crypto/Sources/Crypto/KEM/KEM.swift:28:2: error: unknown attribute 'nonexhaustive'
26 | ///
27 | /// Use a key encapsulation mechanism (KEM) to protect a symmetric cryptographic key that you share with another party.
28 | @nonexhaustive
   |  `- error: unknown attribute 'nonexhaustive'
29 | public enum KEM: Sendable {
30 |     /// The result of a key encapsulation operation.
/host/spi-builder-workspace/.build/checkouts/swift-crypto/Sources/Crypto/KEM/MLKEM.swift:30:2: error: unknown attribute 'nonexhaustive'
 28 |
 29 | /// The Module-Lattice key encapsulation mechanism (KEM).
 30 | @nonexhaustive
    |  `- error: unknown attribute 'nonexhaustive'
 31 | public enum MLKEM768: Sendable {}
 32 |
/host/spi-builder-workspace/.build/checkouts/swift-crypto/Sources/Crypto/KEM/MLKEM.swift:201:2: error: unknown attribute 'nonexhaustive'
199 |
200 | /// The Module-Lattice key encapsulation mechanism (KEM).
201 | @nonexhaustive
    |  `- error: unknown attribute 'nonexhaustive'
202 | public enum MLKEM1024: Sendable {}
203 |
/host/spi-builder-workspace/.build/checkouts/swift-crypto/Sources/Crypto/KEM/XWing.swift:34:2: error: unknown attribute 'nonexhaustive'
 32 | /// The X-Wing (ML-KEM768 with X25519) Key Encapsulation Mechanism, defined in
 33 | /// https://datatracker.ietf.org/doc/html/draft-connolly-cfrg-xwing-kem-06
 34 | @nonexhaustive
    |  `- error: unknown attribute 'nonexhaustive'
 35 | public enum XWingMLKEM768X25519: Sendable {}
 36 |
/host/spi-builder-workspace/.build/checkouts/swift-crypto/Sources/Crypto/Key Agreement/ECDH.swift:36:6: error: unknown attribute 'nonexhaustive'
  34 |     /// A mechanism used to create or verify a cryptographic signature using
  35 |     /// the NIST P-256 elliptic curve digital signature algorithm (ECDSA).
  36 |     @nonexhaustive
     |      `- error: unknown attribute 'nonexhaustive'
  37 |     public enum Signing: Sendable {
  38 |
/host/spi-builder-workspace/.build/checkouts/swift-crypto/Sources/Crypto/Key Agreement/ECDH.swift:260:6: error: unknown attribute 'nonexhaustive'
 258 |     /// performing NIST P-256 elliptic curve Diffie Hellman (ECDH) key
 259 |     /// exchange.
 260 |     @nonexhaustive
     |      `- error: unknown attribute 'nonexhaustive'
 261 |     public enum KeyAgreement: Sendable {
 262 |
/host/spi-builder-workspace/.build/checkouts/swift-crypto/Sources/Crypto/Key Agreement/ECDH.swift:483:6: error: unknown attribute 'nonexhaustive'
 481 |     /// A mechanism used to create or verify a cryptographic signature using
 482 |     /// the NIST P-384 elliptic curve digital signature algorithm (ECDSA).
 483 |     @nonexhaustive
     |      `- error: unknown attribute 'nonexhaustive'
 484 |     public enum Signing: Sendable {
 485 |
/host/spi-builder-workspace/.build/checkouts/swift-crypto/Sources/Crypto/Key Agreement/ECDH.swift:707:6: error: unknown attribute 'nonexhaustive'
 705 |     /// performing NIST P-384 elliptic curve Diffie Hellman (ECDH) key
 706 |     /// exchange.
 707 |     @nonexhaustive
     |      `- error: unknown attribute 'nonexhaustive'
 708 |     public enum KeyAgreement: Sendable {
 709 |
/host/spi-builder-workspace/.build/checkouts/swift-crypto/Sources/Crypto/Key Agreement/ECDH.swift:930:6: error: unknown attribute 'nonexhaustive'
 928 |     /// A mechanism used to create or verify a cryptographic signature using
 929 |     /// the NIST P-521 elliptic curve digital signature algorithm (ECDSA).
 930 |     @nonexhaustive
     |      `- error: unknown attribute 'nonexhaustive'
 931 |     public enum Signing: Sendable {
 932 |
/host/spi-builder-workspace/.build/checkouts/swift-crypto/Sources/Crypto/Key Agreement/ECDH.swift:1154:6: error: unknown attribute 'nonexhaustive'
1152 |     /// performing NIST P-521 elliptic curve Diffie Hellman (ECDH) key
1153 |     /// exchange.
1154 |     @nonexhaustive
     |      `- error: unknown attribute 'nonexhaustive'
1155 |     public enum KeyAgreement: Sendable {
1156 |
[1179/1345] Compiling NIOCore Interfaces.swift
/host/spi-builder-workspace/.build/checkouts/swift-crypto/Sources/Crypto/KEM/KEM-Errors.swift:27:6: error: unknown attribute 'nonexhaustive'
25 | extension KEM {
26 |     /// Errors that CryptoKit throws when it encounters problems in key encapsulation mechanism (KEM) operations.
27 |     @nonexhaustive
   |      `- error: unknown attribute 'nonexhaustive'
28 |     public enum Errors: Error {
29 |         /// The public key CryptoKit receives when it initializes a key encapsulation operation doesn't match the expected value.
/host/spi-builder-workspace/.build/checkouts/swift-crypto/Sources/Crypto/KEM/KEM.swift:28:2: error: unknown attribute 'nonexhaustive'
26 | ///
27 | /// Use a key encapsulation mechanism (KEM) to protect a symmetric cryptographic key that you share with another party.
28 | @nonexhaustive
   |  `- error: unknown attribute 'nonexhaustive'
29 | public enum KEM: Sendable {
30 |     /// The result of a key encapsulation operation.
/host/spi-builder-workspace/.build/checkouts/swift-crypto/Sources/Crypto/KEM/MLKEM.swift:30:2: error: unknown attribute 'nonexhaustive'
 28 |
 29 | /// The Module-Lattice key encapsulation mechanism (KEM).
 30 | @nonexhaustive
    |  `- error: unknown attribute 'nonexhaustive'
 31 | public enum MLKEM768: Sendable {}
 32 |
/host/spi-builder-workspace/.build/checkouts/swift-crypto/Sources/Crypto/KEM/MLKEM.swift:201:2: error: unknown attribute 'nonexhaustive'
199 |
200 | /// The Module-Lattice key encapsulation mechanism (KEM).
201 | @nonexhaustive
    |  `- error: unknown attribute 'nonexhaustive'
202 | public enum MLKEM1024: Sendable {}
203 |
/host/spi-builder-workspace/.build/checkouts/swift-crypto/Sources/Crypto/KEM/XWing.swift:34:2: error: unknown attribute 'nonexhaustive'
 32 | /// The X-Wing (ML-KEM768 with X25519) Key Encapsulation Mechanism, defined in
 33 | /// https://datatracker.ietf.org/doc/html/draft-connolly-cfrg-xwing-kem-06
 34 | @nonexhaustive
    |  `- error: unknown attribute 'nonexhaustive'
 35 | public enum XWingMLKEM768X25519: Sendable {}
 36 |
/host/spi-builder-workspace/.build/checkouts/swift-crypto/Sources/Crypto/Key Agreement/ECDH.swift:36:6: error: unknown attribute 'nonexhaustive'
  34 |     /// A mechanism used to create or verify a cryptographic signature using
  35 |     /// the NIST P-256 elliptic curve digital signature algorithm (ECDSA).
  36 |     @nonexhaustive
     |      `- error: unknown attribute 'nonexhaustive'
  37 |     public enum Signing: Sendable {
  38 |
/host/spi-builder-workspace/.build/checkouts/swift-crypto/Sources/Crypto/Key Agreement/ECDH.swift:260:6: error: unknown attribute 'nonexhaustive'
 258 |     /// performing NIST P-256 elliptic curve Diffie Hellman (ECDH) key
 259 |     /// exchange.
 260 |     @nonexhaustive
     |      `- error: unknown attribute 'nonexhaustive'
 261 |     public enum KeyAgreement: Sendable {
 262 |
/host/spi-builder-workspace/.build/checkouts/swift-crypto/Sources/Crypto/Key Agreement/ECDH.swift:483:6: error: unknown attribute 'nonexhaustive'
 481 |     /// A mechanism used to create or verify a cryptographic signature using
 482 |     /// the NIST P-384 elliptic curve digital signature algorithm (ECDSA).
 483 |     @nonexhaustive
     |      `- error: unknown attribute 'nonexhaustive'
 484 |     public enum Signing: Sendable {
 485 |
/host/spi-builder-workspace/.build/checkouts/swift-crypto/Sources/Crypto/Key Agreement/ECDH.swift:707:6: error: unknown attribute 'nonexhaustive'
 705 |     /// performing NIST P-384 elliptic curve Diffie Hellman (ECDH) key
 706 |     /// exchange.
 707 |     @nonexhaustive
     |      `- error: unknown attribute 'nonexhaustive'
 708 |     public enum KeyAgreement: Sendable {
 709 |
/host/spi-builder-workspace/.build/checkouts/swift-crypto/Sources/Crypto/Key Agreement/ECDH.swift:930:6: error: unknown attribute 'nonexhaustive'
 928 |     /// A mechanism used to create or verify a cryptographic signature using
 929 |     /// the NIST P-521 elliptic curve digital signature algorithm (ECDSA).
 930 |     @nonexhaustive
     |      `- error: unknown attribute 'nonexhaustive'
 931 |     public enum Signing: Sendable {
 932 |
/host/spi-builder-workspace/.build/checkouts/swift-crypto/Sources/Crypto/Key Agreement/ECDH.swift:1154:6: error: unknown attribute 'nonexhaustive'
1152 |     /// performing NIST P-521 elliptic curve Diffie Hellman (ECDH) key
1153 |     /// exchange.
1154 |     @nonexhaustive
     |      `- error: unknown attribute 'nonexhaustive'
1155 |     public enum KeyAgreement: Sendable {
1156 |
[1180/1345] Compiling NIOCore EventLoop.swift
/host/spi-builder-workspace/.build/checkouts/swift-crypto/Sources/Crypto/HPKE/Ciphersuite/HPKE-AEAD.swift:27:6: error: unknown attribute 'nonexhaustive'
 25 | extension HPKE {
 26 |     /// The authenticated encryption with associated data (AEAD) algorithms to use in HPKE.
 27 |     @nonexhaustive
    |      `- error: unknown attribute 'nonexhaustive'
 28 |     public enum AEAD: CaseIterable, Hashable, Sendable {
 29 | 		/// An Advanced Encryption Standard cipher in Galois/Counter Mode with a key length of 128 bits.
/host/spi-builder-workspace/.build/checkouts/swift-crypto/Sources/Crypto/HPKE/Ciphersuite/HPKE-KDF.swift:27:6: error: unknown attribute 'nonexhaustive'
 25 | extension HPKE {
 26 |     /// The key derivation functions to use in HPKE.
 27 |     @nonexhaustive
    |      `- error: unknown attribute 'nonexhaustive'
 28 |     public enum KDF: CaseIterable, Hashable, Sendable {
 29 | 		/// An HMAC-based key derivation function that uses SHA-2 hashing with a 256-bit digest.
[1181/1345] Compiling NIOCore EventLoopFuture+AssumeIsolated.swift
/host/spi-builder-workspace/.build/checkouts/swift-crypto/Sources/Crypto/HPKE/Ciphersuite/HPKE-AEAD.swift:27:6: error: unknown attribute 'nonexhaustive'
 25 | extension HPKE {
 26 |     /// The authenticated encryption with associated data (AEAD) algorithms to use in HPKE.
 27 |     @nonexhaustive
    |      `- error: unknown attribute 'nonexhaustive'
 28 |     public enum AEAD: CaseIterable, Hashable, Sendable {
 29 | 		/// An Advanced Encryption Standard cipher in Galois/Counter Mode with a key length of 128 bits.
/host/spi-builder-workspace/.build/checkouts/swift-crypto/Sources/Crypto/HPKE/Ciphersuite/HPKE-KDF.swift:27:6: error: unknown attribute 'nonexhaustive'
 25 | extension HPKE {
 26 |     /// The key derivation functions to use in HPKE.
 27 |     @nonexhaustive
    |      `- error: unknown attribute 'nonexhaustive'
 28 |     public enum KDF: CaseIterable, Hashable, Sendable {
 29 | 		/// An HMAC-based key derivation function that uses SHA-2 hashing with a 256-bit digest.
[1182/1345] Compiling NIOCore NIOThrowingAsyncSequenceProducer.swift
/host/spi-builder-workspace/.build/checkouts/swift-crypto/Sources/Crypto/HPKE/Ciphersuite/HPKE-AEAD.swift:27:6: error: unknown attribute 'nonexhaustive'
 25 | extension HPKE {
 26 |     /// The authenticated encryption with associated data (AEAD) algorithms to use in HPKE.
 27 |     @nonexhaustive
    |      `- error: unknown attribute 'nonexhaustive'
 28 |     public enum AEAD: CaseIterable, Hashable, Sendable {
 29 | 		/// An Advanced Encryption Standard cipher in Galois/Counter Mode with a key length of 128 bits.
/host/spi-builder-workspace/.build/checkouts/swift-crypto/Sources/Crypto/HPKE/Ciphersuite/HPKE-KDF.swift:27:6: error: unknown attribute 'nonexhaustive'
 25 | extension HPKE {
 26 |     /// The key derivation functions to use in HPKE.
 27 |     @nonexhaustive
    |      `- error: unknown attribute 'nonexhaustive'
 28 |     public enum KDF: CaseIterable, Hashable, Sendable {
 29 | 		/// An HMAC-based key derivation function that uses SHA-2 hashing with a 256-bit digest.
[1183/1345] Compiling NIOCore BSDSocketAPI.swift
/host/spi-builder-workspace/.build/checkouts/swift-crypto/Sources/Crypto/HPKE/Ciphersuite/HPKE-AEAD.swift:27:6: error: unknown attribute 'nonexhaustive'
 25 | extension HPKE {
 26 |     /// The authenticated encryption with associated data (AEAD) algorithms to use in HPKE.
 27 |     @nonexhaustive
    |      `- error: unknown attribute 'nonexhaustive'
 28 |     public enum AEAD: CaseIterable, Hashable, Sendable {
 29 | 		/// An Advanced Encryption Standard cipher in Galois/Counter Mode with a key length of 128 bits.
/host/spi-builder-workspace/.build/checkouts/swift-crypto/Sources/Crypto/HPKE/Ciphersuite/HPKE-KDF.swift:27:6: error: unknown attribute 'nonexhaustive'
 25 | extension HPKE {
 26 |     /// The key derivation functions to use in HPKE.
 27 |     @nonexhaustive
    |      `- error: unknown attribute 'nonexhaustive'
 28 |     public enum KDF: CaseIterable, Hashable, Sendable {
 29 | 		/// An HMAC-based key derivation function that uses SHA-2 hashing with a 256-bit digest.
[1184/1345] Compiling NIOCore ByteBuffer-aux.swift
/host/spi-builder-workspace/.build/checkouts/swift-crypto/Sources/Crypto/HPKE/Ciphersuite/HPKE-AEAD.swift:27:6: error: unknown attribute 'nonexhaustive'
 25 | extension HPKE {
 26 |     /// The authenticated encryption with associated data (AEAD) algorithms to use in HPKE.
 27 |     @nonexhaustive
    |      `- error: unknown attribute 'nonexhaustive'
 28 |     public enum AEAD: CaseIterable, Hashable, Sendable {
 29 | 		/// An Advanced Encryption Standard cipher in Galois/Counter Mode with a key length of 128 bits.
/host/spi-builder-workspace/.build/checkouts/swift-crypto/Sources/Crypto/HPKE/Ciphersuite/HPKE-KDF.swift:27:6: error: unknown attribute 'nonexhaustive'
 25 | extension HPKE {
 26 |     /// The key derivation functions to use in HPKE.
 27 |     @nonexhaustive
    |      `- error: unknown attribute 'nonexhaustive'
 28 |     public enum KDF: CaseIterable, Hashable, Sendable {
 29 | 		/// An HMAC-based key derivation function that uses SHA-2 hashing with a 256-bit digest.
[1185/1345] Compiling NIOCore ByteBuffer-binaryEncodedLengthPrefix.swift
/host/spi-builder-workspace/.build/checkouts/swift-crypto/Sources/Crypto/HPKE/Ciphersuite/HPKE-AEAD.swift:27:6: error: unknown attribute 'nonexhaustive'
 25 | extension HPKE {
 26 |     /// The authenticated encryption with associated data (AEAD) algorithms to use in HPKE.
 27 |     @nonexhaustive
    |      `- error: unknown attribute 'nonexhaustive'
 28 |     public enum AEAD: CaseIterable, Hashable, Sendable {
 29 | 		/// An Advanced Encryption Standard cipher in Galois/Counter Mode with a key length of 128 bits.
/host/spi-builder-workspace/.build/checkouts/swift-crypto/Sources/Crypto/HPKE/Ciphersuite/HPKE-KDF.swift:27:6: error: unknown attribute 'nonexhaustive'
 25 | extension HPKE {
 26 |     /// The key derivation functions to use in HPKE.
 27 |     @nonexhaustive
    |      `- error: unknown attribute 'nonexhaustive'
 28 |     public enum KDF: CaseIterable, Hashable, Sendable {
 29 | 		/// An HMAC-based key derivation function that uses SHA-2 hashing with a 256-bit digest.
[1186/1345] Compiling NIOCore ByteBuffer-conversions.swift
/host/spi-builder-workspace/.build/checkouts/swift-crypto/Sources/Crypto/HPKE/Ciphersuite/HPKE-AEAD.swift:27:6: error: unknown attribute 'nonexhaustive'
 25 | extension HPKE {
 26 |     /// The authenticated encryption with associated data (AEAD) algorithms to use in HPKE.
 27 |     @nonexhaustive
    |      `- error: unknown attribute 'nonexhaustive'
 28 |     public enum AEAD: CaseIterable, Hashable, Sendable {
 29 | 		/// An Advanced Encryption Standard cipher in Galois/Counter Mode with a key length of 128 bits.
/host/spi-builder-workspace/.build/checkouts/swift-crypto/Sources/Crypto/HPKE/Ciphersuite/HPKE-KDF.swift:27:6: error: unknown attribute 'nonexhaustive'
 25 | extension HPKE {
 26 |     /// The key derivation functions to use in HPKE.
 27 |     @nonexhaustive
    |      `- error: unknown attribute 'nonexhaustive'
 28 |     public enum KDF: CaseIterable, Hashable, Sendable {
 29 | 		/// An HMAC-based key derivation function that uses SHA-2 hashing with a 256-bit digest.
[1187/1345] Compiling NIOCore ByteBuffer-core.swift
/host/spi-builder-workspace/.build/checkouts/swift-crypto/Sources/Crypto/HPKE/Ciphersuite/HPKE-AEAD.swift:27:6: error: unknown attribute 'nonexhaustive'
 25 | extension HPKE {
 26 |     /// The authenticated encryption with associated data (AEAD) algorithms to use in HPKE.
 27 |     @nonexhaustive
    |      `- error: unknown attribute 'nonexhaustive'
 28 |     public enum AEAD: CaseIterable, Hashable, Sendable {
 29 | 		/// An Advanced Encryption Standard cipher in Galois/Counter Mode with a key length of 128 bits.
/host/spi-builder-workspace/.build/checkouts/swift-crypto/Sources/Crypto/HPKE/Ciphersuite/HPKE-KDF.swift:27:6: error: unknown attribute 'nonexhaustive'
 25 | extension HPKE {
 26 |     /// The key derivation functions to use in HPKE.
 27 |     @nonexhaustive
    |      `- error: unknown attribute 'nonexhaustive'
 28 |     public enum KDF: CaseIterable, Hashable, Sendable {
 29 | 		/// An HMAC-based key derivation function that uses SHA-2 hashing with a 256-bit digest.
[1188/1345] Compiling NIOCore ByteBuffer-hex.swift
/host/spi-builder-workspace/.build/checkouts/swift-crypto/Sources/Crypto/HPKE/Ciphersuite/HPKE-AEAD.swift:27:6: error: unknown attribute 'nonexhaustive'
 25 | extension HPKE {
 26 |     /// The authenticated encryption with associated data (AEAD) algorithms to use in HPKE.
 27 |     @nonexhaustive
    |      `- error: unknown attribute 'nonexhaustive'
 28 |     public enum AEAD: CaseIterable, Hashable, Sendable {
 29 | 		/// An Advanced Encryption Standard cipher in Galois/Counter Mode with a key length of 128 bits.
/host/spi-builder-workspace/.build/checkouts/swift-crypto/Sources/Crypto/HPKE/Ciphersuite/HPKE-KDF.swift:27:6: error: unknown attribute 'nonexhaustive'
 25 | extension HPKE {
 26 |     /// The key derivation functions to use in HPKE.
 27 |     @nonexhaustive
    |      `- error: unknown attribute 'nonexhaustive'
 28 |     public enum KDF: CaseIterable, Hashable, Sendable {
 29 | 		/// An HMAC-based key derivation function that uses SHA-2 hashing with a 256-bit digest.
[1189/1345] Compiling NIOCore ByteBuffer-int.swift
/host/spi-builder-workspace/.build/checkouts/swift-crypto/Sources/Crypto/HPKE/Ciphersuite/HPKE-AEAD.swift:27:6: error: unknown attribute 'nonexhaustive'
 25 | extension HPKE {
 26 |     /// The authenticated encryption with associated data (AEAD) algorithms to use in HPKE.
 27 |     @nonexhaustive
    |      `- error: unknown attribute 'nonexhaustive'
 28 |     public enum AEAD: CaseIterable, Hashable, Sendable {
 29 | 		/// An Advanced Encryption Standard cipher in Galois/Counter Mode with a key length of 128 bits.
/host/spi-builder-workspace/.build/checkouts/swift-crypto/Sources/Crypto/HPKE/Ciphersuite/HPKE-KDF.swift:27:6: error: unknown attribute 'nonexhaustive'
 25 | extension HPKE {
 26 |     /// The key derivation functions to use in HPKE.
 27 |     @nonexhaustive
    |      `- error: unknown attribute 'nonexhaustive'
 28 |     public enum KDF: CaseIterable, Hashable, Sendable {
 29 | 		/// An HMAC-based key derivation function that uses SHA-2 hashing with a 256-bit digest.
[1190/1345] Compiling NIOCore ByteBuffer-lengthPrefix.swift
/host/spi-builder-workspace/.build/checkouts/swift-crypto/Sources/Crypto/HPKE/Ciphersuite/HPKE-AEAD.swift:27:6: error: unknown attribute 'nonexhaustive'
 25 | extension HPKE {
 26 |     /// The authenticated encryption with associated data (AEAD) algorithms to use in HPKE.
 27 |     @nonexhaustive
    |      `- error: unknown attribute 'nonexhaustive'
 28 |     public enum AEAD: CaseIterable, Hashable, Sendable {
 29 | 		/// An Advanced Encryption Standard cipher in Galois/Counter Mode with a key length of 128 bits.
/host/spi-builder-workspace/.build/checkouts/swift-crypto/Sources/Crypto/HPKE/Ciphersuite/HPKE-KDF.swift:27:6: error: unknown attribute 'nonexhaustive'
 25 | extension HPKE {
 26 |     /// The key derivation functions to use in HPKE.
 27 |     @nonexhaustive
    |      `- error: unknown attribute 'nonexhaustive'
 28 |     public enum KDF: CaseIterable, Hashable, Sendable {
 29 | 		/// An HMAC-based key derivation function that uses SHA-2 hashing with a 256-bit digest.
[1191/1345] Compiling NIOCore EventLoopFuture+Deprecated.swift
/host/spi-builder-workspace/.build/checkouts/swift-crypto/Sources/Crypto/HPKE/Ciphersuite/HPKE-AEAD.swift:27:6: error: unknown attribute 'nonexhaustive'
 25 | extension HPKE {
 26 |     /// The authenticated encryption with associated data (AEAD) algorithms to use in HPKE.
 27 |     @nonexhaustive
    |      `- error: unknown attribute 'nonexhaustive'
 28 |     public enum AEAD: CaseIterable, Hashable, Sendable {
 29 | 		/// An Advanced Encryption Standard cipher in Galois/Counter Mode with a key length of 128 bits.
/host/spi-builder-workspace/.build/checkouts/swift-crypto/Sources/Crypto/HPKE/Ciphersuite/HPKE-KDF.swift:27:6: error: unknown attribute 'nonexhaustive'
 25 | extension HPKE {
 26 |     /// The key derivation functions to use in HPKE.
 27 |     @nonexhaustive
    |      `- error: unknown attribute 'nonexhaustive'
 28 |     public enum KDF: CaseIterable, Hashable, Sendable {
 29 | 		/// An HMAC-based key derivation function that uses SHA-2 hashing with a 256-bit digest.
[1192/1345] Compiling _ConnectionPoolModule TinyFastSequence.swift
/host/spi-builder-workspace/Sources/ConnectionPoolModule/PoolStateMachine.swift:469:27: warning: immutable value 'context' was never used; consider replacing with '_' or removing it [#no-usage]
 467 |     mutating func connectionEstablishFailed(_ error: any Error, for request: ConnectionRequest) -> Action {
 468 |         switch self.poolState {
 469 |         case .running(let context):
     |                           `- warning: immutable value 'context' was never used; consider replacing with '_' or removing it [#no-usage]
 470 |             self.poolState = .connectionCreationFailing(
 471 |                 .init(
/host/spi-builder-workspace/Sources/ConnectionPoolModule/PoolStateMachine.swift:992:48: error: cannot find 'pow' in scope
 990 |
 991 |         let start = Double(100_000_000)
 992 |         let backoffNanosecondsDouble = start * pow(1.25, Double(attempts - 1))
     |                                                `- error: cannot find 'pow' in scope
 993 |
 994 |         // Cap to 60s _before_ we convert to Int64, to avoid trapping in the Int64 initializer.
/host/spi-builder-workspace/Sources/ConnectionPoolModule/PoolStateMachine.swift:1002:74: error: referencing instance method 'randomElement()' on 'ClosedRange' requires that 'Float16' conform to 'SignedInteger'
1000 |         let jitterRange = (backoffNanoseconds / 100) * 3
1001 |         // Pick a random element from the range +/- jitter range.
1002 |         let jitter: Duration = .nanoseconds((-jitterRange...jitterRange).randomElement()!)
     |                                                                          `- error: referencing instance method 'randomElement()' on 'ClosedRange' requires that 'Float16' conform to 'SignedInteger'
1003 |         let jitteredBackoff = backoff + jitter
1004 |         return jitteredBackoff
Swift.ClosedRange:1:11: note: requirement from conditional conformance of 'ClosedRange<Float16>' to 'Collection'
 1 | extension ClosedRange : Collection, BidirectionalCollection, RandomAccessCollection where Bound : Strideable, Bound.Stride : SignedInteger {
   |           `- note: requirement from conditional conformance of 'ClosedRange<Float16>' to 'Collection'
 2 |     public typealias SubSequence = Slice<ClosedRange<Bound>>
 3 |     @inlinable public var startIndex: ClosedRange<Bound>.Index { get }
/host/spi-builder-workspace/Sources/ConnectionPoolModule/PoolStateMachine.swift:469:27: warning: immutable value 'context' was never used; consider replacing with '_' or removing it [#no-usage]
 467 |     mutating func connectionEstablishFailed(_ error: any Error, for request: ConnectionRequest) -> Action {
 468 |         switch self.poolState {
 469 |         case .running(let context):
     |                           `- warning: immutable value 'context' was never used; consider replacing with '_' or removing it [#no-usage]
 470 |             self.poolState = .connectionCreationFailing(
 471 |                 .init(
/host/spi-builder-workspace/Sources/ConnectionPoolModule/PoolStateMachine.swift:992:48: error: cannot find 'pow' in scope
 990 |
 991 |         let start = Double(100_000_000)
 992 |         let backoffNanosecondsDouble = start * pow(1.25, Double(attempts - 1))
     |                                                `- error: cannot find 'pow' in scope
 993 |
 994 |         // Cap to 60s _before_ we convert to Int64, to avoid trapping in the Int64 initializer.
/host/spi-builder-workspace/Sources/ConnectionPoolModule/PoolStateMachine.swift:1002:74: error: referencing instance method 'randomElement()' on 'ClosedRange' requires that 'Float16' conform to 'SignedInteger'
1000 |         let jitterRange = (backoffNanoseconds / 100) * 3
1001 |         // Pick a random element from the range +/- jitter range.
1002 |         let jitter: Duration = .nanoseconds((-jitterRange...jitterRange).randomElement()!)
     |                                                                          `- error: referencing instance method 'randomElement()' on 'ClosedRange' requires that 'Float16' conform to 'SignedInteger'
1003 |         let jitteredBackoff = backoff + jitter
1004 |         return jitteredBackoff
Swift.ClosedRange:1:11: note: requirement from conditional conformance of 'ClosedRange<Float16>' to 'Collection'
 1 | extension ClosedRange : Collection, BidirectionalCollection, RandomAccessCollection where Bound : Strideable, Bound.Stride : SignedInteger {
   |           `- note: requirement from conditional conformance of 'ClosedRange<Float16>' to 'Collection'
 2 |     public typealias SubSequence = Slice<ClosedRange<Bound>>
 3 |     @inlinable public var startIndex: ClosedRange<Bound>.Index { get }
[1220/1353] Compiling Crypto CryptoKitErrors_boring.swift
[1221/1353] Compiling Crypto InlineArray+withBytes_boring.swift
[1222/1353] Compiling Crypto Optional+withUnsafeBytes_boring.swift
[1223/1353] Compiling Crypto RNG_boring.swift
[1224/1353] Compiling Crypto SafeCompare_boring.swift
[1225/1353] Compiling Crypto Zeroization_boring.swift
[1226/1353] Compiling Crypto _CryptoModuleAnchor.swift
[1227/1353] Compiling Crypto Data+ArraySpan.swift
[1228/1353] Compiling Crypto PrettyBytes.swift
[1229/1353] Compiling Crypto SafeCompare.swift
[1230/1353] Compiling Crypto SecureBytes.swift
[1231/1353] Compiling Crypto Zeroization.swift
[1232/1353] Emitting module _ConnectionPoolModule
/host/spi-builder-workspace/Sources/ConnectionPoolModule/PoolStateMachine.swift:469:27: warning: immutable value 'context' was never used; consider replacing with '_' or removing it [#no-usage]
 467 |     mutating func connectionEstablishFailed(_ error: any Error, for request: ConnectionRequest) -> Action {
 468 |         switch self.poolState {
 469 |         case .running(let context):
     |                           `- warning: immutable value 'context' was never used; consider replacing with '_' or removing it [#no-usage]
 470 |             self.poolState = .connectionCreationFailing(
 471 |                 .init(
[1246/1353] Emitting module AsyncAlgorithms
BUILD FAILURE 6.2 android