The Swift Package Index logo.Swift Package Index

Build Information

Failed to build EFFoundation, reference 1.7.1 (afb22d), with Swift 6.4 for visionOS using Xcode 27.0 on 19 Sep 2026 12:12:40 UTC.

Build Command

env DEVELOPER_DIR=/Applications/Xcode-27.0.0-Release.Candidate.app xcrun xcodebuild -IDEClonedSourcePackagesDirPathOverride=$PWD/.dependencies -skipMacroValidation -skipPackagePluginValidation -derivedDataPath $PWD/.derivedData build -scheme EFFoundation -destination generic/platform=xrOS

Build Log

========================================
RunAll
========================================
Builder version: 5.1.0
Interrupt handler set up.
========================================
Checkout
========================================
Clone URL: https://github.com/EFPrefix/EFFoundation.git
Reference: 1.7.1
Initialized empty Git repository in /Users/admin/builder/spi-builder-workspace/.git/
From https://github.com/EFPrefix/EFFoundation
 * tag               1.7.1      -> FETCH_HEAD
HEAD is now at afb22de 1.7.1
Cloned https://github.com/EFPrefix/EFFoundation.git
Revision (git rev-parse @):
afb22ded5e2dfd8b375b9e4236ea9c20ecd5815f
SUCCESS checkout https://github.com/EFPrefix/EFFoundation.git at 1.7.1
========================================
Build
========================================
Selected platform:         visionOS
Swift version:             6.4
Building package at path:  $PWD
https://github.com/EFPrefix/EFFoundation.git
Command line invocation:
    /Applications/Xcode-27.0.0-Release.Candidate.app/Contents/Developer/usr/bin/xcodebuild -IDEClonedSourcePackagesDirPathOverride=/Users/admin/builder/spi-builder-workspace/.dependencies -resolvePackageDependencies
Resolve Package Graph
Resolve Package Graph
Resolved source packages:
  EFFoundation: /Users/admin/builder/spi-builder-workspace
resolved source packages: EFFoundation
2026-09-19 08:11:43.699 xcodebuild[529:3028] [MT] IDERunDestination: Supported platforms for the buildables in the current scheme is empty.
{
  "dependencies" : [
  ],
  "manifest_display_name" : "EFFoundation",
  "name" : "EFFoundation",
  "path" : "/Users/admin/builder/spi-builder-workspace",
  "platforms" : [
    {
      "name" : "ios",
      "version" : "11.0"
    },
    {
      "name" : "macos",
      "version" : "10.13"
    },
    {
      "name" : "tvos",
      "version" : "11.0"
    },
    {
      "name" : "watchos",
      "version" : "6.0"
    }
  ],
  "products" : [
    {
      "name" : "EFFoundation",
      "targets" : [
        "EFFoundation"
      ],
      "type" : {
        "library" : [
          "automatic"
        ]
      }
    }
  ],
  "swift_languages_versions" : [
    "5"
  ],
  "targets" : [
    {
      "c99name" : "EFFoundation",
      "module_type" : "SwiftTarget",
      "name" : "EFFoundation",
      "path" : "EFFoundation/Core",
      "product_memberships" : [
        "EFFoundation"
      ],
      "sources" : [
        "DataStructure/BitSet.swift",
        "DataStructure/Deque.swift",
        "DataStructure/LinkedList.swift",
        "DataStructure/Queue.swift",
        "DataStructure/Stack.swift",
        "DataStructure/Tree.swift",
        "EFFoundation.swift",
        "Extension/Array+.swift",
        "Extension/ArraySlice+.swift",
        "Extension/BinaryFloatingPoint+.swift",
        "Extension/BinaryInteger+.swift",
        "Extension/Bool+.swift",
        "Extension/CATransaction+.swift",
        "Extension/CGColor+.swift",
        "Extension/CGFloat+.swift",
        "Extension/CGImage.swift",
        "Extension/CGRect+.swift",
        "Extension/CGSize+.swift",
        "Extension/CIColor+.swift",
        "Extension/CIImage+.swift",
        "Extension/Character+.swift",
        "Extension/Comparable+.swift",
        "Extension/Data+.swift",
        "Extension/Date+.swift",
        "Extension/Dictionary+.swift",
        "Extension/DispatchQueue+.swift",
        "Extension/Double+.swift",
        "Extension/Float+.swift",
        "Extension/Int+.swift",
        "Extension/Int16+.swift",
        "Extension/Int32+.swift",
        "Extension/Int64+.swift",
        "Extension/Int8+.swift",
        "Extension/NSColor+.swift",
        "Extension/NSImage+.swift",
        "Extension/NSString+.swift",
        "Extension/String+.swift",
        "Extension/TimeInterval+.swift",
        "Extension/UIApplication+.swift",
        "Extension/UIButton+.swift",
        "Extension/UICollectionView+.swift",
        "Extension/UIColor+.swift",
        "Extension/UIControl+.swift",
        "Extension/UIEdgeInsets+.swift",
        "Extension/UIFont+.swift",
        "Extension/UIGestureRecognizer+.swift",
        "Extension/UIImage+.swift",
        "Extension/UIImageView+.swift",
        "Extension/UINavigationController+.swift",
        "Extension/UIRectCorner+.swift",
        "Extension/UIView+.swift",
        "Extension/UIViewController+.swift",
        "Extension/UInt+.swift",
        "Extension/UInt16+.swift",
        "Extension/UInt32+.swift",
        "Extension/UInt64+.swift",
        "Extension/UInt8+.swift",
        "Extension/URL+.swift"
      ],
      "type" : "library"
    }
  ],
  "tools_version" : "5.1"
}
{
  "workspace" : {
    "name" : "EFFoundation",
    "schemes" : [
      "EFFoundation"
    ]
  }
}
2026-09-19 08:12:25.127 xcodebuild[656:4201] [MT] IDERunDestination: Supported platforms for the buildables in the current scheme is empty.
Running build ...
env DEVELOPER_DIR=/Applications/Xcode-27.0.0-Release.Candidate.app xcrun xcodebuild -IDEClonedSourcePackagesDirPathOverride=$PWD/.dependencies -skipMacroValidation -skipPackagePluginValidation -derivedDataPath $PWD/.derivedData build -scheme EFFoundation -destination generic/platform=xrOS
Command line invocation:
    /Applications/Xcode-27.0.0-Release.Candidate.app/Contents/Developer/usr/bin/xcodebuild -IDEClonedSourcePackagesDirPathOverride=/Users/admin/builder/spi-builder-workspace/.dependencies -skipMacroValidation -skipPackagePluginValidation -derivedDataPath /Users/admin/builder/spi-builder-workspace/.derivedData build -scheme EFFoundation -destination generic/platform=xrOS
Resolve Package Graph
Resolved source packages:
  EFFoundation: /Users/admin/builder/spi-builder-workspace
ComputePackagePrebuildTargetDependencyGraph
Prepare packages
CreateBuildRequest
SendProjectDescription
CreateBuildOperation
ComputeTargetDependencyGraph
note: Building targets in dependency order
note: Target dependency graph (2 targets)
    Target 'EFFoundation-product' in project 'EFFoundation'
        ➜ Explicit dependency on target 'EFFoundation' in project 'EFFoundation'
    Target 'EFFoundation' in project 'EFFoundation' (no dependencies)
GatherProvisioningInputs
CreateBuildDescription
ExecuteExternalTool /Applications/Xcode-27.0.0-Release.Candidate.app/Contents/Developer/Toolchains/XcodeDefault.xctoolchain/usr/bin/clang -v -E -dM -isysroot /Applications/Xcode-27.0.0-Release.Candidate.app/Contents/Developer/Platforms/XROS.platform/Developer/SDKs/XROS27.0.sdk -x c -c /dev/null
ExecuteExternalTool /Applications/Xcode-27.0.0-Release.Candidate.app/Contents/Developer/Toolchains/XcodeDefault.xctoolchain/usr/bin/swiftc --version
ExecuteExternalTool /Applications/Xcode-27.0.0-Release.Candidate.app/Contents/Developer/Toolchains/XcodeDefault.xctoolchain/usr/bin/ld -version_details
Build description signature: ef4dfb9d4bff056e0222738b9fd5b5f4
Build description path: /Users/admin/builder/spi-builder-workspace/.derivedData/Build/Intermediates.noindex/XCBuildData/ef4dfb9d4bff056e0222738b9fd5b5f4.xcbuilddata
CreateBuildDirectory /Users/admin/builder/spi-builder-workspace/.derivedData/ModuleCache.noindex
    cd /Users/admin/builder/spi-builder-workspace/.swiftpm/xcode
    builtin-create-build-directory /Users/admin/builder/spi-builder-workspace/.derivedData/ModuleCache.noindex
CreateBuildDirectory /Users/admin/builder/spi-builder-workspace/.derivedData/CompilationCache.noindex
    cd /Users/admin/builder/spi-builder-workspace/.swiftpm/xcode
    builtin-create-build-directory /Users/admin/builder/spi-builder-workspace/.derivedData/CompilationCache.noindex
CreateBuildDirectory /Users/admin/builder/spi-builder-workspace/.derivedData/SDKExplicitPrecompiledModules
    cd /Users/admin/builder/spi-builder-workspace/.swiftpm/xcode
    builtin-create-build-directory /Users/admin/builder/spi-builder-workspace/.derivedData/SDKExplicitPrecompiledModules
CreateBuildDirectory /Users/admin/builder/spi-builder-workspace/.derivedData/Build/Products
    cd /Users/admin/builder/spi-builder-workspace/.swiftpm/xcode
    builtin-create-build-directory /Users/admin/builder/spi-builder-workspace/.derivedData/Build/Products
CreateBuildDirectory /Users/admin/builder/spi-builder-workspace/.derivedData/Build/Intermediates.noindex
    cd /Users/admin/builder/spi-builder-workspace/.swiftpm/xcode
    builtin-create-build-directory /Users/admin/builder/spi-builder-workspace/.derivedData/Build/Intermediates.noindex
ClangStatCache /Applications/Xcode-27.0.0-Release.Candidate.app/Contents/Developer/Toolchains/XcodeDefault.xctoolchain/usr/bin/clang-stat-cache /Applications/Xcode-27.0.0-Release.Candidate.app/Contents/Developer/Platforms/XROS.platform/Developer/SDKs/XROS27.0.sdk /Users/admin/builder/spi-builder-workspace/.derivedData/SDKStatCaches.noindex/xros27.0-24M361-e829b21a6f8c9b70876ba0858053c044735bd543db762f57723cac368afd1ce4.sdkstatcache
    cd /Users/admin/builder/spi-builder-workspace/.swiftpm/xcode
    /Applications/Xcode-27.0.0-Release.Candidate.app/Contents/Developer/Toolchains/XcodeDefault.xctoolchain/usr/bin/clang-stat-cache /Applications/Xcode-27.0.0-Release.Candidate.app/Contents/Developer/Platforms/XROS.platform/Developer/SDKs/XROS27.0.sdk -o /Users/admin/builder/spi-builder-workspace/.derivedData/SDKStatCaches.noindex/xros27.0-24M361-e829b21a6f8c9b70876ba0858053c044735bd543db762f57723cac368afd1ce4.sdkstatcache
CreateBuildDirectory /Users/admin/builder/spi-builder-workspace/.derivedData/Build/Intermediates.noindex/SwiftExplicitPrecompiledModules
    cd /Users/admin/builder/spi-builder-workspace/.swiftpm/xcode
    builtin-create-build-directory /Users/admin/builder/spi-builder-workspace/.derivedData/Build/Intermediates.noindex/SwiftExplicitPrecompiledModules
CreateBuildDirectory /Users/admin/builder/spi-builder-workspace/.derivedData/Build/Intermediates.noindex/PrecompiledHeaders
    cd /Users/admin/builder/spi-builder-workspace/.swiftpm/xcode
    builtin-create-build-directory /Users/admin/builder/spi-builder-workspace/.derivedData/Build/Intermediates.noindex/PrecompiledHeaders
CreateBuildDirectory /Users/admin/builder/spi-builder-workspace/.derivedData/Build/Intermediates.noindex/ExplicitPrecompiledModules
    cd /Users/admin/builder/spi-builder-workspace/.swiftpm/xcode
    builtin-create-build-directory /Users/admin/builder/spi-builder-workspace/.derivedData/Build/Intermediates.noindex/ExplicitPrecompiledModules
CreateBuildDirectory /Users/admin/builder/spi-builder-workspace/.derivedData/Build/Intermediates.noindex/EagerLinkingTBDs/Debug-xros
    cd /Users/admin/builder/spi-builder-workspace/.swiftpm/xcode
    builtin-create-build-directory /Users/admin/builder/spi-builder-workspace/.derivedData/Build/Intermediates.noindex/EagerLinkingTBDs/Debug-xros
CreateBuildDirectory /Users/admin/builder/spi-builder-workspace/.derivedData/Build/Products/Debug-xros
    cd /Users/admin/builder/spi-builder-workspace/.swiftpm/xcode
    builtin-create-build-directory /Users/admin/builder/spi-builder-workspace/.derivedData/Build/Products/Debug-xros
CreateBuildDirectory /Users/admin/builder/spi-builder-workspace/.derivedData/Build/Products/Debug-xros/PackageFrameworks
    cd /Users/admin/builder/spi-builder-workspace/.swiftpm/xcode
    builtin-create-build-directory /Users/admin/builder/spi-builder-workspace/.derivedData/Build/Products/Debug-xros/PackageFrameworks
WriteAuxiliaryFile /Users/admin/builder/spi-builder-workspace/.derivedData/Build/Intermediates.noindex/EFFoundation.build/Debug-xros/EFFoundation-t.build/EFFoundation.modulemap (in target 'EFFoundation' from project 'EFFoundation')
    cd /Users/admin/builder/spi-builder-workspace
    write-file /Users/admin/builder/spi-builder-workspace/.derivedData/Build/Intermediates.noindex/EFFoundation.build/Debug-xros/EFFoundation-t.build/EFFoundation.modulemap
WriteAuxiliaryFile /Users/admin/builder/spi-builder-workspace/.derivedData/Build/Intermediates.noindex/EFFoundation.build/Debug-xros/EFFoundation-t.build/EFFoundation.DependencyMetadataFileList (in target 'EFFoundation' from project 'EFFoundation')
    cd /Users/admin/builder/spi-builder-workspace
    write-file /Users/admin/builder/spi-builder-workspace/.derivedData/Build/Intermediates.noindex/EFFoundation.build/Debug-xros/EFFoundation-t.build/EFFoundation.DependencyMetadataFileList
WriteAuxiliaryFile /Users/admin/builder/spi-builder-workspace/.derivedData/Build/Intermediates.noindex/EFFoundation.build/Debug-xros/EFFoundation-t.build/EFFoundation.DependencyStaticMetadataFileList (in target 'EFFoundation' from project 'EFFoundation')
    cd /Users/admin/builder/spi-builder-workspace
    write-file /Users/admin/builder/spi-builder-workspace/.derivedData/Build/Intermediates.noindex/EFFoundation.build/Debug-xros/EFFoundation-t.build/EFFoundation.DependencyStaticMetadataFileList
WriteAuxiliaryFile /Users/admin/builder/spi-builder-workspace/.derivedData/Build/Intermediates.noindex/EFFoundation.build/Debug-xros/EFFoundation-t.build/Objects-normal/arm64/EFFoundation-OutputFileMap.json (in target 'EFFoundation' from project 'EFFoundation')
    cd /Users/admin/builder/spi-builder-workspace
    write-file /Users/admin/builder/spi-builder-workspace/.derivedData/Build/Intermediates.noindex/EFFoundation.build/Debug-xros/EFFoundation-t.build/Objects-normal/arm64/EFFoundation-OutputFileMap.json
WriteAuxiliaryFile /Users/admin/builder/spi-builder-workspace/.derivedData/Build/Intermediates.noindex/EFFoundation.build/Debug-xros/EFFoundation-t.build/Objects-normal/arm64/EFFoundation.LinkFileList (in target 'EFFoundation' from project 'EFFoundation')
    cd /Users/admin/builder/spi-builder-workspace
    write-file /Users/admin/builder/spi-builder-workspace/.derivedData/Build/Intermediates.noindex/EFFoundation.build/Debug-xros/EFFoundation-t.build/Objects-normal/arm64/EFFoundation.LinkFileList
WriteAuxiliaryFile /Users/admin/builder/spi-builder-workspace/.derivedData/Build/Intermediates.noindex/EFFoundation.build/Debug-xros/EFFoundation-t.build/Objects-normal/arm64/EFFoundation_const_extract_protocols.json (in target 'EFFoundation' from project 'EFFoundation')
    cd /Users/admin/builder/spi-builder-workspace
    write-file /Users/admin/builder/spi-builder-workspace/.derivedData/Build/Intermediates.noindex/EFFoundation.build/Debug-xros/EFFoundation-t.build/Objects-normal/arm64/EFFoundation_const_extract_protocols.json
WriteAuxiliaryFile /Users/admin/builder/spi-builder-workspace/.derivedData/Build/Intermediates.noindex/EFFoundation.build/Debug-xros/EFFoundation-t.build/Objects-normal/arm64/EFFoundation.SwiftConstValuesFileList (in target 'EFFoundation' from project 'EFFoundation')
    cd /Users/admin/builder/spi-builder-workspace
    write-file /Users/admin/builder/spi-builder-workspace/.derivedData/Build/Intermediates.noindex/EFFoundation.build/Debug-xros/EFFoundation-t.build/Objects-normal/arm64/EFFoundation.SwiftConstValuesFileList
WriteAuxiliaryFile /Users/admin/builder/spi-builder-workspace/.derivedData/Build/Intermediates.noindex/EFFoundation.build/Debug-xros/EFFoundation-t.build/Objects-normal/arm64/EFFoundation.SwiftFileList (in target 'EFFoundation' from project 'EFFoundation')
    cd /Users/admin/builder/spi-builder-workspace
    write-file /Users/admin/builder/spi-builder-workspace/.derivedData/Build/Intermediates.noindex/EFFoundation.build/Debug-xros/EFFoundation-t.build/Objects-normal/arm64/EFFoundation.SwiftFileList
Copy /Users/admin/builder/spi-builder-workspace/.derivedData/Build/Intermediates.noindex/GeneratedModuleMaps-xros/EFFoundation.modulemap /Users/admin/builder/spi-builder-workspace/.derivedData/Build/Intermediates.noindex/EFFoundation.build/Debug-xros/EFFoundation-t.build/EFFoundation.modulemap (in target 'EFFoundation' from project 'EFFoundation')
    cd /Users/admin/builder/spi-builder-workspace
    builtin-copy -exclude .DS_Store -exclude CVS -exclude .svn -exclude .git -exclude .hg -resolve-src-symlinks /Users/admin/builder/spi-builder-workspace/.derivedData/Build/Intermediates.noindex/EFFoundation.build/Debug-xros/EFFoundation-t.build/EFFoundation.modulemap /Users/admin/builder/spi-builder-workspace/.derivedData/Build/Intermediates.noindex/GeneratedModuleMaps-xros
SwiftDriver EFFoundation normal arm64 com.apple.xcode.tools.swift.compiler (in target 'EFFoundation' from project 'EFFoundation')
    cd /Users/admin/builder/spi-builder-workspace/.swiftpm/xcode
    builtin-SwiftDriver -- /Applications/Xcode-27.0.0-Release.Candidate.app/Contents/Developer/Toolchains/XcodeDefault.xctoolchain/usr/bin/swiftc -parse-as-library -module-name EFFoundation -Onone @/Users/admin/builder/spi-builder-workspace/.derivedData/Build/Intermediates.noindex/EFFoundation.build/Debug-xros/EFFoundation-t.build/Objects-normal/arm64/EFFoundation.SwiftFileList -DSWIFT_PACKAGE -DDEBUG -DSWIFT_MODULE_RESOURCE_BUNDLE_UNAVAILABLE -DXcode -plugin-path /Applications/Xcode-27.0.0-Release.Candidate.app/Contents/Developer/Toolchains/XcodeDefault.xctoolchain/usr/lib/swift/host/plugins/testing -enable-experimental-feature DebugDescriptionMacro -sdk /Applications/Xcode-27.0.0-Release.Candidate.app/Contents/Developer/Platforms/XROS.platform/Developer/SDKs/XROS27.0.sdk -target arm64-apple-xros1.0 -g -module-cache-path /Users/admin/builder/spi-builder-workspace/.derivedData/ModuleCache.noindex -Xfrontend -serialize-debugging-options -enable-testing -index-store-path /Users/admin/builder/spi-builder-workspace/.derivedData/Index.noindex/DataStore -Xcc -D_LIBCPP_HARDENING_MODE\=_LIBCPP_HARDENING_MODE_DEBUG -swift-version 5 -I /Users/admin/builder/spi-builder-workspace/.derivedData/Build/Products/Debug-xros -Isystem /Applications/Xcode-27.0.0-Release.Candidate.app/Contents/Developer/Platforms/XROS.platform/Developer/usr/lib -F /Users/admin/builder/spi-builder-workspace/.derivedData/Build/Products/Debug-xros -F /Applications/Xcode-27.0.0-Release.Candidate.app/Contents/Developer/Platforms/XROS.platform/Developer/Library/Frameworks -F /Applications/Xcode-27.0.0-Release.Candidate.app/Contents/Developer/Platforms/XROS.platform/Developer/SDKs/XROS27.0.sdk/Developer/Library/Frameworks -c -j10 -enable-batch-mode -incremental -Xcc -ivfsstatcache -Xcc /Users/admin/builder/spi-builder-workspace/.derivedData/SDKStatCaches.noindex/xros27.0-24M361-e829b21a6f8c9b70876ba0858053c044735bd543db762f57723cac368afd1ce4.sdkstatcache -output-file-map /Users/admin/builder/spi-builder-workspace/.derivedData/Build/Intermediates.noindex/EFFoundation.build/Debug-xros/EFFoundation-t.build/Objects-normal/arm64/EFFoundation-OutputFileMap.json -save-temps -no-color-diagnostics -explicit-module-build -module-cache-path /Users/admin/builder/spi-builder-workspace/.derivedData/Build/Intermediates.noindex/SwiftExplicitPrecompiledModules -clang-scanner-module-cache-path /Users/admin/builder/spi-builder-workspace/.derivedData/ModuleCache.noindex -sdk-module-cache-path /Users/admin/builder/spi-builder-workspace/.derivedData/SDKExplicitPrecompiledModules -emit-dependencies -emit-module -emit-module-path /Users/admin/builder/spi-builder-workspace/.derivedData/Build/Intermediates.noindex/EFFoundation.build/Debug-xros/EFFoundation-t.build/Objects-normal/arm64/EFFoundation.swiftmodule -serialize-diagnostics -dependency-scan-serialize-diagnostics-path /Users/admin/builder/spi-builder-workspace/.derivedData/Build/Intermediates.noindex/EFFoundation.build/Debug-xros/EFFoundation-t.build/Objects-normal/arm64/EFFoundation-dependency-scan.dia -validate-clang-modules-once -clang-build-session-file /Users/admin/builder/spi-builder-workspace/.derivedData/ModuleCache.noindex/Session.modulevalidation -Xcc -fmodules-prune-interval\=86400 -Xcc -fmodules-prune-after\=345600 -emit-const-values -const-gather-protocols-list /Users/admin/builder/spi-builder-workspace/.derivedData/Build/Intermediates.noindex/EFFoundation.build/Debug-xros/EFFoundation-t.build/Objects-normal/arm64/EFFoundation_const_extract_protocols.json -Xcc -I/Users/admin/builder/spi-builder-workspace/.derivedData/Build/Products/Debug-xros/include -Xcc -I/Users/admin/builder/spi-builder-workspace/.derivedData/Build/Intermediates.noindex/EFFoundation.build/Debug-xros/EFFoundation-t.build/DerivedSources-normal/arm64 -Xcc -I/Users/admin/builder/spi-builder-workspace/.derivedData/Build/Intermediates.noindex/EFFoundation.build/Debug-xros/EFFoundation-t.build/DerivedSources/arm64 -Xcc -I/Users/admin/builder/spi-builder-workspace/.derivedData/Build/Intermediates.noindex/EFFoundation.build/Debug-xros/EFFoundation-t.build/DerivedSources -Xcc -DSWIFT_PACKAGE -Xcc -DDEBUG\=1 -emit-objc-header -emit-objc-header-path /Users/admin/builder/spi-builder-workspace/.derivedData/Build/Intermediates.noindex/EFFoundation.build/Debug-xros/EFFoundation-t.build/Objects-normal/arm64/EFFoundation-Swift.h -working-directory /Users/admin/builder/spi-builder-workspace/.swiftpm/xcode -experimental-emit-module-separately -disable-cmo
SwiftExplicitDependencyGeneratePcm arm64 /Users/admin/builder/spi-builder-workspace/.derivedData/SDKExplicitPrecompiledModules/_Builtin_float-6WKHNW5S40U2QGHXXGETUDIRA.pcm
SwiftExplicitDependencyGeneratePcm arm64 /Users/admin/builder/spi-builder-workspace/.derivedData/SDKExplicitPrecompiledModules/ptrauth-1WBA714DZSVUL5JQDJ08CLKZ.pcm
SwiftExplicitDependencyGeneratePcm arm64 /Users/admin/builder/spi-builder-workspace/.derivedData/SDKExplicitPrecompiledModules/DeveloperToolsSupport-46GOQP8J1QTHLYQSJW81T8UZ3.pcm
SwiftExplicitDependencyGeneratePcm arm64 /Users/admin/builder/spi-builder-workspace/.derivedData/SDKExplicitPrecompiledModules/_SwiftConcurrencyShims-C8XHKSHX96D5YYALNM4W70Z0O.pcm
SwiftExplicitDependencyGeneratePcm arm64 /Users/admin/builder/spi-builder-workspace/.derivedData/SDKExplicitPrecompiledModules/ptrcheck-BXA97MNLI4BB0HF5I8MJE403D.pcm
SwiftExplicitDependencyGeneratePcm arm64 /Users/admin/builder/spi-builder-workspace/.derivedData/SDKExplicitPrecompiledModules/_Builtin_stdarg-CDA349K2K4US766844K8E0PVA.pcm
SwiftExplicitDependencyGeneratePcm arm64 /Users/admin/builder/spi-builder-workspace/.derivedData/SDKExplicitPrecompiledModules/_AvailabilityInternal-1Q8IQP6M38UWSGZ95UCEY2M44.pcm
SwiftExplicitDependencyGeneratePcm arm64 /Users/admin/builder/spi-builder-workspace/.derivedData/SDKExplicitPrecompiledModules/SwiftShims-CI4H5RO9IYFFWQ2COB512Q2S9.pcm
SwiftExplicitDependencyGeneratePcm arm64 /Users/admin/builder/spi-builder-workspace/.derivedData/SDKExplicitPrecompiledModules/_Builtin_stddef-5NQ9Z1GV07GBSRQGAQCGXGVRI.pcm
SwiftExplicitDependencyGeneratePcm arm64 /Users/admin/builder/spi-builder-workspace/.derivedData/SDKExplicitPrecompiledModules/_Builtin_stdbool-5BU2ADS7JXQMYENKQHW9X8XOU.pcm
SwiftExplicitDependencyGeneratePcm arm64 /Users/admin/builder/spi-builder-workspace/.derivedData/SDKExplicitPrecompiledModules/_DarwinFoundation1-5RGRVV2TZ6WC4WZW5IXF8NQ04.pcm
SwiftExplicitDependencyGeneratePcm arm64 /Users/admin/builder/spi-builder-workspace/.derivedData/SDKExplicitPrecompiledModules/_Builtin_limits-425JDMN5HPM3D0UEI8LEHP6NM.pcm
SwiftExplicitDependencyGeneratePcm arm64 /Users/admin/builder/spi-builder-workspace/.derivedData/SDKExplicitPrecompiledModules/_DarwinFoundation2-ENTECK156YEWITZRRBTOCE4KR.pcm
SwiftExplicitDependencyGeneratePcm arm64 /Users/admin/builder/spi-builder-workspace/.derivedData/SDKExplicitPrecompiledModules/sys_types-AYM0BHR77VKMWZCO2T0XGV2HF.pcm
SwiftExplicitDependencyGeneratePcm arm64 /Users/admin/builder/spi-builder-workspace/.derivedData/SDKExplicitPrecompiledModules/_Builtin_tgmath-BPYSMHWI520EQRL2HW519ZY7Z.pcm
SwiftExplicitDependencyGeneratePcm arm64 /Users/admin/builder/spi-builder-workspace/.derivedData/SDKExplicitPrecompiledModules/_Builtin_stdint-8OR6T47OOYJA90ZBO3N1USDE.pcm
SwiftExplicitDependencyGeneratePcm arm64 /Users/admin/builder/spi-builder-workspace/.derivedData/SDKExplicitPrecompiledModules/string_h-2GT67HHHHK5CF1V1S31LH0PU2.pcm
SwiftExplicitDependencyGeneratePcm arm64 /Users/admin/builder/spi-builder-workspace/.derivedData/SDKExplicitPrecompiledModules/_Builtin_stdatomic-1VUZPM79PNCAHXVBERD53WRSF.pcm
SwiftExplicitDependencyGeneratePcm arm64 /Users/admin/builder/spi-builder-workspace/.derivedData/SDKExplicitPrecompiledModules/_DarwinFoundation3-9ZHN6JKBS40BBA81RQMV8H0IC.pcm
SwiftExplicitDependencyGeneratePcm arm64 /Users/admin/builder/spi-builder-workspace/.derivedData/SDKExplicitPrecompiledModules/_Builtin_intrinsics-BC5IJI3YI34RQ61ZNVDRDZ6RN.pcm
SwiftExplicitDependencyGeneratePcm arm64 /Users/admin/builder/spi-builder-workspace/.derivedData/SDKExplicitPrecompiledModules/_Builtin_inttypes-11B64KJD36B3YOHBR1BBXBJY8.pcm
SwiftExplicitDependencyGeneratePcm arm64 /Users/admin/builder/spi-builder-workspace/.derivedData/SDKExplicitPrecompiledModules/Darwin-60P5LVNQO3ESRRM5DCJ05PFNK.pcm
SwiftExplicitDependencyGeneratePcm arm64 /Users/admin/builder/spi-builder-workspace/.derivedData/SDKExplicitPrecompiledModules/simd-9XXAB17Y6E4BBPQADD61NZ23.pcm
SwiftExplicitDependencyGeneratePcm arm64 /Users/admin/builder/spi-builder-workspace/.derivedData/SDKExplicitPrecompiledModules/MachO-3XTHY7HWV6RF3KXKYQVHUBUXK.pcm
SwiftExplicitDependencyGeneratePcm arm64 /Users/admin/builder/spi-builder-workspace/.derivedData/SDKExplicitPrecompiledModules/ObjectiveC-26TIBFYCEJZVP216ZZAU1X8KN.pcm
SwiftExplicitDependencyGeneratePcm arm64 /Users/admin/builder/spi-builder-workspace/.derivedData/SDKExplicitPrecompiledModules/os_object-692CJ8BG6RE5H04487EJJOVXW.pcm
SwiftExplicitDependencyGeneratePcm arm64 /Users/admin/builder/spi-builder-workspace/.derivedData/SDKExplicitPrecompiledModules/os_workgroup-4U1VXMWIZD80E7PRUQF2G7P9X.pcm
SwiftExplicitDependencyGeneratePcm arm64 /Users/admin/builder/spi-builder-workspace/.derivedData/SDKExplicitPrecompiledModules/Spatial-5E0I2846LO3ZE24CSVR2O57TI.pcm
SwiftExplicitDependencyGeneratePcm arm64 /Users/admin/builder/spi-builder-workspace/.derivedData/SDKExplicitPrecompiledModules/Dispatch-CLT3466HKC22GCKAWSCNG0H7T.pcm
SwiftExplicitDependencyGeneratePcm arm64 /Users/admin/builder/spi-builder-workspace/.derivedData/SDKExplicitPrecompiledModules/XPC-EP5EU7FNGP4VOA3EDM18P1KHO.pcm
SwiftExplicitDependencyGeneratePcm arm64 /Users/admin/builder/spi-builder-workspace/.derivedData/SDKExplicitPrecompiledModules/CoreFoundation-AVLTZVCXBU2TO75JCN4AGU8XJ.pcm
SwiftExplicitDependencyGeneratePcm arm64 /Users/admin/builder/spi-builder-workspace/.derivedData/SDKExplicitPrecompiledModules/os-1004XEJ3IXOOAU0KL58SM3D0K.pcm
SwiftExplicitDependencyGeneratePcm arm64 /Users/admin/builder/spi-builder-workspace/.derivedData/SDKExplicitPrecompiledModules/CFNetwork-5MI70N1VLDQSWTX4COWLMSIRO.pcm
SwiftExplicitDependencyGeneratePcm arm64 /Users/admin/builder/spi-builder-workspace/.derivedData/SDKExplicitPrecompiledModules/CoreGraphics-BFUJ177R223UT2ZI327ZTZY91.pcm
SwiftExplicitDependencyGeneratePcm arm64 /Users/admin/builder/spi-builder-workspace/.derivedData/SDKExplicitPrecompiledModules/Security-8TH2M8WJIQMET4SADWX0N8372.pcm
SwiftExplicitDependencyGeneratePcm arm64 /Users/admin/builder/spi-builder-workspace/.derivedData/SDKExplicitPrecompiledModules/Foundation-8GON1KVEKRN3NOQI8RETBRWJP.pcm
SwiftExplicitDependencyGeneratePcm arm64 /Users/admin/builder/spi-builder-workspace/.derivedData/SDKExplicitPrecompiledModules/CoreText-6F9TY5TEPCCZ1K2KYM4GMEGHD.pcm
SwiftExplicitDependencyGeneratePcm arm64 /Users/admin/builder/spi-builder-workspace/.derivedData/SDKExplicitPrecompiledModules/ImageIO-5CC6COR9KJYI1UBL7CSHLU2OG.pcm
SwiftExplicitDependencyGeneratePcm arm64 /Users/admin/builder/spi-builder-workspace/.derivedData/SDKExplicitPrecompiledModules/UniformTypeIdentifiers-E5KMWDZEKS4QW9RO1KBRDEXV6.pcm
SwiftExplicitDependencyGeneratePcm arm64 /Users/admin/builder/spi-builder-workspace/.derivedData/SDKExplicitPrecompiledModules/UIUtilities-AOVGLUWEAN6CG2UZFNESGSP6C.pcm
SwiftExplicitDependencyGeneratePcm arm64 /Users/admin/builder/spi-builder-workspace/.derivedData/SDKExplicitPrecompiledModules/UserNotifications-8IIV1V1FPNAPA4LY1Y23LOM2N.pcm
SwiftExplicitDependencyGeneratePcm arm64 /Users/admin/builder/spi-builder-workspace/.derivedData/SDKExplicitPrecompiledModules/DataDetection-BANTQ3WXXGKZJYC0LLB3MD9K0.pcm
SwiftExplicitDependencyGeneratePcm arm64 /Users/admin/builder/spi-builder-workspace/.derivedData/SDKExplicitPrecompiledModules/OSLog-BNGT87TS0GMBFF7TY70HHB69.pcm
SwiftExplicitDependencyGeneratePcm arm64 /Users/admin/builder/spi-builder-workspace/.derivedData/SDKExplicitPrecompiledModules/CoreTransferable-8TBYAKHCX6UC8QQSS7BD8GQK5.pcm
SwiftExplicitDependencyGeneratePcm arm64 /Users/admin/builder/spi-builder-workspace/.derivedData/SDKExplicitPrecompiledModules/_LocationEssentials-8GQGFVARUE99D8VJX3TINY0VP.pcm
SwiftExplicitDependencyGeneratePcm arm64 /Users/admin/builder/spi-builder-workspace/.derivedData/SDKExplicitPrecompiledModules/IOSurface-5FE9U89GVFF9A7X7AGO2R8ENI.pcm
SwiftExplicitDependencyGeneratePcm arm64 /Users/admin/builder/spi-builder-workspace/.derivedData/SDKExplicitPrecompiledModules/Accessibility-1DR4J4YDVDGAYQTZ0FKZ1PU09.pcm
SwiftExplicitDependencyGeneratePcm arm64 /Users/admin/builder/spi-builder-workspace/.derivedData/SDKExplicitPrecompiledModules/FileProvider-C9I28SI56F2SEVH1BCWTKGODO.pcm
SwiftExplicitDependencyGeneratePcm arm64 /Users/admin/builder/spi-builder-workspace/.derivedData/SDKExplicitPrecompiledModules/Symbols-8G2XC01RPQ5HYIZE6JNUT864I.pcm
SwiftExplicitDependencyGeneratePcm arm64 /Users/admin/builder/spi-builder-workspace/.derivedData/SDKExplicitPrecompiledModules/CoreLocation-1SN37095DAPVJ068LLP9TBDQX.pcm
SwiftExplicitDependencyGeneratePcm arm64 /Users/admin/builder/spi-builder-workspace/.derivedData/SDKExplicitPrecompiledModules/OpenGLES-56BKSYXNVAP91BYZRWAKQZKGI.pcm
SwiftExplicitDependencyGeneratePcm arm64 /Users/admin/builder/spi-builder-workspace/.derivedData/SDKExplicitPrecompiledModules/Metal-EKNUM9P3PRIBHZK1ZBD6BA2T7.pcm
SwiftExplicitDependencyGeneratePcm arm64 /Users/admin/builder/spi-builder-workspace/.derivedData/SDKExplicitPrecompiledModules/CoreMotion-10LV922UPGE28QX2SOIO7ALIZ.pcm
SwiftExplicitDependencyGeneratePcm arm64 /Users/admin/builder/spi-builder-workspace/.derivedData/SDKExplicitPrecompiledModules/CoreVideo-E12HJSJSLO0YKWYBES11UKJ02.pcm
SwiftExplicitDependencyGeneratePcm arm64 /Users/admin/builder/spi-builder-workspace/.derivedData/SDKExplicitPrecompiledModules/QuartzCore-12T8WVKUNCL1N7VXH87MM4YOB.pcm
SwiftExplicitDependencyGeneratePcm arm64 /Users/admin/builder/spi-builder-workspace/.derivedData/SDKExplicitPrecompiledModules/CoreImage-8WF1P230U10QM666EQMNV7OF1.pcm
SwiftExplicitDependencyGeneratePcm arm64 /Users/admin/builder/spi-builder-workspace/.derivedData/SDKExplicitPrecompiledModules/SwiftUICore-6OBBMA39VFD4CB6SG2PE41FAP.pcm
SwiftExplicitDependencyGeneratePcm arm64 /Users/admin/builder/spi-builder-workspace/.derivedData/SDKExplicitPrecompiledModules/UIKit-2D2PMAAE45TMO6S28UCGCO5BR.pcm
SwiftEmitModule normal arm64 Emitting\ module\ for\ EFFoundation (in target 'EFFoundation' from project 'EFFoundation')
SwiftCompile normal arm64 (in target 'EFFoundation' from project 'EFFoundation')
    cd /Users/admin/builder/spi-builder-workspace/.swiftpm/xcode

/Users/admin/builder/spi-builder-workspace/EFFoundation/Core/DataStructure/BitSet.swift:158:16: warning: 'Hashable.hashValue' is deprecated as a protocol requirement; conform type 'BitSet' to 'Hashable' by implementing 'hash(into:)' instead [#DeprecatedDeclaration]
156 | extension BitSet: Hashable {
157 |     /* Based on the hashing code from Java's BitSet. */
158 |     public var hashValue: Int {
    |                `- warning: 'Hashable.hashValue' is deprecated as a protocol requirement; conform type 'BitSet' to 'Hashable' by implementing 'hash(into:)' instead [#DeprecatedDeclaration]
159 |         var h = Word(1234)
160 |         for i in stride(from: words.count, to: 0, by: -1) {
/Users/admin/builder/spi-builder-workspace/EFFoundation/Core/DataStructure/LinkedList.swift:5:33: warning: generic parameter 'T' shadows generic parameter from outer scope with the same name; this is an error in the Swift 6 language mode
  1 | // https://github.com/raywenderlich/swift-algorithm-club
  2 | public final class LinkedList<T> {
    |                               `- note: 'T' previously declared here
  3 |
  4 |     /// Linked List's Node Class Declaration
  5 |     public class LinkedListNode<T> {
    |                                 `- warning: generic parameter 'T' shadows generic parameter from outer scope with the same name; this is an error in the Swift 6 language mode
  6 |         var value: T
  7 |         var next: LinkedListNode?
/Users/admin/builder/spi-builder-workspace/EFFoundation/Core/DataStructure/LinkedList.swift:333:26: warning: generic parameter 'T' shadows generic parameter from outer scope with the same name; this is an error in the Swift 6 language mode
327 | // MARK: - Collection Index
328 | /// Custom index type that contains a reference to the node at index 'tag'
329 | public struct LinkedListIndex<T>: Comparable {
    |                               `- note: 'T' previously declared here
330 |     fileprivate let node: LinkedList<T>.LinkedListNode<T>?
331 |     fileprivate let tag: Int
332 |
333 |     public static func==<T>(lhs: LinkedListIndex<T>, rhs: LinkedListIndex<T>) -> Bool {
    |                          `- warning: generic parameter 'T' shadows generic parameter from outer scope with the same name; this is an error in the Swift 6 language mode
334 |         return (lhs.tag == rhs.tag)
335 |     }
/Users/admin/builder/spi-builder-workspace/EFFoundation/Core/DataStructure/LinkedList.swift:337:26: warning: generic parameter 'T' shadows generic parameter from outer scope with the same name; this is an error in the Swift 6 language mode
327 | // MARK: - Collection Index
328 | /// Custom index type that contains a reference to the node at index 'tag'
329 | public struct LinkedListIndex<T>: Comparable {
    |                               `- note: 'T' previously declared here
330 |     fileprivate let node: LinkedList<T>.LinkedListNode<T>?
331 |     fileprivate let tag: Int
    :
335 |     }
336 |
337 |     public static func< <T>(lhs: LinkedListIndex<T>, rhs: LinkedListIndex<T>) -> Bool {
    |                          `- warning: generic parameter 'T' shadows generic parameter from outer scope with the same name; this is an error in the Swift 6 language mode
338 |         return (lhs.tag < rhs.tag)
339 |     }
/Users/admin/builder/spi-builder-workspace/EFFoundation/Core/Extension/String+.swift:220:1: warning: extension declares a conformance of imported type 'String' to imported protocols 'LocalizedError', 'Error'; this will not behave correctly if the owners of 'Swift' introduce this conformance in the future
218 |
219 | // throw errors using strings
220 | extension String: LocalizedError {
    | |- warning: extension declares a conformance of imported type 'String' to imported protocols 'LocalizedError', 'Error'; this will not behave correctly if the owners of 'Swift' introduce this conformance in the future
    | `- note: add '@retroactive' to silence this warning
221 |     public var errorDescription: String? { return self }
222 | }
[#DeprecatedDeclaration]: <https://docs.swift.org/compiler/documentation/diagnostics/deprecated-declaration>
SwiftCompile normal arm64 Compiling\ UINavigationController+.swift,\ UIRectCorner+.swift,\ UIView+.swift,\ UIViewController+.swift,\ UInt+.swift /Users/admin/builder/spi-builder-workspace/EFFoundation/Core/Extension/UINavigationController+.swift /Users/admin/builder/spi-builder-workspace/EFFoundation/Core/Extension/UIRectCorner+.swift /Users/admin/builder/spi-builder-workspace/EFFoundation/Core/Extension/UIView+.swift /Users/admin/builder/spi-builder-workspace/EFFoundation/Core/Extension/UIViewController+.swift /Users/admin/builder/spi-builder-workspace/EFFoundation/Core/Extension/UInt+.swift (in target 'EFFoundation' from project 'EFFoundation')
SwiftCompile normal arm64 /Users/admin/builder/spi-builder-workspace/EFFoundation/Core/Extension/UINavigationController+.swift (in target 'EFFoundation' from project 'EFFoundation')
    cd /Users/admin/builder/spi-builder-workspace/.swiftpm/xcode
    builtin-SwiftPerFileCompile UINavigationController+.swift
SwiftCompile normal arm64 /Users/admin/builder/spi-builder-workspace/EFFoundation/Core/Extension/UIRectCorner+.swift (in target 'EFFoundation' from project 'EFFoundation')
    cd /Users/admin/builder/spi-builder-workspace/.swiftpm/xcode
    builtin-SwiftPerFileCompile UIRectCorner+.swift
SwiftCompile normal arm64 /Users/admin/builder/spi-builder-workspace/EFFoundation/Core/Extension/UIView+.swift (in target 'EFFoundation' from project 'EFFoundation')
    cd /Users/admin/builder/spi-builder-workspace/.swiftpm/xcode
    builtin-SwiftPerFileCompile UIView+.swift
SwiftCompile normal arm64 /Users/admin/builder/spi-builder-workspace/EFFoundation/Core/Extension/UIViewController+.swift (in target 'EFFoundation' from project 'EFFoundation')
    cd /Users/admin/builder/spi-builder-workspace/.swiftpm/xcode
    builtin-SwiftPerFileCompile UIViewController+.swift
SwiftCompile normal arm64 /Users/admin/builder/spi-builder-workspace/EFFoundation/Core/Extension/UInt+.swift (in target 'EFFoundation' from project 'EFFoundation')
    cd /Users/admin/builder/spi-builder-workspace/.swiftpm/xcode
    builtin-SwiftPerFileCompile UInt+.swift
SwiftCompile normal arm64 Compiling\ UInt16+.swift,\ UInt32+.swift,\ UInt64+.swift,\ UInt8+.swift,\ URL+.swift /Users/admin/builder/spi-builder-workspace/EFFoundation/Core/Extension/UInt16+.swift /Users/admin/builder/spi-builder-workspace/EFFoundation/Core/Extension/UInt32+.swift /Users/admin/builder/spi-builder-workspace/EFFoundation/Core/Extension/UInt64+.swift /Users/admin/builder/spi-builder-workspace/EFFoundation/Core/Extension/UInt8+.swift /Users/admin/builder/spi-builder-workspace/EFFoundation/Core/Extension/URL+.swift (in target 'EFFoundation' from project 'EFFoundation')
SwiftCompile normal arm64 /Users/admin/builder/spi-builder-workspace/EFFoundation/Core/Extension/UInt16+.swift (in target 'EFFoundation' from project 'EFFoundation')
    cd /Users/admin/builder/spi-builder-workspace/.swiftpm/xcode
    builtin-SwiftPerFileCompile UInt16+.swift
SwiftCompile normal arm64 /Users/admin/builder/spi-builder-workspace/EFFoundation/Core/Extension/UInt32+.swift (in target 'EFFoundation' from project 'EFFoundation')
    cd /Users/admin/builder/spi-builder-workspace/.swiftpm/xcode
    builtin-SwiftPerFileCompile UInt32+.swift
SwiftCompile normal arm64 /Users/admin/builder/spi-builder-workspace/EFFoundation/Core/Extension/UInt64+.swift (in target 'EFFoundation' from project 'EFFoundation')
    cd /Users/admin/builder/spi-builder-workspace/.swiftpm/xcode
    builtin-SwiftPerFileCompile UInt64+.swift
SwiftCompile normal arm64 /Users/admin/builder/spi-builder-workspace/EFFoundation/Core/Extension/UInt8+.swift (in target 'EFFoundation' from project 'EFFoundation')
    cd /Users/admin/builder/spi-builder-workspace/.swiftpm/xcode
    builtin-SwiftPerFileCompile UInt8+.swift
SwiftCompile normal arm64 /Users/admin/builder/spi-builder-workspace/EFFoundation/Core/Extension/URL+.swift (in target 'EFFoundation' from project 'EFFoundation')
    cd /Users/admin/builder/spi-builder-workspace/.swiftpm/xcode
    builtin-SwiftPerFileCompile URL+.swift
SwiftCompile normal arm64 Compiling\ Int32+.swift,\ Int64+.swift,\ Int8+.swift,\ NSColor+.swift,\ NSImage+.swift,\ NSString+.swift /Users/admin/builder/spi-builder-workspace/EFFoundation/Core/Extension/Int32+.swift /Users/admin/builder/spi-builder-workspace/EFFoundation/Core/Extension/Int64+.swift /Users/admin/builder/spi-builder-workspace/EFFoundation/Core/Extension/Int8+.swift /Users/admin/builder/spi-builder-workspace/EFFoundation/Core/Extension/NSColor+.swift /Users/admin/builder/spi-builder-workspace/EFFoundation/Core/Extension/NSImage+.swift /Users/admin/builder/spi-builder-workspace/EFFoundation/Core/Extension/NSString+.swift (in target 'EFFoundation' from project 'EFFoundation')
SwiftCompile normal arm64 /Users/admin/builder/spi-builder-workspace/EFFoundation/Core/Extension/Int32+.swift (in target 'EFFoundation' from project 'EFFoundation')
    cd /Users/admin/builder/spi-builder-workspace/.swiftpm/xcode
    builtin-SwiftPerFileCompile Int32+.swift
SwiftCompile normal arm64 /Users/admin/builder/spi-builder-workspace/EFFoundation/Core/Extension/Int64+.swift (in target 'EFFoundation' from project 'EFFoundation')
    cd /Users/admin/builder/spi-builder-workspace/.swiftpm/xcode
    builtin-SwiftPerFileCompile Int64+.swift
SwiftCompile normal arm64 /Users/admin/builder/spi-builder-workspace/EFFoundation/Core/Extension/Int8+.swift (in target 'EFFoundation' from project 'EFFoundation')
    cd /Users/admin/builder/spi-builder-workspace/.swiftpm/xcode
    builtin-SwiftPerFileCompile Int8+.swift
SwiftCompile normal arm64 /Users/admin/builder/spi-builder-workspace/EFFoundation/Core/Extension/NSColor+.swift (in target 'EFFoundation' from project 'EFFoundation')
    cd /Users/admin/builder/spi-builder-workspace/.swiftpm/xcode
    builtin-SwiftPerFileCompile NSColor+.swift
SwiftCompile normal arm64 /Users/admin/builder/spi-builder-workspace/EFFoundation/Core/Extension/NSImage+.swift (in target 'EFFoundation' from project 'EFFoundation')
    cd /Users/admin/builder/spi-builder-workspace/.swiftpm/xcode
    builtin-SwiftPerFileCompile NSImage+.swift
SwiftCompile normal arm64 /Users/admin/builder/spi-builder-workspace/EFFoundation/Core/Extension/NSString+.swift (in target 'EFFoundation' from project 'EFFoundation')
    cd /Users/admin/builder/spi-builder-workspace/.swiftpm/xcode
    builtin-SwiftPerFileCompile NSString+.swift
SwiftCompile normal arm64 Compiling\ UIControl+.swift,\ UIEdgeInsets+.swift,\ UIFont+.swift,\ UIGestureRecognizer+.swift,\ UIImage+.swift,\ UIImageView+.swift /Users/admin/builder/spi-builder-workspace/EFFoundation/Core/Extension/UIControl+.swift /Users/admin/builder/spi-builder-workspace/EFFoundation/Core/Extension/UIEdgeInsets+.swift /Users/admin/builder/spi-builder-workspace/EFFoundation/Core/Extension/UIFont+.swift /Users/admin/builder/spi-builder-workspace/EFFoundation/Core/Extension/UIGestureRecognizer+.swift /Users/admin/builder/spi-builder-workspace/EFFoundation/Core/Extension/UIImage+.swift /Users/admin/builder/spi-builder-workspace/EFFoundation/Core/Extension/UIImageView+.swift (in target 'EFFoundation' from project 'EFFoundation')
SwiftCompile normal arm64 /Users/admin/builder/spi-builder-workspace/EFFoundation/Core/Extension/UIControl+.swift (in target 'EFFoundation' from project 'EFFoundation')
    cd /Users/admin/builder/spi-builder-workspace/.swiftpm/xcode
    builtin-SwiftPerFileCompile UIControl+.swift
SwiftCompile normal arm64 /Users/admin/builder/spi-builder-workspace/EFFoundation/Core/Extension/UIEdgeInsets+.swift (in target 'EFFoundation' from project 'EFFoundation')
    cd /Users/admin/builder/spi-builder-workspace/.swiftpm/xcode
    builtin-SwiftPerFileCompile UIEdgeInsets+.swift
SwiftCompile normal arm64 /Users/admin/builder/spi-builder-workspace/EFFoundation/Core/Extension/UIFont+.swift (in target 'EFFoundation' from project 'EFFoundation')
    cd /Users/admin/builder/spi-builder-workspace/.swiftpm/xcode
    builtin-SwiftPerFileCompile UIFont+.swift
SwiftCompile normal arm64 /Users/admin/builder/spi-builder-workspace/EFFoundation/Core/Extension/UIGestureRecognizer+.swift (in target 'EFFoundation' from project 'EFFoundation')
    cd /Users/admin/builder/spi-builder-workspace/.swiftpm/xcode
    builtin-SwiftPerFileCompile UIGestureRecognizer+.swift
SwiftCompile normal arm64 /Users/admin/builder/spi-builder-workspace/EFFoundation/Core/Extension/UIImage+.swift (in target 'EFFoundation' from project 'EFFoundation')
    cd /Users/admin/builder/spi-builder-workspace/.swiftpm/xcode
    builtin-SwiftPerFileCompile UIImage+.swift
SwiftCompile normal arm64 /Users/admin/builder/spi-builder-workspace/EFFoundation/Core/Extension/UIImageView+.swift (in target 'EFFoundation' from project 'EFFoundation')
    cd /Users/admin/builder/spi-builder-workspace/.swiftpm/xcode
    builtin-SwiftPerFileCompile UIImageView+.swift
/Users/admin/builder/spi-builder-workspace/EFFoundation/Core/Extension/UIImage+.swift:124:51: warning: forming 'UnsafeRawPointer' to an inout variable of type String exposes the internal representation rather than the string contents.
122 |     var dataGif: Data? {
123 |         get {
124 |             return objc_getAssociatedObject(self, &AssociatedObjectKeys.dataGifKey) as? Data
    |                                                   `- warning: forming 'UnsafeRawPointer' to an inout variable of type String exposes the internal representation rather than the string contents.
125 |         }
126 |         set {
/Users/admin/builder/spi-builder-workspace/EFFoundation/Core/Extension/UIImage+.swift:127:44: warning: forming 'UnsafeRawPointer' to an inout variable of type String exposes the internal representation rather than the string contents.
125 |         }
126 |         set {
127 |             objc_setAssociatedObject(self, &AssociatedObjectKeys.dataGifKey, newValue, .OBJC_ASSOCIATION_RETAIN_NONATOMIC)
    |                                            `- warning: forming 'UnsafeRawPointer' to an inout variable of type String exposes the internal representation rather than the string contents.
128 |         }
129 |     }
SwiftCompile normal arm64 Compiling\ CIColor+.swift,\ CIImage+.swift,\ Character+.swift,\ Comparable+.swift,\ Data+.swift,\ Date+.swift /Users/admin/builder/spi-builder-workspace/EFFoundation/Core/Extension/CIColor+.swift /Users/admin/builder/spi-builder-workspace/EFFoundation/Core/Extension/CIImage+.swift /Users/admin/builder/spi-builder-workspace/EFFoundation/Core/Extension/Character+.swift /Users/admin/builder/spi-builder-workspace/EFFoundation/Core/Extension/Comparable+.swift /Users/admin/builder/spi-builder-workspace/EFFoundation/Core/Extension/Data+.swift /Users/admin/builder/spi-builder-workspace/EFFoundation/Core/Extension/Date+.swift (in target 'EFFoundation' from project 'EFFoundation')
SwiftCompile normal arm64 /Users/admin/builder/spi-builder-workspace/EFFoundation/Core/Extension/CIColor+.swift (in target 'EFFoundation' from project 'EFFoundation')
    cd /Users/admin/builder/spi-builder-workspace/.swiftpm/xcode
    builtin-SwiftPerFileCompile CIColor+.swift
SwiftCompile normal arm64 /Users/admin/builder/spi-builder-workspace/EFFoundation/Core/Extension/CIImage+.swift (in target 'EFFoundation' from project 'EFFoundation')
    cd /Users/admin/builder/spi-builder-workspace/.swiftpm/xcode
    builtin-SwiftPerFileCompile CIImage+.swift
SwiftCompile normal arm64 /Users/admin/builder/spi-builder-workspace/EFFoundation/Core/Extension/Character+.swift (in target 'EFFoundation' from project 'EFFoundation')
    cd /Users/admin/builder/spi-builder-workspace/.swiftpm/xcode
    builtin-SwiftPerFileCompile Character+.swift
SwiftCompile normal arm64 /Users/admin/builder/spi-builder-workspace/EFFoundation/Core/Extension/Comparable+.swift (in target 'EFFoundation' from project 'EFFoundation')
    cd /Users/admin/builder/spi-builder-workspace/.swiftpm/xcode
    builtin-SwiftPerFileCompile Comparable+.swift
SwiftCompile normal arm64 /Users/admin/builder/spi-builder-workspace/EFFoundation/Core/Extension/Data+.swift (in target 'EFFoundation' from project 'EFFoundation')
    cd /Users/admin/builder/spi-builder-workspace/.swiftpm/xcode
    builtin-SwiftPerFileCompile Data+.swift
SwiftCompile normal arm64 /Users/admin/builder/spi-builder-workspace/EFFoundation/Core/Extension/Date+.swift (in target 'EFFoundation' from project 'EFFoundation')
    cd /Users/admin/builder/spi-builder-workspace/.swiftpm/xcode
    builtin-SwiftPerFileCompile Date+.swift
SwiftCompile normal arm64 Compiling\ Dictionary+.swift,\ DispatchQueue+.swift,\ Double+.swift,\ Float+.swift,\ Int+.swift,\ Int16+.swift /Users/admin/builder/spi-builder-workspace/EFFoundation/Core/Extension/Dictionary+.swift /Users/admin/builder/spi-builder-workspace/EFFoundation/Core/Extension/DispatchQueue+.swift /Users/admin/builder/spi-builder-workspace/EFFoundation/Core/Extension/Double+.swift /Users/admin/builder/spi-builder-workspace/EFFoundation/Core/Extension/Float+.swift /Users/admin/builder/spi-builder-workspace/EFFoundation/Core/Extension/Int+.swift /Users/admin/builder/spi-builder-workspace/EFFoundation/Core/Extension/Int16+.swift (in target 'EFFoundation' from project 'EFFoundation')
SwiftCompile normal arm64 /Users/admin/builder/spi-builder-workspace/EFFoundation/Core/Extension/Dictionary+.swift (in target 'EFFoundation' from project 'EFFoundation')
    cd /Users/admin/builder/spi-builder-workspace/.swiftpm/xcode
    builtin-SwiftPerFileCompile Dictionary+.swift
SwiftCompile normal arm64 /Users/admin/builder/spi-builder-workspace/EFFoundation/Core/Extension/DispatchQueue+.swift (in target 'EFFoundation' from project 'EFFoundation')
    cd /Users/admin/builder/spi-builder-workspace/.swiftpm/xcode
    builtin-SwiftPerFileCompile DispatchQueue+.swift
SwiftCompile normal arm64 /Users/admin/builder/spi-builder-workspace/EFFoundation/Core/Extension/Double+.swift (in target 'EFFoundation' from project 'EFFoundation')
    cd /Users/admin/builder/spi-builder-workspace/.swiftpm/xcode
    builtin-SwiftPerFileCompile Double+.swift
SwiftCompile normal arm64 /Users/admin/builder/spi-builder-workspace/EFFoundation/Core/Extension/Float+.swift (in target 'EFFoundation' from project 'EFFoundation')
    cd /Users/admin/builder/spi-builder-workspace/.swiftpm/xcode
    builtin-SwiftPerFileCompile Float+.swift
SwiftCompile normal arm64 /Users/admin/builder/spi-builder-workspace/EFFoundation/Core/Extension/Int+.swift (in target 'EFFoundation' from project 'EFFoundation')
    cd /Users/admin/builder/spi-builder-workspace/.swiftpm/xcode
    builtin-SwiftPerFileCompile Int+.swift
SwiftCompile normal arm64 /Users/admin/builder/spi-builder-workspace/EFFoundation/Core/Extension/Int16+.swift (in target 'EFFoundation' from project 'EFFoundation')
    cd /Users/admin/builder/spi-builder-workspace/.swiftpm/xcode
    builtin-SwiftPerFileCompile Int16+.swift
SwiftCompile normal arm64 Compiling\ BitSet.swift,\ Deque.swift,\ LinkedList.swift,\ Queue.swift,\ Stack.swift,\ Tree.swift /Users/admin/builder/spi-builder-workspace/EFFoundation/Core/DataStructure/BitSet.swift /Users/admin/builder/spi-builder-workspace/EFFoundation/Core/DataStructure/Deque.swift /Users/admin/builder/spi-builder-workspace/EFFoundation/Core/DataStructure/LinkedList.swift /Users/admin/builder/spi-builder-workspace/EFFoundation/Core/DataStructure/Queue.swift /Users/admin/builder/spi-builder-workspace/EFFoundation/Core/DataStructure/Stack.swift /Users/admin/builder/spi-builder-workspace/EFFoundation/Core/DataStructure/Tree.swift (in target 'EFFoundation' from project 'EFFoundation')
/Users/admin/builder/spi-builder-workspace/EFFoundation/Core/DataStructure/BitSet.swift:158:16: warning: 'Hashable.hashValue' is deprecated as a protocol requirement; conform type 'BitSet' to 'Hashable' by implementing 'hash(into:)' instead [#DeprecatedDeclaration]
156 | extension BitSet: Hashable {
157 |     /* Based on the hashing code from Java's BitSet. */
158 |     public var hashValue: Int {
    |                `- warning: 'Hashable.hashValue' is deprecated as a protocol requirement; conform type 'BitSet' to 'Hashable' by implementing 'hash(into:)' instead [#DeprecatedDeclaration]
159 |         var h = Word(1234)
160 |         for i in stride(from: words.count, to: 0, by: -1) {
/Users/admin/builder/spi-builder-workspace/EFFoundation/Core/DataStructure/LinkedList.swift:5:33: warning: generic parameter 'T' shadows generic parameter from outer scope with the same name; this is an error in the Swift 6 language mode
  1 | // https://github.com/raywenderlich/swift-algorithm-club
  2 | public final class LinkedList<T> {
    |                               `- note: 'T' previously declared here
  3 |
  4 |     /// Linked List's Node Class Declaration
  5 |     public class LinkedListNode<T> {
    |                                 `- warning: generic parameter 'T' shadows generic parameter from outer scope with the same name; this is an error in the Swift 6 language mode
  6 |         var value: T
  7 |         var next: LinkedListNode?
/Users/admin/builder/spi-builder-workspace/EFFoundation/Core/DataStructure/LinkedList.swift:333:26: warning: generic parameter 'T' shadows generic parameter from outer scope with the same name; this is an error in the Swift 6 language mode
327 | // MARK: - Collection Index
328 | /// Custom index type that contains a reference to the node at index 'tag'
329 | public struct LinkedListIndex<T>: Comparable {
    |                               `- note: 'T' previously declared here
330 |     fileprivate let node: LinkedList<T>.LinkedListNode<T>?
331 |     fileprivate let tag: Int
332 |
333 |     public static func==<T>(lhs: LinkedListIndex<T>, rhs: LinkedListIndex<T>) -> Bool {
    |                          `- warning: generic parameter 'T' shadows generic parameter from outer scope with the same name; this is an error in the Swift 6 language mode
334 |         return (lhs.tag == rhs.tag)
335 |     }
/Users/admin/builder/spi-builder-workspace/EFFoundation/Core/DataStructure/LinkedList.swift:337:26: warning: generic parameter 'T' shadows generic parameter from outer scope with the same name; this is an error in the Swift 6 language mode
327 | // MARK: - Collection Index
328 | /// Custom index type that contains a reference to the node at index 'tag'
329 | public struct LinkedListIndex<T>: Comparable {
    |                               `- note: 'T' previously declared here
330 |     fileprivate let node: LinkedList<T>.LinkedListNode<T>?
331 |     fileprivate let tag: Int
    :
335 |     }
336 |
337 |     public static func< <T>(lhs: LinkedListIndex<T>, rhs: LinkedListIndex<T>) -> Bool {
    |                          `- warning: generic parameter 'T' shadows generic parameter from outer scope with the same name; this is an error in the Swift 6 language mode
338 |         return (lhs.tag < rhs.tag)
339 |     }
[#DeprecatedDeclaration]: <https://docs.swift.org/compiler/documentation/diagnostics/deprecated-declaration>
SwiftCompile normal arm64 /Users/admin/builder/spi-builder-workspace/EFFoundation/Core/DataStructure/BitSet.swift (in target 'EFFoundation' from project 'EFFoundation')
    cd /Users/admin/builder/spi-builder-workspace/.swiftpm/xcode
    builtin-SwiftPerFileCompile BitSet.swift
SwiftCompile normal arm64 /Users/admin/builder/spi-builder-workspace/EFFoundation/Core/DataStructure/Deque.swift (in target 'EFFoundation' from project 'EFFoundation')
    cd /Users/admin/builder/spi-builder-workspace/.swiftpm/xcode
    builtin-SwiftPerFileCompile Deque.swift
SwiftCompile normal arm64 /Users/admin/builder/spi-builder-workspace/EFFoundation/Core/DataStructure/LinkedList.swift (in target 'EFFoundation' from project 'EFFoundation')
    cd /Users/admin/builder/spi-builder-workspace/.swiftpm/xcode
    builtin-SwiftPerFileCompile LinkedList.swift
SwiftCompile normal arm64 /Users/admin/builder/spi-builder-workspace/EFFoundation/Core/DataStructure/Queue.swift (in target 'EFFoundation' from project 'EFFoundation')
    cd /Users/admin/builder/spi-builder-workspace/.swiftpm/xcode
    builtin-SwiftPerFileCompile Queue.swift
SwiftCompile normal arm64 /Users/admin/builder/spi-builder-workspace/EFFoundation/Core/DataStructure/Stack.swift (in target 'EFFoundation' from project 'EFFoundation')
    cd /Users/admin/builder/spi-builder-workspace/.swiftpm/xcode
    builtin-SwiftPerFileCompile Stack.swift
SwiftCompile normal arm64 /Users/admin/builder/spi-builder-workspace/EFFoundation/Core/DataStructure/Tree.swift (in target 'EFFoundation' from project 'EFFoundation')
    cd /Users/admin/builder/spi-builder-workspace/.swiftpm/xcode
    builtin-SwiftPerFileCompile Tree.swift
SwiftCompile normal arm64 Compiling\ EFFoundation.swift,\ Array+.swift,\ ArraySlice+.swift,\ BinaryFloatingPoint+.swift,\ BinaryInteger+.swift,\ Bool+.swift /Users/admin/builder/spi-builder-workspace/EFFoundation/Core/EFFoundation.swift /Users/admin/builder/spi-builder-workspace/EFFoundation/Core/Extension/Array+.swift /Users/admin/builder/spi-builder-workspace/EFFoundation/Core/Extension/ArraySlice+.swift /Users/admin/builder/spi-builder-workspace/EFFoundation/Core/Extension/BinaryFloatingPoint+.swift /Users/admin/builder/spi-builder-workspace/EFFoundation/Core/Extension/BinaryInteger+.swift /Users/admin/builder/spi-builder-workspace/EFFoundation/Core/Extension/Bool+.swift (in target 'EFFoundation' from project 'EFFoundation')
SwiftCompile normal arm64 /Users/admin/builder/spi-builder-workspace/EFFoundation/Core/EFFoundation.swift (in target 'EFFoundation' from project 'EFFoundation')
    cd /Users/admin/builder/spi-builder-workspace/.swiftpm/xcode
    builtin-SwiftPerFileCompile EFFoundation.swift
SwiftCompile normal arm64 /Users/admin/builder/spi-builder-workspace/EFFoundation/Core/Extension/Array+.swift (in target 'EFFoundation' from project 'EFFoundation')
    cd /Users/admin/builder/spi-builder-workspace/.swiftpm/xcode
    builtin-SwiftPerFileCompile Array+.swift
SwiftCompile normal arm64 /Users/admin/builder/spi-builder-workspace/EFFoundation/Core/Extension/ArraySlice+.swift (in target 'EFFoundation' from project 'EFFoundation')
    cd /Users/admin/builder/spi-builder-workspace/.swiftpm/xcode
    builtin-SwiftPerFileCompile ArraySlice+.swift
SwiftCompile normal arm64 /Users/admin/builder/spi-builder-workspace/EFFoundation/Core/Extension/BinaryFloatingPoint+.swift (in target 'EFFoundation' from project 'EFFoundation')
    cd /Users/admin/builder/spi-builder-workspace/.swiftpm/xcode
    builtin-SwiftPerFileCompile BinaryFloatingPoint+.swift
SwiftCompile normal arm64 /Users/admin/builder/spi-builder-workspace/EFFoundation/Core/Extension/BinaryInteger+.swift (in target 'EFFoundation' from project 'EFFoundation')
    cd /Users/admin/builder/spi-builder-workspace/.swiftpm/xcode
    builtin-SwiftPerFileCompile BinaryInteger+.swift
SwiftCompile normal arm64 /Users/admin/builder/spi-builder-workspace/EFFoundation/Core/Extension/Bool+.swift (in target 'EFFoundation' from project 'EFFoundation')
    cd /Users/admin/builder/spi-builder-workspace/.swiftpm/xcode
    builtin-SwiftPerFileCompile Bool+.swift
SwiftCompile normal arm64 Compiling\ CATransaction+.swift,\ CGColor+.swift,\ CGFloat+.swift,\ CGImage.swift,\ CGRect+.swift,\ CGSize+.swift /Users/admin/builder/spi-builder-workspace/EFFoundation/Core/Extension/CATransaction+.swift /Users/admin/builder/spi-builder-workspace/EFFoundation/Core/Extension/CGColor+.swift /Users/admin/builder/spi-builder-workspace/EFFoundation/Core/Extension/CGFloat+.swift /Users/admin/builder/spi-builder-workspace/EFFoundation/Core/Extension/CGImage.swift /Users/admin/builder/spi-builder-workspace/EFFoundation/Core/Extension/CGRect+.swift /Users/admin/builder/spi-builder-workspace/EFFoundation/Core/Extension/CGSize+.swift (in target 'EFFoundation' from project 'EFFoundation')
SwiftCompile normal arm64 /Users/admin/builder/spi-builder-workspace/EFFoundation/Core/Extension/CATransaction+.swift (in target 'EFFoundation' from project 'EFFoundation')
    cd /Users/admin/builder/spi-builder-workspace/.swiftpm/xcode
    builtin-SwiftPerFileCompile CATransaction+.swift
SwiftCompile normal arm64 /Users/admin/builder/spi-builder-workspace/EFFoundation/Core/Extension/CGColor+.swift (in target 'EFFoundation' from project 'EFFoundation')
    cd /Users/admin/builder/spi-builder-workspace/.swiftpm/xcode
    builtin-SwiftPerFileCompile CGColor+.swift
SwiftCompile normal arm64 /Users/admin/builder/spi-builder-workspace/EFFoundation/Core/Extension/CGFloat+.swift (in target 'EFFoundation' from project 'EFFoundation')
    cd /Users/admin/builder/spi-builder-workspace/.swiftpm/xcode
    builtin-SwiftPerFileCompile CGFloat+.swift
SwiftCompile normal arm64 /Users/admin/builder/spi-builder-workspace/EFFoundation/Core/Extension/CGImage.swift (in target 'EFFoundation' from project 'EFFoundation')
    cd /Users/admin/builder/spi-builder-workspace/.swiftpm/xcode
    builtin-SwiftPerFileCompile CGImage.swift
SwiftCompile normal arm64 /Users/admin/builder/spi-builder-workspace/EFFoundation/Core/Extension/CGRect+.swift (in target 'EFFoundation' from project 'EFFoundation')
    cd /Users/admin/builder/spi-builder-workspace/.swiftpm/xcode
    builtin-SwiftPerFileCompile CGRect+.swift
SwiftCompile normal arm64 /Users/admin/builder/spi-builder-workspace/EFFoundation/Core/Extension/CGSize+.swift (in target 'EFFoundation' from project 'EFFoundation')
    cd /Users/admin/builder/spi-builder-workspace/.swiftpm/xcode
    builtin-SwiftPerFileCompile CGSize+.swift
SwiftCompile normal arm64 Compiling\ String+.swift,\ TimeInterval+.swift,\ UIApplication+.swift,\ UIButton+.swift,\ UICollectionView+.swift,\ UIColor+.swift /Users/admin/builder/spi-builder-workspace/EFFoundation/Core/Extension/String+.swift /Users/admin/builder/spi-builder-workspace/EFFoundation/Core/Extension/TimeInterval+.swift /Users/admin/builder/spi-builder-workspace/EFFoundation/Core/Extension/UIApplication+.swift /Users/admin/builder/spi-builder-workspace/EFFoundation/Core/Extension/UIButton+.swift /Users/admin/builder/spi-builder-workspace/EFFoundation/Core/Extension/UICollectionView+.swift /Users/admin/builder/spi-builder-workspace/EFFoundation/Core/Extension/UIColor+.swift (in target 'EFFoundation' from project 'EFFoundation')
/Users/admin/builder/spi-builder-workspace/EFFoundation/Core/Extension/String+.swift:220:1: warning: extension declares a conformance of imported type 'String' to imported protocols 'LocalizedError', 'Error'; this will not behave correctly if the owners of 'Swift' introduce this conformance in the future
218 |
219 | // throw errors using strings
220 | extension String: LocalizedError {
    | |- warning: extension declares a conformance of imported type 'String' to imported protocols 'LocalizedError', 'Error'; this will not behave correctly if the owners of 'Swift' introduce this conformance in the future
    | `- note: add '@retroactive' to silence this warning
221 |     public var errorDescription: String? { return self }
222 | }
/Users/admin/builder/spi-builder-workspace/EFFoundation/Core/Extension/UIApplication+.swift:45:62: warning: 'windows' was deprecated in visionOS 1.0: Use UIWindowScene.windows on a relevant window scene instead [#DeprecatedDeclaration]
43 |                     for keyWindow in windowScene.windows.filter({ $0.isKeyWindow }) where !findNormalWindow {
44 |                         if keyWindow.windowLevel != .normal {
45 |                             let windows = currentApplication.windows
   |                                                              `- warning: 'windows' was deprecated in visionOS 1.0: Use UIWindowScene.windows on a relevant window scene instead [#DeprecatedDeclaration]
46 |                             for temp in windows where (!findNormalWindow && temp.windowLevel == .normal) {
47 |                                 targetWindow = temp
/Users/admin/builder/spi-builder-workspace/EFFoundation/Core/Extension/UIApplication+.swift:47:48: error: cannot assign value of type 'UIWindow' to type '() -> UIWindow?'
45 |                             let windows = currentApplication.windows
46 |                             for temp in windows where (!findNormalWindow && temp.windowLevel == .normal) {
47 |                                 targetWindow = temp
   |                                                `- error: cannot assign value of type 'UIWindow' to type '() -> UIWindow?'
48 |                                 findNormalWindow = true
49 |                                 break
/Users/admin/builder/spi-builder-workspace/EFFoundation/Core/Extension/UIApplication+.swift:52:44: error: cannot assign value of type 'UIWindow' to type '() -> UIWindow?'
50 |                             }
51 |                         } else {
52 |                             targetWindow = keyWindow
   |                                            `- error: cannot assign value of type 'UIWindow' to type '() -> UIWindow?'
53 |                             findNormalWindow = true
54 |                             break
/Users/admin/builder/spi-builder-workspace/EFFoundation/Core/Extension/UIApplication+.swift:60:46: error: function 'keyWindow' was used as a property; add () to call it
58 |             }
59 |         } else {
60 |             if let keyWindow = targetWindow, keyWindow.windowLevel != .normal {
   |                                              `- error: function 'keyWindow' was used as a property; add () to call it
61 |                 let windows = currentApplication.windows
62 |                 for temp in windows {
/Users/admin/builder/spi-builder-workspace/EFFoundation/Core/Extension/UIApplication+.swift:60:46: error: value of optional type 'UIWindow?' must be unwrapped to refer to member 'windowLevel' of wrapped base type 'UIWindow'
58 |             }
59 |         } else {
60 |             if let keyWindow = targetWindow, keyWindow.windowLevel != .normal {
   |                                              |- error: value of optional type 'UIWindow?' must be unwrapped to refer to member 'windowLevel' of wrapped base type 'UIWindow'
   |                                              |- note: chain the optional using '?' to access member 'windowLevel' only for non-'nil' base values
   |                                              `- note: force-unwrap using '!' to abort execution if the optional value contains 'nil'
61 |                 let windows = currentApplication.windows
62 |                 for temp in windows {
/Users/admin/builder/spi-builder-workspace/EFFoundation/Core/Extension/UIApplication+.swift:64:40: error: cannot assign value of type 'UIWindow' to type '() -> UIWindow?'
62 |                 for temp in windows {
63 |                     if temp.windowLevel == .normal {
64 |                         targetWindow = temp
   |                                        `- error: cannot assign value of type 'UIWindow' to type '() -> UIWindow?'
65 |                         break
66 |                     }
/Users/admin/builder/spi-builder-workspace/EFFoundation/Core/Extension/UIApplication+.swift:60:16: error: initializer for conditional binding must have Optional type, not '() -> UIWindow?'
58 |             }
59 |         } else {
60 |             if let keyWindow = targetWindow, keyWindow.windowLevel != .normal {
   |                `- error: initializer for conditional binding must have Optional type, not '() -> UIWindow?'
61 |                 let windows = currentApplication.windows
62 |                 for temp in windows {
/Users/admin/builder/spi-builder-workspace/EFFoundation/Core/Extension/UIApplication+.swift:70:16: error: function produces expected type 'UIWindow?'; did you mean to call it with '()'?
68 |             }
69 |         }
70 |         return targetWindow
   |                `- error: function produces expected type 'UIWindow?'; did you mean to call it with '()'?
71 |     }
72 | }
[#DeprecatedDeclaration]: <https://docs.swift.org/compiler/documentation/diagnostics/deprecated-declaration>
Failed frontend command:
/Applications/Xcode-27.0.0-Release.Candidate.app/Contents/Developer/Toolchains/XcodeDefault.xctoolchain/usr/bin/swift-frontend -frontend -c /Users/admin/builder/spi-builder-workspace/EFFoundation/Core/DataStructure/BitSet.swift /Users/admin/builder/spi-builder-workspace/EFFoundation/Core/DataStructure/Deque.swift /Users/admin/builder/spi-builder-workspace/EFFoundation/Core/DataStructure/LinkedList.swift /Users/admin/builder/spi-builder-workspace/EFFoundation/Core/DataStructure/Queue.swift /Users/admin/builder/spi-builder-workspace/EFFoundation/Core/DataStructure/Stack.swift /Users/admin/builder/spi-builder-workspace/EFFoundation/Core/DataStructure/Tree.swift /Users/admin/builder/spi-builder-workspace/EFFoundation/Core/EFFoundation.swift /Users/admin/builder/spi-builder-workspace/EFFoundation/Core/Extension/Array+.swift /Users/admin/builder/spi-builder-workspace/EFFoundation/Core/Extension/ArraySlice+.swift /Users/admin/builder/spi-builder-workspace/EFFoundation/Core/Extension/BinaryFloatingPoint+.swift /Users/admin/builder/spi-builder-workspace/EFFoundation/Core/Extension/BinaryInteger+.swift /Users/admin/builder/spi-builder-workspace/EFFoundation/Core/Extension/Bool+.swift /Users/admin/builder/spi-builder-workspace/EFFoundation/Core/Extension/CATransaction+.swift /Users/admin/builder/spi-builder-workspace/EFFoundation/Core/Extension/CGColor+.swift /Users/admin/builder/spi-builder-workspace/EFFoundation/Core/Extension/CGFloat+.swift /Users/admin/builder/spi-builder-workspace/EFFoundation/Core/Extension/CGImage.swift /Users/admin/builder/spi-builder-workspace/EFFoundation/Core/Extension/CGRect+.swift /Users/admin/builder/spi-builder-workspace/EFFoundation/Core/Extension/CGSize+.swift /Users/admin/builder/spi-builder-workspace/EFFoundation/Core/Extension/CIColor+.swift /Users/admin/builder/spi-builder-workspace/EFFoundation/Core/Extension/CIImage+.swift /Users/admin/builder/spi-builder-workspace/EFFoundation/Core/Extension/Character+.swift /Users/admin/builder/spi-builder-workspace/EFFoundation/Core/Extension/Comparable+.swift /Users/admin/builder/spi-builder-workspace/EFFoundation/Core/Extension/Data+.swift /Users/admin/builder/spi-builder-workspace/EFFoundation/Core/Extension/Date+.swift /Users/admin/builder/spi-builder-workspace/EFFoundation/Core/Extension/Dictionary+.swift /Users/admin/builder/spi-builder-workspace/EFFoundation/Core/Extension/DispatchQueue+.swift /Users/admin/builder/spi-builder-workspace/EFFoundation/Core/Extension/Double+.swift /Users/admin/builder/spi-builder-workspace/EFFoundation/Core/Extension/Float+.swift /Users/admin/builder/spi-builder-workspace/EFFoundation/Core/Extension/Int+.swift /Users/admin/builder/spi-builder-workspace/EFFoundation/Core/Extension/Int16+.swift /Users/admin/builder/spi-builder-workspace/EFFoundation/Core/Extension/Int32+.swift /Users/admin/builder/spi-builder-workspace/EFFoundation/Core/Extension/Int64+.swift /Users/admin/builder/spi-builder-workspace/EFFoundation/Core/Extension/Int8+.swift /Users/admin/builder/spi-builder-workspace/EFFoundation/Core/Extension/NSColor+.swift /Users/admin/builder/spi-builder-workspace/EFFoundation/Core/Extension/NSImage+.swift /Users/admin/builder/spi-builder-workspace/EFFoundation/Core/Extension/NSString+.swift -primary-file /Users/admin/builder/spi-builder-workspace/EFFoundation/Core/Extension/String+.swift -primary-file /Users/admin/builder/spi-builder-workspace/EFFoundation/Core/Extension/TimeInterval+.swift -primary-file /Users/admin/builder/spi-builder-workspace/EFFoundation/Core/Extension/UIApplication+.swift -primary-file /Users/admin/builder/spi-builder-workspace/EFFoundation/Core/Extension/UIButton+.swift -primary-file /Users/admin/builder/spi-builder-workspace/EFFoundation/Core/Extension/UICollectionView+.swift -primary-file /Users/admin/builder/spi-builder-workspace/EFFoundation/Core/Extension/UIColor+.swift /Users/admin/builder/spi-builder-workspace/EFFoundation/Core/Extension/UIControl+.swift /Users/admin/builder/spi-builder-workspace/EFFoundation/Core/Extension/UIEdgeInsets+.swift /Users/admin/builder/spi-builder-workspace/EFFoundation/Core/Extension/UIFont+.swift /Users/admin/builder/spi-builder-workspace/EFFoundation/Core/Extension/UIGestureRecognizer+.swift /Users/admin/builder/spi-builder-workspace/EFFoundation/Core/Extension/UIImage+.swift /Users/admin/builder/spi-builder-workspace/EFFoundation/Core/Extension/UIImageView+.swift /Users/admin/builder/spi-builder-workspace/EFFoundation/Core/Extension/UINavigationController+.swift /Users/admin/builder/spi-builder-workspace/EFFoundation/Core/Extension/UIRectCorner+.swift /Users/admin/builder/spi-builder-workspace/EFFoundation/Core/Extension/UIView+.swift /Users/admin/builder/spi-builder-workspace/EFFoundation/Core/Extension/UIViewController+.swift /Users/admin/builder/spi-builder-workspace/EFFoundation/Core/Extension/UInt+.swift /Users/admin/builder/spi-builder-workspace/EFFoundation/Core/Extension/UInt16+.swift /Users/admin/builder/spi-builder-workspace/EFFoundation/Core/Extension/UInt32+.swift /Users/admin/builder/spi-builder-workspace/EFFoundation/Core/Extension/UInt64+.swift /Users/admin/builder/spi-builder-workspace/EFFoundation/Core/Extension/UInt8+.swift /Users/admin/builder/spi-builder-workspace/EFFoundation/Core/Extension/URL+.swift -supplementary-output-file-map /Users/admin/builder/spi-builder-workspace/.derivedData/Build/Intermediates.noindex/EFFoundation.build/Debug-xros/EFFoundation-t.build/Objects-normal/arm64/supplementaryOutputs-7 -target arm64-apple-xros1.0 -module-can-import-version CoreImage 3 7.0.0 -module-can-import-version UIKit 9127.0.84.1 9127.0.84 -disable-cross-import-overlay-search -load-resolved-plugin /Applications/Xcode-27.0.0-Release.Candidate.app/Contents/Developer/Platforms/XROS.platform/Developer/usr/lib/swift/host/plugins/libFoundationMacros.dylib\#/Applications/Xcode-27.0.0-Release.Candidate.app/Contents/Developer/Platforms/XROS.platform/Developer/usr/bin/swift-plugin-server\#FoundationMacros -load-resolved-plugin /Applications/Xcode-27.0.0-Release.Candidate.app/Contents/Developer/Platforms/XROS.platform/Developer/usr/lib/swift/host/plugins/libObservationMacros.dylib\#/Applications/Xcode-27.0.0-Release.Candidate.app/Contents/Developer/Platforms/XROS.platform/Developer/usr/bin/swift-plugin-server\#ObservationMacros -load-resolved-plugin /Applications/Xcode-27.0.0-Release.Candidate.app/Contents/Developer/Platforms/XROS.platform/Developer/usr/lib/swift/host/plugins/libPreviewsMacros.dylib\#/Applications/Xcode-27.0.0-Release.Candidate.app/Contents/Developer/Platforms/XROS.platform/Developer/usr/bin/swift-plugin-server\#PreviewsMacros -load-resolved-plugin /Applications/Xcode-27.0.0-Release.Candidate.app/Contents/Developer/Platforms/XROS.platform/Developer/usr/lib/swift/host/plugins/libSwiftMacros.dylib\#/Applications/Xcode-27.0.0-Release.Candidate.app/Contents/Developer/Platforms/XROS.platform/Developer/usr/bin/swift-plugin-server\#SwiftMacros -load-resolved-plugin /Applications/Xcode-27.0.0-Release.Candidate.app/Contents/Developer/Platforms/XROS.platform/Developer/usr/lib/swift/host/plugins/libSwiftUIMacros.dylib\#/Applications/Xcode-27.0.0-Release.Candidate.app/Contents/Developer/Platforms/XROS.platform/Developer/usr/bin/swift-plugin-server\#SwiftUIMacros -disable-implicit-swift-modules -Xcc -fno-implicit-modules -Xcc -fno-implicit-module-maps -explicit-swift-module-map-file /Users/admin/builder/spi-builder-workspace/.derivedData/Build/Intermediates.noindex/EFFoundation.build/Debug-xros/EFFoundation-t.build/Objects-normal/arm64/EFFoundation-dependencies-1.json -Xllvm -aarch64-use-tbi -enable-objc-interop -stack-check -sdk /Applications/Xcode-27.0.0-Release.Candidate.app/Contents/Developer/Platforms/XROS.platform/Developer/SDKs/XROS27.0.sdk -I /Users/admin/builder/spi-builder-workspace/.derivedData/Build/Products/Debug-xros -Isystem /Applications/Xcode-27.0.0-Release.Candidate.app/Contents/Developer/Platforms/XROS.platform/Developer/usr/lib -F /Users/admin/builder/spi-builder-workspace/.derivedData/Build/Products/Debug-xros -F /Applications/Xcode-27.0.0-Release.Candidate.app/Contents/Developer/Platforms/XROS.platform/Developer/Library/Frameworks -F /Applications/Xcode-27.0.0-Release.Candidate.app/Contents/Developer/Platforms/XROS.platform/Developer/SDKs/XROS27.0.sdk/Developer/Library/Frameworks -module-cache-path /Users/admin/builder/spi-builder-workspace/.derivedData/Build/Intermediates.noindex/SwiftExplicitPrecompiledModules -no-color-diagnostics -Xcc -fno-color-diagnostics -enable-testing -g -debug-info-format\=dwarf -dwarf-version\=4 -swift-version 5 -Onone -D SWIFT_PACKAGE -D DEBUG -D SWIFT_MODULE_RESOURCE_BUNDLE_UNAVAILABLE -D Xcode -serialize-debugging-options -enable-experimental-feature DebugDescriptionMacro -empty-abi-descriptor -validate-clang-modules-once -clang-build-session-file /Users/admin/builder/spi-builder-workspace/.derivedData/ModuleCache.noindex/Session.modulevalidation -Xcc -working-directory -Xcc /Users/admin/builder/spi-builder-workspace/.swiftpm/xcode -enable-anonymous-context-mangled-names -file-compilation-dir /Users/admin/builder/spi-builder-workspace/.swiftpm/xcode -Xcc -D_LIBCPP_HARDENING_MODE\=_LIBCPP_HARDENING_MODE_DEBUG -Xcc -ivfsstatcache -Xcc /Users/admin/builder/spi-builder-workspace/.derivedData/SDKStatCaches.noindex/xros27.0-24M361-e829b21a6f8c9b70876ba0858053c044735bd543db762f57723cac368afd1ce4.sdkstatcache -Xcc -fmodules-prune-interval\=86400 -Xcc -fmodules-prune-after\=345600 -Xcc -I/Users/admin/builder/spi-builder-workspace/.derivedData/Build/Products/Debug-xros/include -Xcc -I/Users/admin/builder/spi-builder-workspace/.derivedData/Build/Intermediates.noindex/EFFoundation.build/Debug-xros/EFFoundation-t.build/DerivedSources-normal/arm64 -Xcc -I/Users/admin/builder/spi-builder-workspace/.derivedData/Build/Intermediates.noindex/EFFoundation.build/Debug-xros/EFFoundation-t.build/DerivedSources/arm64 -Xcc -I/Users/admin/builder/spi-builder-workspace/.derivedData/Build/Intermediates.noindex/EFFoundation.build/Debug-xros/EFFoundation-t.build/DerivedSources -Xcc -DSWIFT_PACKAGE -Xcc -DDEBUG\=1 -no-auto-bridging-header-chaining -module-name EFFoundation -const-gather-protocols-file /Users/admin/builder/spi-builder-workspace/.derivedData/Build/Intermediates.noindex/EFFoundation.build/Debug-xros/EFFoundation-t.build/Objects-normal/arm64/EFFoundation_const_extract_protocols.json -disable-clang-spi -clang-target arm64-apple-xros27.0 -target-sdk-version 27.0 -target-sdk-name xros27.0 -in-process-plugin-server-path /Applications/Xcode-27.0.0-Release.Candidate.app/Contents/Developer/Toolchains/XcodeDefault.xctoolchain/usr/lib/swift/host/libSwiftInProcPluginServer.dylib -parse-as-library -o /Users/admin/builder/spi-builder-workspace/.derivedData/Build/Intermediates.noindex/EFFoundation.build/Debug-xros/EFFoundation-t.build/Objects-normal/arm64/String+.o -o /Users/admin/builder/spi-builder-workspace/.derivedData/Build/Intermediates.noindex/EFFoundation.build/Debug-xros/EFFoundation-t.build/Objects-normal/arm64/TimeInterval+.o -o /Users/admin/builder/spi-builder-workspace/.derivedData/Build/Intermediates.noindex/EFFoundation.build/Debug-xros/EFFoundation-t.build/Objects-normal/arm64/UIApplication+.o -o /Users/admin/builder/spi-builder-workspace/.derivedData/Build/Intermediates.noindex/EFFoundation.build/Debug-xros/EFFoundation-t.build/Objects-normal/arm64/UIButton+.o -o /Users/admin/builder/spi-builder-workspace/.derivedData/Build/Intermediates.noindex/EFFoundation.build/Debug-xros/EFFoundation-t.build/Objects-normal/arm64/UICollectionView+.o -o /Users/admin/builder/spi-builder-workspace/.derivedData/Build/Intermediates.noindex/EFFoundation.build/Debug-xros/EFFoundation-t.build/Objects-normal/arm64/UIColor+.o -debug-module-path /Users/admin/builder/spi-builder-workspace/.derivedData/Build/Intermediates.noindex/EFFoundation.build/Debug-xros/EFFoundation-t.build/Objects-normal/arm64/EFFoundation.swiftmodule -index-unit-output-path /EFFoundation.build/Debug-xros/EFFoundation-t.build/Objects-normal/arm64/String+.o -index-unit-output-path /EFFoundation.build/Debug-xros/EFFoundation-t.build/Objects-normal/arm64/TimeInterval+.o -index-unit-output-path /EFFoundation.build/Debug-xros/EFFoundation-t.build/Objects-normal/arm64/UIApplication+.o -index-unit-output-path /EFFoundation.build/Debug-xros/EFFoundation-t.build/Objects-normal/arm64/UIButton+.o -index-unit-output-path /EFFoundation.build/Debug-xros/EFFoundation-t.build/Objects-normal/arm64/UICollectionView+.o -index-unit-output-path /EFFoundation.build/Debug-xros/EFFoundation-t.build/Objects-normal/arm64/UIColor+.o -index-store-path /Users/admin/builder/spi-builder-workspace/.derivedData/Index.noindex/DataStore -index-system-modules
SwiftCompile normal arm64 /Users/admin/builder/spi-builder-workspace/EFFoundation/Core/Extension/String+.swift (in target 'EFFoundation' from project 'EFFoundation')
    cd /Users/admin/builder/spi-builder-workspace/.swiftpm/xcode
    builtin-SwiftPerFileCompile String+.swift
SwiftCompile normal arm64 /Users/admin/builder/spi-builder-workspace/EFFoundation/Core/Extension/TimeInterval+.swift (in target 'EFFoundation' from project 'EFFoundation')
    cd /Users/admin/builder/spi-builder-workspace/.swiftpm/xcode
    builtin-SwiftPerFileCompile TimeInterval+.swift
SwiftCompile normal arm64 /Users/admin/builder/spi-builder-workspace/EFFoundation/Core/Extension/UIApplication+.swift (in target 'EFFoundation' from project 'EFFoundation')
    cd /Users/admin/builder/spi-builder-workspace/.swiftpm/xcode
    builtin-SwiftPerFileCompile UIApplication+.swift
SwiftCompile normal arm64 /Users/admin/builder/spi-builder-workspace/EFFoundation/Core/Extension/UIButton+.swift (in target 'EFFoundation' from project 'EFFoundation')
    cd /Users/admin/builder/spi-builder-workspace/.swiftpm/xcode
    builtin-SwiftPerFileCompile UIButton+.swift
SwiftCompile normal arm64 /Users/admin/builder/spi-builder-workspace/EFFoundation/Core/Extension/UICollectionView+.swift (in target 'EFFoundation' from project 'EFFoundation')
    cd /Users/admin/builder/spi-builder-workspace/.swiftpm/xcode
    builtin-SwiftPerFileCompile UICollectionView+.swift
SwiftCompile normal arm64 /Users/admin/builder/spi-builder-workspace/EFFoundation/Core/Extension/UIColor+.swift (in target 'EFFoundation' from project 'EFFoundation')
    cd /Users/admin/builder/spi-builder-workspace/.swiftpm/xcode
    builtin-SwiftPerFileCompile UIColor+.swift
SwiftDriverJobDiscovery normal arm64 Emitting module for EFFoundation (in target 'EFFoundation' from project 'EFFoundation')
SwiftDriver\ Compilation\ Requirements EFFoundation normal arm64 com.apple.xcode.tools.swift.compiler (in target 'EFFoundation' from project 'EFFoundation')
    cd /Users/admin/builder/spi-builder-workspace/.swiftpm/xcode
    builtin-Swift-Compilation-Requirements -- /Applications/Xcode-27.0.0-Release.Candidate.app/Contents/Developer/Toolchains/XcodeDefault.xctoolchain/usr/bin/swiftc -parse-as-library -module-name EFFoundation -Onone @/Users/admin/builder/spi-builder-workspace/.derivedData/Build/Intermediates.noindex/EFFoundation.build/Debug-xros/EFFoundation-t.build/Objects-normal/arm64/EFFoundation.SwiftFileList -DSWIFT_PACKAGE -DDEBUG -DSWIFT_MODULE_RESOURCE_BUNDLE_UNAVAILABLE -DXcode -plugin-path /Applications/Xcode-27.0.0-Release.Candidate.app/Contents/Developer/Toolchains/XcodeDefault.xctoolchain/usr/lib/swift/host/plugins/testing -enable-experimental-feature DebugDescriptionMacro -sdk /Applications/Xcode-27.0.0-Release.Candidate.app/Contents/Developer/Platforms/XROS.platform/Developer/SDKs/XROS27.0.sdk -target arm64-apple-xros1.0 -g -module-cache-path /Users/admin/builder/spi-builder-workspace/.derivedData/ModuleCache.noindex -Xfrontend -serialize-debugging-options -enable-testing -index-store-path /Users/admin/builder/spi-builder-workspace/.derivedData/Index.noindex/DataStore -Xcc -D_LIBCPP_HARDENING_MODE\=_LIBCPP_HARDENING_MODE_DEBUG -swift-version 5 -I /Users/admin/builder/spi-builder-workspace/.derivedData/Build/Products/Debug-xros -Isystem /Applications/Xcode-27.0.0-Release.Candidate.app/Contents/Developer/Platforms/XROS.platform/Developer/usr/lib -F /Users/admin/builder/spi-builder-workspace/.derivedData/Build/Products/Debug-xros -F /Applications/Xcode-27.0.0-Release.Candidate.app/Contents/Developer/Platforms/XROS.platform/Developer/Library/Frameworks -F /Applications/Xcode-27.0.0-Release.Candidate.app/Contents/Developer/Platforms/XROS.platform/Developer/SDKs/XROS27.0.sdk/Developer/Library/Frameworks -c -j10 -enable-batch-mode -incremental -Xcc -ivfsstatcache -Xcc /Users/admin/builder/spi-builder-workspace/.derivedData/SDKStatCaches.noindex/xros27.0-24M361-e829b21a6f8c9b70876ba0858053c044735bd543db762f57723cac368afd1ce4.sdkstatcache -output-file-map /Users/admin/builder/spi-builder-workspace/.derivedData/Build/Intermediates.noindex/EFFoundation.build/Debug-xros/EFFoundation-t.build/Objects-normal/arm64/EFFoundation-OutputFileMap.json -save-temps -no-color-diagnostics -explicit-module-build -module-cache-path /Users/admin/builder/spi-builder-workspace/.derivedData/Build/Intermediates.noindex/SwiftExplicitPrecompiledModules -clang-scanner-module-cache-path /Users/admin/builder/spi-builder-workspace/.derivedData/ModuleCache.noindex -sdk-module-cache-path /Users/admin/builder/spi-builder-workspace/.derivedData/SDKExplicitPrecompiledModules -emit-dependencies -emit-module -emit-module-path /Users/admin/builder/spi-builder-workspace/.derivedData/Build/Intermediates.noindex/EFFoundation.build/Debug-xros/EFFoundation-t.build/Objects-normal/arm64/EFFoundation.swiftmodule -serialize-diagnostics -dependency-scan-serialize-diagnostics-path /Users/admin/builder/spi-builder-workspace/.derivedData/Build/Intermediates.noindex/EFFoundation.build/Debug-xros/EFFoundation-t.build/Objects-normal/arm64/EFFoundation-dependency-scan.dia -validate-clang-modules-once -clang-build-session-file /Users/admin/builder/spi-builder-workspace/.derivedData/ModuleCache.noindex/Session.modulevalidation -Xcc -fmodules-prune-interval\=86400 -Xcc -fmodules-prune-after\=345600 -emit-const-values -const-gather-protocols-list /Users/admin/builder/spi-builder-workspace/.derivedData/Build/Intermediates.noindex/EFFoundation.build/Debug-xros/EFFoundation-t.build/Objects-normal/arm64/EFFoundation_const_extract_protocols.json -Xcc -I/Users/admin/builder/spi-builder-workspace/.derivedData/Build/Products/Debug-xros/include -Xcc -I/Users/admin/builder/spi-builder-workspace/.derivedData/Build/Intermediates.noindex/EFFoundation.build/Debug-xros/EFFoundation-t.build/DerivedSources-normal/arm64 -Xcc -I/Users/admin/builder/spi-builder-workspace/.derivedData/Build/Intermediates.noindex/EFFoundation.build/Debug-xros/EFFoundation-t.build/DerivedSources/arm64 -Xcc -I/Users/admin/builder/spi-builder-workspace/.derivedData/Build/Intermediates.noindex/EFFoundation.build/Debug-xros/EFFoundation-t.build/DerivedSources -Xcc -DSWIFT_PACKAGE -Xcc -DDEBUG\=1 -emit-objc-header -emit-objc-header-path /Users/admin/builder/spi-builder-workspace/.derivedData/Build/Intermediates.noindex/EFFoundation.build/Debug-xros/EFFoundation-t.build/Objects-normal/arm64/EFFoundation-Swift.h -working-directory /Users/admin/builder/spi-builder-workspace/.swiftpm/xcode -experimental-emit-module-separately -disable-cmo
SwiftDriverJobDiscovery normal arm64 Compiling BitSet.swift, Deque.swift, LinkedList.swift, Queue.swift, Stack.swift, Tree.swift (in target 'EFFoundation' from project 'EFFoundation')
SwiftMergeGeneratedHeaders /Users/admin/builder/spi-builder-workspace/.derivedData/Build/Intermediates.noindex/GeneratedModuleMaps-xros/EFFoundation-Swift.h /Users/admin/builder/spi-builder-workspace/.derivedData/Build/Intermediates.noindex/EFFoundation.build/Debug-xros/EFFoundation-t.build/Objects-normal/arm64/EFFoundation-Swift.h (in target 'EFFoundation' from project 'EFFoundation')
    cd /Users/admin/builder/spi-builder-workspace
    builtin-swiftHeaderTool -arch arm64 /Users/admin/builder/spi-builder-workspace/.derivedData/Build/Intermediates.noindex/EFFoundation.build/Debug-xros/EFFoundation-t.build/Objects-normal/arm64/EFFoundation-Swift.h -o /Users/admin/builder/spi-builder-workspace/.derivedData/Build/Intermediates.noindex/GeneratedModuleMaps-xros/EFFoundation-Swift.h
Copy /Users/admin/builder/spi-builder-workspace/.derivedData/Build/Products/Debug-xros/EFFoundation.swiftmodule/arm64-apple-xros.swiftmodule /Users/admin/builder/spi-builder-workspace/.derivedData/Build/Intermediates.noindex/EFFoundation.build/Debug-xros/EFFoundation-t.build/Objects-normal/arm64/EFFoundation.swiftmodule (in target 'EFFoundation' from project 'EFFoundation')
    cd /Users/admin/builder/spi-builder-workspace
    builtin-copy -exclude .DS_Store -exclude CVS -exclude .svn -exclude .git -exclude .hg -resolve-src-symlinks -rename /Users/admin/builder/spi-builder-workspace/.derivedData/Build/Intermediates.noindex/EFFoundation.build/Debug-xros/EFFoundation-t.build/Objects-normal/arm64/EFFoundation.swiftmodule /Users/admin/builder/spi-builder-workspace/.derivedData/Build/Products/Debug-xros/EFFoundation.swiftmodule/arm64-apple-xros.swiftmodule
Copy /Users/admin/builder/spi-builder-workspace/.derivedData/Build/Products/Debug-xros/EFFoundation.swiftmodule/arm64-apple-xros.swiftdoc /Users/admin/builder/spi-builder-workspace/.derivedData/Build/Intermediates.noindex/EFFoundation.build/Debug-xros/EFFoundation-t.build/Objects-normal/arm64/EFFoundation.swiftdoc (in target 'EFFoundation' from project 'EFFoundation')
    cd /Users/admin/builder/spi-builder-workspace
    builtin-copy -exclude .DS_Store -exclude CVS -exclude .svn -exclude .git -exclude .hg -resolve-src-symlinks -rename /Users/admin/builder/spi-builder-workspace/.derivedData/Build/Intermediates.noindex/EFFoundation.build/Debug-xros/EFFoundation-t.build/Objects-normal/arm64/EFFoundation.swiftdoc /Users/admin/builder/spi-builder-workspace/.derivedData/Build/Products/Debug-xros/EFFoundation.swiftmodule/arm64-apple-xros.swiftdoc
Copy /Users/admin/builder/spi-builder-workspace/.derivedData/Build/Products/Debug-xros/EFFoundation.swiftmodule/arm64-apple-xros.abi.json /Users/admin/builder/spi-builder-workspace/.derivedData/Build/Intermediates.noindex/EFFoundation.build/Debug-xros/EFFoundation-t.build/Objects-normal/arm64/EFFoundation.abi.json (in target 'EFFoundation' from project 'EFFoundation')
    cd /Users/admin/builder/spi-builder-workspace
    builtin-copy -exclude .DS_Store -exclude CVS -exclude .svn -exclude .git -exclude .hg -resolve-src-symlinks -rename /Users/admin/builder/spi-builder-workspace/.derivedData/Build/Intermediates.noindex/EFFoundation.build/Debug-xros/EFFoundation-t.build/Objects-normal/arm64/EFFoundation.abi.json /Users/admin/builder/spi-builder-workspace/.derivedData/Build/Products/Debug-xros/EFFoundation.swiftmodule/arm64-apple-xros.abi.json
Copy /Users/admin/builder/spi-builder-workspace/.derivedData/Build/Products/Debug-xros/EFFoundation.swiftmodule/Project/arm64-apple-xros.swiftsourceinfo /Users/admin/builder/spi-builder-workspace/.derivedData/Build/Intermediates.noindex/EFFoundation.build/Debug-xros/EFFoundation-t.build/Objects-normal/arm64/EFFoundation.swiftsourceinfo (in target 'EFFoundation' from project 'EFFoundation')
    cd /Users/admin/builder/spi-builder-workspace
    builtin-copy -exclude .DS_Store -exclude CVS -exclude .svn -exclude .git -exclude .hg -resolve-src-symlinks -rename /Users/admin/builder/spi-builder-workspace/.derivedData/Build/Intermediates.noindex/EFFoundation.build/Debug-xros/EFFoundation-t.build/Objects-normal/arm64/EFFoundation.swiftsourceinfo /Users/admin/builder/spi-builder-workspace/.derivedData/Build/Products/Debug-xros/EFFoundation.swiftmodule/Project/arm64-apple-xros.swiftsourceinfo
SwiftDriverJobDiscovery normal arm64 Compiling UINavigationController+.swift, UIRectCorner+.swift, UIView+.swift, UIViewController+.swift, UInt+.swift (in target 'EFFoundation' from project 'EFFoundation')
SwiftDriverJobDiscovery normal arm64 Compiling UInt16+.swift, UInt32+.swift, UInt64+.swift, UInt8+.swift, URL+.swift (in target 'EFFoundation' from project 'EFFoundation')
SwiftDriverJobDiscovery normal arm64 Compiling Dictionary+.swift, DispatchQueue+.swift, Double+.swift, Float+.swift, Int+.swift, Int16+.swift (in target 'EFFoundation' from project 'EFFoundation')
SwiftDriverJobDiscovery normal arm64 Compiling Int32+.swift, Int64+.swift, Int8+.swift, NSColor+.swift, NSImage+.swift, NSString+.swift (in target 'EFFoundation' from project 'EFFoundation')
PruneExplicitPrecompiledModules /Users/admin/builder/spi-builder-workspace/.derivedData/Build/Intermediates.noindex/ExplicitPrecompiledModules
PruneExplicitPrecompiledModules /Users/admin/builder/spi-builder-workspace/.derivedData/Build/Intermediates.noindex/SwiftExplicitPrecompiledModules
PruneExplicitPrecompiledModules /Users/admin/builder/spi-builder-workspace/.derivedData/SDKExplicitPrecompiledModules
2026-09-19 08:12:26.870 xcodebuild[657:4241] [MT] IDERunDestination: Supported platforms for the buildables in the current scheme is empty.
** BUILD FAILED **
The following build commands failed:
	SwiftCompile normal arm64 Compiling\ String+.swift,\ TimeInterval+.swift,\ UIApplication+.swift,\ UIButton+.swift,\ UICollectionView+.swift,\ UIColor+.swift /Users/admin/builder/spi-builder-workspace/EFFoundation/Core/Extension/String+.swift /Users/admin/builder/spi-builder-workspace/EFFoundation/Core/Extension/TimeInterval+.swift /Users/admin/builder/spi-builder-workspace/EFFoundation/Core/Extension/UIApplication+.swift /Users/admin/builder/spi-builder-workspace/EFFoundation/Core/Extension/UIButton+.swift /Users/admin/builder/spi-builder-workspace/EFFoundation/Core/Extension/UICollectionView+.swift /Users/admin/builder/spi-builder-workspace/EFFoundation/Core/Extension/UIColor+.swift (in target 'EFFoundation' from project 'EFFoundation')
	SwiftCompile normal arm64 /Users/admin/builder/spi-builder-workspace/EFFoundation/Core/Extension/UIApplication+.swift (in target 'EFFoundation' from project 'EFFoundation')
	Building workspace EFFoundation with scheme EFFoundation
(3 failures)
Command line invocation:
    /Applications/Xcode-27.0.0-Release.Candidate.app/Contents/Developer/usr/bin/xcodebuild -IDEClonedSourcePackagesDirPathOverride=/Users/admin/builder/spi-builder-workspace/.dependencies -resolvePackageDependencies
Resolve Package Graph
Resolved source packages:
  EFFoundation: /Users/admin/builder/spi-builder-workspace
resolved source packages: EFFoundation
2026-09-19 08:12:37.078 xcodebuild[750:4683] [MT] IDERunDestination: Supported platforms for the buildables in the current scheme is empty.
{
  "dependencies" : [
  ],
  "manifest_display_name" : "EFFoundation",
  "name" : "EFFoundation",
  "path" : "/Users/admin/builder/spi-builder-workspace",
  "platforms" : [
    {
      "name" : "ios",
      "version" : "11.0"
    },
    {
      "name" : "macos",
      "version" : "10.13"
    },
    {
      "name" : "tvos",
      "version" : "11.0"
    },
    {
      "name" : "watchos",
      "version" : "6.0"
    }
  ],
  "products" : [
    {
      "name" : "EFFoundation",
      "targets" : [
        "EFFoundation"
      ],
      "type" : {
        "library" : [
          "automatic"
        ]
      }
    }
  ],
  "swift_languages_versions" : [
    "5"
  ],
  "targets" : [
    {
      "c99name" : "EFFoundation",
      "module_type" : "SwiftTarget",
      "name" : "EFFoundation",
      "path" : "EFFoundation/Core",
      "product_memberships" : [
        "EFFoundation"
      ],
      "sources" : [
        "DataStructure/BitSet.swift",
        "DataStructure/Deque.swift",
        "DataStructure/LinkedList.swift",
        "DataStructure/Queue.swift",
        "DataStructure/Stack.swift",
        "DataStructure/Tree.swift",
        "EFFoundation.swift",
        "Extension/Array+.swift",
        "Extension/ArraySlice+.swift",
        "Extension/BinaryFloatingPoint+.swift",
        "Extension/BinaryInteger+.swift",
        "Extension/Bool+.swift",
        "Extension/CATransaction+.swift",
        "Extension/CGColor+.swift",
        "Extension/CGFloat+.swift",
        "Extension/CGImage.swift",
        "Extension/CGRect+.swift",
        "Extension/CGSize+.swift",
        "Extension/CIColor+.swift",
        "Extension/CIImage+.swift",
        "Extension/Character+.swift",
        "Extension/Comparable+.swift",
        "Extension/Data+.swift",
        "Extension/Date+.swift",
        "Extension/Dictionary+.swift",
        "Extension/DispatchQueue+.swift",
        "Extension/Double+.swift",
        "Extension/Float+.swift",
        "Extension/Int+.swift",
        "Extension/Int16+.swift",
        "Extension/Int32+.swift",
        "Extension/Int64+.swift",
        "Extension/Int8+.swift",
        "Extension/NSColor+.swift",
        "Extension/NSImage+.swift",
        "Extension/NSString+.swift",
        "Extension/String+.swift",
        "Extension/TimeInterval+.swift",
        "Extension/UIApplication+.swift",
        "Extension/UIButton+.swift",
        "Extension/UICollectionView+.swift",
        "Extension/UIColor+.swift",
        "Extension/UIControl+.swift",
        "Extension/UIEdgeInsets+.swift",
        "Extension/UIFont+.swift",
        "Extension/UIGestureRecognizer+.swift",
        "Extension/UIImage+.swift",
        "Extension/UIImageView+.swift",
        "Extension/UINavigationController+.swift",
        "Extension/UIRectCorner+.swift",
        "Extension/UIView+.swift",
        "Extension/UIViewController+.swift",
        "Extension/UInt+.swift",
        "Extension/UInt16+.swift",
        "Extension/UInt32+.swift",
        "Extension/UInt64+.swift",
        "Extension/UInt8+.swift",
        "Extension/URL+.swift"
      ],
      "type" : "library"
    }
  ],
  "tools_version" : "5.1"
}
{
  "workspace" : {
    "name" : "EFFoundation",
    "schemes" : [
      "EFFoundation"
    ]
  }
}
2026-09-19 08:12:38.273 xcodebuild[758:4751] [MT] IDERunDestination: Supported platforms for the buildables in the current scheme is empty.
Running build ...
env DEVELOPER_DIR=/Applications/Xcode-27.0.0-Release.Candidate.app xcrun xcodebuild -IDEClonedSourcePackagesDirPathOverride=$PWD/.dependencies -skipMacroValidation -skipPackagePluginValidation -derivedDataPath $PWD/.derivedData build -scheme EFFoundation -destination generic/platform=xrOS
Command line invocation:
    /Applications/Xcode-27.0.0-Release.Candidate.app/Contents/Developer/usr/bin/xcodebuild -IDEClonedSourcePackagesDirPathOverride=/Users/admin/builder/spi-builder-workspace/.dependencies -skipMacroValidation -skipPackagePluginValidation -derivedDataPath /Users/admin/builder/spi-builder-workspace/.derivedData build -scheme EFFoundation -destination generic/platform=xrOS
Resolve Package Graph
Resolved source packages:
  EFFoundation: /Users/admin/builder/spi-builder-workspace
ComputePackagePrebuildTargetDependencyGraph
Prepare packages
CreateBuildRequest
SendProjectDescription
CreateBuildOperation
ComputeTargetDependencyGraph
note: Building targets in dependency order
note: Target dependency graph (2 targets)
    Target 'EFFoundation-product' in project 'EFFoundation'
        ➜ Explicit dependency on target 'EFFoundation' in project 'EFFoundation'
    Target 'EFFoundation' in project 'EFFoundation' (no dependencies)
GatherProvisioningInputs
CreateBuildDescription
ClangStatCache /Applications/Xcode-27.0.0-Release.Candidate.app/Contents/Developer/Toolchains/XcodeDefault.xctoolchain/usr/bin/clang-stat-cache /Applications/Xcode-27.0.0-Release.Candidate.app/Contents/Developer/Platforms/XROS.platform/Developer/SDKs/XROS27.0.sdk /Users/admin/builder/spi-builder-workspace/.derivedData/SDKStatCaches.noindex/xros27.0-24M361-e829b21a6f8c9b70876ba0858053c044735bd543db762f57723cac368afd1ce4.sdkstatcache
    cd /Users/admin/builder/spi-builder-workspace/.swiftpm/xcode
    /Applications/Xcode-27.0.0-Release.Candidate.app/Contents/Developer/Toolchains/XcodeDefault.xctoolchain/usr/bin/clang-stat-cache /Applications/Xcode-27.0.0-Release.Candidate.app/Contents/Developer/Platforms/XROS.platform/Developer/SDKs/XROS27.0.sdk -o /Users/admin/builder/spi-builder-workspace/.derivedData/SDKStatCaches.noindex/xros27.0-24M361-e829b21a6f8c9b70876ba0858053c044735bd543db762f57723cac368afd1ce4.sdkstatcache
SwiftDriver EFFoundation normal arm64 com.apple.xcode.tools.swift.compiler (in target 'EFFoundation' from project 'EFFoundation')
    cd /Users/admin/builder/spi-builder-workspace/.swiftpm/xcode
    builtin-SwiftDriver -- /Applications/Xcode-27.0.0-Release.Candidate.app/Contents/Developer/Toolchains/XcodeDefault.xctoolchain/usr/bin/swiftc -parse-as-library -module-name EFFoundation -Onone @/Users/admin/builder/spi-builder-workspace/.derivedData/Build/Intermediates.noindex/EFFoundation.build/Debug-xros/EFFoundation-t.build/Objects-normal/arm64/EFFoundation.SwiftFileList -DSWIFT_PACKAGE -DDEBUG -DSWIFT_MODULE_RESOURCE_BUNDLE_UNAVAILABLE -DXcode -plugin-path /Applications/Xcode-27.0.0-Release.Candidate.app/Contents/Developer/Toolchains/XcodeDefault.xctoolchain/usr/lib/swift/host/plugins/testing -enable-experimental-feature DebugDescriptionMacro -sdk /Applications/Xcode-27.0.0-Release.Candidate.app/Contents/Developer/Platforms/XROS.platform/Developer/SDKs/XROS27.0.sdk -target arm64-apple-xros1.0 -g -module-cache-path /Users/admin/builder/spi-builder-workspace/.derivedData/ModuleCache.noindex -Xfrontend -serialize-debugging-options -enable-testing -index-store-path /Users/admin/builder/spi-builder-workspace/.derivedData/Index.noindex/DataStore -Xcc -D_LIBCPP_HARDENING_MODE\=_LIBCPP_HARDENING_MODE_DEBUG -swift-version 5 -I /Users/admin/builder/spi-builder-workspace/.derivedData/Build/Products/Debug-xros -Isystem /Applications/Xcode-27.0.0-Release.Candidate.app/Contents/Developer/Platforms/XROS.platform/Developer/usr/lib -F /Users/admin/builder/spi-builder-workspace/.derivedData/Build/Products/Debug-xros -F /Applications/Xcode-27.0.0-Release.Candidate.app/Contents/Developer/Platforms/XROS.platform/Developer/Library/Frameworks -F /Applications/Xcode-27.0.0-Release.Candidate.app/Contents/Developer/Platforms/XROS.platform/Developer/SDKs/XROS27.0.sdk/Developer/Library/Frameworks -c -j10 -enable-batch-mode -incremental -Xcc -ivfsstatcache -Xcc /Users/admin/builder/spi-builder-workspace/.derivedData/SDKStatCaches.noindex/xros27.0-24M361-e829b21a6f8c9b70876ba0858053c044735bd543db762f57723cac368afd1ce4.sdkstatcache -output-file-map /Users/admin/builder/spi-builder-workspace/.derivedData/Build/Intermediates.noindex/EFFoundation.build/Debug-xros/EFFoundation-t.build/Objects-normal/arm64/EFFoundation-OutputFileMap.json -save-temps -no-color-diagnostics -explicit-module-build -module-cache-path /Users/admin/builder/spi-builder-workspace/.derivedData/Build/Intermediates.noindex/SwiftExplicitPrecompiledModules -clang-scanner-module-cache-path /Users/admin/builder/spi-builder-workspace/.derivedData/ModuleCache.noindex -sdk-module-cache-path /Users/admin/builder/spi-builder-workspace/.derivedData/SDKExplicitPrecompiledModules -emit-dependencies -emit-module -emit-module-path /Users/admin/builder/spi-builder-workspace/.derivedData/Build/Intermediates.noindex/EFFoundation.build/Debug-xros/EFFoundation-t.build/Objects-normal/arm64/EFFoundation.swiftmodule -serialize-diagnostics -dependency-scan-serialize-diagnostics-path /Users/admin/builder/spi-builder-workspace/.derivedData/Build/Intermediates.noindex/EFFoundation.build/Debug-xros/EFFoundation-t.build/Objects-normal/arm64/EFFoundation-dependency-scan.dia -validate-clang-modules-once -clang-build-session-file /Users/admin/builder/spi-builder-workspace/.derivedData/ModuleCache.noindex/Session.modulevalidation -Xcc -fmodules-prune-interval\=86400 -Xcc -fmodules-prune-after\=345600 -emit-const-values -const-gather-protocols-list /Users/admin/builder/spi-builder-workspace/.derivedData/Build/Intermediates.noindex/EFFoundation.build/Debug-xros/EFFoundation-t.build/Objects-normal/arm64/EFFoundation_const_extract_protocols.json -Xcc -I/Users/admin/builder/spi-builder-workspace/.derivedData/Build/Products/Debug-xros/include -Xcc -I/Users/admin/builder/spi-builder-workspace/.derivedData/Build/Intermediates.noindex/EFFoundation.build/Debug-xros/EFFoundation-t.build/DerivedSources-normal/arm64 -Xcc -I/Users/admin/builder/spi-builder-workspace/.derivedData/Build/Intermediates.noindex/EFFoundation.build/Debug-xros/EFFoundation-t.build/DerivedSources/arm64 -Xcc -I/Users/admin/builder/spi-builder-workspace/.derivedData/Build/Intermediates.noindex/EFFoundation.build/Debug-xros/EFFoundation-t.build/DerivedSources -Xcc -DSWIFT_PACKAGE -Xcc -DDEBUG\=1 -emit-objc-header -emit-objc-header-path /Users/admin/builder/spi-builder-workspace/.derivedData/Build/Intermediates.noindex/EFFoundation.build/Debug-xros/EFFoundation-t.build/Objects-normal/arm64/EFFoundation-Swift.h -working-directory /Users/admin/builder/spi-builder-workspace/.swiftpm/xcode -experimental-emit-module-separately -disable-cmo
SwiftCompile normal arm64 Compiling\ BinaryFloatingPoint+.swift,\ BinaryInteger+.swift,\ Bool+.swift /Users/admin/builder/spi-builder-workspace/EFFoundation/Core/Extension/BinaryFloatingPoint+.swift /Users/admin/builder/spi-builder-workspace/EFFoundation/Core/Extension/BinaryInteger+.swift /Users/admin/builder/spi-builder-workspace/EFFoundation/Core/Extension/Bool+.swift (in target 'EFFoundation' from project 'EFFoundation')
SwiftCompile normal arm64 /Users/admin/builder/spi-builder-workspace/EFFoundation/Core/Extension/BinaryFloatingPoint+.swift (in target 'EFFoundation' from project 'EFFoundation')
    cd /Users/admin/builder/spi-builder-workspace/.swiftpm/xcode
    builtin-SwiftPerFileCompile BinaryFloatingPoint+.swift
SwiftCompile normal arm64 /Users/admin/builder/spi-builder-workspace/EFFoundation/Core/Extension/BinaryInteger+.swift (in target 'EFFoundation' from project 'EFFoundation')
    cd /Users/admin/builder/spi-builder-workspace/.swiftpm/xcode
    builtin-SwiftPerFileCompile BinaryInteger+.swift
SwiftCompile normal arm64 /Users/admin/builder/spi-builder-workspace/EFFoundation/Core/Extension/Bool+.swift (in target 'EFFoundation' from project 'EFFoundation')
    cd /Users/admin/builder/spi-builder-workspace/.swiftpm/xcode
    builtin-SwiftPerFileCompile Bool+.swift
SwiftCompile normal arm64 Compiling\ EFFoundation.swift,\ Array+.swift,\ ArraySlice+.swift /Users/admin/builder/spi-builder-workspace/EFFoundation/Core/EFFoundation.swift /Users/admin/builder/spi-builder-workspace/EFFoundation/Core/Extension/Array+.swift /Users/admin/builder/spi-builder-workspace/EFFoundation/Core/Extension/ArraySlice+.swift (in target 'EFFoundation' from project 'EFFoundation')
SwiftCompile normal arm64 /Users/admin/builder/spi-builder-workspace/EFFoundation/Core/EFFoundation.swift (in target 'EFFoundation' from project 'EFFoundation')
    cd /Users/admin/builder/spi-builder-workspace/.swiftpm/xcode
    builtin-SwiftPerFileCompile EFFoundation.swift
SwiftCompile normal arm64 /Users/admin/builder/spi-builder-workspace/EFFoundation/Core/Extension/Array+.swift (in target 'EFFoundation' from project 'EFFoundation')
    cd /Users/admin/builder/spi-builder-workspace/.swiftpm/xcode
    builtin-SwiftPerFileCompile Array+.swift
SwiftCompile normal arm64 /Users/admin/builder/spi-builder-workspace/EFFoundation/Core/Extension/ArraySlice+.swift (in target 'EFFoundation' from project 'EFFoundation')
    cd /Users/admin/builder/spi-builder-workspace/.swiftpm/xcode
    builtin-SwiftPerFileCompile ArraySlice+.swift
SwiftCompile normal arm64 Compiling\ CGImage.swift,\ CGRect+.swift,\ CGSize+.swift /Users/admin/builder/spi-builder-workspace/EFFoundation/Core/Extension/CGImage.swift /Users/admin/builder/spi-builder-workspace/EFFoundation/Core/Extension/CGRect+.swift /Users/admin/builder/spi-builder-workspace/EFFoundation/Core/Extension/CGSize+.swift (in target 'EFFoundation' from project 'EFFoundation')
SwiftCompile normal arm64 /Users/admin/builder/spi-builder-workspace/EFFoundation/Core/Extension/CGImage.swift (in target 'EFFoundation' from project 'EFFoundation')
    cd /Users/admin/builder/spi-builder-workspace/.swiftpm/xcode
    builtin-SwiftPerFileCompile CGImage.swift
SwiftCompile normal arm64 /Users/admin/builder/spi-builder-workspace/EFFoundation/Core/Extension/CGRect+.swift (in target 'EFFoundation' from project 'EFFoundation')
    cd /Users/admin/builder/spi-builder-workspace/.swiftpm/xcode
    builtin-SwiftPerFileCompile CGRect+.swift
SwiftCompile normal arm64 /Users/admin/builder/spi-builder-workspace/EFFoundation/Core/Extension/CGSize+.swift (in target 'EFFoundation' from project 'EFFoundation')
    cd /Users/admin/builder/spi-builder-workspace/.swiftpm/xcode
    builtin-SwiftPerFileCompile CGSize+.swift
SwiftCompile normal arm64 Compiling\ CATransaction+.swift,\ CGColor+.swift,\ CGFloat+.swift /Users/admin/builder/spi-builder-workspace/EFFoundation/Core/Extension/CATransaction+.swift /Users/admin/builder/spi-builder-workspace/EFFoundation/Core/Extension/CGColor+.swift /Users/admin/builder/spi-builder-workspace/EFFoundation/Core/Extension/CGFloat+.swift (in target 'EFFoundation' from project 'EFFoundation')
SwiftCompile normal arm64 /Users/admin/builder/spi-builder-workspace/EFFoundation/Core/Extension/CATransaction+.swift (in target 'EFFoundation' from project 'EFFoundation')
    cd /Users/admin/builder/spi-builder-workspace/.swiftpm/xcode
    builtin-SwiftPerFileCompile CATransaction+.swift
SwiftCompile normal arm64 /Users/admin/builder/spi-builder-workspace/EFFoundation/Core/Extension/CGColor+.swift (in target 'EFFoundation' from project 'EFFoundation')
    cd /Users/admin/builder/spi-builder-workspace/.swiftpm/xcode
    builtin-SwiftPerFileCompile CGColor+.swift
SwiftCompile normal arm64 /Users/admin/builder/spi-builder-workspace/EFFoundation/Core/Extension/CGFloat+.swift (in target 'EFFoundation' from project 'EFFoundation')
    cd /Users/admin/builder/spi-builder-workspace/.swiftpm/xcode
    builtin-SwiftPerFileCompile CGFloat+.swift
SwiftCompile normal arm64 Compiling\ UIButton+.swift,\ UICollectionView+.swift,\ UIColor+.swift /Users/admin/builder/spi-builder-workspace/EFFoundation/Core/Extension/UIButton+.swift /Users/admin/builder/spi-builder-workspace/EFFoundation/Core/Extension/UICollectionView+.swift /Users/admin/builder/spi-builder-workspace/EFFoundation/Core/Extension/UIColor+.swift (in target 'EFFoundation' from project 'EFFoundation')
SwiftCompile normal arm64 /Users/admin/builder/spi-builder-workspace/EFFoundation/Core/Extension/UIButton+.swift (in target 'EFFoundation' from project 'EFFoundation')
    cd /Users/admin/builder/spi-builder-workspace/.swiftpm/xcode
    builtin-SwiftPerFileCompile UIButton+.swift
SwiftCompile normal arm64 /Users/admin/builder/spi-builder-workspace/EFFoundation/Core/Extension/UICollectionView+.swift (in target 'EFFoundation' from project 'EFFoundation')
    cd /Users/admin/builder/spi-builder-workspace/.swiftpm/xcode
    builtin-SwiftPerFileCompile UICollectionView+.swift
SwiftCompile normal arm64 /Users/admin/builder/spi-builder-workspace/EFFoundation/Core/Extension/UIColor+.swift (in target 'EFFoundation' from project 'EFFoundation')
    cd /Users/admin/builder/spi-builder-workspace/.swiftpm/xcode
    builtin-SwiftPerFileCompile UIColor+.swift
SwiftCompile normal arm64 Compiling\ String+.swift,\ TimeInterval+.swift,\ UIApplication+.swift /Users/admin/builder/spi-builder-workspace/EFFoundation/Core/Extension/String+.swift /Users/admin/builder/spi-builder-workspace/EFFoundation/Core/Extension/TimeInterval+.swift /Users/admin/builder/spi-builder-workspace/EFFoundation/Core/Extension/UIApplication+.swift (in target 'EFFoundation' from project 'EFFoundation')
/Users/admin/builder/spi-builder-workspace/EFFoundation/Core/Extension/String+.swift:220:1: warning: extension declares a conformance of imported type 'String' to imported protocols 'LocalizedError', 'Error'; this will not behave correctly if the owners of 'Swift' introduce this conformance in the future
218 |
219 | // throw errors using strings
220 | extension String: LocalizedError {
    | |- warning: extension declares a conformance of imported type 'String' to imported protocols 'LocalizedError', 'Error'; this will not behave correctly if the owners of 'Swift' introduce this conformance in the future
    | `- note: add '@retroactive' to silence this warning
221 |     public var errorDescription: String? { return self }
222 | }
/Users/admin/builder/spi-builder-workspace/EFFoundation/Core/Extension/UIApplication+.swift:45:62: warning: 'windows' was deprecated in visionOS 1.0: Use UIWindowScene.windows on a relevant window scene instead [#DeprecatedDeclaration]
43 |                     for keyWindow in windowScene.windows.filter({ $0.isKeyWindow }) where !findNormalWindow {
44 |                         if keyWindow.windowLevel != .normal {
45 |                             let windows = currentApplication.windows
   |                                                              `- warning: 'windows' was deprecated in visionOS 1.0: Use UIWindowScene.windows on a relevant window scene instead [#DeprecatedDeclaration]
46 |                             for temp in windows where (!findNormalWindow && temp.windowLevel == .normal) {
47 |                                 targetWindow = temp
/Users/admin/builder/spi-builder-workspace/EFFoundation/Core/Extension/UIApplication+.swift:47:48: error: cannot assign value of type 'UIWindow' to type '() -> UIWindow?'
45 |                             let windows = currentApplication.windows
46 |                             for temp in windows where (!findNormalWindow && temp.windowLevel == .normal) {
47 |                                 targetWindow = temp
   |                                                `- error: cannot assign value of type 'UIWindow' to type '() -> UIWindow?'
48 |                                 findNormalWindow = true
49 |                                 break
/Users/admin/builder/spi-builder-workspace/EFFoundation/Core/Extension/UIApplication+.swift:52:44: error: cannot assign value of type 'UIWindow' to type '() -> UIWindow?'
50 |                             }
51 |                         } else {
52 |                             targetWindow = keyWindow
   |                                            `- error: cannot assign value of type 'UIWindow' to type '() -> UIWindow?'
53 |                             findNormalWindow = true
54 |                             break
/Users/admin/builder/spi-builder-workspace/EFFoundation/Core/Extension/UIApplication+.swift:60:46: error: function 'keyWindow' was used as a property; add () to call it
58 |             }
59 |         } else {
60 |             if let keyWindow = targetWindow, keyWindow.windowLevel != .normal {
   |                                              `- error: function 'keyWindow' was used as a property; add () to call it
61 |                 let windows = currentApplication.windows
62 |                 for temp in windows {
/Users/admin/builder/spi-builder-workspace/EFFoundation/Core/Extension/UIApplication+.swift:60:46: error: value of optional type 'UIWindow?' must be unwrapped to refer to member 'windowLevel' of wrapped base type 'UIWindow'
58 |             }
59 |         } else {
60 |             if let keyWindow = targetWindow, keyWindow.windowLevel != .normal {
   |                                              |- error: value of optional type 'UIWindow?' must be unwrapped to refer to member 'windowLevel' of wrapped base type 'UIWindow'
   |                                              |- note: chain the optional using '?' to access member 'windowLevel' only for non-'nil' base values
   |                                              `- note: force-unwrap using '!' to abort execution if the optional value contains 'nil'
61 |                 let windows = currentApplication.windows
62 |                 for temp in windows {
/Users/admin/builder/spi-builder-workspace/EFFoundation/Core/Extension/UIApplication+.swift:64:40: error: cannot assign value of type 'UIWindow' to type '() -> UIWindow?'
62 |                 for temp in windows {
63 |                     if temp.windowLevel == .normal {
64 |                         targetWindow = temp
   |                                        `- error: cannot assign value of type 'UIWindow' to type '() -> UIWindow?'
65 |                         break
66 |                     }
/Users/admin/builder/spi-builder-workspace/EFFoundation/Core/Extension/UIApplication+.swift:60:16: error: initializer for conditional binding must have Optional type, not '() -> UIWindow?'
58 |             }
59 |         } else {
60 |             if let keyWindow = targetWindow, keyWindow.windowLevel != .normal {
   |                `- error: initializer for conditional binding must have Optional type, not '() -> UIWindow?'
61 |                 let windows = currentApplication.windows
62 |                 for temp in windows {
/Users/admin/builder/spi-builder-workspace/EFFoundation/Core/Extension/UIApplication+.swift:70:16: error: function produces expected type 'UIWindow?'; did you mean to call it with '()'?
68 |             }
69 |         }
70 |         return targetWindow
   |                `- error: function produces expected type 'UIWindow?'; did you mean to call it with '()'?
71 |     }
72 | }
[#DeprecatedDeclaration]: <https://docs.swift.org/compiler/documentation/diagnostics/deprecated-declaration>
Failed frontend command:
SwiftCompile normal arm64 /Users/admin/builder/spi-builder-workspace/EFFoundation/Core/Extension/String+.swift (in target 'EFFoundation' from project 'EFFoundation')
    cd /Users/admin/builder/spi-builder-workspace/.swiftpm/xcode
    builtin-SwiftPerFileCompile String+.swift
SwiftCompile normal arm64 /Users/admin/builder/spi-builder-workspace/EFFoundation/Core/Extension/TimeInterval+.swift (in target 'EFFoundation' from project 'EFFoundation')
    cd /Users/admin/builder/spi-builder-workspace/.swiftpm/xcode
    builtin-SwiftPerFileCompile TimeInterval+.swift
SwiftCompile normal arm64 /Users/admin/builder/spi-builder-workspace/EFFoundation/Core/Extension/UIApplication+.swift (in target 'EFFoundation' from project 'EFFoundation')
    cd /Users/admin/builder/spi-builder-workspace/.swiftpm/xcode
    builtin-SwiftPerFileCompile UIApplication+.swift
/Applications/Xcode-27.0.0-Release.Candidate.app/Contents/Developer/Toolchains/XcodeDefault.xctoolchain/usr/bin/swift-frontend -frontend -c /Users/admin/builder/spi-builder-workspace/EFFoundation/Core/DataStructure/BitSet.swift /Users/admin/builder/spi-builder-workspace/EFFoundation/Core/DataStructure/Deque.swift /Users/admin/builder/spi-builder-workspace/EFFoundation/Core/DataStructure/LinkedList.swift /Users/admin/builder/spi-builder-workspace/EFFoundation/Core/DataStructure/Queue.swift /Users/admin/builder/spi-builder-workspace/EFFoundation/Core/DataStructure/Stack.swift /Users/admin/builder/spi-builder-workspace/EFFoundation/Core/DataStructure/Tree.swift /Users/admin/builder/spi-builder-workspace/EFFoundation/Core/EFFoundation.swift /Users/admin/builder/spi-builder-workspace/EFFoundation/Core/Extension/Array+.swift /Users/admin/builder/spi-builder-workspace/EFFoundation/Core/Extension/ArraySlice+.swift /Users/admin/builder/spi-builder-workspace/EFFoundation/Core/Extension/BinaryFloatingPoint+.swift /Users/admin/builder/spi-builder-workspace/EFFoundation/Core/Extension/BinaryInteger+.swift /Users/admin/builder/spi-builder-workspace/EFFoundation/Core/Extension/Bool+.swift /Users/admin/builder/spi-builder-workspace/EFFoundation/Core/Extension/CATransaction+.swift /Users/admin/builder/spi-builder-workspace/EFFoundation/Core/Extension/CGColor+.swift /Users/admin/builder/spi-builder-workspace/EFFoundation/Core/Extension/CGFloat+.swift /Users/admin/builder/spi-builder-workspace/EFFoundation/Core/Extension/CGImage.swift /Users/admin/builder/spi-builder-workspace/EFFoundation/Core/Extension/CGRect+.swift /Users/admin/builder/spi-builder-workspace/EFFoundation/Core/Extension/CGSize+.swift /Users/admin/builder/spi-builder-workspace/EFFoundation/Core/Extension/CIColor+.swift /Users/admin/builder/spi-builder-workspace/EFFoundation/Core/Extension/CIImage+.swift /Users/admin/builder/spi-builder-workspace/EFFoundation/Core/Extension/Character+.swift /Users/admin/builder/spi-builder-workspace/EFFoundation/Core/Extension/Comparable+.swift /Users/admin/builder/spi-builder-workspace/EFFoundation/Core/Extension/Data+.swift /Users/admin/builder/spi-builder-workspace/EFFoundation/Core/Extension/Date+.swift /Users/admin/builder/spi-builder-workspace/EFFoundation/Core/Extension/Dictionary+.swift /Users/admin/builder/spi-builder-workspace/EFFoundation/Core/Extension/DispatchQueue+.swift /Users/admin/builder/spi-builder-workspace/EFFoundation/Core/Extension/Double+.swift /Users/admin/builder/spi-builder-workspace/EFFoundation/Core/Extension/Float+.swift /Users/admin/builder/spi-builder-workspace/EFFoundation/Core/Extension/Int+.swift /Users/admin/builder/spi-builder-workspace/EFFoundation/Core/Extension/Int16+.swift /Users/admin/builder/spi-builder-workspace/EFFoundation/Core/Extension/Int32+.swift /Users/admin/builder/spi-builder-workspace/EFFoundation/Core/Extension/Int64+.swift /Users/admin/builder/spi-builder-workspace/EFFoundation/Core/Extension/Int8+.swift /Users/admin/builder/spi-builder-workspace/EFFoundation/Core/Extension/NSColor+.swift /Users/admin/builder/spi-builder-workspace/EFFoundation/Core/Extension/NSImage+.swift /Users/admin/builder/spi-builder-workspace/EFFoundation/Core/Extension/NSString+.swift -primary-file /Users/admin/builder/spi-builder-workspace/EFFoundation/Core/Extension/String+.swift -primary-file /Users/admin/builder/spi-builder-workspace/EFFoundation/Core/Extension/TimeInterval+.swift -primary-file /Users/admin/builder/spi-builder-workspace/EFFoundation/Core/Extension/UIApplication+.swift /Users/admin/builder/spi-builder-workspace/EFFoundation/Core/Extension/UIButton+.swift /Users/admin/builder/spi-builder-workspace/EFFoundation/Core/Extension/UICollectionView+.swift /Users/admin/builder/spi-builder-workspace/EFFoundation/Core/Extension/UIColor+.swift /Users/admin/builder/spi-builder-workspace/EFFoundation/Core/Extension/UIControl+.swift /Users/admin/builder/spi-builder-workspace/EFFoundation/Core/Extension/UIEdgeInsets+.swift /Users/admin/builder/spi-builder-workspace/EFFoundation/Core/Extension/UIFont+.swift /Users/admin/builder/spi-builder-workspace/EFFoundation/Core/Extension/UIGestureRecognizer+.swift /Users/admin/builder/spi-builder-workspace/EFFoundation/Core/Extension/UIImage+.swift /Users/admin/builder/spi-builder-workspace/EFFoundation/Core/Extension/UIImageView+.swift /Users/admin/builder/spi-builder-workspace/EFFoundation/Core/Extension/UINavigationController+.swift /Users/admin/builder/spi-builder-workspace/EFFoundation/Core/Extension/UIRectCorner+.swift /Users/admin/builder/spi-builder-workspace/EFFoundation/Core/Extension/UIView+.swift /Users/admin/builder/spi-builder-workspace/EFFoundation/Core/Extension/UIViewController+.swift /Users/admin/builder/spi-builder-workspace/EFFoundation/Core/Extension/UInt+.swift /Users/admin/builder/spi-builder-workspace/EFFoundation/Core/Extension/UInt16+.swift /Users/admin/builder/spi-builder-workspace/EFFoundation/Core/Extension/UInt32+.swift /Users/admin/builder/spi-builder-workspace/EFFoundation/Core/Extension/UInt64+.swift /Users/admin/builder/spi-builder-workspace/EFFoundation/Core/Extension/UInt8+.swift /Users/admin/builder/spi-builder-workspace/EFFoundation/Core/Extension/URL+.swift -supplementary-output-file-map /Users/admin/builder/spi-builder-workspace/.derivedData/Build/Intermediates.noindex/EFFoundation.build/Debug-xros/EFFoundation-t.build/Objects-normal/arm64/supplementaryOutputs-7 -target arm64-apple-xros1.0 -module-can-import-version CoreImage 3 7.0.0 -module-can-import-version UIKit 9127.0.84.1 9127.0.84 -disable-cross-import-overlay-search -load-resolved-plugin /Applications/Xcode-27.0.0-Release.Candidate.app/Contents/Developer/Platforms/XROS.platform/Developer/usr/lib/swift/host/plugins/libFoundationMacros.dylib\#/Applications/Xcode-27.0.0-Release.Candidate.app/Contents/Developer/Platforms/XROS.platform/Developer/usr/bin/swift-plugin-server\#FoundationMacros -load-resolved-plugin /Applications/Xcode-27.0.0-Release.Candidate.app/Contents/Developer/Platforms/XROS.platform/Developer/usr/lib/swift/host/plugins/libObservationMacros.dylib\#/Applications/Xcode-27.0.0-Release.Candidate.app/Contents/Developer/Platforms/XROS.platform/Developer/usr/bin/swift-plugin-server\#ObservationMacros -load-resolved-plugin /Applications/Xcode-27.0.0-Release.Candidate.app/Contents/Developer/Platforms/XROS.platform/Developer/usr/lib/swift/host/plugins/libPreviewsMacros.dylib\#/Applications/Xcode-27.0.0-Release.Candidate.app/Contents/Developer/Platforms/XROS.platform/Developer/usr/bin/swift-plugin-server\#PreviewsMacros -load-resolved-plugin /Applications/Xcode-27.0.0-Release.Candidate.app/Contents/Developer/Platforms/XROS.platform/Developer/usr/lib/swift/host/plugins/libSwiftMacros.dylib\#/Applications/Xcode-27.0.0-Release.Candidate.app/Contents/Developer/Platforms/XROS.platform/Developer/usr/bin/swift-plugin-server\#SwiftMacros -load-resolved-plugin /Applications/Xcode-27.0.0-Release.Candidate.app/Contents/Developer/Platforms/XROS.platform/Developer/usr/lib/swift/host/plugins/libSwiftUIMacros.dylib\#/Applications/Xcode-27.0.0-Release.Candidate.app/Contents/Developer/Platforms/XROS.platform/Developer/usr/bin/swift-plugin-server\#SwiftUIMacros -disable-implicit-swift-modules -Xcc -fno-implicit-modules -Xcc -fno-implicit-module-maps -explicit-swift-module-map-file /Users/admin/builder/spi-builder-workspace/.derivedData/Build/Intermediates.noindex/EFFoundation.build/Debug-xros/EFFoundation-t.build/Objects-normal/arm64/EFFoundation-dependencies-1.json -Xllvm -aarch64-use-tbi -enable-objc-interop -stack-check -sdk /Applications/Xcode-27.0.0-Release.Candidate.app/Contents/Developer/Platforms/XROS.platform/Developer/SDKs/XROS27.0.sdk -I /Users/admin/builder/spi-builder-workspace/.derivedData/Build/Products/Debug-xros -Isystem /Applications/Xcode-27.0.0-Release.Candidate.app/Contents/Developer/Platforms/XROS.platform/Developer/usr/lib -F /Users/admin/builder/spi-builder-workspace/.derivedData/Build/Products/Debug-xros -F /Applications/Xcode-27.0.0-Release.Candidate.app/Contents/Developer/Platforms/XROS.platform/Developer/Library/Frameworks -F /Applications/Xcode-27.0.0-Release.Candidate.app/Contents/Developer/Platforms/XROS.platform/Developer/SDKs/XROS27.0.sdk/Developer/Library/Frameworks -module-cache-path /Users/admin/builder/spi-builder-workspace/.derivedData/Build/Intermediates.noindex/SwiftExplicitPrecompiledModules -no-color-diagnostics -Xcc -fno-color-diagnostics -enable-testing -g -debug-info-format\=dwarf -dwarf-version\=4 -swift-version 5 -Onone -D SWIFT_PACKAGE -D DEBUG -D SWIFT_MODULE_RESOURCE_BUNDLE_UNAVAILABLE -D Xcode -serialize-debugging-options -enable-experimental-feature DebugDescriptionMacro -empty-abi-descriptor -validate-clang-modules-once -clang-build-session-file /Users/admin/builder/spi-builder-workspace/.derivedData/ModuleCache.noindex/Session.modulevalidation -Xcc -working-directory -Xcc /Users/admin/builder/spi-builder-workspace/.swiftpm/xcode -enable-anonymous-context-mangled-names -file-compilation-dir /Users/admin/builder/spi-builder-workspace/.swiftpm/xcode -Xcc -D_LIBCPP_HARDENING_MODE\=_LIBCPP_HARDENING_MODE_DEBUG -Xcc -ivfsstatcache -Xcc /Users/admin/builder/spi-builder-workspace/.derivedData/SDKStatCaches.noindex/xros27.0-24M361-e829b21a6f8c9b70876ba0858053c044735bd543db762f57723cac368afd1ce4.sdkstatcache -Xcc -fmodules-prune-interval\=86400 -Xcc -fmodules-prune-after\=345600 -Xcc -I/Users/admin/builder/spi-builder-workspace/.derivedData/Build/Products/Debug-xros/include -Xcc -I/Users/admin/builder/spi-builder-workspace/.derivedData/Build/Intermediates.noindex/EFFoundation.build/Debug-xros/EFFoundation-t.build/DerivedSources-normal/arm64 -Xcc -I/Users/admin/builder/spi-builder-workspace/.derivedData/Build/Intermediates.noindex/EFFoundation.build/Debug-xros/EFFoundation-t.build/DerivedSources/arm64 -Xcc -I/Users/admin/builder/spi-builder-workspace/.derivedData/Build/Intermediates.noindex/EFFoundation.build/Debug-xros/EFFoundation-t.build/DerivedSources -Xcc -DSWIFT_PACKAGE -Xcc -DDEBUG\=1 -no-auto-bridging-header-chaining -module-name EFFoundation -const-gather-protocols-file /Users/admin/builder/spi-builder-workspace/.derivedData/Build/Intermediates.noindex/EFFoundation.build/Debug-xros/EFFoundation-t.build/Objects-normal/arm64/EFFoundation_const_extract_protocols.json -disable-clang-spi -clang-target arm64-apple-xros27.0 -target-sdk-version 27.0 -target-sdk-name xros27.0 -in-process-plugin-server-path /Applications/Xcode-27.0.0-Release.Candidate.app/Contents/Developer/Toolchains/XcodeDefault.xctoolchain/usr/lib/swift/host/libSwiftInProcPluginServer.dylib -parse-as-library -o /Users/admin/builder/spi-builder-workspace/.derivedData/Build/Intermediates.noindex/EFFoundation.build/Debug-xros/EFFoundation-t.build/Objects-normal/arm64/String+.o -o /Users/admin/builder/spi-builder-workspace/.derivedData/Build/Intermediates.noindex/EFFoundation.build/Debug-xros/EFFoundation-t.build/Objects-normal/arm64/TimeInterval+.o -o /Users/admin/builder/spi-builder-workspace/.derivedData/Build/Intermediates.noindex/EFFoundation.build/Debug-xros/EFFoundation-t.build/Objects-normal/arm64/UIApplication+.o -debug-module-path /Users/admin/builder/spi-builder-workspace/.derivedData/Build/Intermediates.noindex/EFFoundation.build/Debug-xros/EFFoundation-t.build/Objects-normal/arm64/EFFoundation.swiftmodule -index-unit-output-path /EFFoundation.build/Debug-xros/EFFoundation-t.build/Objects-normal/arm64/String+.o -index-unit-output-path /EFFoundation.build/Debug-xros/EFFoundation-t.build/Objects-normal/arm64/TimeInterval+.o -index-unit-output-path /EFFoundation.build/Debug-xros/EFFoundation-t.build/Objects-normal/arm64/UIApplication+.o -index-store-path /Users/admin/builder/spi-builder-workspace/.derivedData/Index.noindex/DataStore -index-system-modules
SwiftEmitModule normal arm64 Emitting\ module\ for\ EFFoundation (in target 'EFFoundation' from project 'EFFoundation')
SwiftCompile normal arm64 (in target 'EFFoundation' from project 'EFFoundation')
    cd /Users/admin/builder/spi-builder-workspace/.swiftpm/xcode

/Users/admin/builder/spi-builder-workspace/EFFoundation/Core/DataStructure/BitSet.swift:158:16: warning: 'Hashable.hashValue' is deprecated as a protocol requirement; conform type 'BitSet' to 'Hashable' by implementing 'hash(into:)' instead [#DeprecatedDeclaration]
156 | extension BitSet: Hashable {
157 |     /* Based on the hashing code from Java's BitSet. */
158 |     public var hashValue: Int {
    |                `- warning: 'Hashable.hashValue' is deprecated as a protocol requirement; conform type 'BitSet' to 'Hashable' by implementing 'hash(into:)' instead [#DeprecatedDeclaration]
159 |         var h = Word(1234)
160 |         for i in stride(from: words.count, to: 0, by: -1) {
/Users/admin/builder/spi-builder-workspace/EFFoundation/Core/DataStructure/LinkedList.swift:5:33: warning: generic parameter 'T' shadows generic parameter from outer scope with the same name; this is an error in the Swift 6 language mode
  1 | // https://github.com/raywenderlich/swift-algorithm-club
  2 | public final class LinkedList<T> {
    |                               `- note: 'T' previously declared here
  3 |
  4 |     /// Linked List's Node Class Declaration
  5 |     public class LinkedListNode<T> {
    |                                 `- warning: generic parameter 'T' shadows generic parameter from outer scope with the same name; this is an error in the Swift 6 language mode
  6 |         var value: T
  7 |         var next: LinkedListNode?
/Users/admin/builder/spi-builder-workspace/EFFoundation/Core/DataStructure/LinkedList.swift:333:26: warning: generic parameter 'T' shadows generic parameter from outer scope with the same name; this is an error in the Swift 6 language mode
327 | // MARK: - Collection Index
328 | /// Custom index type that contains a reference to the node at index 'tag'
329 | public struct LinkedListIndex<T>: Comparable {
    |                               `- note: 'T' previously declared here
330 |     fileprivate let node: LinkedList<T>.LinkedListNode<T>?
331 |     fileprivate let tag: Int
332 |
333 |     public static func==<T>(lhs: LinkedListIndex<T>, rhs: LinkedListIndex<T>) -> Bool {
    |                          `- warning: generic parameter 'T' shadows generic parameter from outer scope with the same name; this is an error in the Swift 6 language mode
334 |         return (lhs.tag == rhs.tag)
335 |     }
/Users/admin/builder/spi-builder-workspace/EFFoundation/Core/DataStructure/LinkedList.swift:337:26: warning: generic parameter 'T' shadows generic parameter from outer scope with the same name; this is an error in the Swift 6 language mode
327 | // MARK: - Collection Index
328 | /// Custom index type that contains a reference to the node at index 'tag'
329 | public struct LinkedListIndex<T>: Comparable {
    |                               `- note: 'T' previously declared here
330 |     fileprivate let node: LinkedList<T>.LinkedListNode<T>?
331 |     fileprivate let tag: Int
    :
335 |     }
336 |
337 |     public static func< <T>(lhs: LinkedListIndex<T>, rhs: LinkedListIndex<T>) -> Bool {
    |                          `- warning: generic parameter 'T' shadows generic parameter from outer scope with the same name; this is an error in the Swift 6 language mode
338 |         return (lhs.tag < rhs.tag)
339 |     }
/Users/admin/builder/spi-builder-workspace/EFFoundation/Core/Extension/String+.swift:220:1: warning: extension declares a conformance of imported type 'String' to imported protocols 'LocalizedError', 'Error'; this will not behave correctly if the owners of 'Swift' introduce this conformance in the future
218 |
219 | // throw errors using strings
220 | extension String: LocalizedError {
    | |- warning: extension declares a conformance of imported type 'String' to imported protocols 'LocalizedError', 'Error'; this will not behave correctly if the owners of 'Swift' introduce this conformance in the future
    | `- note: add '@retroactive' to silence this warning
221 |     public var errorDescription: String? { return self }
222 | }
[#DeprecatedDeclaration]: <https://docs.swift.org/compiler/documentation/diagnostics/deprecated-declaration>
SwiftCompile normal arm64 Compiling\ CIColor+.swift,\ CIImage+.swift,\ Character+.swift /Users/admin/builder/spi-builder-workspace/EFFoundation/Core/Extension/CIColor+.swift /Users/admin/builder/spi-builder-workspace/EFFoundation/Core/Extension/CIImage+.swift /Users/admin/builder/spi-builder-workspace/EFFoundation/Core/Extension/Character+.swift (in target 'EFFoundation' from project 'EFFoundation')
SwiftCompile normal arm64 /Users/admin/builder/spi-builder-workspace/EFFoundation/Core/Extension/CIColor+.swift (in target 'EFFoundation' from project 'EFFoundation')
    cd /Users/admin/builder/spi-builder-workspace/.swiftpm/xcode
    builtin-SwiftPerFileCompile CIColor+.swift
SwiftCompile normal arm64 /Users/admin/builder/spi-builder-workspace/EFFoundation/Core/Extension/CIImage+.swift (in target 'EFFoundation' from project 'EFFoundation')
    cd /Users/admin/builder/spi-builder-workspace/.swiftpm/xcode
    builtin-SwiftPerFileCompile CIImage+.swift
SwiftCompile normal arm64 /Users/admin/builder/spi-builder-workspace/EFFoundation/Core/Extension/Character+.swift (in target 'EFFoundation' from project 'EFFoundation')
    cd /Users/admin/builder/spi-builder-workspace/.swiftpm/xcode
    builtin-SwiftPerFileCompile Character+.swift
SwiftCompile normal arm64 Compiling\ UIControl+.swift,\ UIEdgeInsets+.swift,\ UIFont+.swift /Users/admin/builder/spi-builder-workspace/EFFoundation/Core/Extension/UIControl+.swift /Users/admin/builder/spi-builder-workspace/EFFoundation/Core/Extension/UIEdgeInsets+.swift /Users/admin/builder/spi-builder-workspace/EFFoundation/Core/Extension/UIFont+.swift (in target 'EFFoundation' from project 'EFFoundation')
SwiftCompile normal arm64 /Users/admin/builder/spi-builder-workspace/EFFoundation/Core/Extension/UIControl+.swift (in target 'EFFoundation' from project 'EFFoundation')
    cd /Users/admin/builder/spi-builder-workspace/.swiftpm/xcode
    builtin-SwiftPerFileCompile UIControl+.swift
SwiftCompile normal arm64 /Users/admin/builder/spi-builder-workspace/EFFoundation/Core/Extension/UIEdgeInsets+.swift (in target 'EFFoundation' from project 'EFFoundation')
    cd /Users/admin/builder/spi-builder-workspace/.swiftpm/xcode
    builtin-SwiftPerFileCompile UIEdgeInsets+.swift
SwiftCompile normal arm64 /Users/admin/builder/spi-builder-workspace/EFFoundation/Core/Extension/UIFont+.swift (in target 'EFFoundation' from project 'EFFoundation')
    cd /Users/admin/builder/spi-builder-workspace/.swiftpm/xcode
    builtin-SwiftPerFileCompile UIFont+.swift
SwiftCompile normal arm64 Compiling\ UIGestureRecognizer+.swift,\ UIImage+.swift,\ UIImageView+.swift /Users/admin/builder/spi-builder-workspace/EFFoundation/Core/Extension/UIGestureRecognizer+.swift /Users/admin/builder/spi-builder-workspace/EFFoundation/Core/Extension/UIImage+.swift /Users/admin/builder/spi-builder-workspace/EFFoundation/Core/Extension/UIImageView+.swift (in target 'EFFoundation' from project 'EFFoundation')
SwiftCompile normal arm64 /Users/admin/builder/spi-builder-workspace/EFFoundation/Core/Extension/UIGestureRecognizer+.swift (in target 'EFFoundation' from project 'EFFoundation')
    cd /Users/admin/builder/spi-builder-workspace/.swiftpm/xcode
    builtin-SwiftPerFileCompile UIGestureRecognizer+.swift
SwiftCompile normal arm64 /Users/admin/builder/spi-builder-workspace/EFFoundation/Core/Extension/UIImage+.swift (in target 'EFFoundation' from project 'EFFoundation')
    cd /Users/admin/builder/spi-builder-workspace/.swiftpm/xcode
    builtin-SwiftPerFileCompile UIImage+.swift
SwiftCompile normal arm64 /Users/admin/builder/spi-builder-workspace/EFFoundation/Core/Extension/UIImageView+.swift (in target 'EFFoundation' from project 'EFFoundation')
    cd /Users/admin/builder/spi-builder-workspace/.swiftpm/xcode
    builtin-SwiftPerFileCompile UIImageView+.swift
/Users/admin/builder/spi-builder-workspace/EFFoundation/Core/Extension/UIImage+.swift:124:51: warning: forming 'UnsafeRawPointer' to an inout variable of type String exposes the internal representation rather than the string contents.
122 |     var dataGif: Data? {
123 |         get {
124 |             return objc_getAssociatedObject(self, &AssociatedObjectKeys.dataGifKey) as? Data
    |                                                   `- warning: forming 'UnsafeRawPointer' to an inout variable of type String exposes the internal representation rather than the string contents.
125 |         }
126 |         set {
SwiftCompile normal arm64 Compiling\ Comparable+.swift,\ Data+.swift,\ Date+.swift /Users/admin/builder/spi-builder-workspace/EFFoundation/Core/Extension/Comparable+.swift /Users/admin/builder/spi-builder-workspace/EFFoundation/Core/Extension/Data+.swift /Users/admin/builder/spi-builder-workspace/EFFoundation/Core/Extension/Date+.swift (in target 'EFFoundation' from project 'EFFoundation')
SwiftCompile normal arm64 /Users/admin/builder/spi-builder-workspace/EFFoundation/Core/Extension/Comparable+.swift (in target 'EFFoundation' from project 'EFFoundation')
    cd /Users/admin/builder/spi-builder-workspace/.swiftpm/xcode
    builtin-SwiftPerFileCompile Comparable+.swift
SwiftCompile normal arm64 /Users/admin/builder/spi-builder-workspace/EFFoundation/Core/Extension/Data+.swift (in target 'EFFoundation' from project 'EFFoundation')
    cd /Users/admin/builder/spi-builder-workspace/.swiftpm/xcode
    builtin-SwiftPerFileCompile Data+.swift
SwiftCompile normal arm64 /Users/admin/builder/spi-builder-workspace/EFFoundation/Core/Extension/Date+.swift (in target 'EFFoundation' from project 'EFFoundation')
    cd /Users/admin/builder/spi-builder-workspace/.swiftpm/xcode
    builtin-SwiftPerFileCompile Date+.swift
SwiftDriverJobDiscovery normal arm64 Compiling UIControl+.swift, UIEdgeInsets+.swift, UIFont+.swift (in target 'EFFoundation' from project 'EFFoundation')
SwiftDriverJobDiscovery normal arm64 Compiling CIColor+.swift, CIImage+.swift, Character+.swift (in target 'EFFoundation' from project 'EFFoundation')
SwiftDriverJobDiscovery normal arm64 Compiling CATransaction+.swift, CGColor+.swift, CGFloat+.swift (in target 'EFFoundation' from project 'EFFoundation')
SwiftDriverJobDiscovery normal arm64 Compiling UIButton+.swift, UICollectionView+.swift, UIColor+.swift (in target 'EFFoundation' from project 'EFFoundation')
SwiftDriverJobDiscovery normal arm64 Compiling CGImage.swift, CGRect+.swift, CGSize+.swift (in target 'EFFoundation' from project 'EFFoundation')
SwiftDriverJobDiscovery normal arm64 Compiling EFFoundation.swift, Array+.swift, ArraySlice+.swift (in target 'EFFoundation' from project 'EFFoundation')
SwiftCompile normal arm64 Compiling\ Queue.swift /Users/admin/builder/spi-builder-workspace/EFFoundation/Core/DataStructure/Queue.swift (in target 'EFFoundation' from project 'EFFoundation')
SwiftCompile normal arm64 /Users/admin/builder/spi-builder-workspace/EFFoundation/Core/DataStructure/Queue.swift (in target 'EFFoundation' from project 'EFFoundation')
    cd /Users/admin/builder/spi-builder-workspace/.swiftpm/xcode
    builtin-SwiftPerFileCompile Queue.swift
SwiftCompile normal arm64 Compiling\ BitSet.swift /Users/admin/builder/spi-builder-workspace/EFFoundation/Core/DataStructure/BitSet.swift (in target 'EFFoundation' from project 'EFFoundation')
SwiftCompile normal arm64 /Users/admin/builder/spi-builder-workspace/EFFoundation/Core/DataStructure/BitSet.swift (in target 'EFFoundation' from project 'EFFoundation')
    cd /Users/admin/builder/spi-builder-workspace/.swiftpm/xcode
    builtin-SwiftPerFileCompile BitSet.swift
SwiftCompile normal arm64 Compiling\ LinkedList.swift /Users/admin/builder/spi-builder-workspace/EFFoundation/Core/DataStructure/LinkedList.swift (in target 'EFFoundation' from project 'EFFoundation')
SwiftCompile normal arm64 /Users/admin/builder/spi-builder-workspace/EFFoundation/Core/DataStructure/LinkedList.swift (in target 'EFFoundation' from project 'EFFoundation')
    cd /Users/admin/builder/spi-builder-workspace/.swiftpm/xcode
    builtin-SwiftPerFileCompile LinkedList.swift
SwiftCompile normal arm64 Compiling\ Stack.swift /Users/admin/builder/spi-builder-workspace/EFFoundation/Core/DataStructure/Stack.swift (in target 'EFFoundation' from project 'EFFoundation')
SwiftCompile normal arm64 /Users/admin/builder/spi-builder-workspace/EFFoundation/Core/DataStructure/Stack.swift (in target 'EFFoundation' from project 'EFFoundation')
    cd /Users/admin/builder/spi-builder-workspace/.swiftpm/xcode
    builtin-SwiftPerFileCompile Stack.swift
SwiftCompile normal arm64 Compiling\ Tree.swift /Users/admin/builder/spi-builder-workspace/EFFoundation/Core/DataStructure/Tree.swift (in target 'EFFoundation' from project 'EFFoundation')
SwiftCompile normal arm64 /Users/admin/builder/spi-builder-workspace/EFFoundation/Core/DataStructure/Tree.swift (in target 'EFFoundation' from project 'EFFoundation')
    cd /Users/admin/builder/spi-builder-workspace/.swiftpm/xcode
    builtin-SwiftPerFileCompile Tree.swift
SwiftCompile normal arm64 Compiling\ URL+.swift /Users/admin/builder/spi-builder-workspace/EFFoundation/Core/Extension/URL+.swift (in target 'EFFoundation' from project 'EFFoundation')
SwiftCompile normal arm64 /Users/admin/builder/spi-builder-workspace/EFFoundation/Core/Extension/URL+.swift (in target 'EFFoundation' from project 'EFFoundation')
    cd /Users/admin/builder/spi-builder-workspace/.swiftpm/xcode
    builtin-SwiftPerFileCompile URL+.swift
SwiftDriverJobDiscovery normal arm64 Compiling BinaryFloatingPoint+.swift, BinaryInteger+.swift, Bool+.swift (in target 'EFFoundation' from project 'EFFoundation')
SwiftCompile normal arm64 Compiling\ UInt16+.swift /Users/admin/builder/spi-builder-workspace/EFFoundation/Core/Extension/UInt16+.swift (in target 'EFFoundation' from project 'EFFoundation')
SwiftCompile normal arm64 /Users/admin/builder/spi-builder-workspace/EFFoundation/Core/Extension/UInt16+.swift (in target 'EFFoundation' from project 'EFFoundation')
    cd /Users/admin/builder/spi-builder-workspace/.swiftpm/xcode
    builtin-SwiftPerFileCompile UInt16+.swift
PruneExplicitPrecompiledModules /Users/admin/builder/spi-builder-workspace/.derivedData/Build/Intermediates.noindex/ExplicitPrecompiledModules
PruneExplicitPrecompiledModules /Users/admin/builder/spi-builder-workspace/.derivedData/Build/Intermediates.noindex/SwiftExplicitPrecompiledModules
PruneExplicitPrecompiledModules /Users/admin/builder/spi-builder-workspace/.derivedData/SDKExplicitPrecompiledModules
2026-09-19 08:12:39.198 xcodebuild[759:4778] [MT] IDERunDestination: Supported platforms for the buildables in the current scheme is empty.
** BUILD FAILED **
The following build commands failed:
	SwiftCompile normal arm64 /Users/admin/builder/spi-builder-workspace/EFFoundation/Core/Extension/UIApplication+.swift (in target 'EFFoundation' from project 'EFFoundation')
	SwiftCompile normal arm64 Compiling\ String+.swift,\ TimeInterval+.swift,\ UIApplication+.swift /Users/admin/builder/spi-builder-workspace/EFFoundation/Core/Extension/String+.swift /Users/admin/builder/spi-builder-workspace/EFFoundation/Core/Extension/TimeInterval+.swift /Users/admin/builder/spi-builder-workspace/EFFoundation/Core/Extension/UIApplication+.swift (in target 'EFFoundation' from project 'EFFoundation')
	Building workspace EFFoundation with scheme EFFoundation
(3 failures)
BUILD FAILURE 6.4 visionOS