Build Information
Failed to build WWTouchEffectButton, reference main (1a4ee2), with Swift 6.4 for macOS (Xcode) using Xcode 27.0 on 21 Sep 2026 00:05:54 UTC.
Build Command
env DEVELOPER_DIR=/Applications/Xcode-27.0.0-Release.Candidate.app xcrun xcodebuild -IDEClonedSourcePackagesDirPathOverride=$PWD/.dependencies -skipMacroValidation -skipPackagePluginValidation -derivedDataPath $PWD/.derivedData build -scheme WWTouchEffectButton -destination platform=macOS,arch=arm64Build Log
========================================
RunAll
========================================
Builder version: 5.1.0
Interrupt handler set up.
========================================
Checkout
========================================
Clone URL: https://github.com/William-Weng/WWTouchEffectButton.git
Reference: main
Initialized empty Git repository in /Users/admin/builder/spi-builder-workspace/.git/
From https://github.com/William-Weng/WWTouchEffectButton
* branch main -> FETCH_HEAD
* [new branch] main -> origin/main
HEAD is now at 1a4ee23 - v1.0.0
Cloned https://github.com/William-Weng/WWTouchEffectButton.git
Revision (git rev-parse @):
1a4ee2361975bd2bb726755e1feb8c4dce0a254d
SUCCESS checkout https://github.com/William-Weng/WWTouchEffectButton.git at main
========================================
Build
========================================
Selected platform: macosXcodebuild
Swift version: 6.4
Building package at path: $PWD
https://github.com/William-Weng/WWTouchEffectButton.git
Command line invocation:
/Applications/Xcode-27.0.0-Release.Candidate.app/Contents/Developer/usr/bin/xcodebuild -IDEClonedSourcePackagesDirPathOverride=/Users/admin/builder/spi-builder-workspace/.dependencies -resolvePackageDependencies
Resolve Package Graph
Invalid Resource 'Privacy': File not found.
Resolve Package Graph
Invalid Resource 'Privacy': File not found.
Resolved source packages:
WWTouchEffectButton: /Users/admin/builder/spi-builder-workspace
resolved source packages: WWTouchEffectButton
2026-09-20 20:05:09.994 xcodebuild[524:3024] [MT] IDERunDestination: Supported platforms for the buildables in the current scheme is empty.
{
"dependencies" : [
],
"manifest_display_name" : "WWTouchEffectButton",
"name" : "WWTouchEffectButton",
"path" : "/Users/admin/builder/spi-builder-workspace",
"platforms" : [
{
"name" : "ios",
"version" : "14.0"
}
],
"products" : [
{
"name" : "WWTouchEffectButton",
"targets" : [
"WWTouchEffectButton"
],
"type" : {
"library" : [
"automatic"
]
}
}
],
"swift_languages_versions" : [
"5"
],
"targets" : [
{
"c99name" : "WWTouchEffectButton",
"module_type" : "SwiftTarget",
"name" : "WWTouchEffectButton",
"path" : "Sources/WWTouchEffectButton",
"product_memberships" : [
"WWTouchEffectButton"
],
"sources" : [
"Utility/Constant.swift",
"Utility/Extension.swift",
"Utility/Model.swift",
"Utility/Protocol.swift",
"WWTouchEffectButton.swift"
],
"type" : "library"
}
],
"tools_version" : "5.6"
}
warning: 'spi-builder-workspace': Invalid Resource 'Privacy': File not found.
{
"workspace" : {
"name" : "WWTouchEffectButton",
"schemes" : [
"WWTouchEffectButton"
]
}
}
2026-09-20 20:05:45.507 xcodebuild[622:3904] [MT] IDERunDestination: Supported platforms for the buildables in the current scheme is empty.
Running build ...
env DEVELOPER_DIR=/Applications/Xcode-27.0.0-Release.Candidate.app xcrun xcodebuild -IDEClonedSourcePackagesDirPathOverride=$PWD/.dependencies -skipMacroValidation -skipPackagePluginValidation -derivedDataPath $PWD/.derivedData build -scheme WWTouchEffectButton -destination platform=macOS,arch=arm64
Command line invocation:
/Applications/Xcode-27.0.0-Release.Candidate.app/Contents/Developer/usr/bin/xcodebuild -IDEClonedSourcePackagesDirPathOverride=/Users/admin/builder/spi-builder-workspace/.dependencies -skipMacroValidation -skipPackagePluginValidation -derivedDataPath /Users/admin/builder/spi-builder-workspace/.derivedData build -scheme WWTouchEffectButton -destination platform=macOS,arch=arm64
Resolve Package Graph
Invalid Resource 'Privacy': File not found.
Resolved source packages:
WWTouchEffectButton: /Users/admin/builder/spi-builder-workspace
ComputePackagePrebuildTargetDependencyGraph
Prepare packages
CreateBuildRequest
SendProjectDescription
CreateBuildOperation
ComputeTargetDependencyGraph
note: Building targets in dependency order
note: Target dependency graph (2 targets)
Target 'WWTouchEffectButton-product' in project 'WWTouchEffectButton'
➜ Explicit dependency on target 'WWTouchEffectButton' in project 'WWTouchEffectButton'
Target 'WWTouchEffectButton' in project 'WWTouchEffectButton' (no dependencies)
GatherProvisioningInputs
CreateBuildDescription
ExecuteExternalTool /Applications/Xcode-27.0.0-Release.Candidate.app/Contents/Developer/Toolchains/XcodeDefault.xctoolchain/usr/bin/clang -v -E -dM -isysroot /Applications/Xcode-27.0.0-Release.Candidate.app/Contents/Developer/Platforms/MacOSX.platform/Developer/SDKs/MacOSX27.0.sdk -x c -c /dev/null
ExecuteExternalTool /Applications/Xcode-27.0.0-Release.Candidate.app/Contents/Developer/Toolchains/XcodeDefault.xctoolchain/usr/bin/swiftc --version
ExecuteExternalTool /Applications/Xcode-27.0.0-Release.Candidate.app/Contents/Developer/Toolchains/XcodeDefault.xctoolchain/usr/bin/ld -version_details
Build description signature: 4a56c78255905a01435b94c2ee017797
Build description path: /Users/admin/builder/spi-builder-workspace/.derivedData/Build/Intermediates.noindex/XCBuildData/4a56c78255905a01435b94c2ee017797.xcbuilddata
CreateBuildDirectory /Users/admin/builder/spi-builder-workspace/.derivedData/ModuleCache.noindex
cd /Users/admin/builder/spi-builder-workspace/.swiftpm/xcode
builtin-create-build-directory /Users/admin/builder/spi-builder-workspace/.derivedData/ModuleCache.noindex
CreateBuildDirectory /Users/admin/builder/spi-builder-workspace/.derivedData/SDKExplicitPrecompiledModules
cd /Users/admin/builder/spi-builder-workspace/.swiftpm/xcode
builtin-create-build-directory /Users/admin/builder/spi-builder-workspace/.derivedData/SDKExplicitPrecompiledModules
CreateBuildDirectory /Users/admin/builder/spi-builder-workspace/.derivedData/CompilationCache.noindex
cd /Users/admin/builder/spi-builder-workspace/.swiftpm/xcode
builtin-create-build-directory /Users/admin/builder/spi-builder-workspace/.derivedData/CompilationCache.noindex
CreateBuildDirectory /Users/admin/builder/spi-builder-workspace/.derivedData/Build/Intermediates.noindex
cd /Users/admin/builder/spi-builder-workspace/.swiftpm/xcode
builtin-create-build-directory /Users/admin/builder/spi-builder-workspace/.derivedData/Build/Intermediates.noindex
CreateBuildDirectory /Users/admin/builder/spi-builder-workspace/.derivedData/Build/Products
cd /Users/admin/builder/spi-builder-workspace/.swiftpm/xcode
builtin-create-build-directory /Users/admin/builder/spi-builder-workspace/.derivedData/Build/Products
ClangStatCache /Applications/Xcode-27.0.0-Release.Candidate.app/Contents/Developer/Toolchains/XcodeDefault.xctoolchain/usr/bin/clang-stat-cache /Applications/Xcode-27.0.0-Release.Candidate.app/Contents/Developer/Platforms/MacOSX.platform/Developer/SDKs/MacOSX27.0.sdk /Users/admin/builder/spi-builder-workspace/.derivedData/SDKStatCaches.noindex/macosx27.0-26A425-e829b21a6f8c9b70876ba0858053c0446a22442a12e9d48fe1a705f55a1adfc4.sdkstatcache
cd /Users/admin/builder/spi-builder-workspace/.swiftpm/xcode
/Applications/Xcode-27.0.0-Release.Candidate.app/Contents/Developer/Toolchains/XcodeDefault.xctoolchain/usr/bin/clang-stat-cache /Applications/Xcode-27.0.0-Release.Candidate.app/Contents/Developer/Platforms/MacOSX.platform/Developer/SDKs/MacOSX27.0.sdk -o /Users/admin/builder/spi-builder-workspace/.derivedData/SDKStatCaches.noindex/macosx27.0-26A425-e829b21a6f8c9b70876ba0858053c0446a22442a12e9d48fe1a705f55a1adfc4.sdkstatcache
CreateBuildDirectory /Users/admin/builder/spi-builder-workspace/.derivedData/Build/Intermediates.noindex/SwiftExplicitPrecompiledModules
cd /Users/admin/builder/spi-builder-workspace/.swiftpm/xcode
builtin-create-build-directory /Users/admin/builder/spi-builder-workspace/.derivedData/Build/Intermediates.noindex/SwiftExplicitPrecompiledModules
CreateBuildDirectory /Users/admin/builder/spi-builder-workspace/.derivedData/Build/Intermediates.noindex/ExplicitPrecompiledModules
cd /Users/admin/builder/spi-builder-workspace/.swiftpm/xcode
builtin-create-build-directory /Users/admin/builder/spi-builder-workspace/.derivedData/Build/Intermediates.noindex/ExplicitPrecompiledModules
CreateBuildDirectory /Users/admin/builder/spi-builder-workspace/.derivedData/Build/Intermediates.noindex/PrecompiledHeaders
cd /Users/admin/builder/spi-builder-workspace/.swiftpm/xcode
builtin-create-build-directory /Users/admin/builder/spi-builder-workspace/.derivedData/Build/Intermediates.noindex/PrecompiledHeaders
CreateBuildDirectory /Users/admin/builder/spi-builder-workspace/.derivedData/Build/Products/Debug
cd /Users/admin/builder/spi-builder-workspace/.swiftpm/xcode
builtin-create-build-directory /Users/admin/builder/spi-builder-workspace/.derivedData/Build/Products/Debug
CreateBuildDirectory /Users/admin/builder/spi-builder-workspace/.derivedData/Build/Intermediates.noindex/EagerLinkingTBDs/Debug
cd /Users/admin/builder/spi-builder-workspace/.swiftpm/xcode
builtin-create-build-directory /Users/admin/builder/spi-builder-workspace/.derivedData/Build/Intermediates.noindex/EagerLinkingTBDs/Debug
CreateBuildDirectory /Users/admin/builder/spi-builder-workspace/.derivedData/Build/Products/Debug/PackageFrameworks
cd /Users/admin/builder/spi-builder-workspace/.swiftpm/xcode
builtin-create-build-directory /Users/admin/builder/spi-builder-workspace/.derivedData/Build/Products/Debug/PackageFrameworks
WriteAuxiliaryFile /Users/admin/builder/spi-builder-workspace/.derivedData/Build/Intermediates.noindex/WWTouchEffectButton.build/Debug/WWTouchEffectButton-t.build/WWTouchEffectButton.DependencyMetadataFileList (in target 'WWTouchEffectButton' from project 'WWTouchEffectButton')
cd /Users/admin/builder/spi-builder-workspace
write-file /Users/admin/builder/spi-builder-workspace/.derivedData/Build/Intermediates.noindex/WWTouchEffectButton.build/Debug/WWTouchEffectButton-t.build/WWTouchEffectButton.DependencyMetadataFileList
WriteAuxiliaryFile /Users/admin/builder/spi-builder-workspace/.derivedData/Build/Intermediates.noindex/WWTouchEffectButton.build/Debug/WWTouchEffectButton-t.build/WWTouchEffectButton.DependencyStaticMetadataFileList (in target 'WWTouchEffectButton' from project 'WWTouchEffectButton')
cd /Users/admin/builder/spi-builder-workspace
write-file /Users/admin/builder/spi-builder-workspace/.derivedData/Build/Intermediates.noindex/WWTouchEffectButton.build/Debug/WWTouchEffectButton-t.build/WWTouchEffectButton.DependencyStaticMetadataFileList
WriteAuxiliaryFile /Users/admin/builder/spi-builder-workspace/.derivedData/Build/Intermediates.noindex/WWTouchEffectButton.build/Debug/WWTouchEffectButton-t.build/WWTouchEffectButton.modulemap (in target 'WWTouchEffectButton' from project 'WWTouchEffectButton')
cd /Users/admin/builder/spi-builder-workspace
write-file /Users/admin/builder/spi-builder-workspace/.derivedData/Build/Intermediates.noindex/WWTouchEffectButton.build/Debug/WWTouchEffectButton-t.build/WWTouchEffectButton.modulemap
WriteAuxiliaryFile /Users/admin/builder/spi-builder-workspace/.derivedData/Build/Intermediates.noindex/WWTouchEffectButton.build/Debug/WWTouchEffectButton-t.build/Objects-normal/arm64/WWTouchEffectButton_const_extract_protocols.json (in target 'WWTouchEffectButton' from project 'WWTouchEffectButton')
cd /Users/admin/builder/spi-builder-workspace
write-file /Users/admin/builder/spi-builder-workspace/.derivedData/Build/Intermediates.noindex/WWTouchEffectButton.build/Debug/WWTouchEffectButton-t.build/Objects-normal/arm64/WWTouchEffectButton_const_extract_protocols.json
WriteAuxiliaryFile /Users/admin/builder/spi-builder-workspace/.derivedData/Build/Intermediates.noindex/WWTouchEffectButton.build/Debug/WWTouchEffectButton-t.build/Objects-normal/arm64/WWTouchEffectButton.SwiftConstValuesFileList (in target 'WWTouchEffectButton' from project 'WWTouchEffectButton')
cd /Users/admin/builder/spi-builder-workspace
write-file /Users/admin/builder/spi-builder-workspace/.derivedData/Build/Intermediates.noindex/WWTouchEffectButton.build/Debug/WWTouchEffectButton-t.build/Objects-normal/arm64/WWTouchEffectButton.SwiftConstValuesFileList
WriteAuxiliaryFile /Users/admin/builder/spi-builder-workspace/.derivedData/Build/Intermediates.noindex/WWTouchEffectButton.build/Debug/WWTouchEffectButton-t.build/Objects-normal/arm64/WWTouchEffectButton-OutputFileMap.json (in target 'WWTouchEffectButton' from project 'WWTouchEffectButton')
cd /Users/admin/builder/spi-builder-workspace
write-file /Users/admin/builder/spi-builder-workspace/.derivedData/Build/Intermediates.noindex/WWTouchEffectButton.build/Debug/WWTouchEffectButton-t.build/Objects-normal/arm64/WWTouchEffectButton-OutputFileMap.json
WriteAuxiliaryFile /Users/admin/builder/spi-builder-workspace/.derivedData/Build/Intermediates.noindex/WWTouchEffectButton.build/Debug/WWTouchEffectButton-t.build/Objects-normal/arm64/WWTouchEffectButton.SwiftFileList (in target 'WWTouchEffectButton' from project 'WWTouchEffectButton')
cd /Users/admin/builder/spi-builder-workspace
write-file /Users/admin/builder/spi-builder-workspace/.derivedData/Build/Intermediates.noindex/WWTouchEffectButton.build/Debug/WWTouchEffectButton-t.build/Objects-normal/arm64/WWTouchEffectButton.SwiftFileList
WriteAuxiliaryFile /Users/admin/builder/spi-builder-workspace/.derivedData/Build/Intermediates.noindex/WWTouchEffectButton.build/Debug/WWTouchEffectButton-t.build/Objects-normal/arm64/WWTouchEffectButton.LinkFileList (in target 'WWTouchEffectButton' from project 'WWTouchEffectButton')
cd /Users/admin/builder/spi-builder-workspace
write-file /Users/admin/builder/spi-builder-workspace/.derivedData/Build/Intermediates.noindex/WWTouchEffectButton.build/Debug/WWTouchEffectButton-t.build/Objects-normal/arm64/WWTouchEffectButton.LinkFileList
Copy /Users/admin/builder/spi-builder-workspace/.derivedData/Build/Intermediates.noindex/GeneratedModuleMaps/WWTouchEffectButton.modulemap /Users/admin/builder/spi-builder-workspace/.derivedData/Build/Intermediates.noindex/WWTouchEffectButton.build/Debug/WWTouchEffectButton-t.build/WWTouchEffectButton.modulemap (in target 'WWTouchEffectButton' from project 'WWTouchEffectButton')
cd /Users/admin/builder/spi-builder-workspace
builtin-copy -exclude .DS_Store -exclude CVS -exclude .svn -exclude .git -exclude .hg -resolve-src-symlinks /Users/admin/builder/spi-builder-workspace/.derivedData/Build/Intermediates.noindex/WWTouchEffectButton.build/Debug/WWTouchEffectButton-t.build/WWTouchEffectButton.modulemap /Users/admin/builder/spi-builder-workspace/.derivedData/Build/Intermediates.noindex/GeneratedModuleMaps
SwiftDriver WWTouchEffectButton normal arm64 com.apple.xcode.tools.swift.compiler (in target 'WWTouchEffectButton' from project 'WWTouchEffectButton')
cd /Users/admin/builder/spi-builder-workspace/.swiftpm/xcode
builtin-SwiftDriver -- /Applications/Xcode-27.0.0-Release.Candidate.app/Contents/Developer/Toolchains/XcodeDefault.xctoolchain/usr/bin/swiftc -parse-as-library -module-name WWTouchEffectButton -Onone @/Users/admin/builder/spi-builder-workspace/.derivedData/Build/Intermediates.noindex/WWTouchEffectButton.build/Debug/WWTouchEffectButton-t.build/Objects-normal/arm64/WWTouchEffectButton.SwiftFileList -DSWIFT_PACKAGE -DDEBUG -DSWIFT_MODULE_RESOURCE_BUNDLE_UNAVAILABLE -DXcode -plugin-path /Applications/Xcode-27.0.0-Release.Candidate.app/Contents/Developer/Toolchains/XcodeDefault.xctoolchain/usr/lib/swift/host/plugins/testing -enable-experimental-feature DebugDescriptionMacro -sdk /Applications/Xcode-27.0.0-Release.Candidate.app/Contents/Developer/Platforms/MacOSX.platform/Developer/SDKs/MacOSX27.0.sdk -target arm64-apple-macos12.0 -g -module-cache-path /Users/admin/builder/spi-builder-workspace/.derivedData/ModuleCache.noindex -Xfrontend -serialize-debugging-options -enable-testing -index-store-path /Users/admin/builder/spi-builder-workspace/.derivedData/Index.noindex/DataStore -Xcc -D_LIBCPP_HARDENING_MODE\=_LIBCPP_HARDENING_MODE_DEBUG -swift-version 5 -I /Users/admin/builder/spi-builder-workspace/.derivedData/Build/Products/Debug -Isystem /Applications/Xcode-27.0.0-Release.Candidate.app/Contents/Developer/Platforms/MacOSX.platform/Developer/usr/lib -F /Users/admin/builder/spi-builder-workspace/.derivedData/Build/Products/Debug -F /Applications/Xcode-27.0.0-Release.Candidate.app/Contents/Developer/Platforms/MacOSX.platform/Developer/Library/Frameworks -c -j10 -enable-batch-mode -incremental -Xcc -ivfsstatcache -Xcc /Users/admin/builder/spi-builder-workspace/.derivedData/SDKStatCaches.noindex/macosx27.0-26A425-e829b21a6f8c9b70876ba0858053c0446a22442a12e9d48fe1a705f55a1adfc4.sdkstatcache -output-file-map /Users/admin/builder/spi-builder-workspace/.derivedData/Build/Intermediates.noindex/WWTouchEffectButton.build/Debug/WWTouchEffectButton-t.build/Objects-normal/arm64/WWTouchEffectButton-OutputFileMap.json -save-temps -no-color-diagnostics -explicit-module-build -module-cache-path /Users/admin/builder/spi-builder-workspace/.derivedData/Build/Intermediates.noindex/SwiftExplicitPrecompiledModules -clang-scanner-module-cache-path /Users/admin/builder/spi-builder-workspace/.derivedData/ModuleCache.noindex -sdk-module-cache-path /Users/admin/builder/spi-builder-workspace/.derivedData/SDKExplicitPrecompiledModules -emit-dependencies -emit-module -emit-module-path /Users/admin/builder/spi-builder-workspace/.derivedData/Build/Intermediates.noindex/WWTouchEffectButton.build/Debug/WWTouchEffectButton-t.build/Objects-normal/arm64/WWTouchEffectButton.swiftmodule -serialize-diagnostics -dependency-scan-serialize-diagnostics-path /Users/admin/builder/spi-builder-workspace/.derivedData/Build/Intermediates.noindex/WWTouchEffectButton.build/Debug/WWTouchEffectButton-t.build/Objects-normal/arm64/WWTouchEffectButton-dependency-scan.dia -validate-clang-modules-once -clang-build-session-file /Users/admin/builder/spi-builder-workspace/.derivedData/ModuleCache.noindex/Session.modulevalidation -Xcc -fmodules-prune-interval\=86400 -Xcc -fmodules-prune-after\=345600 -emit-const-values -const-gather-protocols-list /Users/admin/builder/spi-builder-workspace/.derivedData/Build/Intermediates.noindex/WWTouchEffectButton.build/Debug/WWTouchEffectButton-t.build/Objects-normal/arm64/WWTouchEffectButton_const_extract_protocols.json -Xcc -I/Users/admin/builder/spi-builder-workspace/.derivedData/Build/Products/Debug/include -Xcc -I/Users/admin/builder/spi-builder-workspace/.derivedData/Build/Intermediates.noindex/WWTouchEffectButton.build/Debug/WWTouchEffectButton-t.build/DerivedSources-normal/arm64 -Xcc -I/Users/admin/builder/spi-builder-workspace/.derivedData/Build/Intermediates.noindex/WWTouchEffectButton.build/Debug/WWTouchEffectButton-t.build/DerivedSources/arm64 -Xcc -I/Users/admin/builder/spi-builder-workspace/.derivedData/Build/Intermediates.noindex/WWTouchEffectButton.build/Debug/WWTouchEffectButton-t.build/DerivedSources -Xcc -DSWIFT_PACKAGE -Xcc -DDEBUG\=1 -emit-objc-header -emit-objc-header-path /Users/admin/builder/spi-builder-workspace/.derivedData/Build/Intermediates.noindex/WWTouchEffectButton.build/Debug/WWTouchEffectButton-t.build/Objects-normal/arm64/WWTouchEffectButton-Swift.h -working-directory /Users/admin/builder/spi-builder-workspace/.swiftpm/xcode -experimental-emit-module-separately -disable-cmo
/Users/admin/builder/spi-builder-workspace/Sources/WWTouchEffectButton/Utility/Constant.swift:8:8: error: Unable to resolve module dependency: 'UIKit' (in target 'WWTouchEffectButton' from project 'WWTouchEffectButton')
note: A dependency of main module 'WWTouchEffectButton'
/Users/admin/builder/spi-builder-workspace/Sources/WWTouchEffectButton/Utility/Extension.swift:8:8: note: Also imported here
/Users/admin/builder/spi-builder-workspace/Sources/WWTouchEffectButton/Utility/Model.swift:8:8: note: Also imported here
/Users/admin/builder/spi-builder-workspace/Sources/WWTouchEffectButton/Utility/Protocol.swift:8:8: note: Also imported here
/Users/admin/builder/spi-builder-workspace/Sources/WWTouchEffectButton/WWTouchEffectButton.swift:8:8: note: Also imported here
/Users/admin/builder/spi-builder-workspace/Sources/WWTouchEffectButton/Utility/Constant.swift:8:8: note: A dependency of main module 'WWTouchEffectButton'
import UIKit
^ (in target 'WWTouchEffectButton' from project 'WWTouchEffectButton')
/Users/admin/builder/spi-builder-workspace/Sources/WWTouchEffectButton/Utility/Extension.swift:8:8: note: Also imported here
import UIKit
^ (in target 'WWTouchEffectButton' from project 'WWTouchEffectButton')
/Users/admin/builder/spi-builder-workspace/Sources/WWTouchEffectButton/Utility/Model.swift:8:8: note: Also imported here
import UIKit
^ (in target 'WWTouchEffectButton' from project 'WWTouchEffectButton')
/Users/admin/builder/spi-builder-workspace/Sources/WWTouchEffectButton/Utility/Protocol.swift:8:8: note: Also imported here
import UIKit
^ (in target 'WWTouchEffectButton' from project 'WWTouchEffectButton')
/Users/admin/builder/spi-builder-workspace/Sources/WWTouchEffectButton/WWTouchEffectButton.swift:8:8: note: Also imported here
import UIKit
^ (in target 'WWTouchEffectButton' from project 'WWTouchEffectButton')
PruneExplicitPrecompiledModules /Users/admin/builder/spi-builder-workspace/.derivedData/Build/Intermediates.noindex/ExplicitPrecompiledModules
PruneExplicitPrecompiledModules /Users/admin/builder/spi-builder-workspace/.derivedData/SDKExplicitPrecompiledModules
PruneExplicitPrecompiledModules /Users/admin/builder/spi-builder-workspace/.derivedData/Build/Intermediates.noindex/SwiftExplicitPrecompiledModules
2026-09-20 20:05:47.018 xcodebuild[623:3951] [MT] IDERunDestination: Supported platforms for the buildables in the current scheme is empty.
--- xcodebuild: WARNING: Using the first of multiple matching destinations:
{ platform:macOS, arch:arm64, id:cc8f90507d4be49c18a7a564292a2d6c7501a1b5, name:My Mac }
{ platform:macOS, arch:arm64, variant:Mac Catalyst, id:cc8f90507d4be49c18a7a564292a2d6c7501a1b5, name:My Mac }
{ platform:macOS, arch:arm64, variant:DriverKit, id:cc8f90507d4be49c18a7a564292a2d6c7501a1b5, name:My Mac }
{ platform:macOS, arch:arm64, variant:Designed for [iPad,iPhone], id:cc8f90507d4be49c18a7a564292a2d6c7501a1b5, name:My Mac }
** BUILD FAILED **
The following build commands failed:
SwiftDriver WWTouchEffectButton normal arm64 com.apple.xcode.tools.swift.compiler (in target 'WWTouchEffectButton' from project 'WWTouchEffectButton')
Building workspace WWTouchEffectButton with scheme WWTouchEffectButton
(2 failures)
Command line invocation:
/Applications/Xcode-27.0.0-Release.Candidate.app/Contents/Developer/usr/bin/xcodebuild -IDEClonedSourcePackagesDirPathOverride=/Users/admin/builder/spi-builder-workspace/.dependencies -resolvePackageDependencies
Resolve Package Graph
Invalid Resource 'Privacy': File not found.
Resolved source packages:
WWTouchEffectButton: /Users/admin/builder/spi-builder-workspace
resolved source packages: WWTouchEffectButton
2026-09-20 20:05:51.649 xcodebuild[638:4076] [MT] IDERunDestination: Supported platforms for the buildables in the current scheme is empty.
{
"dependencies" : [
],
"manifest_display_name" : "WWTouchEffectButton",
"name" : "WWTouchEffectButton",
"path" : "/Users/admin/builder/spi-builder-workspace",
"platforms" : [
{
"name" : "ios",
"version" : "14.0"
}
],
"products" : [
{
"name" : "WWTouchEffectButton",
"targets" : [
"WWTouchEffectButton"
],
"type" : {
"library" : [
"automatic"
]
}
}
],
"swift_languages_versions" : [
"5"
],
"targets" : [
{
"c99name" : "WWTouchEffectButton",
"module_type" : "SwiftTarget",
"name" : "WWTouchEffectButton",
"path" : "Sources/WWTouchEffectButton",
"product_memberships" : [
"WWTouchEffectButton"
],
"sources" : [
"Utility/Constant.swift",
"Utility/Extension.swift",
"Utility/Model.swift",
"Utility/Protocol.swift",
"WWTouchEffectButton.swift"
],
"type" : "library"
}
],
"tools_version" : "5.6"
}
warning: 'spi-builder-workspace': Invalid Resource 'Privacy': File not found.
{
"workspace" : {
"name" : "WWTouchEffectButton",
"schemes" : [
"WWTouchEffectButton"
]
}
}
2026-09-20 20:05:53.000 xcodebuild[647:4167] [MT] IDERunDestination: Supported platforms for the buildables in the current scheme is empty.
Running build ...
env DEVELOPER_DIR=/Applications/Xcode-27.0.0-Release.Candidate.app xcrun xcodebuild -IDEClonedSourcePackagesDirPathOverride=$PWD/.dependencies -skipMacroValidation -skipPackagePluginValidation -derivedDataPath $PWD/.derivedData build -scheme WWTouchEffectButton -destination platform=macOS,arch=arm64
Command line invocation:
/Applications/Xcode-27.0.0-Release.Candidate.app/Contents/Developer/usr/bin/xcodebuild -IDEClonedSourcePackagesDirPathOverride=/Users/admin/builder/spi-builder-workspace/.dependencies -skipMacroValidation -skipPackagePluginValidation -derivedDataPath /Users/admin/builder/spi-builder-workspace/.derivedData build -scheme WWTouchEffectButton -destination platform=macOS,arch=arm64
Resolve Package Graph
Invalid Resource 'Privacy': File not found.
Resolved source packages:
WWTouchEffectButton: /Users/admin/builder/spi-builder-workspace
ComputePackagePrebuildTargetDependencyGraph
Prepare packages
CreateBuildRequest
SendProjectDescription
CreateBuildOperation
ComputeTargetDependencyGraph
note: Building targets in dependency order
note: Target dependency graph (2 targets)
Target 'WWTouchEffectButton-product' in project 'WWTouchEffectButton'
➜ Explicit dependency on target 'WWTouchEffectButton' in project 'WWTouchEffectButton'
Target 'WWTouchEffectButton' in project 'WWTouchEffectButton' (no dependencies)
GatherProvisioningInputs
CreateBuildDescription
ClangStatCache /Applications/Xcode-27.0.0-Release.Candidate.app/Contents/Developer/Toolchains/XcodeDefault.xctoolchain/usr/bin/clang-stat-cache /Applications/Xcode-27.0.0-Release.Candidate.app/Contents/Developer/Platforms/MacOSX.platform/Developer/SDKs/MacOSX27.0.sdk /Users/admin/builder/spi-builder-workspace/.derivedData/SDKStatCaches.noindex/macosx27.0-26A425-e829b21a6f8c9b70876ba0858053c0446a22442a12e9d48fe1a705f55a1adfc4.sdkstatcache
cd /Users/admin/builder/spi-builder-workspace/.swiftpm/xcode
/Applications/Xcode-27.0.0-Release.Candidate.app/Contents/Developer/Toolchains/XcodeDefault.xctoolchain/usr/bin/clang-stat-cache /Applications/Xcode-27.0.0-Release.Candidate.app/Contents/Developer/Platforms/MacOSX.platform/Developer/SDKs/MacOSX27.0.sdk -o /Users/admin/builder/spi-builder-workspace/.derivedData/SDKStatCaches.noindex/macosx27.0-26A425-e829b21a6f8c9b70876ba0858053c0446a22442a12e9d48fe1a705f55a1adfc4.sdkstatcache
SwiftDriver WWTouchEffectButton normal arm64 com.apple.xcode.tools.swift.compiler (in target 'WWTouchEffectButton' from project 'WWTouchEffectButton')
cd /Users/admin/builder/spi-builder-workspace/.swiftpm/xcode
builtin-SwiftDriver -- /Applications/Xcode-27.0.0-Release.Candidate.app/Contents/Developer/Toolchains/XcodeDefault.xctoolchain/usr/bin/swiftc -parse-as-library -module-name WWTouchEffectButton -Onone @/Users/admin/builder/spi-builder-workspace/.derivedData/Build/Intermediates.noindex/WWTouchEffectButton.build/Debug/WWTouchEffectButton-t.build/Objects-normal/arm64/WWTouchEffectButton.SwiftFileList -DSWIFT_PACKAGE -DDEBUG -DSWIFT_MODULE_RESOURCE_BUNDLE_UNAVAILABLE -DXcode -plugin-path /Applications/Xcode-27.0.0-Release.Candidate.app/Contents/Developer/Toolchains/XcodeDefault.xctoolchain/usr/lib/swift/host/plugins/testing -enable-experimental-feature DebugDescriptionMacro -sdk /Applications/Xcode-27.0.0-Release.Candidate.app/Contents/Developer/Platforms/MacOSX.platform/Developer/SDKs/MacOSX27.0.sdk -target arm64-apple-macos12.0 -g -module-cache-path /Users/admin/builder/spi-builder-workspace/.derivedData/ModuleCache.noindex -Xfrontend -serialize-debugging-options -enable-testing -index-store-path /Users/admin/builder/spi-builder-workspace/.derivedData/Index.noindex/DataStore -Xcc -D_LIBCPP_HARDENING_MODE\=_LIBCPP_HARDENING_MODE_DEBUG -swift-version 5 -I /Users/admin/builder/spi-builder-workspace/.derivedData/Build/Products/Debug -Isystem /Applications/Xcode-27.0.0-Release.Candidate.app/Contents/Developer/Platforms/MacOSX.platform/Developer/usr/lib -F /Users/admin/builder/spi-builder-workspace/.derivedData/Build/Products/Debug -F /Applications/Xcode-27.0.0-Release.Candidate.app/Contents/Developer/Platforms/MacOSX.platform/Developer/Library/Frameworks -c -j10 -enable-batch-mode -incremental -Xcc -ivfsstatcache -Xcc /Users/admin/builder/spi-builder-workspace/.derivedData/SDKStatCaches.noindex/macosx27.0-26A425-e829b21a6f8c9b70876ba0858053c0446a22442a12e9d48fe1a705f55a1adfc4.sdkstatcache -output-file-map /Users/admin/builder/spi-builder-workspace/.derivedData/Build/Intermediates.noindex/WWTouchEffectButton.build/Debug/WWTouchEffectButton-t.build/Objects-normal/arm64/WWTouchEffectButton-OutputFileMap.json -save-temps -no-color-diagnostics -explicit-module-build -module-cache-path /Users/admin/builder/spi-builder-workspace/.derivedData/Build/Intermediates.noindex/SwiftExplicitPrecompiledModules -clang-scanner-module-cache-path /Users/admin/builder/spi-builder-workspace/.derivedData/ModuleCache.noindex -sdk-module-cache-path /Users/admin/builder/spi-builder-workspace/.derivedData/SDKExplicitPrecompiledModules -emit-dependencies -emit-module -emit-module-path /Users/admin/builder/spi-builder-workspace/.derivedData/Build/Intermediates.noindex/WWTouchEffectButton.build/Debug/WWTouchEffectButton-t.build/Objects-normal/arm64/WWTouchEffectButton.swiftmodule -serialize-diagnostics -dependency-scan-serialize-diagnostics-path /Users/admin/builder/spi-builder-workspace/.derivedData/Build/Intermediates.noindex/WWTouchEffectButton.build/Debug/WWTouchEffectButton-t.build/Objects-normal/arm64/WWTouchEffectButton-dependency-scan.dia -validate-clang-modules-once -clang-build-session-file /Users/admin/builder/spi-builder-workspace/.derivedData/ModuleCache.noindex/Session.modulevalidation -Xcc -fmodules-prune-interval\=86400 -Xcc -fmodules-prune-after\=345600 -emit-const-values -const-gather-protocols-list /Users/admin/builder/spi-builder-workspace/.derivedData/Build/Intermediates.noindex/WWTouchEffectButton.build/Debug/WWTouchEffectButton-t.build/Objects-normal/arm64/WWTouchEffectButton_const_extract_protocols.json -Xcc -I/Users/admin/builder/spi-builder-workspace/.derivedData/Build/Products/Debug/include -Xcc -I/Users/admin/builder/spi-builder-workspace/.derivedData/Build/Intermediates.noindex/WWTouchEffectButton.build/Debug/WWTouchEffectButton-t.build/DerivedSources-normal/arm64 -Xcc -I/Users/admin/builder/spi-builder-workspace/.derivedData/Build/Intermediates.noindex/WWTouchEffectButton.build/Debug/WWTouchEffectButton-t.build/DerivedSources/arm64 -Xcc -I/Users/admin/builder/spi-builder-workspace/.derivedData/Build/Intermediates.noindex/WWTouchEffectButton.build/Debug/WWTouchEffectButton-t.build/DerivedSources -Xcc -DSWIFT_PACKAGE -Xcc -DDEBUG\=1 -emit-objc-header -emit-objc-header-path /Users/admin/builder/spi-builder-workspace/.derivedData/Build/Intermediates.noindex/WWTouchEffectButton.build/Debug/WWTouchEffectButton-t.build/Objects-normal/arm64/WWTouchEffectButton-Swift.h -working-directory /Users/admin/builder/spi-builder-workspace/.swiftpm/xcode -experimental-emit-module-separately -disable-cmo
/Users/admin/builder/spi-builder-workspace/Sources/WWTouchEffectButton/Utility/Constant.swift:8:8: error: Unable to resolve module dependency: 'UIKit' (in target 'WWTouchEffectButton' from project 'WWTouchEffectButton')
note: A dependency of main module 'WWTouchEffectButton'
/Users/admin/builder/spi-builder-workspace/Sources/WWTouchEffectButton/Utility/Extension.swift:8:8: note: Also imported here
/Users/admin/builder/spi-builder-workspace/Sources/WWTouchEffectButton/Utility/Model.swift:8:8: note: Also imported here
/Users/admin/builder/spi-builder-workspace/Sources/WWTouchEffectButton/Utility/Protocol.swift:8:8: note: Also imported here
/Users/admin/builder/spi-builder-workspace/Sources/WWTouchEffectButton/WWTouchEffectButton.swift:8:8: note: Also imported here
/Users/admin/builder/spi-builder-workspace/Sources/WWTouchEffectButton/Utility/Constant.swift:8:8: note: A dependency of main module 'WWTouchEffectButton'
import UIKit
^ (in target 'WWTouchEffectButton' from project 'WWTouchEffectButton')
/Users/admin/builder/spi-builder-workspace/Sources/WWTouchEffectButton/Utility/Extension.swift:8:8: note: Also imported here
import UIKit
^ (in target 'WWTouchEffectButton' from project 'WWTouchEffectButton')
/Users/admin/builder/spi-builder-workspace/Sources/WWTouchEffectButton/Utility/Model.swift:8:8: note: Also imported here
import UIKit
^ (in target 'WWTouchEffectButton' from project 'WWTouchEffectButton')
/Users/admin/builder/spi-builder-workspace/Sources/WWTouchEffectButton/Utility/Protocol.swift:8:8: note: Also imported here
import UIKit
^ (in target 'WWTouchEffectButton' from project 'WWTouchEffectButton')
/Users/admin/builder/spi-builder-workspace/Sources/WWTouchEffectButton/WWTouchEffectButton.swift:8:8: note: Also imported here
import UIKit
^ (in target 'WWTouchEffectButton' from project 'WWTouchEffectButton')
PruneExplicitPrecompiledModules /Users/admin/builder/spi-builder-workspace/.derivedData/Build/Intermediates.noindex/ExplicitPrecompiledModules
PruneExplicitPrecompiledModules /Users/admin/builder/spi-builder-workspace/.derivedData/Build/Intermediates.noindex/SwiftExplicitPrecompiledModules
PruneExplicitPrecompiledModules /Users/admin/builder/spi-builder-workspace/.derivedData/SDKExplicitPrecompiledModules
2026-09-20 20:05:53.972 xcodebuild[676:4396] [MT] IDERunDestination: Supported platforms for the buildables in the current scheme is empty.
--- xcodebuild: WARNING: Using the first of multiple matching destinations:
{ platform:macOS, arch:arm64, id:cc8f90507d4be49c18a7a564292a2d6c7501a1b5, name:My Mac }
{ platform:macOS, arch:arm64, variant:Mac Catalyst, id:cc8f90507d4be49c18a7a564292a2d6c7501a1b5, name:My Mac }
{ platform:macOS, arch:arm64, variant:DriverKit, id:cc8f90507d4be49c18a7a564292a2d6c7501a1b5, name:My Mac }
{ platform:macOS, arch:arm64, variant:Designed for [iPad,iPhone], id:cc8f90507d4be49c18a7a564292a2d6c7501a1b5, name:My Mac }
** BUILD FAILED **
The following build commands failed:
SwiftDriver WWTouchEffectButton normal arm64 com.apple.xcode.tools.swift.compiler (in target 'WWTouchEffectButton' from project 'WWTouchEffectButton')
Building workspace WWTouchEffectButton with scheme WWTouchEffectButton
(2 failures)
BUILD FAILURE 6.4 macosXcodebuild