Build Information
Failed to build RxRealm, reference v5.1.0 (267cc8), with Swift 6.4 for watchOS using Xcode 27.0 on 20 Sep 2026 16:59:11 UTC.
Build Command
env DEVELOPER_DIR=/Applications/Xcode-27.0.0-Release.Candidate.app xcrun xcodebuild -IDEClonedSourcePackagesDirPathOverride=$PWD/.dependencies -skipMacroValidation -skipPackagePluginValidation -derivedDataPath $PWD/.derivedData build -scheme RxRealm -destination generic/platform=watchOSBuild Log
SwiftDriver RealmSwift normal arm64_32 com.apple.xcode.tools.swift.compiler (in target 'RealmSwift' from project 'Realm')
cd /Users/admin/builder/spi-builder-workspace/.swiftpm/xcode
builtin-SwiftDriver -- /Applications/Xcode-27.0.0-Release.Candidate.app/Contents/Developer/Toolchains/XcodeDefault.xctoolchain/usr/bin/swiftc -parse-as-library -module-name RealmSwift -Onone @/Users/admin/builder/spi-builder-workspace/.derivedData/Build/Intermediates.noindex/Realm.build/Debug-watchos/RealmSwift-t.build/Objects-normal/arm64_32/RealmSwift.SwiftFileList -DSWIFT_PACKAGE -DDEBUG -DSWIFT_MODULE_RESOURCE_BUNDLE_AVAILABLE -Xcc -fmodule-map-file\=/Users/admin/builder/spi-builder-workspace/.dependencies/checkouts/realm-core/src/module.modulemap -Xcc -fmodule-map-file\=/Users/admin/builder/spi-builder-workspace/.derivedData/Build/Intermediates.noindex/GeneratedModuleMaps-watchos/s2geometry.modulemap -Xcc -fmodule-map-file\=/Users/admin/builder/spi-builder-workspace/.derivedData/Build/Intermediates.noindex/GeneratedModuleMaps-watchos/Bid.modulemap -Xcc -fmodule-map-file\=/Users/admin/builder/spi-builder-workspace/.derivedData/Build/Intermediates.noindex/GeneratedModuleMaps-watchos/RealmCoreResources.modulemap -Xcc -fmodule-map-file\=/Users/admin/builder/spi-builder-workspace/.dependencies/checkouts/realm-swift/include/module.modulemap -DXcode -plugin-path /Applications/Xcode-27.0.0-Release.Candidate.app/Contents/Developer/Toolchains/XcodeDefault.xctoolchain/usr/lib/swift/host/plugins/testing -enable-experimental-feature DebugDescriptionMacro -sdk /Applications/Xcode-27.0.0-Release.Candidate.app/Contents/Developer/Platforms/WatchOS.platform/Developer/SDKs/WatchOS27.0.sdk -target arm64_32-apple-watchos9.0 -g -module-cache-path /Users/admin/builder/spi-builder-workspace/.derivedData/ModuleCache.noindex -Xfrontend -serialize-debugging-options -profile-coverage-mapping -profile-generate -enable-testing -suppress-warnings -index-store-path /Users/admin/builder/spi-builder-workspace/.derivedData/Index.noindex/DataStore -Xcc -D_LIBCPP_HARDENING_MODE\=_LIBCPP_HARDENING_MODE_DEBUG -swift-version 6 -I /Users/admin/builder/spi-builder-workspace/.derivedData/Build/Products/Debug-watchos -Isystem /Applications/Xcode-27.0.0-Release.Candidate.app/Contents/Developer/Platforms/WatchOS.platform/Developer/usr/lib -F /Users/admin/builder/spi-builder-workspace/.derivedData/Build/Products/Debug-watchos/PackageFrameworks -F /Users/admin/builder/spi-builder-workspace/.derivedData/Build/Products/Debug-watchos -F /Applications/Xcode-27.0.0-Release.Candidate.app/Contents/Developer/Platforms/WatchOS.platform/Developer/Library/Frameworks -F /Applications/Xcode-27.0.0-Release.Candidate.app/Contents/Developer/Platforms/WatchOS.platform/Developer/SDKs/WatchOS27.0.sdk/Developer/Library/Frameworks -c -j10 -enable-batch-mode -incremental -Xcc -ivfsstatcache -Xcc /Users/admin/builder/spi-builder-workspace/.derivedData/SDKStatCaches.noindex/watchos27.0-24R360-e829b21a6f8c9b70876ba0858053c04477534ef55a1706bf4c1112bbb242f0a2.sdkstatcache -output-file-map /Users/admin/builder/spi-builder-workspace/.derivedData/Build/Intermediates.noindex/Realm.build/Debug-watchos/RealmSwift-t.build/Objects-normal/arm64_32/RealmSwift-OutputFileMap.json -save-temps -no-color-diagnostics -explicit-module-build -module-cache-path /Users/admin/builder/spi-builder-workspace/.derivedData/Build/Intermediates.noindex/SwiftExplicitPrecompiledModules -clang-scanner-module-cache-path /Users/admin/builder/spi-builder-workspace/.derivedData/ModuleCache.noindex -sdk-module-cache-path /Users/admin/builder/spi-builder-workspace/.derivedData/SDKExplicitPrecompiledModules -emit-dependencies -emit-module -emit-module-path /Users/admin/builder/spi-builder-workspace/.derivedData/Build/Intermediates.noindex/Realm.build/Debug-watchos/RealmSwift-t.build/Objects-normal/arm64_32/RealmSwift.swiftmodule -serialize-diagnostics -dependency-scan-serialize-diagnostics-path /Users/admin/builder/spi-builder-workspace/.derivedData/Build/Intermediates.noindex/Realm.build/Debug-watchos/RealmSwift-t.build/Objects-normal/arm64_32/RealmSwift-dependency-scan.dia -validate-clang-modules-once -clang-build-session-file /Users/admin/builder/spi-builder-workspace/.derivedData/ModuleCache.noindex/Session.modulevalidation -Xcc -fmodules-prune-interval\=86400 -Xcc -fmodules-prune-after\=345600 -package-name realm_swift -emit-const-values -const-gather-protocols-list /Users/admin/builder/spi-builder-workspace/.derivedData/Build/Intermediates.noindex/Realm.build/Debug-watchos/RealmSwift-t.build/Objects-normal/arm64_32/RealmSwift_const_extract_protocols.json -Xcc -I/Users/admin/builder/spi-builder-workspace/.dependencies/checkouts/realm-core/src -Xcc -I/Users/admin/builder/spi-builder-workspace/.dependencies/checkouts/realm-core/src/external/s2 -Xcc -I/Users/admin/builder/spi-builder-workspace/.dependencies/checkouts/realm-core/src/external/IntelRDFPMathLib20U2/LIBRARY/src -Xcc -I/Users/admin/builder/spi-builder-workspace/.dependencies/checkouts/realm-core/src/spm -Xcc -I/Users/admin/builder/spi-builder-workspace/.dependencies/checkouts/realm-swift/include -Xcc -I/Users/admin/builder/spi-builder-workspace/.derivedData/Build/Products/Debug-watchos/include -Xcc -I/Users/admin/builder/spi-builder-workspace/.derivedData/Build/Intermediates.noindex/Realm.build/Debug-watchos/RealmSwift-t.build/DerivedSources-normal/arm64_32 -Xcc -I/Users/admin/builder/spi-builder-workspace/.derivedData/Build/Intermediates.noindex/Realm.build/Debug-watchos/RealmSwift-t.build/DerivedSources/arm64_32 -Xcc -I/Users/admin/builder/spi-builder-workspace/.derivedData/Build/Intermediates.noindex/Realm.build/Debug-watchos/RealmSwift-t.build/DerivedSources -Xcc -DSWIFT_PACKAGE -Xcc -DDEBUG\=1 -emit-objc-header -emit-objc-header-path /Users/admin/builder/spi-builder-workspace/.derivedData/Build/Intermediates.noindex/Realm.build/Debug-watchos/RealmSwift-t.build/Objects-normal/arm64_32/RealmSwift-Swift.h -working-directory /Users/admin/builder/spi-builder-workspace/.swiftpm/xcode -experimental-emit-module-separately -disable-cmo
CompileC /Users/admin/builder/spi-builder-workspace/.derivedData/Build/Intermediates.noindex/RealmDatabase.build/Debug-watchos/s2geometry-t.build/Objects-normal/arm64_32/s2polygonbuilder.o /Users/admin/builder/spi-builder-workspace/.dependencies/checkouts/realm-core/src/external/s2/s2polygonbuilder.cc normal arm64_32 c++ com.apple.compilers.llvm.clang.1_0.compiler (in target 's2geometry' from project 'RealmDatabase')
cd /Users/admin/builder/spi-builder-workspace/.swiftpm/xcode
Using response file: /Users/admin/builder/spi-builder-workspace/.derivedData/Build/Intermediates.noindex/RealmDatabase.build/Debug-watchos/s2geometry-t.build/Objects-normal/arm64_32/82b82416624d2658e5098eb0a28c15c5-common-args.resp
/Applications/Xcode-27.0.0-Release.Candidate.app/Contents/Developer/Toolchains/XcodeDefault.xctoolchain/usr/bin/clang -x c++ -ivfsstatcache /Users/admin/builder/spi-builder-workspace/.derivedData/SDKStatCaches.noindex/watchos27.0-24R360-e829b21a6f8c9b70876ba0858053c04477534ef55a1706bf4c1112bbb242f0a2.sdkstatcache -target arm64_32-apple-watchos9.0 -fmessage-length\=0 -fdiagnostics-show-note-include-stack -fmacro-backtrace-limit\=0 -fno-color-diagnostics -fmodules-prune-interval\=86400 -fmodules-prune-after\=345600 -fbuild-session-file\=/Users/admin/builder/spi-builder-workspace/.derivedData/ModuleCache.noindex/Session.modulevalidation -fmodules-validate-once-per-build-session -Wnon-modular-include-in-framework-module -Werror\=non-modular-include-in-framework-module -Wno-trigraphs -Wno-missing-field-initializers -Wno-missing-prototypes -Wno-return-type -Wno-non-virtual-dtor -Wno-overloaded-virtual -Wno-exit-time-destructors -Wno-missing-braces -Wparentheses -Wswitch -Wno-unused-function -Wno-unused-label -Wno-unused-parameter -Wno-unused-variable -Wunused-value -Wno-empty-body -Wno-uninitialized -Wno-unknown-pragmas -w -Wno-shadow -Wno-four-char-constants -Wno-conversion -Wno-constant-conversion -Wno-int-conversion -Wno-bool-conversion -Wno-enum-conversion -Wno-float-conversion -Wno-non-literal-null-conversion -Wno-objc-literal-conversion -Wno-shorten-64-to-32 -Wno-newline-eof -Wno-c++11-extensions -Wno-implicit-fallthrough -isysroot /Applications/Xcode-27.0.0-Release.Candidate.app/Contents/Developer/Platforms/WatchOS.platform/Developer/SDKs/WatchOS27.0.sdk -fstrict-aliasing -Wdeprecated-declarations -Winvalid-offsetof -Wno-sign-conversion -Wno-infinite-recursion -Wno-move -Wno-comma -Wno-block-capture-autoreleasing -Wno-strict-prototypes -Wno-range-loop-analysis -Wno-semicolon-before-method-body -index-store-path /Users/admin/builder/spi-builder-workspace/.derivedData/Index.noindex/DataStore @/Users/admin/builder/spi-builder-workspace/.derivedData/Build/Intermediates.noindex/RealmDatabase.build/Debug-watchos/s2geometry-t.build/Objects-normal/arm64_32/82b82416624d2658e5098eb0a28c15c5-common-args.resp -MMD -MT dependencies -MF /Users/admin/builder/spi-builder-workspace/.derivedData/Build/Intermediates.noindex/RealmDatabase.build/Debug-watchos/s2geometry-t.build/Objects-normal/arm64_32/s2polygonbuilder.d --serialize-diagnostics /Users/admin/builder/spi-builder-workspace/.derivedData/Build/Intermediates.noindex/RealmDatabase.build/Debug-watchos/s2geometry-t.build/Objects-normal/arm64_32/s2polygonbuilder.dia -c /Users/admin/builder/spi-builder-workspace/.dependencies/checkouts/realm-core/src/external/s2/s2polygonbuilder.cc -o /Users/admin/builder/spi-builder-workspace/.derivedData/Build/Intermediates.noindex/RealmDatabase.build/Debug-watchos/s2geometry-t.build/Objects-normal/arm64_32/s2polygonbuilder.o -index-unit-output-path /RealmDatabase.build/Debug-watchos/s2geometry-t.build/Objects-normal/arm64_32/s2polygonbuilder.o
CompileC /Users/admin/builder/spi-builder-workspace/.derivedData/Build/Intermediates.noindex/RealmDatabase.build/Debug-watchos/s2geometry-t.build/Objects-normal/arm64_32/s2polygon.o /Users/admin/builder/spi-builder-workspace/.dependencies/checkouts/realm-core/src/external/s2/s2polygon.cc normal arm64_32 c++ com.apple.compilers.llvm.clang.1_0.compiler (in target 's2geometry' from project 'RealmDatabase')
cd /Users/admin/builder/spi-builder-workspace/.swiftpm/xcode
Using response file: /Users/admin/builder/spi-builder-workspace/.derivedData/Build/Intermediates.noindex/RealmDatabase.build/Debug-watchos/s2geometry-t.build/Objects-normal/arm64_32/82b82416624d2658e5098eb0a28c15c5-common-args.resp
/Applications/Xcode-27.0.0-Release.Candidate.app/Contents/Developer/Toolchains/XcodeDefault.xctoolchain/usr/bin/clang -x c++ -ivfsstatcache /Users/admin/builder/spi-builder-workspace/.derivedData/SDKStatCaches.noindex/watchos27.0-24R360-e829b21a6f8c9b70876ba0858053c04477534ef55a1706bf4c1112bbb242f0a2.sdkstatcache -target arm64_32-apple-watchos9.0 -fmessage-length\=0 -fdiagnostics-show-note-include-stack -fmacro-backtrace-limit\=0 -fno-color-diagnostics -fmodules-prune-interval\=86400 -fmodules-prune-after\=345600 -fbuild-session-file\=/Users/admin/builder/spi-builder-workspace/.derivedData/ModuleCache.noindex/Session.modulevalidation -fmodules-validate-once-per-build-session -Wnon-modular-include-in-framework-module -Werror\=non-modular-include-in-framework-module -Wno-trigraphs -Wno-missing-field-initializers -Wno-missing-prototypes -Wno-return-type -Wno-non-virtual-dtor -Wno-overloaded-virtual -Wno-exit-time-destructors -Wno-missing-braces -Wparentheses -Wswitch -Wno-unused-function -Wno-unused-label -Wno-unused-parameter -Wno-unused-variable -Wunused-value -Wno-empty-body -Wno-uninitialized -Wno-unknown-pragmas -w -Wno-shadow -Wno-four-char-constants -Wno-conversion -Wno-constant-conversion -Wno-int-conversion -Wno-bool-conversion -Wno-enum-conversion -Wno-float-conversion -Wno-non-literal-null-conversion -Wno-objc-literal-conversion -Wno-shorten-64-to-32 -Wno-newline-eof -Wno-c++11-extensions -Wno-implicit-fallthrough -isysroot /Applications/Xcode-27.0.0-Release.Candidate.app/Contents/Developer/Platforms/WatchOS.platform/Developer/SDKs/WatchOS27.0.sdk -fstrict-aliasing -Wdeprecated-declarations -Winvalid-offsetof -Wno-sign-conversion -Wno-infinite-recursion -Wno-move -Wno-comma -Wno-block-capture-autoreleasing -Wno-strict-prototypes -Wno-range-loop-analysis -Wno-semicolon-before-method-body -index-store-path /Users/admin/builder/spi-builder-workspace/.derivedData/Index.noindex/DataStore @/Users/admin/builder/spi-builder-workspace/.derivedData/Build/Intermediates.noindex/RealmDatabase.build/Debug-watchos/s2geometry-t.build/Objects-normal/arm64_32/82b82416624d2658e5098eb0a28c15c5-common-args.resp -MMD -MT dependencies -MF /Users/admin/builder/spi-builder-workspace/.derivedData/Build/Intermediates.noindex/RealmDatabase.build/Debug-watchos/s2geometry-t.build/Objects-normal/arm64_32/s2polygon.d --serialize-diagnostics /Users/admin/builder/spi-builder-workspace/.derivedData/Build/Intermediates.noindex/RealmDatabase.build/Debug-watchos/s2geometry-t.build/Objects-normal/arm64_32/s2polygon.dia -c /Users/admin/builder/spi-builder-workspace/.dependencies/checkouts/realm-core/src/external/s2/s2polygon.cc -o /Users/admin/builder/spi-builder-workspace/.derivedData/Build/Intermediates.noindex/RealmDatabase.build/Debug-watchos/s2geometry-t.build/Objects-normal/arm64_32/s2polygon.o -index-unit-output-path /RealmDatabase.build/Debug-watchos/s2geometry-t.build/Objects-normal/arm64_32/s2polygon.o
CompileC /Users/admin/builder/spi-builder-workspace/.derivedData/Build/Intermediates.noindex/RealmDatabase.build/Debug-watchos/s2geometry-t.build/Objects-normal/arm64_32/s2pointregion.o /Users/admin/builder/spi-builder-workspace/.dependencies/checkouts/realm-core/src/external/s2/s2pointregion.cc normal arm64_32 c++ com.apple.compilers.llvm.clang.1_0.compiler (in target 's2geometry' from project 'RealmDatabase')
cd /Users/admin/builder/spi-builder-workspace/.swiftpm/xcode
Using response file: /Users/admin/builder/spi-builder-workspace/.derivedData/Build/Intermediates.noindex/RealmDatabase.build/Debug-watchos/s2geometry-t.build/Objects-normal/arm64_32/82b82416624d2658e5098eb0a28c15c5-common-args.resp
/Applications/Xcode-27.0.0-Release.Candidate.app/Contents/Developer/Toolchains/XcodeDefault.xctoolchain/usr/bin/clang -x c++ -ivfsstatcache /Users/admin/builder/spi-builder-workspace/.derivedData/SDKStatCaches.noindex/watchos27.0-24R360-e829b21a6f8c9b70876ba0858053c04477534ef55a1706bf4c1112bbb242f0a2.sdkstatcache -target arm64_32-apple-watchos9.0 -fmessage-length\=0 -fdiagnostics-show-note-include-stack -fmacro-backtrace-limit\=0 -fno-color-diagnostics -fmodules-prune-interval\=86400 -fmodules-prune-after\=345600 -fbuild-session-file\=/Users/admin/builder/spi-builder-workspace/.derivedData/ModuleCache.noindex/Session.modulevalidation -fmodules-validate-once-per-build-session -Wnon-modular-include-in-framework-module -Werror\=non-modular-include-in-framework-module -Wno-trigraphs -Wno-missing-field-initializers -Wno-missing-prototypes -Wno-return-type -Wno-non-virtual-dtor -Wno-overloaded-virtual -Wno-exit-time-destructors -Wno-missing-braces -Wparentheses -Wswitch -Wno-unused-function -Wno-unused-label -Wno-unused-parameter -Wno-unused-variable -Wunused-value -Wno-empty-body -Wno-uninitialized -Wno-unknown-pragmas -w -Wno-shadow -Wno-four-char-constants -Wno-conversion -Wno-constant-conversion -Wno-int-conversion -Wno-bool-conversion -Wno-enum-conversion -Wno-float-conversion -Wno-non-literal-null-conversion -Wno-objc-literal-conversion -Wno-shorten-64-to-32 -Wno-newline-eof -Wno-c++11-extensions -Wno-implicit-fallthrough -isysroot /Applications/Xcode-27.0.0-Release.Candidate.app/Contents/Developer/Platforms/WatchOS.platform/Developer/SDKs/WatchOS27.0.sdk -fstrict-aliasing -Wdeprecated-declarations -Winvalid-offsetof -Wno-sign-conversion -Wno-infinite-recursion -Wno-move -Wno-comma -Wno-block-capture-autoreleasing -Wno-strict-prototypes -Wno-range-loop-analysis -Wno-semicolon-before-method-body -index-store-path /Users/admin/builder/spi-builder-workspace/.derivedData/Index.noindex/DataStore @/Users/admin/builder/spi-builder-workspace/.derivedData/Build/Intermediates.noindex/RealmDatabase.build/Debug-watchos/s2geometry-t.build/Objects-normal/arm64_32/82b82416624d2658e5098eb0a28c15c5-common-args.resp -MMD -MT dependencies -MF /Users/admin/builder/spi-builder-workspace/.derivedData/Build/Intermediates.noindex/RealmDatabase.build/Debug-watchos/s2geometry-t.build/Objects-normal/arm64_32/s2pointregion.d --serialize-diagnostics /Users/admin/builder/spi-builder-workspace/.derivedData/Build/Intermediates.noindex/RealmDatabase.build/Debug-watchos/s2geometry-t.build/Objects-normal/arm64_32/s2pointregion.dia -c /Users/admin/builder/spi-builder-workspace/.dependencies/checkouts/realm-core/src/external/s2/s2pointregion.cc -o /Users/admin/builder/spi-builder-workspace/.derivedData/Build/Intermediates.noindex/RealmDatabase.build/Debug-watchos/s2geometry-t.build/Objects-normal/arm64_32/s2pointregion.o -index-unit-output-path /RealmDatabase.build/Debug-watchos/s2geometry-t.build/Objects-normal/arm64_32/s2pointregion.o
CompileC /Users/admin/builder/spi-builder-workspace/.derivedData/Build/Intermediates.noindex/RealmDatabase.build/Debug-watchos/s2geometry-t.build/Objects-normal/arm64_32/s2loop.o /Users/admin/builder/spi-builder-workspace/.dependencies/checkouts/realm-core/src/external/s2/s2loop.cc normal arm64_32 c++ com.apple.compilers.llvm.clang.1_0.compiler (in target 's2geometry' from project 'RealmDatabase')
cd /Users/admin/builder/spi-builder-workspace/.swiftpm/xcode
Using response file: /Users/admin/builder/spi-builder-workspace/.derivedData/Build/Intermediates.noindex/RealmDatabase.build/Debug-watchos/s2geometry-t.build/Objects-normal/arm64_32/82b82416624d2658e5098eb0a28c15c5-common-args.resp
/Applications/Xcode-27.0.0-Release.Candidate.app/Contents/Developer/Toolchains/XcodeDefault.xctoolchain/usr/bin/clang -x c++ -ivfsstatcache /Users/admin/builder/spi-builder-workspace/.derivedData/SDKStatCaches.noindex/watchos27.0-24R360-e829b21a6f8c9b70876ba0858053c04477534ef55a1706bf4c1112bbb242f0a2.sdkstatcache -target arm64_32-apple-watchos9.0 -fmessage-length\=0 -fdiagnostics-show-note-include-stack -fmacro-backtrace-limit\=0 -fno-color-diagnostics -fmodules-prune-interval\=86400 -fmodules-prune-after\=345600 -fbuild-session-file\=/Users/admin/builder/spi-builder-workspace/.derivedData/ModuleCache.noindex/Session.modulevalidation -fmodules-validate-once-per-build-session -Wnon-modular-include-in-framework-module -Werror\=non-modular-include-in-framework-module -Wno-trigraphs -Wno-missing-field-initializers -Wno-missing-prototypes -Wno-return-type -Wno-non-virtual-dtor -Wno-overloaded-virtual -Wno-exit-time-destructors -Wno-missing-braces -Wparentheses -Wswitch -Wno-unused-function -Wno-unused-label -Wno-unused-parameter -Wno-unused-variable -Wunused-value -Wno-empty-body -Wno-uninitialized -Wno-unknown-pragmas -w -Wno-shadow -Wno-four-char-constants -Wno-conversion -Wno-constant-conversion -Wno-int-conversion -Wno-bool-conversion -Wno-enum-conversion -Wno-float-conversion -Wno-non-literal-null-conversion -Wno-objc-literal-conversion -Wno-shorten-64-to-32 -Wno-newline-eof -Wno-c++11-extensions -Wno-implicit-fallthrough -isysroot /Applications/Xcode-27.0.0-Release.Candidate.app/Contents/Developer/Platforms/WatchOS.platform/Developer/SDKs/WatchOS27.0.sdk -fstrict-aliasing -Wdeprecated-declarations -Winvalid-offsetof -Wno-sign-conversion -Wno-infinite-recursion -Wno-move -Wno-comma -Wno-block-capture-autoreleasing -Wno-strict-prototypes -Wno-range-loop-analysis -Wno-semicolon-before-method-body -index-store-path /Users/admin/builder/spi-builder-workspace/.derivedData/Index.noindex/DataStore @/Users/admin/builder/spi-builder-workspace/.derivedData/Build/Intermediates.noindex/RealmDatabase.build/Debug-watchos/s2geometry-t.build/Objects-normal/arm64_32/82b82416624d2658e5098eb0a28c15c5-common-args.resp -MMD -MT dependencies -MF /Users/admin/builder/spi-builder-workspace/.derivedData/Build/Intermediates.noindex/RealmDatabase.build/Debug-watchos/s2geometry-t.build/Objects-normal/arm64_32/s2loop.d --serialize-diagnostics /Users/admin/builder/spi-builder-workspace/.derivedData/Build/Intermediates.noindex/RealmDatabase.build/Debug-watchos/s2geometry-t.build/Objects-normal/arm64_32/s2loop.dia -c /Users/admin/builder/spi-builder-workspace/.dependencies/checkouts/realm-core/src/external/s2/s2loop.cc -o /Users/admin/builder/spi-builder-workspace/.derivedData/Build/Intermediates.noindex/RealmDatabase.build/Debug-watchos/s2geometry-t.build/Objects-normal/arm64_32/s2loop.o -index-unit-output-path /RealmDatabase.build/Debug-watchos/s2geometry-t.build/Objects-normal/arm64_32/s2loop.o
CompileC /Users/admin/builder/spi-builder-workspace/.derivedData/Build/Intermediates.noindex/RealmDatabase.build/Debug-watchos/s2geometry-t.build/Objects-normal/arm64_32/s2latlngrect.o /Users/admin/builder/spi-builder-workspace/.dependencies/checkouts/realm-core/src/external/s2/s2latlngrect.cc normal arm64_32 c++ com.apple.compilers.llvm.clang.1_0.compiler (in target 's2geometry' from project 'RealmDatabase')
cd /Users/admin/builder/spi-builder-workspace/.swiftpm/xcode
Using response file: /Users/admin/builder/spi-builder-workspace/.derivedData/Build/Intermediates.noindex/RealmDatabase.build/Debug-watchos/s2geometry-t.build/Objects-normal/arm64_32/82b82416624d2658e5098eb0a28c15c5-common-args.resp
/Applications/Xcode-27.0.0-Release.Candidate.app/Contents/Developer/Toolchains/XcodeDefault.xctoolchain/usr/bin/clang -x c++ -ivfsstatcache /Users/admin/builder/spi-builder-workspace/.derivedData/SDKStatCaches.noindex/watchos27.0-24R360-e829b21a6f8c9b70876ba0858053c04477534ef55a1706bf4c1112bbb242f0a2.sdkstatcache -target arm64_32-apple-watchos9.0 -fmessage-length\=0 -fdiagnostics-show-note-include-stack -fmacro-backtrace-limit\=0 -fno-color-diagnostics -fmodules-prune-interval\=86400 -fmodules-prune-after\=345600 -fbuild-session-file\=/Users/admin/builder/spi-builder-workspace/.derivedData/ModuleCache.noindex/Session.modulevalidation -fmodules-validate-once-per-build-session -Wnon-modular-include-in-framework-module -Werror\=non-modular-include-in-framework-module -Wno-trigraphs -Wno-missing-field-initializers -Wno-missing-prototypes -Wno-return-type -Wno-non-virtual-dtor -Wno-overloaded-virtual -Wno-exit-time-destructors -Wno-missing-braces -Wparentheses -Wswitch -Wno-unused-function -Wno-unused-label -Wno-unused-parameter -Wno-unused-variable -Wunused-value -Wno-empty-body -Wno-uninitialized -Wno-unknown-pragmas -w -Wno-shadow -Wno-four-char-constants -Wno-conversion -Wno-constant-conversion -Wno-int-conversion -Wno-bool-conversion -Wno-enum-conversion -Wno-float-conversion -Wno-non-literal-null-conversion -Wno-objc-literal-conversion -Wno-shorten-64-to-32 -Wno-newline-eof -Wno-c++11-extensions -Wno-implicit-fallthrough -isysroot /Applications/Xcode-27.0.0-Release.Candidate.app/Contents/Developer/Platforms/WatchOS.platform/Developer/SDKs/WatchOS27.0.sdk -fstrict-aliasing -Wdeprecated-declarations -Winvalid-offsetof -Wno-sign-conversion -Wno-infinite-recursion -Wno-move -Wno-comma -Wno-block-capture-autoreleasing -Wno-strict-prototypes -Wno-range-loop-analysis -Wno-semicolon-before-method-body -index-store-path /Users/admin/builder/spi-builder-workspace/.derivedData/Index.noindex/DataStore @/Users/admin/builder/spi-builder-workspace/.derivedData/Build/Intermediates.noindex/RealmDatabase.build/Debug-watchos/s2geometry-t.build/Objects-normal/arm64_32/82b82416624d2658e5098eb0a28c15c5-common-args.resp -MMD -MT dependencies -MF /Users/admin/builder/spi-builder-workspace/.derivedData/Build/Intermediates.noindex/RealmDatabase.build/Debug-watchos/s2geometry-t.build/Objects-normal/arm64_32/s2latlngrect.d --serialize-diagnostics /Users/admin/builder/spi-builder-workspace/.derivedData/Build/Intermediates.noindex/RealmDatabase.build/Debug-watchos/s2geometry-t.build/Objects-normal/arm64_32/s2latlngrect.dia -c /Users/admin/builder/spi-builder-workspace/.dependencies/checkouts/realm-core/src/external/s2/s2latlngrect.cc -o /Users/admin/builder/spi-builder-workspace/.derivedData/Build/Intermediates.noindex/RealmDatabase.build/Debug-watchos/s2geometry-t.build/Objects-normal/arm64_32/s2latlngrect.o -index-unit-output-path /RealmDatabase.build/Debug-watchos/s2geometry-t.build/Objects-normal/arm64_32/s2latlngrect.o
PruneExplicitPrecompiledModules /Users/admin/builder/spi-builder-workspace/.derivedData/Build/Intermediates.noindex/ExplicitPrecompiledModules
PruneExplicitPrecompiledModules /Users/admin/builder/spi-builder-workspace/.derivedData/Build/Intermediates.noindex/SwiftExplicitPrecompiledModules
PruneExplicitPrecompiledModules /Users/admin/builder/spi-builder-workspace/.derivedData/SDKExplicitPrecompiledModules
2026-09-20 12:58:58.630 xcodebuild[839:5118] [MT] IDERunDestination: Supported platforms for the buildables in the current scheme is empty.
** BUILD FAILED **
The following build commands failed:
CompileC /Users/admin/builder/spi-builder-workspace/.derivedData/Build/Intermediates.noindex/RealmDatabase.build/Debug-watchos/s2geometry-t.build/Objects-normal/arm64_32/s2region.o /Users/admin/builder/spi-builder-workspace/.dependencies/checkouts/realm-core/src/external/s2/s2region.cc normal arm64_32 c++ com.apple.compilers.llvm.clang.1_0.compiler (in target 's2geometry' from project 'RealmDatabase')
Building workspace RxRealm with scheme RxRealm
(2 failures)
Command line invocation:
/Applications/Xcode-27.0.0-Release.Candidate.app/Contents/Developer/usr/bin/xcodebuild -IDEClonedSourcePackagesDirPathOverride=/Users/admin/builder/spi-builder-workspace/.dependencies -resolvePackageDependencies
Resolve Package Graph
Resolved source packages:
RxRealm: /Users/admin/builder/spi-builder-workspace
RxSwift: https://github.com/ReactiveX/RxSwift.git @ 6.10.2
RealmDatabase: https://github.com/realm/realm-core.git @ 14.14.0
Realm: https://github.com/realm/realm-swift.git @ 10.54.6
resolved source packages: RxRealm, RxSwift, RealmDatabase, Realm
2026-09-20 12:59:04.991 xcodebuild[920:5705] [MT] IDERunDestination: Supported platforms for the buildables in the current scheme is empty.
{
"dependencies" : [
{
"identity" : "realm-swift",
"requirement" : {
"range" : [
{
"lower_bound" : "10.21.1",
"upper_bound" : "11.0.0"
}
]
},
"type" : "sourceControl",
"url" : "https://github.com/realm/realm-swift.git"
},
{
"identity" : "rxswift",
"requirement" : {
"range" : [
{
"lower_bound" : "6.5.0",
"upper_bound" : "7.0.0"
}
]
},
"type" : "sourceControl",
"url" : "https://github.com/ReactiveX/RxSwift.git"
}
],
"manifest_display_name" : "RxRealm",
"name" : "RxRealm",
"path" : "/Users/admin/builder/spi-builder-workspace",
"platforms" : [
{
"name" : "macos",
"version" : "10.10"
},
{
"name" : "ios",
"version" : "11.0"
},
{
"name" : "tvos",
"version" : "9.0"
},
{
"name" : "watchos",
"version" : "3.0"
}
],
"products" : [
{
"name" : "RxRealm",
"targets" : [
"RxRealm"
],
"type" : {
"library" : [
"automatic"
]
}
}
],
"swift_languages_versions" : [
"5"
],
"targets" : [
{
"c99name" : "RxRealmTests",
"module_type" : "SwiftTarget",
"name" : "RxRealmTests",
"path" : "Tests/RxRealmTests",
"product_dependencies" : [
"RxSwift",
"RxBlocking",
"RealmSwift",
"RxCocoa"
],
"sources" : [
"RxRealmLinkingObjectsTests.swift",
"RxRealmListTests.swift",
"RxRealmObjectTests.swift",
"RxRealmOnQueueTests.swift",
"RxRealmRealmTests.swift",
"RxRealmResultsTests.swift",
"RxRealmTests.swift",
"RxRealmWriteSinks.swift",
"TestModels.swift",
"XCTestManifests.swift"
],
"target_dependencies" : [
"RxRealm"
],
"type" : "test"
},
{
"c99name" : "RxRealm",
"module_type" : "SwiftTarget",
"name" : "RxRealm",
"path" : "Sources",
"product_dependencies" : [
"RxSwift",
"RealmSwift",
"RxCocoa"
],
"product_memberships" : [
"RxRealm"
],
"sources" : [
"RxRealm/RealmObserver.swift",
"RxRealm/RxRealm.swift"
],
"type" : "library"
}
],
"tools_version" : "5.0"
}
{
"workspace" : {
"name" : "RxRealm",
"schemes" : [
"RxRealm"
]
}
}
2026-09-20 12:59:06.775 xcodebuild[928:5770] [MT] IDERunDestination: Supported platforms for the buildables in the current scheme is empty.
Running build ...
env DEVELOPER_DIR=/Applications/Xcode-27.0.0-Release.Candidate.app xcrun xcodebuild -IDEClonedSourcePackagesDirPathOverride=$PWD/.dependencies -skipMacroValidation -skipPackagePluginValidation -derivedDataPath $PWD/.derivedData build -scheme RxRealm -destination generic/platform=watchOS
Command line invocation:
/Applications/Xcode-27.0.0-Release.Candidate.app/Contents/Developer/usr/bin/xcodebuild -IDEClonedSourcePackagesDirPathOverride=/Users/admin/builder/spi-builder-workspace/.dependencies -skipMacroValidation -skipPackagePluginValidation -derivedDataPath /Users/admin/builder/spi-builder-workspace/.derivedData build -scheme RxRealm -destination generic/platform=watchOS
Resolve Package Graph
Resolved source packages:
RxRealm: /Users/admin/builder/spi-builder-workspace
Realm: https://github.com/realm/realm-swift.git @ 10.54.6
RxSwift: https://github.com/ReactiveX/RxSwift.git @ 6.10.2
RealmDatabase: https://github.com/realm/realm-core.git @ 14.14.0
ComputePackagePrebuildTargetDependencyGraph
Prepare packages
CreateBuildRequest
SendProjectDescription
CreateBuildOperation
ComputeTargetDependencyGraph
note: Building targets in dependency order
note: Target dependency graph (23 targets)
Target 'RxRealm-product' in project 'RxRealm'
➜ Explicit dependency on target 'RxRealm' in project 'RxRealm'
➜ Explicit dependency on target 'RealmSwift-product' in project 'Realm'
➜ Explicit dependency on target 'RxSwift-product' in project 'RxSwift'
➜ Explicit dependency on target 'RxCocoa-product' in project 'RxSwift'
Target 'RxRealm' in project 'RxRealm'
➜ Explicit dependency on target 'RealmSwift-product' in project 'Realm'
➜ Explicit dependency on target 'RxSwift-product' in project 'RxSwift'
➜ Explicit dependency on target 'RxCocoa-product' in project 'RxSwift'
Target 'RxCocoa-product' in project 'RxSwift'
➜ Explicit dependency on target 'RxCocoa' in project 'RxSwift'
➜ Explicit dependency on target 'RxSwift_RxCocoa' in project 'RxSwift'
➜ Explicit dependency on target 'RxSwift' in project 'RxSwift'
➜ Explicit dependency on target 'RxRelay' in project 'RxSwift'
➜ Explicit dependency on target 'RxCocoaRuntime' in project 'RxSwift'
Target 'RxCocoa' in project 'RxSwift'
➜ Explicit dependency on target 'RxSwift_RxCocoa' in project 'RxSwift'
➜ Explicit dependency on target 'RxSwift' in project 'RxSwift'
➜ Explicit dependency on target 'RxRelay' in project 'RxSwift'
➜ Explicit dependency on target 'RxCocoaRuntime' in project 'RxSwift'
Target 'RxCocoaRuntime' in project 'RxSwift'
➜ Explicit dependency on target 'RxSwift_RxCocoaRuntime' in project 'RxSwift'
➜ Explicit dependency on target 'RxSwift' in project 'RxSwift'
Target 'RxSwift_RxCocoaRuntime' in project 'RxSwift' (no dependencies)
Target 'RxRelay' in project 'RxSwift'
➜ Explicit dependency on target 'RxSwift_RxRelay' in project 'RxSwift'
➜ Explicit dependency on target 'RxSwift' in project 'RxSwift'
Target 'RxSwift_RxRelay' in project 'RxSwift' (no dependencies)
Target 'RxSwift_RxCocoa' in project 'RxSwift' (no dependencies)
Target 'RxSwift-product' in project 'RxSwift'
➜ Explicit dependency on target 'RxSwift' in project 'RxSwift'
➜ Explicit dependency on target 'RxSwift_RxSwift' in project 'RxSwift'
Target 'RxSwift' in project 'RxSwift'
➜ Explicit dependency on target 'RxSwift_RxSwift' in project 'RxSwift'
Target 'RxSwift_RxSwift' in project 'RxSwift' (no dependencies)
Target 'RealmSwift-product' in project 'Realm'
➜ Explicit dependency on target 'RealmSwift' in project 'Realm'
➜ Explicit dependency on target 'Realm_RealmSwift' in project 'Realm'
➜ Explicit dependency on target 'Realm' in project 'Realm'
➜ Explicit dependency on target 'RealmCore-product' in project 'RealmDatabase'
Target 'RealmSwift' in project 'Realm'
➜ Explicit dependency on target 'Realm_RealmSwift' in project 'Realm'
➜ Explicit dependency on target 'Realm' in project 'Realm'
➜ Explicit dependency on target 'RealmCore-product' in project 'RealmDatabase'
Target 'Realm' in project 'Realm'
➜ Explicit dependency on target 'Realm_Realm' in project 'Realm'
➜ Explicit dependency on target 'RealmCore-product' in project 'RealmDatabase'
Target 'RealmCore-product' in project 'RealmDatabase'
➜ Explicit dependency on target 'RealmCoreResources' in project 'RealmDatabase'
➜ Explicit dependency on target 'RealmDatabase_RealmCoreResources' in project 'RealmDatabase'
➜ Explicit dependency on target 'Bid' in project 'RealmDatabase'
➜ Explicit dependency on target 's2geometry' in project 'RealmDatabase'
➜ Explicit dependency on target 'RealmCore' in project 'RealmDatabase'
Target 'RealmCoreResources' in project 'RealmDatabase'
➜ Explicit dependency on target 'RealmDatabase_RealmCoreResources' in project 'RealmDatabase'
➜ Explicit dependency on target 'Bid' in project 'RealmDatabase'
➜ Explicit dependency on target 's2geometry' in project 'RealmDatabase'
➜ Explicit dependency on target 'RealmCore' in project 'RealmDatabase'
Target 'RealmCore' in project 'RealmDatabase'
➜ Explicit dependency on target 'Bid' in project 'RealmDatabase'
➜ Explicit dependency on target 's2geometry' in project 'RealmDatabase'
Target 's2geometry' in project 'RealmDatabase' (no dependencies)
Target 'Bid' in project 'RealmDatabase' (no dependencies)
Target 'RealmDatabase_RealmCoreResources' in project 'RealmDatabase' (no dependencies)
Target 'Realm_Realm' in project 'Realm' (no dependencies)
Target 'Realm_RealmSwift' in project 'Realm' (no dependencies)
GatherProvisioningInputs
CreateBuildDescription
ClangStatCache /Applications/Xcode-27.0.0-Release.Candidate.app/Contents/Developer/Toolchains/XcodeDefault.xctoolchain/usr/bin/clang-stat-cache /Applications/Xcode-27.0.0-Release.Candidate.app/Contents/Developer/Platforms/WatchOS.platform/Developer/SDKs/WatchOS27.0.sdk /Users/admin/builder/spi-builder-workspace/.derivedData/SDKStatCaches.noindex/watchos27.0-24R360-e829b21a6f8c9b70876ba0858053c04477534ef55a1706bf4c1112bbb242f0a2.sdkstatcache
cd /Users/admin/builder/spi-builder-workspace/.swiftpm/xcode
/Applications/Xcode-27.0.0-Release.Candidate.app/Contents/Developer/Toolchains/XcodeDefault.xctoolchain/usr/bin/clang-stat-cache /Applications/Xcode-27.0.0-Release.Candidate.app/Contents/Developer/Platforms/WatchOS.platform/Developer/SDKs/WatchOS27.0.sdk -o /Users/admin/builder/spi-builder-workspace/.derivedData/SDKStatCaches.noindex/watchos27.0-24R360-e829b21a6f8c9b70876ba0858053c04477534ef55a1706bf4c1112bbb242f0a2.sdkstatcache
CompileC /Users/admin/builder/spi-builder-workspace/.derivedData/Build/Intermediates.noindex/RealmDatabase.build/Debug-watchos/s2geometry-t.build/Objects-normal/arm64_32/s2region.o /Users/admin/builder/spi-builder-workspace/.dependencies/checkouts/realm-core/src/external/s2/s2region.cc normal arm64_32 c++ com.apple.compilers.llvm.clang.1_0.compiler (in target 's2geometry' from project 'RealmDatabase')
cd /Users/admin/builder/spi-builder-workspace/.swiftpm/xcode
Using response file: /Users/admin/builder/spi-builder-workspace/.derivedData/Build/Intermediates.noindex/RealmDatabase.build/Debug-watchos/s2geometry-t.build/Objects-normal/arm64_32/82b82416624d2658e5098eb0a28c15c5-common-args.resp
/Applications/Xcode-27.0.0-Release.Candidate.app/Contents/Developer/Toolchains/XcodeDefault.xctoolchain/usr/bin/clang -x c++ -ivfsstatcache /Users/admin/builder/spi-builder-workspace/.derivedData/SDKStatCaches.noindex/watchos27.0-24R360-e829b21a6f8c9b70876ba0858053c04477534ef55a1706bf4c1112bbb242f0a2.sdkstatcache -target arm64_32-apple-watchos9.0 -fmessage-length\=0 -fdiagnostics-show-note-include-stack -fmacro-backtrace-limit\=0 -fno-color-diagnostics -fmodules-prune-interval\=86400 -fmodules-prune-after\=345600 -fbuild-session-file\=/Users/admin/builder/spi-builder-workspace/.derivedData/ModuleCache.noindex/Session.modulevalidation -fmodules-validate-once-per-build-session -Wnon-modular-include-in-framework-module -Werror\=non-modular-include-in-framework-module -Wno-trigraphs -Wno-missing-field-initializers -Wno-missing-prototypes -Wno-return-type -Wno-non-virtual-dtor -Wno-overloaded-virtual -Wno-exit-time-destructors -Wno-missing-braces -Wparentheses -Wswitch -Wno-unused-function -Wno-unused-label -Wno-unused-parameter -Wno-unused-variable -Wunused-value -Wno-empty-body -Wno-uninitialized -Wno-unknown-pragmas -w -Wno-shadow -Wno-four-char-constants -Wno-conversion -Wno-constant-conversion -Wno-int-conversion -Wno-bool-conversion -Wno-enum-conversion -Wno-float-conversion -Wno-non-literal-null-conversion -Wno-objc-literal-conversion -Wno-shorten-64-to-32 -Wno-newline-eof -Wno-c++11-extensions -Wno-implicit-fallthrough -isysroot /Applications/Xcode-27.0.0-Release.Candidate.app/Contents/Developer/Platforms/WatchOS.platform/Developer/SDKs/WatchOS27.0.sdk -fstrict-aliasing -Wdeprecated-declarations -Winvalid-offsetof -Wno-sign-conversion -Wno-infinite-recursion -Wno-move -Wno-comma -Wno-block-capture-autoreleasing -Wno-strict-prototypes -Wno-range-loop-analysis -Wno-semicolon-before-method-body -index-store-path /Users/admin/builder/spi-builder-workspace/.derivedData/Index.noindex/DataStore @/Users/admin/builder/spi-builder-workspace/.derivedData/Build/Intermediates.noindex/RealmDatabase.build/Debug-watchos/s2geometry-t.build/Objects-normal/arm64_32/82b82416624d2658e5098eb0a28c15c5-common-args.resp -MMD -MT dependencies -MF /Users/admin/builder/spi-builder-workspace/.derivedData/Build/Intermediates.noindex/RealmDatabase.build/Debug-watchos/s2geometry-t.build/Objects-normal/arm64_32/s2region.d --serialize-diagnostics /Users/admin/builder/spi-builder-workspace/.derivedData/Build/Intermediates.noindex/RealmDatabase.build/Debug-watchos/s2geometry-t.build/Objects-normal/arm64_32/s2region.dia -c /Users/admin/builder/spi-builder-workspace/.dependencies/checkouts/realm-core/src/external/s2/s2region.cc -o /Users/admin/builder/spi-builder-workspace/.derivedData/Build/Intermediates.noindex/RealmDatabase.build/Debug-watchos/s2geometry-t.build/Objects-normal/arm64_32/s2region.o -index-unit-output-path /RealmDatabase.build/Debug-watchos/s2geometry-t.build/Objects-normal/arm64_32/s2region.o
In file included from /Users/admin/builder/spi-builder-workspace/.dependencies/checkouts/realm-core/src/external/s2/s2region.cc:3:
In file included from /Users/admin/builder/spi-builder-workspace/.dependencies/checkouts/realm-core/src/external/s2/s2region.h:6:
In file included from /Users/admin/builder/spi-builder-workspace/.dependencies/checkouts/realm-core/src/external/s2/s2.h:29:
/Users/admin/builder/spi-builder-workspace/.dependencies/checkouts/realm-core/src/external/s2/util/math/vector3-inl.h:425:1: error: 'is_pod' cannot be specialized: Users are not allowed to specialize this standard library entity [-Winvalid-specialization]
425 | PROPAGATE_POD_FROM_TEMPLATE_ARGUMENT(Vector3);
| ^
In file included from /Users/admin/builder/spi-builder-workspace/.dependencies/checkouts/realm-core/src/external/s2/s2region.cc:3:
In file included from /Users/admin/builder/spi-builder-workspace/.dependencies/checkouts/realm-core/src/external/s2/s2region.h:6:
In file included from /Users/admin/builder/spi-builder-workspace/.dependencies/checkouts/realm-core/src/external/s2/s2.h:26:
In file included from /Users/admin/builder/spi-builder-workspace/.dependencies/checkouts/realm-core/src/external/s2/base/basictypes.h:9:
In file included from /Users/admin/builder/spi-builder-workspace/.dependencies/checkouts/realm-core/src/external/s2/base/casts.h:19:
/Users/admin/builder/spi-builder-workspace/.dependencies/checkouts/realm-core/src/external/s2/base/macros.h:181:30: note: expanded from macro 'PROPAGATE_POD_FROM_TEMPLATE_ARGUMENT'
181 | template <typename T> struct is_pod<TemplateName<T> > : std::is_trivial<T> { }; \
| ^
In file included from /Users/admin/builder/spi-builder-workspace/.dependencies/checkouts/realm-core/src/external/s2/s2region.cc:3:
In file included from /Users/admin/builder/spi-builder-workspace/.dependencies/checkouts/realm-core/src/external/s2/s2region.h:6:
In file included from /Users/admin/builder/spi-builder-workspace/.dependencies/checkouts/realm-core/src/external/s2/s2.h:10:
In file included from /Applications/Xcode-27.0.0-Release.Candidate.app/Contents/Developer/Platforms/WatchOS.platform/Developer/SDKs/WatchOS27.0.sdk/usr/include/c++/v1/algorithm:1845:
In file included from /Applications/Xcode-27.0.0-Release.Candidate.app/Contents/Developer/Platforms/WatchOS.platform/Developer/SDKs/WatchOS27.0.sdk/usr/include/c++/v1/__algorithm/binary_search.h:14:
In file included from /Applications/Xcode-27.0.0-Release.Candidate.app/Contents/Developer/Platforms/WatchOS.platform/Developer/SDKs/WatchOS27.0.sdk/usr/include/c++/v1/__algorithm/lower_bound.h:14:
In file included from /Applications/Xcode-27.0.0-Release.Candidate.app/Contents/Developer/Platforms/WatchOS.platform/Developer/SDKs/WatchOS27.0.sdk/usr/include/c++/v1/__algorithm/iterator_operations.h:16:
In file included from /Applications/Xcode-27.0.0-Release.Candidate.app/Contents/Developer/Platforms/WatchOS.platform/Developer/SDKs/WatchOS27.0.sdk/usr/include/c++/v1/__iterator/advance.h:26:
In file included from /Applications/Xcode-27.0.0-Release.Candidate.app/Contents/Developer/Platforms/WatchOS.platform/Developer/SDKs/WatchOS27.0.sdk/usr/include/c++/v1/limits:524:
In file included from /Applications/Xcode-27.0.0-Release.Candidate.app/Contents/Developer/Platforms/WatchOS.platform/Developer/SDKs/WatchOS27.0.sdk/usr/include/c++/v1/type_traits:505:
/Applications/Xcode-27.0.0-Release.Candidate.app/Contents/Developer/Platforms/WatchOS.platform/Developer/SDKs/WatchOS27.0.sdk/usr/include/c++/v1/__type_traits/is_pod.h:22:36: note: marked '_Clang::no_specializations' here
22 | struct _LIBCPP_DEPRECATED_IN_CXX20 _LIBCPP_NO_SPECIALIZATIONS is_pod : integral_constant<bool, __is_pod(_Tp)> {};
| ^
In file included from /Users/admin/builder/spi-builder-workspace/.dependencies/checkouts/realm-core/src/external/s2/s2region.cc:3:
In file included from /Users/admin/builder/spi-builder-workspace/.dependencies/checkouts/realm-core/src/external/s2/s2region.h:6:
In file included from /Users/admin/builder/spi-builder-workspace/.dependencies/checkouts/realm-core/src/external/s2/s2.h:10:
In file included from /Applications/Xcode-27.0.0-Release.Candidate.app/Contents/Developer/Platforms/WatchOS.platform/Developer/SDKs/WatchOS27.0.sdk/usr/include/c++/v1/algorithm:1840:
/Applications/Xcode-27.0.0-Release.Candidate.app/Contents/Developer/Platforms/WatchOS.platform/Developer/SDKs/WatchOS27.0.sdk/usr/include/c++/v1/__config:970:9: note: expanded from macro '_LIBCPP_NO_SPECIALIZATIONS'
970 | [[_Clang::__no_specializations__("Users are not allowed to specialize this standard library entity")]]
| ^
1 error generated.
CompileC /Users/admin/builder/spi-builder-workspace/.derivedData/Build/Intermediates.noindex/RealmDatabase.build/Debug-watchos/s2geometry-t.build/Objects-normal/arm64_32/s2r2rect.o /Users/admin/builder/spi-builder-workspace/.dependencies/checkouts/realm-core/src/external/s2/s2r2rect.cc normal arm64_32 c++ com.apple.compilers.llvm.clang.1_0.compiler (in target 's2geometry' from project 'RealmDatabase')
cd /Users/admin/builder/spi-builder-workspace/.swiftpm/xcode
Using response file: /Users/admin/builder/spi-builder-workspace/.derivedData/Build/Intermediates.noindex/RealmDatabase.build/Debug-watchos/s2geometry-t.build/Objects-normal/arm64_32/82b82416624d2658e5098eb0a28c15c5-common-args.resp
/Applications/Xcode-27.0.0-Release.Candidate.app/Contents/Developer/Toolchains/XcodeDefault.xctoolchain/usr/bin/clang -x c++ -ivfsstatcache /Users/admin/builder/spi-builder-workspace/.derivedData/SDKStatCaches.noindex/watchos27.0-24R360-e829b21a6f8c9b70876ba0858053c04477534ef55a1706bf4c1112bbb242f0a2.sdkstatcache -target arm64_32-apple-watchos9.0 -fmessage-length\=0 -fdiagnostics-show-note-include-stack -fmacro-backtrace-limit\=0 -fno-color-diagnostics -fmodules-prune-interval\=86400 -fmodules-prune-after\=345600 -fbuild-session-file\=/Users/admin/builder/spi-builder-workspace/.derivedData/ModuleCache.noindex/Session.modulevalidation -fmodules-validate-once-per-build-session -Wnon-modular-include-in-framework-module -Werror\=non-modular-include-in-framework-module -Wno-trigraphs -Wno-missing-field-initializers -Wno-missing-prototypes -Wno-return-type -Wno-non-virtual-dtor -Wno-overloaded-virtual -Wno-exit-time-destructors -Wno-missing-braces -Wparentheses -Wswitch -Wno-unused-function -Wno-unused-label -Wno-unused-parameter -Wno-unused-variable -Wunused-value -Wno-empty-body -Wno-uninitialized -Wno-unknown-pragmas -w -Wno-shadow -Wno-four-char-constants -Wno-conversion -Wno-constant-conversion -Wno-int-conversion -Wno-bool-conversion -Wno-enum-conversion -Wno-float-conversion -Wno-non-literal-null-conversion -Wno-objc-literal-conversion -Wno-shorten-64-to-32 -Wno-newline-eof -Wno-c++11-extensions -Wno-implicit-fallthrough -isysroot /Applications/Xcode-27.0.0-Release.Candidate.app/Contents/Developer/Platforms/WatchOS.platform/Developer/SDKs/WatchOS27.0.sdk -fstrict-aliasing -Wdeprecated-declarations -Winvalid-offsetof -Wno-sign-conversion -Wno-infinite-recursion -Wno-move -Wno-comma -Wno-block-capture-autoreleasing -Wno-strict-prototypes -Wno-range-loop-analysis -Wno-semicolon-before-method-body -index-store-path /Users/admin/builder/spi-builder-workspace/.derivedData/Index.noindex/DataStore @/Users/admin/builder/spi-builder-workspace/.derivedData/Build/Intermediates.noindex/RealmDatabase.build/Debug-watchos/s2geometry-t.build/Objects-normal/arm64_32/82b82416624d2658e5098eb0a28c15c5-common-args.resp -MMD -MT dependencies -MF /Users/admin/builder/spi-builder-workspace/.derivedData/Build/Intermediates.noindex/RealmDatabase.build/Debug-watchos/s2geometry-t.build/Objects-normal/arm64_32/s2r2rect.d --serialize-diagnostics /Users/admin/builder/spi-builder-workspace/.derivedData/Build/Intermediates.noindex/RealmDatabase.build/Debug-watchos/s2geometry-t.build/Objects-normal/arm64_32/s2r2rect.dia -c /Users/admin/builder/spi-builder-workspace/.dependencies/checkouts/realm-core/src/external/s2/s2r2rect.cc -o /Users/admin/builder/spi-builder-workspace/.derivedData/Build/Intermediates.noindex/RealmDatabase.build/Debug-watchos/s2geometry-t.build/Objects-normal/arm64_32/s2r2rect.o -index-unit-output-path /RealmDatabase.build/Debug-watchos/s2geometry-t.build/Objects-normal/arm64_32/s2r2rect.o
In file included from /Users/admin/builder/spi-builder-workspace/.dependencies/checkouts/realm-core/src/external/s2/s2r2rect.cc:3:
In file included from /Users/admin/builder/spi-builder-workspace/.dependencies/checkouts/realm-core/src/external/s2/s2r2rect.h:8:
In file included from /Users/admin/builder/spi-builder-workspace/.dependencies/checkouts/realm-core/src/external/s2/r1interval.h:21:
/Users/admin/builder/spi-builder-workspace/.dependencies/checkouts/realm-core/src/external/s2/util/math/vector2-inl.h:358:1: error: 'is_pod' cannot be specialized: Users are not allowed to specialize this standard library entity [-Winvalid-specialization]
358 | PROPAGATE_POD_FROM_TEMPLATE_ARGUMENT(Vector2);
| ^
In file included from /Users/admin/builder/spi-builder-workspace/.dependencies/checkouts/realm-core/src/external/s2/s2r2rect.cc:3:
In file included from /Users/admin/builder/spi-builder-workspace/.dependencies/checkouts/realm-core/src/external/s2/s2r2rect.h:6:
In file included from /Users/admin/builder/spi-builder-workspace/.dependencies/checkouts/realm-core/src/external/s2/base/basictypes.h:9:
In file included from /Users/admin/builder/spi-builder-workspace/.dependencies/checkouts/realm-core/src/external/s2/base/casts.h:19:
/Users/admin/builder/spi-builder-workspace/.dependencies/checkouts/realm-core/src/external/s2/base/macros.h:181:30: note: expanded from macro 'PROPAGATE_POD_FROM_TEMPLATE_ARGUMENT'
181 | template <typename T> struct is_pod<TemplateName<T> > : std::is_trivial<T> { }; \
| ^
In file included from /Users/admin/builder/spi-builder-workspace/.dependencies/checkouts/realm-core/src/external/s2/s2r2rect.cc:3:
In file included from /Users/admin/builder/spi-builder-workspace/.dependencies/checkouts/realm-core/src/external/s2/s2r2rect.h:6:
In file included from /Users/admin/builder/spi-builder-workspace/.dependencies/checkouts/realm-core/src/external/s2/base/basictypes.h:9:
In file included from /Users/admin/builder/spi-builder-workspace/.dependencies/checkouts/realm-core/src/external/s2/base/casts.h:16:
In file included from /Applications/Xcode-27.0.0-Release.Candidate.app/Contents/Developer/Platforms/WatchOS.platform/Developer/SDKs/WatchOS27.0.sdk/usr/include/c++/v1/typeinfo:395:
In file included from /Applications/Xcode-27.0.0-Release.Candidate.app/Contents/Developer/Platforms/WatchOS.platform/Developer/SDKs/WatchOS27.0.sdk/usr/include/c++/v1/type_traits:505:
/Applications/Xcode-27.0.0-Release.Candidate.app/Contents/Developer/Platforms/WatchOS.platform/Developer/SDKs/WatchOS27.0.sdk/usr/include/c++/v1/__type_traits/is_pod.h:22:36: note: marked '_Clang::no_specializations' here
22 | struct _LIBCPP_DEPRECATED_IN_CXX20 _LIBCPP_NO_SPECIALIZATIONS is_pod : integral_constant<bool, __is_pod(_Tp)> {};
| ^
In file included from /Users/admin/builder/spi-builder-workspace/.dependencies/checkouts/realm-core/src/external/s2/s2r2rect.cc:3:
In file included from /Users/admin/builder/spi-builder-workspace/.dependencies/checkouts/realm-core/src/external/s2/s2r2rect.h:6:
In file included from /Users/admin/builder/spi-builder-workspace/.dependencies/checkouts/realm-core/src/external/s2/base/basictypes.h:9:
In file included from /Users/admin/builder/spi-builder-workspace/.dependencies/checkouts/realm-core/src/external/s2/base/casts.h:14:
In file included from /Applications/Xcode-27.0.0-Release.Candidate.app/Contents/Developer/Platforms/WatchOS.platform/Developer/SDKs/WatchOS27.0.sdk/usr/include/c++/v1/string.h:57:
/Applications/Xcode-27.0.0-Release.Candidate.app/Contents/Developer/Platforms/WatchOS.platform/Developer/SDKs/WatchOS27.0.sdk/usr/include/c++/v1/__config:970:9: note: expanded from macro '_LIBCPP_NO_SPECIALIZATIONS'
970 | [[_Clang::__no_specializations__("Users are not allowed to specialize this standard library entity")]]
| ^
In file included from /Users/admin/builder/spi-builder-workspace/.dependencies/checkouts/realm-core/src/external/s2/s2r2rect.cc:3:
In file included from /Users/admin/builder/spi-builder-workspace/.dependencies/checkouts/realm-core/src/external/s2/s2r2rect.h:8:
/Users/admin/builder/spi-builder-workspace/.dependencies/checkouts/realm-core/src/external/s2/r1interval.h:180:1: error: 'is_pod' cannot be specialized: Users are not allowed to specialize this standard library entity [-Winvalid-specialization]
180 | DECLARE_POD(R1Interval);
| ^
In file included from /Users/admin/builder/spi-builder-workspace/.dependencies/checkouts/realm-core/src/external/s2/s2r2rect.cc:3:
In file included from /Users/admin/builder/spi-builder-workspace/.dependencies/checkouts/realm-core/src/external/s2/s2r2rect.h:6:
In file included from /Users/admin/builder/spi-builder-workspace/.dependencies/checkouts/realm-core/src/external/s2/base/basictypes.h:9:
In file included from /Users/admin/builder/spi-builder-workspace/.dependencies/checkouts/realm-core/src/external/s2/base/casts.h:19:
/Users/admin/builder/spi-builder-workspace/.dependencies/checkouts/realm-core/src/external/s2/base/macros.h:165:19: note: expanded from macro 'DECLARE_POD'
165 | template<> struct is_pod<TypeName> : true_type { }; \
| ^
In file included from /Users/admin/builder/spi-builder-workspace/.dependencies/checkouts/realm-core/src/external/s2/s2r2rect.cc:3:
In file included from /Users/admin/builder/spi-builder-workspace/.dependencies/checkouts/realm-core/src/external/s2/s2r2rect.h:6:
In file included from /Users/admin/builder/spi-builder-workspace/.dependencies/checkouts/realm-core/src/external/s2/base/basictypes.h:9:
In file included from /Users/admin/builder/spi-builder-workspace/.dependencies/checkouts/realm-core/src/external/s2/base/casts.h:16:
In file included from /Applications/Xcode-27.0.0-Release.Candidate.app/Contents/Developer/Platforms/WatchOS.platform/Developer/SDKs/WatchOS27.0.sdk/usr/include/c++/v1/typeinfo:395:
In file included from /Applications/Xcode-27.0.0-Release.Candidate.app/Contents/Developer/Platforms/WatchOS.platform/Developer/SDKs/WatchOS27.0.sdk/usr/include/c++/v1/type_traits:505:
/Applications/Xcode-27.0.0-Release.Candidate.app/Contents/Developer/Platforms/WatchOS.platform/Developer/SDKs/WatchOS27.0.sdk/usr/include/c++/v1/__type_traits/is_pod.h:22:36: note: marked '_Clang::no_specializations' here
22 | struct _LIBCPP_DEPRECATED_IN_CXX20 _LIBCPP_NO_SPECIALIZATIONS is_pod : integral_constant<bool, __is_pod(_Tp)> {};
| ^
In file included from /Users/admin/builder/spi-builder-workspace/.dependencies/checkouts/realm-core/src/external/s2/s2r2rect.cc:3:
In file included from /Users/admin/builder/spi-builder-workspace/.dependencies/checkouts/realm-core/src/external/s2/s2r2rect.h:6:
In file included from /Users/admin/builder/spi-builder-workspace/.dependencies/checkouts/realm-core/src/external/s2/base/basictypes.h:9:
In file included from /Users/admin/builder/spi-builder-workspace/.dependencies/checkouts/realm-core/src/external/s2/base/casts.h:14:
In file included from /Applications/Xcode-27.0.0-Release.Candidate.app/Contents/Developer/Platforms/WatchOS.platform/Developer/SDKs/WatchOS27.0.sdk/usr/include/c++/v1/string.h:57:
/Applications/Xcode-27.0.0-Release.Candidate.app/Contents/Developer/Platforms/WatchOS.platform/Developer/SDKs/WatchOS27.0.sdk/usr/include/c++/v1/__config:970:9: note: expanded from macro '_LIBCPP_NO_SPECIALIZATIONS'
970 | [[_Clang::__no_specializations__("Users are not allowed to specialize this standard library entity")]]
| ^
In file included from /Users/admin/builder/spi-builder-workspace/.dependencies/checkouts/realm-core/src/external/s2/s2r2rect.cc:3:
In file included from /Users/admin/builder/spi-builder-workspace/.dependencies/checkouts/realm-core/src/external/s2/s2r2rect.h:9:
In file included from /Users/admin/builder/spi-builder-workspace/.dependencies/checkouts/realm-core/src/external/s2/s2region.h:6:
In file included from /Users/admin/builder/spi-builder-workspace/.dependencies/checkouts/realm-core/src/external/s2/s2.h:29:
/Users/admin/builder/spi-builder-workspace/.dependencies/checkouts/realm-core/src/external/s2/util/math/vector3-inl.h:425:1: error: 'is_pod' cannot be specialized: Users are not allowed to specialize this standard library entity [-Winvalid-specialization]
425 | PROPAGATE_POD_FROM_TEMPLATE_ARGUMENT(Vector3);
| ^
In file included from /Users/admin/builder/spi-builder-workspace/.dependencies/checkouts/realm-core/src/external/s2/s2r2rect.cc:3:
In file included from /Users/admin/builder/spi-builder-workspace/.dependencies/checkouts/realm-core/src/external/s2/s2r2rect.h:6:
In file included from /Users/admin/builder/spi-builder-workspace/.dependencies/checkouts/realm-core/src/external/s2/base/basictypes.h:9:
In file included from /Users/admin/builder/spi-builder-workspace/.dependencies/checkouts/realm-core/src/external/s2/base/casts.h:19:
/Users/admin/builder/spi-builder-workspace/.dependencies/checkouts/realm-core/src/external/s2/base/macros.h:181:30: note: expanded from macro 'PROPAGATE_POD_FROM_TEMPLATE_ARGUMENT'
181 | template <typename T> struct is_pod<TemplateName<T> > : std::is_trivial<T> { }; \
| ^
In file included from /Users/admin/builder/spi-builder-workspace/.dependencies/checkouts/realm-core/src/external/s2/s2r2rect.cc:3:
In file included from /Users/admin/builder/spi-builder-workspace/.dependencies/checkouts/realm-core/src/external/s2/s2r2rect.h:6:
In file included from /Users/admin/builder/spi-builder-workspace/.dependencies/checkouts/realm-core/src/external/s2/base/basictypes.h:9:
In file included from /Users/admin/builder/spi-builder-workspace/.dependencies/checkouts/realm-core/src/external/s2/base/casts.h:16:
In file included from /Applications/Xcode-27.0.0-Release.Candidate.app/Contents/Developer/Platforms/WatchOS.platform/Developer/SDKs/WatchOS27.0.sdk/usr/include/c++/v1/typeinfo:395:
In file included from /Applications/Xcode-27.0.0-Release.Candidate.app/Contents/Developer/Platforms/WatchOS.platform/Developer/SDKs/WatchOS27.0.sdk/usr/include/c++/v1/type_traits:505:
/Applications/Xcode-27.0.0-Release.Candidate.app/Contents/Developer/Platforms/WatchOS.platform/Developer/SDKs/WatchOS27.0.sdk/usr/include/c++/v1/__type_traits/is_pod.h:22:36: note: marked '_Clang::no_specializations' here
22 | struct _LIBCPP_DEPRECATED_IN_CXX20 _LIBCPP_NO_SPECIALIZATIONS is_pod : integral_constant<bool, __is_pod(_Tp)> {};
| ^
In file included from /Users/admin/builder/spi-builder-workspace/.dependencies/checkouts/realm-core/src/external/s2/s2r2rect.cc:3:
In file included from /Users/admin/builder/spi-builder-workspace/.dependencies/checkouts/realm-core/src/external/s2/s2r2rect.h:6:
In file included from /Users/admin/builder/spi-builder-workspace/.dependencies/checkouts/realm-core/src/external/s2/base/basictypes.h:9:
In file included from /Users/admin/builder/spi-builder-workspace/.dependencies/checkouts/realm-core/src/external/s2/base/casts.h:14:
In file included from /Applications/Xcode-27.0.0-Release.Candidate.app/Contents/Developer/Platforms/WatchOS.platform/Developer/SDKs/WatchOS27.0.sdk/usr/include/c++/v1/string.h:57:
/Applications/Xcode-27.0.0-Release.Candidate.app/Contents/Developer/Platforms/WatchOS.platform/Developer/SDKs/WatchOS27.0.sdk/usr/include/c++/v1/__config:970:9: note: expanded from macro '_LIBCPP_NO_SPECIALIZATIONS'
970 | [[_Clang::__no_specializations__("Users are not allowed to specialize this standard library entity")]]
| ^
In file included from /Users/admin/builder/spi-builder-workspace/.dependencies/checkouts/realm-core/src/external/s2/s2r2rect.cc:8:
In file included from /Users/admin/builder/spi-builder-workspace/.dependencies/checkouts/realm-core/src/external/s2/s2cap.h:8:
/Users/admin/builder/spi-builder-workspace/.dependencies/checkouts/realm-core/src/external/s2/s1angle.h:101:1: error: 'is_pod' cannot be specialized: Users are not allowed to specialize this standard library entity [-Winvalid-specialization]
101 | DECLARE_POD(S1Angle);
| ^
In file included from /Users/admin/builder/spi-builder-workspace/.dependencies/checkouts/realm-core/src/external/s2/s2r2rect.cc:3:
In file included from /Users/admin/builder/spi-builder-workspace/.dependencies/checkouts/realm-core/src/external/s2/s2r2rect.h:6:
In file included from /Users/admin/builder/spi-builder-workspace/.dependencies/checkouts/realm-core/src/external/s2/base/basictypes.h:9:
In file included from /Users/admin/builder/spi-builder-workspace/.dependencies/checkouts/realm-core/src/external/s2/base/casts.h:19:
/Users/admin/builder/spi-builder-workspace/.dependencies/checkouts/realm-core/src/external/s2/base/macros.h:165:19: note: expanded from macro 'DECLARE_POD'
165 | template<> struct is_pod<TypeName> : true_type { }; \
| ^
In file included from /Users/admin/builder/spi-builder-workspace/.dependencies/checkouts/realm-core/src/external/s2/s2r2rect.cc:3:
In file included from /Users/admin/builder/spi-builder-workspace/.dependencies/checkouts/realm-core/src/external/s2/s2r2rect.h:6:
In file included from /Users/admin/builder/spi-builder-workspace/.dependencies/checkouts/realm-core/src/external/s2/base/basictypes.h:9:
In file included from /Users/admin/builder/spi-builder-workspace/.dependencies/checkouts/realm-core/src/external/s2/base/casts.h:16:
In file included from /Applications/Xcode-27.0.0-Release.Candidate.app/Contents/Developer/Platforms/WatchOS.platform/Developer/SDKs/WatchOS27.0.sdk/usr/include/c++/v1/typeinfo:395:
In file included from /Applications/Xcode-27.0.0-Release.Candidate.app/Contents/Developer/Platforms/WatchOS.platform/Developer/SDKs/WatchOS27.0.sdk/usr/include/c++/v1/type_traits:505:
/Applications/Xcode-27.0.0-Release.Candidate.app/Contents/Developer/Platforms/WatchOS.platform/Developer/SDKs/WatchOS27.0.sdk/usr/include/c++/v1/__type_traits/is_pod.h:22:36: note: marked '_Clang::no_specializations' here
22 | struct _LIBCPP_DEPRECATED_IN_CXX20 _LIBCPP_NO_SPECIALIZATIONS is_pod : integral_constant<bool, __is_pod(_Tp)> {};
| ^
In file included from /Users/admin/builder/spi-builder-workspace/.dependencies/checkouts/realm-core/src/external/s2/s2r2rect.cc:3:
In file included from /Users/admin/builder/spi-builder-workspace/.dependencies/checkouts/realm-core/src/external/s2/s2r2rect.h:6:
In file included from /Users/admin/builder/spi-builder-workspace/.dependencies/checkouts/realm-core/src/external/s2/base/basictypes.h:9:
In file included from /Users/admin/builder/spi-builder-workspace/.dependencies/checkouts/realm-core/src/external/s2/base/casts.h:14:
In file included from /Applications/Xcode-27.0.0-Release.Candidate.app/Contents/Developer/Platforms/WatchOS.platform/Developer/SDKs/WatchOS27.0.sdk/usr/include/c++/v1/string.h:57:
/Applications/Xcode-27.0.0-Release.Candidate.app/Contents/Developer/Platforms/WatchOS.platform/Developer/SDKs/WatchOS27.0.sdk/usr/include/c++/v1/__config:970:9: note: expanded from macro '_LIBCPP_NO_SPECIALIZATIONS'
970 | [[_Clang::__no_specializations__("Users are not allowed to specialize this standard library entity")]]
| ^
In file included from /Users/admin/builder/spi-builder-workspace/.dependencies/checkouts/realm-core/src/external/s2/s2r2rect.cc:9:
In file included from /Users/admin/builder/spi-builder-workspace/.dependencies/checkouts/realm-core/src/external/s2/s2cell.h:9:
/Users/admin/builder/spi-builder-workspace/.dependencies/checkouts/realm-core/src/external/s2/s2cellid.h:318:1: error: 'is_pod' cannot be specialized: Users are not allowed to specialize this standard library entity [-Winvalid-specialization]
318 | DECLARE_POD(S2CellId);
| ^
In file included from /Users/admin/builder/spi-builder-workspace/.dependencies/checkouts/realm-core/src/external/s2/s2r2rect.cc:3:
In file included from /Users/admin/builder/spi-builder-workspace/.dependencies/checkouts/realm-core/src/external/s2/s2r2rect.h:6:
In file included from /Users/admin/builder/spi-builder-workspace/.dependencies/checkouts/realm-core/src/external/s2/base/basictypes.h:9:
In file included from /Users/admin/builder/spi-builder-workspace/.dependencies/checkouts/realm-core/src/external/s2/base/casts.h:19:
/Users/admin/builder/spi-builder-workspace/.dependencies/checkouts/realm-core/src/external/s2/base/macros.h:165:19: note: expanded from macro 'DECLARE_POD'
165 | template<> struct is_pod<TypeName> : true_type { }; \
| ^
In file included from /Users/admin/builder/spi-builder-workspace/.dependencies/checkouts/realm-core/src/external/s2/s2r2rect.cc:3:
In file included from /Users/admin/builder/spi-builder-workspace/.dependencies/checkouts/realm-core/src/external/s2/s2r2rect.h:6:
In file included from /Users/admin/builder/spi-builder-workspace/.dependencies/checkouts/realm-core/src/external/s2/base/basictypes.h:9:
In file included from /Users/admin/builder/spi-builder-workspace/.dependencies/checkouts/realm-core/src/external/s2/base/casts.h:16:
In file included from /Applications/Xcode-27.0.0-Release.Candidate.app/Contents/Developer/Platforms/WatchOS.platform/Developer/SDKs/WatchOS27.0.sdk/usr/include/c++/v1/typeinfo:395:
In file included from /Applications/Xcode-27.0.0-Release.Candidate.app/Contents/Developer/Platforms/WatchOS.platform/Developer/SDKs/WatchOS27.0.sdk/usr/include/c++/v1/type_traits:505:
/Applications/Xcode-27.0.0-Release.Candidate.app/Contents/Developer/Platforms/WatchOS.platform/Developer/SDKs/WatchOS27.0.sdk/usr/include/c++/v1/__type_traits/is_pod.h:22:36: note: marked '_Clang::no_specializations' here
22 | struct _LIBCPP_DEPRECATED_IN_CXX20 _LIBCPP_NO_SPECIALIZATIONS is_pod : integral_constant<bool, __is_pod(_Tp)> {};
| ^
In file included from /Users/admin/builder/spi-builder-workspace/.dependencies/checkouts/realm-core/src/external/s2/s2r2rect.cc:3:
In file included from /Users/admin/builder/spi-builder-workspace/.dependencies/checkouts/realm-core/src/external/s2/s2r2rect.h:6:
In file included from /Users/admin/builder/spi-builder-workspace/.dependencies/checkouts/realm-core/src/external/s2/base/basictypes.h:9:
In file included from /Users/admin/builder/spi-builder-workspace/.dependencies/checkouts/realm-core/src/external/s2/base/casts.h:14:
In file included from /Applications/Xcode-27.0.0-Release.Candidate.app/Contents/Developer/Platforms/WatchOS.platform/Developer/SDKs/WatchOS27.0.sdk/usr/include/c++/v1/string.h:57:
/Applications/Xcode-27.0.0-Release.Candidate.app/Contents/Developer/Platforms/WatchOS.platform/Developer/SDKs/WatchOS27.0.sdk/usr/include/c++/v1/__config:970:9: note: expanded from macro '_LIBCPP_NO_SPECIALIZATIONS'
970 | [[_Clang::__no_specializations__("Users are not allowed to specialize this standard library entity")]]
| ^
In file included from /Users/admin/builder/spi-builder-workspace/.dependencies/checkouts/realm-core/src/external/s2/s2r2rect.cc:10:
In file included from /Users/admin/builder/spi-builder-workspace/.dependencies/checkouts/realm-core/src/external/s2/s2latlngrect.h:16:
/Users/admin/builder/spi-builder-workspace/.dependencies/checkouts/realm-core/src/external/s2/s1interval.h:189:1: error: 'is_pod' cannot be specialized: Users are not allowed to specialize this standard library entity [-Winvalid-specialization]
189 | DECLARE_POD(S1Inter
val);
| ^
In file included from /Users/admin/builder/spi-builder-workspace/.dependencies/checkouts/realm-core/src/external/s2/s2r2rect.cc:3:
In file included from /Users/admin/builder/spi-builder-workspace/.dependencies/checkouts/realm-core/src/external/s2/s2r2rect.h:6:
In file included from /Users/admin/builder/spi-builder-workspace/.dependencies/checkouts/realm-core/src/external/s2/base/basictypes.h:9:
In file included from /Users/admin/builder/spi-builder-workspace/.dependencies/checkouts/realm-core/src/external/s2/base/casts.h:19:
/Users/admin/builder/spi-builder-workspace/.dependencies/checkouts/realm-core/src/external/s2/base/macros.h:165:19: note: expanded from macro 'DECLARE_POD'
165 | template<> struct is_pod<TypeName> : true_type { }; \
| ^
In file included from /Users/admin/builder/spi-builder-workspace/.dependencies/checkouts/realm-core/src/external/s2/s2r2rect.cc:3:
In file included from /Users/admin/builder/spi-builder-workspace/.dependencies/checkouts/realm-core/src/external/s2/s2r2rect.h:6:
In file included from /Users/admin/builder/spi-builder-workspace/.dependencies/checkouts/realm-core/src/external/s2/base/basictypes.h:9:
In file included from /Users/admin/builder/spi-builder-workspace/.dependencies/checkouts/realm-core/src/external/s2/base/casts.h:16:
In file included from /Applications/Xcode-27.0.0-Release.Candidate.app/Contents/Developer/Platforms/WatchOS.platform/Developer/SDKs/WatchOS27.0.sdk/usr/include/c++/v1/typeinfo:395:
In file included from /Applications/Xcode-27.0.0-Release.Candidate.app/Contents/Developer/Platforms/WatchOS.platform/Developer/SDKs/WatchOS27.0.sdk/usr/include/c++/v1/type_traits:505:
/Applications/Xcode-27.0.0-Release.Candidate.app/Contents/Developer/Platforms/WatchOS.platform/Developer/SDKs/WatchOS27.0.sdk/usr/include/c++/v1/__type_traits/is_pod.h:22:36: note: marked '_Clang::no_specializations' here
22 | struct _LIBCPP_DEPRECATED_IN_CXX20 _LIBCPP_NO_SPECIALIZATIONS is_pod : integral_constant<bool, __is_pod(_Tp)> {};
| ^
In file included from /Users/admin/builder/spi-builder-workspace/.dependencies/checkouts/realm-core/src/external/s2/s2r2rect.cc:3:
In file included from /Users/admin/builder/spi-builder-workspace/.dependencies/checkouts/realm-core/src/external/s2/s2r2rect.h:6:
In file included from /Users/admin/builder/spi-builder-workspace/.dependencies/checkouts/realm-core/src/external/s2/base/basictypes.h:9:
In file included from /Users/admin/builder/spi-builder-workspace/.dependencies/checkouts/realm-core/src/external/s2/base/casts.h:14:
In file included from /Applications/Xcode-27.0.0-Release.Candidate.app/Contents/Developer/Platforms/WatchOS.platform/Developer/SDKs/WatchOS27.0.sdk/usr/include/c++/v1/string.h:57:
/Applications/Xcode-27.0.0-Release.Candidate.app/Contents/Developer/Platforms/WatchOS.platform/Developer/SDKs/WatchOS27.0.sdk/usr/include/c++/v1/__config:970:9: note: expanded from macro '_LIBCPP_NO_SPECIALIZATIONS'
970 | [[_Clang::__no_specializations__("Users are not allowed to specialize this standard library entity")]]
| ^
In file included from /Users/admin/builder/spi-builder-workspace/.dependencies/checkouts/realm-core/src/external/s2/s2r2rect.cc:10:
In file included from /Users/admin/builder/spi-builder-workspace/.dependencies/checkouts/realm-core/src/external/s2/s2latlngrect.h:18:
/Users/admin/builder/spi-builder-workspace/.dependencies/checkouts/realm-core/src/external/s2/s2latlng.h:112:1: error: 'is_pod' cannot be specialized: Users are not allowed to specialize this standard library entity [-Winvalid-specialization]
112 | DECLARE_POD(S2LatLng);
| ^
In file included from /Users/admin/builder/spi-builder-workspace/.dependencies/checkouts/realm-core/src/external/s2/s2r2rect.cc:3:
In file included from /Users/admin/builder/spi-builder-workspace/.dependencies/checkouts/realm-core/src/external/s2/s2r2rect.h:6:
In file included from /Users/admin/builder/spi-builder-workspace/.dependencies/checkouts/realm-core/src/external/s2/base/basictypes.h:9:
In file included from /Users/admin/builder/spi-builder-workspace/.dependencies/checkouts/realm-core/src/external/s2/base/casts.h:19:
/Users/admin/builder/spi-builder-workspace/.dependencies/checkouts/realm-core/src/external/s2/base/macros.h:165:19: note: expanded from macro 'DECLARE_POD'
165 | template<> struct is_pod<TypeName> : true_type { }; \
| ^
In file included from /Users/admin/builder/spi-builder-workspace/.dependencies/checkouts/realm-core/src/external/s2/s2r2rect.cc:3:
In file included from /Users/admin/builder/spi-builder-workspace/.dependencies/checkouts/realm-core/src/external/s2/s2r2rect.h:6:
In file included from /Users/admin/builder/spi-builder-workspace/.dependencies/checkouts/realm-core/src/external/s2/base/basictypes.h:9:
In file included from /Users/admin/builder/spi-builder-workspace/.dependencies/checkouts/realm-core/src/external/s2/base/casts.h:16:
In file included from /Applications/Xcode-27.0.0-Release.Candidate.app/Contents/Developer/Platforms/WatchOS.platform/Developer/SDKs/WatchOS27.0.sdk/usr/include/c++/v1/typeinfo:395:
In file included from /Applications/Xcode-27.0.0-Release.Candidate.app/Contents/Developer/Platforms/WatchOS.platform/Developer/SDKs/WatchOS27.0.sdk/usr/include/c++/v1/type_traits:505:
/Applications/Xcode-27.0.0-Release.Candidate.app/Contents/Developer/Platforms/WatchOS.platform/Developer/SDKs/WatchOS27.0.sdk/usr/include/c++/v1/__type_traits/is_pod.h:22:36: note: marked '_Clang::no_specializations' here
22 | struct _LIBCPP_DEPRECATED_IN_CXX20 _LIBCPP_NO_SPECIALIZATIONS is_pod : integral_constant<bool, __is_pod(_Tp)> {};
| ^
In file included from /Users/admin/builder/spi-builder-workspace/.dependencies/checkouts/realm-core/src/external/s2/s2r2rect.cc:3:
In file included from /Users/admin/builder/spi-builder-workspace/.dependencies/checkouts/realm-core/src/external/s2/s2r2rect.h:6:
In file included from /Users/admin/builder/spi-builder-workspace/.dependencies/checkouts/realm-core/src/external/s2/base/basictypes.h:9:
In file included from /Users/admin/builder/spi-builder-workspace/.dependencies/checkouts/realm-core/src/external/s2/base/casts.h:14:
In file included from /Applications/Xcode-27.0.0-Release.Candidate.app/Contents/Developer/Platforms/WatchOS.platform/Developer/SDKs/WatchOS27.0.sdk/usr/include/c++/v1/string.h:57:
/Applications/Xcode-27.0.0-Release.Candidate.app/Contents/Developer/Platforms/WatchOS.platform/Developer/SDKs/WatchOS27.0.sdk/usr/include/c++/v1/__config:970:9: note: expanded from macro '_LIBCPP_NO_SPECIALIZATIONS'
970 | [[_Clang::__no_specializations__("Users are not allowed to specialize this standard library entity")]]
| ^
CompileC /Users/admin/builder/spi-builder-workspace/.derivedData/Build/Intermediates.noindex/RealmDatabase.build/Debug-watchos/s2geometry-t.build/Objects-normal/arm64_32/s2polyline.o /Users/admin/builder/spi-builder-workspace/.dependencies/checkouts/realm-core/src/external/s2/s2polyline.cc normal arm64_32 c++ com.apple.compilers.llvm.clang.1_0.compiler (in target 's2geometry' from project 'RealmDatabase')
cd /Users/admin/builder/spi-builder-workspace/.swiftpm/xcode
Using response file: /Users/admin/builder/spi-builder-workspace/.derivedData/Build/Intermediates.noindex/RealmDatabase.build/Debug-watchos/s2geometry-t.build/Objects-normal/arm64_32/82b82416624d2658e5098eb0a28c15c5-common-args.resp
/Applications/Xcode-27.0.0-Release.Candidate.app/Contents/Developer/Toolchains/XcodeDefault.xctoolchain/usr/bin/clang -x c++ -ivfsstatcache /Users/admin/builder/spi-builder-workspace/.derivedData/SDKStatCaches.noindex/watchos27.0-24R360-e829b21a6f8c9b70876ba0858053c04477534ef55a1706bf4c1112bbb242f0a2.sdkstatcache -target arm64_32-apple-watchos9.0 -fmessage-length\=0 -fdiagnostics-show-note-include-stack -fmacro-backtrace-limit\=0 -fno-color-diagnostics -fmodules-prune-interval\=86400 -fmodules-prune-after\=345600 -fbuild-session-file\=/Users/admin/builder/spi-builder-workspace/.derivedData/ModuleCache.noindex/Session.modulevalidation -fmodules-validate-once-per-build-session -Wnon-modular-include-in-framework-module -Werror\=non-modular-include-in-framework-module -Wno-trigraphs -Wno-missing-field-initializers -Wno-missing-prototypes -Wno-return-type -Wno-non-virtual-dtor -Wno-overloaded-virtual -Wno-exit-time-destructors -Wno-missing-braces -Wparentheses -Wswitch -Wno-unused-function -Wno-unused-label -Wno-unused-parameter -Wno-unused-variable -Wunused-value -Wno-empty-body -Wno-uninitialized -Wno-unknown-pragmas -w -Wno-shadow -Wno-four-char-constants -Wno-conversion -Wno-constant-conversion -Wno-int-conversion -Wno-bool-conversion -Wno-enum-conversion -Wno-float-conversion -Wno-non-literal-null-conversion -Wno-objc-literal-conversion -Wno-shorten-64-to-32 -Wno-newline-eof -Wno-c++11-extensions -Wno-implicit-fallthrough -isysroot /Applications/Xcode-27.0.0-Release.Candidate.app/Contents/Developer/Platforms/WatchOS.platform/Developer/SDKs/WatchOS27.0.sdk -fstrict-aliasing -Wdeprecated-declarations -Winvalid-offsetof -Wno-sign-conversion -Wno-infinite-recursion -Wno-move -Wno-comma -Wno-block-capture-autoreleasing -Wno-strict-prototypes -Wno-range-loop-analysis -Wno-semicolon-before-method-body -index-store-path /Users/admin/builder/spi-builder-workspace/.derivedData/Index.noindex/DataStore @/Users/admin/builder/spi-builder-workspace/.derivedData/Build/Intermediates.noindex/RealmDatabase.build/Debug-watchos/s2geometry-t.build/Objects-normal/arm64_32/82b82416624d2658e5098eb0a28c15c5-common-args.resp -MMD -MT dependencies -MF /Users/admin/builder/spi-builder-workspace/.derivedData/Build/Intermediates.noindex/RealmDatabase.build/Debug-watchos/s2geometry-t.build/Objects-normal/arm64_32/s2polyline.d --serialize-diagnostics /Users/admin/builder/spi-builder-workspace/.derivedData/Build/Intermediates.noindex/RealmDatabase.build/Debug-watchos/s2geometry-t.build/Objects-normal/arm64_32/s2polyline.dia -c /Users/admin/builder/spi-builder-workspace/.dependencies/checkouts/realm-core/src/external/s2/s2polyline.cc -o /Users/admin/builder/spi-builder-workspace/.derivedData/Build/Intermediates.noindex/RealmDatabase.build/Debug-watchos/s2geometry-t.build/Objects-normal/arm64_32/s2polyline.o -index-unit-output-path /RealmDatabase.build/Debug-watchos/s2geometry-t.build/Objects-normal/arm64_32/s2polyline.o
In file included from /Users/admin/builder/spi-builder-workspace/.dependencies/checkouts/realm-core/src/external/s2/s2polyline.cc:10:
In file included from /Users/admin/builder/spi-builder-workspace/.dependencies/checkouts/realm-core/src/external/s2/s2.h:29:
/Users/admin/builder/spi-builder-workspace/.dependencies/checkouts/realm-core/src/external/s2/util/math/vector3-inl.h:425:1: error: 'is_pod' cannot be specialized: Users are not allowed to specialize this standard library entity [-Winvalid-specialization]
425 | PROPAGATE_POD_FROM_TEMPLATE_ARGUMENT(Vector3);
| ^
In file included from /Users/admin/builder/spi-builder-workspace/.dependencies/checkouts/realm-core/src/external/s2/s2polyline.cc:10:
In file included from /Users/admin/builder/spi-builder-workspace/.dependencies/checkouts/realm-core/src/external/s2/s2.h:26:
In file included from /Users/admin/builder/spi-builder-workspace/.dependencies/checkouts/realm-core/src/external/s2/base/basictypes.h:9:
In file included from /Users/admin/builder/spi-builder-workspace/.dependencies/checkouts/realm-core/src/external/s2/base/casts.h:19:
/Users/admin/builder/spi-builder-workspace/.dependencies/checkouts/realm-core/src/external/s2/base/macros.h:181:30: note: expanded from macro 'PROPAGATE_POD_FROM_TEMPLATE_ARGUMENT'
181 | template <typename T> struct is_pod<TemplateName<T> > : std::is_trivial<T> { }; \
| ^
In file included from /Users/admin/builder/spi-builder-workspace/.dependencies/checkouts/realm-core/src/external/s2/s2polyline.cc:3:
In file included from /Applications/Xcode-27.0.0-Release.Candidate.app/Contents/Developer/Platforms/WatchOS.platform/Developer/SDKs/WatchOS27.0.sdk/usr/include/c++/v1/set:519:
In file included from /Applications/Xcode-27.0.0-Release.Candidate.app/Contents/Developer/Platforms/WatchOS.platform/Developer/SDKs/WatchOS27.0.sdk/usr/include/c++/v1/__algorithm/lexicographical_compare.h:14:
In file included from /Applications/Xcode-27.0.0-Release.Candidate.app/Contents/Developer/Platforms/WatchOS.platform/Developer/SDKs/WatchOS27.0.sdk/usr/include/c++/v1/__algorithm/mismatch.h:15:
In file included from /Applications/Xcode-27.0.0-Release.Candidate.app/Contents/Developer/Platforms/WatchOS.platform/Developer/SDKs/WatchOS27.0.sdk/usr/include/c++/v1/__algorithm/simd_utils.h:14:
In file included from /Applications/Xcode-27.0.0-Release.Candidate.app/Contents/Developer/Platforms/WatchOS.platform/Developer/SDKs/WatchOS27.0.sdk/usr/include/c++/v1/__bit/countl.h:14:
In file included from /Applications/Xcode-27.0.0-Release.Candidate.app/Contents/Developer/Platforms/WatchOS.platform/Developer/SDKs/WatchOS27.0.sdk/usr/include/c++/v1/limits:524:
In file included from /Applications/Xcode-27.0.0-Release.Candidate.app/Contents/Developer/Platforms/WatchOS.platform/Developer/SDKs/WatchOS27.0.sdk/usr/include/c++/v1/type_traits:505:
/Applications/Xcode-27.0.0-Release.Candidate.app/Contents/Developer/Platforms/WatchOS.platform/Developer/SDKs/WatchOS27.0.sdk/usr/include/c++/v1/__type_traits/is_pod.h:22:36: note: marked '_Clang::no_specializations' here
22 | struct _LIBCPP_DEPRECATED_IN_CXX20 _LIBCPP_NO_SPECIALIZATIONS is_pod : integral_constant<bool, __is_pod(_Tp)> {};
| ^
In file included from /Users/admin/builder/spi-builder-workspace/.dependencies/checkouts/realm-core/src/external/s2/s2polyline.cc:3:
In file included from /Applications/Xcode-27.0.0-Release.Candidate.app/Contents/Developer/Platforms/WatchOS.platform/Developer/SDKs/WatchOS27.0.sdk/usr/include/c++/v1/set:518:
In file included from /Applications/Xcode-27.0.0-Release.Candidate.app/Contents/Developer/Platforms/WatchOS.platform/Developer/SDKs/WatchOS27.0.sdk/usr/include/c++/v1/__algorithm/equal.h:13:
In file included from /Applications/Xcode-27.0.0-Release.Candidate.app/Contents/Developer/Platforms/WatchOS.platform/Developer/SDKs/WatchOS27.0.sdk/usr/include/c++/v1/__algorithm/comp.h:12:
/Applications/Xcode-27.0.0-Release.Candidate.app/Contents/Developer/Platforms/WatchOS.platform/Developer/SDKs/WatchOS27.0.sdk/usr/include/c++/v1/__config:970:9: note: expanded from macro '_LIBCPP_NO_SPECIALIZATIONS'
970 | [[_Clang::__no_specializations__("Users are not allowed to specialize this standard library entity")]]
| ^
In file included from /Users/admin/builder/spi-builder-workspace/.dependencies/checkouts/realm-core/src/external/s2/s2polyline.cc:12:
/Users/admin/builder/spi-builder-workspace/.dependencies/checkouts/realm-core/src/external/s2/util/math/matrix3x3-inl.h:574:1: error: 'is_pod' cannot be specialized: Users are not allowed to specialize this standard library entity [-Winvalid-specialization]
574 | PROPAGATE_POD_FROM_TEMPLATE_ARGUMENT(Matrix3x3);
| ^
In file included from /Users/admin/builder/spi-builder-workspace/.dependencies/checkouts/realm-core/src/external/s2/s2polyline.cc:10:
In file included from /Users/admin/builder/spi-builder-workspace/.dependencies/checkouts/realm-core/src/external/s2/s2.h:26:
In file included from /Users/admin/builder/spi-builder-workspace/.dependencies/checkouts/realm-core/src/external/s2/base/basictypes.h:9:
In file included from /Users/admin/builder/spi-builder-workspace/.dependencies/checkouts/realm-core/src/external/s2/base/casts.h:19:
/Users/admin/builder/spi-builder-workspace/.dependencies/checkouts/realm-core/src/external/s2/base/macros.h:181:30: note: expanded from macro 'PROPAGATE_POD_FROM_TEMPLATE_ARGUMENT'
181 | template <typename T> struct is_pod<TemplateName<T> > : std::is_trivial<T> { }; \
| ^
In file included from /Users/admin/builder/spi-builder-workspace/.dependencies/checkouts/realm-core/src/external/s2/s2polyline.cc:3:
In file included from /Applications/Xcode-27.0.0-Release.Candidate.app/Contents/Developer/Platforms/WatchOS.platform/Developer/SDKs/WatchOS27.0.sdk/usr/include/c++/v1/set:519:
In file included from /Applications/Xcode-27.0.0-Release.Candidate.app/Contents/Developer/Platforms/WatchOS.platform/Developer/SDKs/WatchOS27.0.sdk/usr/include/c++/v1/__algorithm/lexicographical_compare.h:14:
In file included from /Applications/Xcode-27.0.0-Release.Candidate.app/Contents/Developer/Platforms/WatchOS.platform/Developer/SDKs/WatchOS27.0.sdk/usr/include/c++/v1/__algorithm/mismatch.h:15:
In file included from /Applications/Xcode-27.0.0-Release.Candidate.app/Contents/Developer/Platforms/WatchOS.platform/Developer/SDKs/WatchOS27.0.sdk/usr/include/c++/v1/__algorithm/simd_utils.h:14:
In file included from /Applications/Xcode-27.0.0-Release.Candidate.app/Contents/Developer/Platforms/WatchOS.platform/Developer/SDKs/WatchOS27.0.sdk/usr/include/c++/v1/__bit/countl.h:14:
In file included from /Applications/Xcode-27.0.0-Release.Candidate.app/Contents/Developer/Platforms/WatchOS.platform/Developer/SDKs/WatchOS27.0.sdk/usr/include/c++/v1/limits:524:
In file included from /Applications/Xcode-27.0.0-Release.Candidate.app/Contents/Developer/Platforms/WatchOS.platform/Developer/SDKs/WatchOS27.0.sdk/usr/include/c++/v1/type_traits:505:
/Applications/Xcode-27.0.0-Release.Candidate.app/Contents/Developer/Platforms/WatchOS.platform/Developer/SDKs/WatchOS27.0.sdk/usr/include/c++/v1/__type_traits/is_pod.h:22:36: note: marked '_Clang::no_specializations' here
22 | struct _LIBCPP_DEPRECATED_IN_CXX20 _LIBCPP_NO_SPECIALIZATIONS is_pod : integral_constant<bool, __is_pod(_Tp)> {};
| ^
In file included from /Users/admin/builder/spi-builder-workspace/.dependencies/checkouts/realm-core/src/external/s2/s2polyline.cc:3:
In file included from /Applications/Xcode-27.0.0-Release.Candidate.app/Contents/Developer/Platforms/WatchOS.platform/Developer/SDKs/WatchOS27.0.sdk/usr/include/c++/v1/set:518:
In file included from /Applications/Xcode-27.0.0-Release.Candidate.app/Contents/Developer/Platforms/WatchOS.platform/Developer/SDKs/WatchOS27.0.sdk/usr/include/c++/v1/__algorithm/equal.h:13:
In file included from /Applications/Xcode-27.0.0-Release.Candidate.app/Contents/Developer/Platforms/WatchOS.platform/Developer/SDKs/WatchOS27.0.sdk/usr/include/c++/v1/__algorithm/comp.h:12:
/Applications/Xcode-27.0.0-Release.Candidate.app/Contents/Developer/Platforms/WatchOS.platform/Developer/SDKs/WatchOS27.0.sdk/usr/include/c++/v1/__config:970:9: note: expanded from macro '_LIBCPP_NO_SPECIALIZATIONS'
970 | [[_Clang::__no_specializations__("Users are not allowed to specialize this standard library entity")]]
| ^
In file included from /Users/admin/builder/spi-builder-workspace/.dependencies/checkouts/realm-core/src/external/s2/s2polyline.cc:13:
In file included from /Users/admin/builder/spi-builder-workspace/.dependencies/checkouts/realm-core/src/external/s2/s2polyline.h:13:
In file included from /Users/admin/builder/spi-builder-workspace/.dependencies/checkouts/realm-core/src/external/s2/s2latlngrect.h:14:
/Users/admin/builder/spi-builder-workspace/.dependencies/checkouts/realm-core/src/external/s2/s1angle.h:101:1: error: 'is_pod' cannot be specialized: Users are not allowed to specialize this standard library entity [-Winvalid-specialization]
101 | DECLARE_POD(S1Angle);
| ^
In file included from /Users/admin/builder/spi-builder-workspace/.dependencies/checkouts/realm-core/src/external/s2/s2polyline.cc:10:
In file included from /Users/admin/builder/spi-builder-workspace/.dependencies/checkouts/realm-core/src/external/s2/s2.h:26:
In file included from /Users/admin/builder/spi-builder-workspace/.dependencies/checkouts/realm-core/src/external/s2/base/basictypes.h:9:
In file included from /Users/admin/builder/spi-builder-workspace/.dependencies/checkouts/realm-core/src/external/s2/base/casts.h:19:
/Users/admin/builder/spi-builder-workspace/.dependencies/checkouts/realm-core/src/external/s2/base/macros.h:165:19: note: expanded from macro 'DECLARE_POD'
165 | template<> struct is_pod<TypeName> : true_type { }; \
| ^
In file included from /Users/admin/builder/spi-builder-workspace/.dependencies/checkouts/realm-core/src/external/s2/s2polyline.cc:3:
In file included from /Applications/Xcode-27.0.0-Release.Candidate.app/Contents/Developer/Platforms/WatchOS.platform/Developer/SDKs/WatchOS27.0.sdk/usr/include/c++/v1/set:519:
In file included from /Applications/Xcode-27.0.0-Release.Candidate.app/Contents/Developer/Platforms/WatchOS.platform/Developer/SDKs/WatchOS27.0.sdk/usr/include/c++/v1/__algorithm/lexicographical_compare.h:14:
In file included from /Applications/Xcode-27.0.0-Release.Candidate.app/Contents/Developer/Platforms/WatchOS.platform/Developer/SDKs/WatchOS27.0.sdk/usr/include/c++/v1/__algorithm/mismatch.h:15:
In file included from /Applications/Xcode-27.0.0-Release.Candidate.app/Contents/Developer/Platforms/WatchOS.platform/Developer/SDKs/WatchOS27.0.sdk/usr/include/c++/v1/__algorithm/simd_utils.h:14:
In file included from /Applications/Xcode-27.0.0-Release.Candidate.app/Contents/Developer/Platforms/WatchOS.platform/Developer/SDKs/WatchOS27.0.sdk/usr/include/c++/v1/__bit/countl.h:14:
In file included from /Applications/Xcode-27.0.0-Release.Candidate.app/Contents/Developer/Platforms/WatchOS.platform/Developer/SDKs/WatchOS27.0.sdk/usr/include/c++/v1/limits:524:
In file included from /Applications/Xcode-27.0.0-Release.Candidate.app/Contents/Developer/Platforms/WatchOS.platform/Developer/SDKs/WatchOS27.0.sdk/usr/include/c++/v1/type_traits:505:
/Applications/Xcode-27.0.0-Release.Candidate.app/Contents/Developer/Platforms/WatchOS.platform/Developer/SDKs/WatchOS27.0.sdk/usr/include/c++/v1/__type_traits/is_pod.h:22:36: note: marked '_Clang::no_specializations' here
22 | struct _LIBCPP_DEPRECATED_IN_CXX20 _LIBCPP_NO_SPECIALIZATIONS is_pod : integral_constant<bool, __is_pod(_Tp)> {};
| ^
In file included from /Users/admin/builder/spi-builder-workspace/.dependencies/checkouts/realm-core/src/external/s2/s2polyline.cc:3:
In file included from /Applications/Xcode-27.0.0-Release.Candidate.app/Contents/Developer/Platforms/WatchOS.platform/Developer/SDKs/WatchOS27.0.sdk/usr/include/c++/v1/set:518:
In file included from /Applications/Xcode-27.0.0-Release.Candidate.app/Contents/Developer/Platforms/WatchOS.platform/Developer/SDKs/WatchOS27.0.sdk/usr/include/c++/v1/__algorithm/equal.h:13:
In file included from /Applications/Xcode-27.0.0-Release.Candidate.app/Contents/Developer/Platforms/WatchOS.platform/Developer/SDKs/WatchOS27.0.sdk/usr/include/c++/v1/__algorithm/comp.h:12:
/Applications/Xcode-27.0.0-Release.Candidate.app/Contents/Developer/Platforms/WatchOS.platform/Developer/SDKs/WatchOS27.0.sdk/usr/include/c++/v1/__config:970:9: note: expanded from macro '_LIBCPP_NO_SPECIALIZATIONS'
970 | [[_Clang::__no_specializations__("Users are not allowed to specialize this standard library entity")]]
| ^
CompileC /Users/admin/builder/spi-builder-workspace/.derivedData/Build/Intermediates.noindex/RealmDatabase.build/Debug-watchos/s2geometry-t.build/Objects-normal/arm64_32/s2polygon.o /Users/admin/builder/spi-builder-workspace/.dependencies/checkouts/realm-core/src/external/s2/s2polygon.cc normal arm64_32 c++ com.apple.compilers.llvm.clang.1_0.compiler (in target 's2geometry' from project 'RealmDatabase')
cd /Users/admin/builder/spi-builder-workspace/.swiftpm/xcode
Using response file: /Users/admin/builder/spi-builder-workspace/.derivedData/Build/Intermediates.noindex/RealmDatabase.build/Debug-watchos/s2geometry-t.build/Objects-normal/arm64_32/82b82416624d2658e5098eb0a28c15c5-common-args.resp
/Applications/Xcode-27.0.0-Release.Candidate.app/Contents/Developer/Toolchains/XcodeDefault.xctoolchain/usr/bin/clang -x c++ -ivfsstatcache /Users/admin/builder/spi-builder-workspace/.derivedData/SDKStatCaches.noindex/watchos27.0-24R360-e829b21a6f8c9b70876ba0858053c04477534ef55a1706bf4c1112bbb242f0a2.sdkstatcache -target arm64_32-apple-watchos9.0 -fmessage-length\=0 -fdiagnostics-show-note-include-stack -fmacro-backtrace-limit\=0 -fno-color-diagnostics -fmodules-prune-interval\=86400 -fmodules-prune-after\=345600 -fbuild-session-file\=/Users/admin/builder/spi-builder-workspace/.derivedData/ModuleCache.noindex/Session.modulevalidation -fmodules-validate-once-per-build-session -Wnon-modular-include-in-framework-module -Werror\=non-modular-include-in-framework-module -Wno-trigraphs -Wno-missing-field-initializers -Wno-missing-prototypes -Wno-return-type -Wno-non-virtual-dtor -Wno-overloaded-virtual -Wno-exit-time-destructors -Wno-missing-braces -Wparentheses -Wswitch -Wno-unused-function -Wno-unused-label -Wno-unused-parameter -Wno-unused-variable -Wunused-value -Wno-empty-body -Wno-uninitialized -Wno-unknown-pragmas -w -Wno-shadow -Wno-four-char-constants -Wno-conversion -Wno-constant-conversion -Wno-int-conversion -Wno-bool-conversion -Wno-enum-conversion -Wno-float-conversion -Wno-non-literal-null-conversion -Wno-objc-literal-conversion -Wno-shorten-64-to-32 -Wno-newline-eof -Wno-c++11-extensions -Wno-implicit-fallthrough -isysroot /Applications/Xcode-27.0.0-Release.Candidate.app/Contents/Developer/Platforms/WatchOS.platform/Developer/SDKs/WatchOS27.0.sdk -fstrict-aliasing -Wdeprecated-declarations -Winvalid-offsetof -Wno-sign-conversion -Wno-infinite-recursion -Wno-move -Wno-comma -Wno-block-capture-autoreleasing -Wno-strict-prototypes -Wno-range-loop-analysis -Wno-semicolon-before-method-body -index-store-path /Users/admin/builder/spi-builder-workspace/.derivedData/Index.noindex/DataStore @/Users/admin/builder/spi-builder-workspace/.derivedData/Build/Intermediates.noindex/RealmDatabase.build/Debug-watchos/s2geometry-t.build/Objects-normal/arm64_32/82b82416624d2658e5098eb0a28c15c5-common-args.resp -MMD -MT dependencies -MF /Users/admin/builder/spi-builder-workspace/.derivedData/Build/Intermediates.noindex/RealmDatabase.build/Debug-watchos/s2geometry-t.build/Objects-normal/arm64_32/s2polygon.d --serialize-diagnostics /Users/admin/builder/spi-builder-workspace/.derivedData/Build/Intermediates.noindex/RealmDatabase.build/Debug-watchos/s2geometry-t.build/Objects-normal/arm64_32/s2polygon.dia -c /Users/admin/builder/spi-builder-workspace/.dependencies/checkouts/realm-core/src/external/s2/s2polygon.cc -o /Users/admin/builder/spi-builder-workspace/.derivedData/Build/Intermediates.noindex/RealmDatabase.build/Debug-watchos/s2geometry-t.build/Objects-normal/arm64_32/s2polygon.o -index-unit-output-path /RealmDatabase.build/Debug-watchos/s2geometry-t.build/Objects-normal/arm64_32/s2polygon.o
In file included from /Users/admin/builder/spi-builder-workspace/.dependencies/checkouts/realm-core/src/external/s2/s2polygon.cc:10:
In file included from /Users/admin/builder/spi-builder-workspace/.dependencies/checkouts/realm-core/src/external/s2/s2.h:29:
/Users/admin/builder/spi-builder-workspace/.dependencies/checkouts/realm-core/src/external/s2/util/math/vector3-inl.h:425:1: error: 'is_pod' cannot be specialized: Users are not allowed to specialize this standard library entity [-Winvalid-specialization]
425 | PROPAGATE_POD_FROM_TEMPLATE_ARGUMENT(Vector3);
| ^
In file included from /Users/admin/builder/spi-builder-workspace/.dependencies/checkouts/realm-core/src/external/s2/s2polygon.cc:10:
In file included from /Users/admin/builder/spi-builder-workspace/.dependencies/checkouts/realm-core/src/external/s2/s2.h:26:
In file included from /Users/admin/builder/spi-builder-workspace/.dependencies/checkouts/realm-core/src/external/s2/base/basictypes.h:9:
In file included from /Users/admin/builder/spi-builder-workspace/.dependencies/checkouts/realm-core/src/external/s2/base/casts.h:19:
/Users/admin/builder/spi-builder-workspace/.dependencies/checkouts/realm-core/src/external/s2/base/macros.h:181:30: note: expanded from macro 'PROPAGATE_POD_FROM_TEMPLATE_ARGUMENT'
181 | template <typename T> struct is_pod<TemplateName<T> > : std::is_trivial<T> { }; \
| ^
In file included from /Users/admin/builder/spi-builder-workspace/.dependencies/checkouts/realm-core/src/external/s2/s2polygon.cc:3:
In file included from /Applications/Xcode-27.0.0-Release.Candidate.app/Contents/Developer/Platforms/WatchOS.platform/Developer/SDKs/WatchOS27.0.sdk/usr/include/c++/v1/algorithm:1845:
In file included from /Applications/Xcode-27.0.0-Release.Candidate.app/Contents/Developer/Platforms/WatchOS.platform/Developer/SDKs/WatchOS27.0.sdk/usr/include/c++/v1/__algorithm/binary_search.h:14:
In file included from /Applications/Xcode-27.0.0-Release.Candidate.app/Contents/Developer/Platforms/WatchOS.platform/Developer/SDKs/WatchOS27.0.sdk/usr/include/c++/v1/__algorithm/lower_bound.h:14:
In file included from /Applications/Xcode-27.0.0-Release.Candidate.app/Contents/Developer/Platforms/WatchOS.platform/Developer/SDKs/WatchOS27.0.sdk/usr/include/c++/v1/__algorithm/iterator_operations.h:16:
In file included from /Applications/Xcode-27.0.0-Release.Candidate.app/Contents/Developer/Platforms/WatchOS.platform/Developer/SDKs/WatchOS27.0.sdk/usr/include/c++/v1/__iterator/advance.h:26:
In file included from /Applications/Xcode-27.0.0-Release.Candidate.app/Contents/Developer/Platforms/WatchOS.platform/Developer/SDKs/WatchOS27.0.sdk/usr/include/c++/v1/limits:524:
In file included from /Applications/Xcode-27.0.0-Release.Candidate.app/Contents/Developer/Platforms/WatchOS.platform/Developer/SDKs/WatchOS27.0.sdk/usr/include/c++/v1/type_traits:505:
/Applications/Xcode-27.0.0-Release.Candidate.app/Contents/Developer/Platforms/WatchOS.platform/Developer/SDKs/WatchOS27.0.sdk/usr/include/c++/v1/__type_traits/is_pod.h:22:36: note: marked '_Clang::no_specializations' here
22 | struct _LIBCPP_DEPRECATED_IN_CXX20 _LIBCPP_NO_SPECIALIZATIONS is_pod : integral_constant<bool, __is_pod(_Tp)> {};
| ^
In file included from /Users/admin/builder/spi-builder-workspace/.dependencies/checkouts/realm-core/src/external/s2/s2polygon.cc:3:
In file included from /Applications/Xcode-27.0.0-Release.Candidate.app/Contents/Developer/Platforms/WatchOS.platform/Developer/SDKs/WatchOS27.0.sdk/usr/include/c++/v1/algorithm:1840:
/Applications/Xcode-27.0.0-Release.Candidate.app/Contents/Developer/Platforms/WatchOS.platform/Developer/SDKs/WatchOS27.0.sdk/usr/include/c++/v1/__config:970:9: note: expanded from macro '_LIBCPP_NO_SPECIALIZATIONS'
970 | [[_Clang::__no_specializations__("Users are not allowed to specialize this standard library entity")]]
| ^
CompileC /Users/admin/builder/spi-builder-workspace/.derivedData/Build/Intermediates.noindex/RealmDatabase.build/Debug-watchos/s2geometry-t.build/Objects-normal/arm64_32/s2polygonbuilder.o /Users/admin/builder/spi-builder-workspace/.dependencies/checkouts/realm-core/src/external/s2/s2polygonbuilder.cc normal arm64_32 c++ com.apple.compilers.llvm.clang.1_0.compiler (in target 's2geometry' from project 'RealmDatabase')
cd /Users/admin/builder/spi-builder-workspace/.swiftpm/xcode
Using response file: /Users/admin/builder/spi-builder-workspace/.derivedData/Build/Intermediates.noindex/RealmDatabase.build/Debug-watchos/s2geometry-t.build/Objects-normal/arm64_32/82b82416624d2658e5098eb0a28c15c5-common-args.resp
/Applications/Xcode-27.0.0-Release.Candidate.app/Contents/Developer/Toolchains/XcodeDefault.xctoolchain/usr/bin/clang -x c++ -ivfsstatcache /Users/admin/builder/spi-builder-workspace/.derivedData/SDKStatCaches.noindex/watchos27.0-24R360-e829b21a6f8c9b70876ba0858053c04477534ef55a1706bf4c1112bbb242f0a2.sdkstatcache -target arm64_32-apple-watchos9.0 -fmessage-length\=0 -fdiagnostics-show-note-include-stack -fmacro-backtrace-limit\=0 -fno-color-diagnostics -fmodules-prune-interval\=86400 -fmodules-prune-after\=345600 -fbuild-session-file\=/Users/admin/builder/spi-builder-workspace/.derivedData/ModuleCache.noindex/Session.modulevalidation -fmodules-validate-once-per-build-session -Wnon-modular-include-in-framework-module -Werror\=non-modular-include-in-framework-module -Wno-trigraphs -Wno-missing-field-initializers -Wno-missing-prototypes -Wno-return-type -Wno-non-virtual-dtor -Wno-overloaded-virtual -Wno-exit-time-destructors -Wno-missing-braces -Wparentheses -Wswitch -Wno-unused-function -Wno-unused-label -Wno-unused-parameter -Wno-unused-variable -Wunused-value -Wno-empty-body -Wno-uninitialized -Wno-unknown-pragmas -w -Wno-shadow -Wno-four-char-constants -Wno-conversion -Wno-constant-conversion -Wno-int-conversion -Wno-bool-conversion -Wno-enum-conversion -Wno-float-conversion -Wno-non-literal-null-conversion -Wno-objc-literal-conversion -Wno-shorten-64-to-32 -Wno-newline-eof -Wno-c++11-extensions -Wno-implicit-fallthrough -isysroot /Applications/Xcode-27.0.0-Release.Candidate.app/Contents/Developer/Platforms/WatchOS.platform/Developer/SDKs/WatchOS27.0.sdk -fstrict-aliasing -Wdeprecated-declarations -Winvalid-offsetof -Wno-sign-conversion -Wno-infinite-recursion -Wno-move -Wno-comma -Wno-block-capture-autoreleasing -Wno-strict-prototypes -Wno-range-loop-analysis -Wno-semicolon-before-method-body -index-store-path /Users/admin/builder/spi-builder-workspace/.derivedData/Index.noindex/DataStore @/Users/admin/builder/spi-builder-workspace/.derivedData/Build/Intermediates.noindex/RealmDatabase.build/Debug-watchos/s2geometry-t.build/Objects-normal/arm64_32/82b82416624d2658e5098eb0a28c15c5-common-args.resp -MMD -MT dependencies -MF /Users/admin/builder/spi-builder-workspace/.derivedData/Build/Intermediates.noindex/RealmDatabase.build/Debug-watchos/s2geometry-t.build/Objects-normal/arm64_32/s2polygonbuilder.d --serialize-diagnostics /Users/admin/builder/spi-builder-workspace/.derivedData/Build/Intermediates.noindex/RealmDatabase.build/Debug-watchos/s2geometry-t.build/Objects-normal/arm64_32/s2polygonbuilder.dia -c /Users/admin/builder/spi-builder-workspace/.dependencies/checkouts/realm-core/src/external/s2/s2polygonbuilder.cc -o /Users/admin/builder/spi-builder-workspace/.derivedData/Build/Intermediates.noindex/RealmDatabase.build/Debug-watchos/s2geometry-t.build/Objects-normal/arm64_32/s2polygonbuilder.o -index-unit-output-path /RealmDatabase.build/Debug-watchos/s2geometry-t.build/Objects-normal/arm64_32/s2polygonbuilder.o
In file included from /Users/admin/builder/spi-builder-workspace/.dependencies/checkouts/realm-core/src/external/s2/s2polygonbuilder.cc:3:
In file included from /Users/admin/builder/spi-builder-workspace/.dependencies/checkouts/realm-core/src/external/s2/s2polygonbuilder.h:21:
In file included from /Users/admin/builder/spi-builder-workspace/.dependencies/checkouts/realm-core/src/external/s2/s2.h:29:
/Users/admin/builder/spi-builder-workspace/.dependencies/checkouts/realm-core/src/external/s2/util/math/vector3-inl.h:425:1: error: 'is_pod' cannot be specialized: Users are not allowed to specialize this standard library entity [-Winvalid-specialization]
425 | PROPAGATE_POD_FROM_TEMPLATE_ARGUMENT(Vector3);
| ^
In file included from /Users/admin/builder/spi-builder-workspace/.dependencies/checkouts/realm-core/src/external/s2/s2polygonbuilder.cc:3:
In file included from /Users/admin/builder/spi-builder-workspace/.dependencies/checkouts/realm-core/src/external/s2/s2polygonbuilder.h:20:
In file included from /Users/admin/builder/spi-builder-workspace/.dependencies/checkouts/realm-core/src/external/s2/base/basictypes.h:9:
In file included from /Users/admin/builder/spi-builder-workspace/.dependencies/checkouts/realm-core/src/external/s2/base/casts.h:19:
/Users/admin/builder/spi-builder-workspace/.dependencies/checkouts/realm-core/src/external/s2/base/macros.h:181:30: note: expanded from macro 'PROPAGATE_POD_FROM_TEMPLATE_ARGUMENT'
181 | template <typename T> struct is_pod<TemplateName<T> > : std::is_trivial<T> { }; \
| ^
In file included from /Users/admin/builder/spi-builder-workspace/.dependencies/checkouts/realm-core/src/external/s2/s2polygonbuilder.cc:3:
In file included from /Users/admin/builder/spi-builder-workspace/.dependencies/checkouts/realm-core/src/external/s2/s2polygonbuilder.h:7:
In file included from /Users/admin/builder/spi-builder-workspace/.dependencies/checkouts/realm-core/src/external/s2/hash.h:4:
In file included from /Applications/Xcode-27.0.0-Release.Candidate.app/Contents/Developer/Platforms/WatchOS.platform/Developer/SDKs/WatchOS27.0.sdk/usr/include/c++/v1/unordered_map:589:
In file included from /Applications/Xcode-27.0.0-Release.Candidate.app/Contents/Developer/Platforms/WatchOS.platform/Developer/SDKs/WatchOS27.0.sdk/usr/include/c++/v1/__algorithm/is_permutation.h:14:
In file included from /Applications/Xcode-27.0.0-Release.Candidate.app/Contents/Developer/Platforms/WatchOS.platform/Developer/SDKs/WatchOS27.0.sdk/usr/include/c++/v1/__algorithm/iterator_operations.h:16:
In file included from /Applications/Xcode-27.0.0-Release.Candidate.app/Contents/Developer/Platforms/WatchOS.platform/Developer/SDKs/WatchOS27.0.sdk/usr/include/c++/v1/__iterator/advance.h:26:
In file included from /Applications/Xcode-27.0.0-Release.Candidate.app/Contents/Developer/Platforms/WatchOS.platform/Developer/SDKs/WatchOS27.0.sdk/usr/include/c++/v1/limits:524:
In file included from /Applications/Xcode-27.0.0-Release.Candidate.app/Contents/Developer/Platforms/WatchOS.platform/Developer/SDKs/WatchOS27.0.sdk/usr/include/c++/v1/type_traits:505:
/Applications/Xcode-27.0.0-Release.Candidate.app/Contents/Developer/Platforms/WatchOS.platform/Developer/SDKs/WatchOS27.0.sdk/usr/include/c++/v1/__type_traits/is_pod.h:22:36: note: marked '_Clang::no_specializations' here
22 | struct _LIBCPP_DEPRECATED_IN_CXX20 _LIBCPP_NO_SPECIALIZATIONS is_pod : integral_constant<bool, __is_pod(_Tp)> {};
| ^
In file included from /Users/admin/builder/spi-builder-workspace/.dependencies/checkouts/realm-core/src/external/s2/s2polygonbuilder.cc:3:
In file included from /Users/admin/builder/spi-builder-workspace/.dependencies/checkouts/realm-core/src/external/s2/s2polygonbuilder.h:7:
In file included from /Users/admin/builder/spi-builder-workspace/.dependencies/checkouts/realm-core/src/external/s2/hash.h:4:
In file included from /Applications/Xcode-27.0.0-Release.Candidate.app/Contents/Developer/Platforms/WatchOS.platform/Developer/SDKs/WatchOS27.0.sdk/usr/include/c++/v1/unordered_map:589:
In file included from /Applications/Xcode-27.0.0-Release.Candidate.app/Contents/Developer/Platforms/WatchOS.platform/Developer/SDKs/WatchOS27.0.sdk/usr/include/c++/v1/__algorithm/is_permutation.h:13:
In file included from /Applications/Xcode-27.0.0-Release.Candidate.app/Contents/Developer/Platforms/WatchOS.platform/Developer/SDKs/WatchOS27.0.sdk/usr/include/c++/v1/__algorithm/comp.h:12:
/Applications/Xcode-27.0.0-Release.Candidate.app/Contents/Developer/Platforms/WatchOS.platform/Developer/SDKs/WatchOS27.0.sdk/usr/include/c++/v1/__config:970:9: note: expanded from macro '_LIBCPP_NO_SPECIALIZATIONS'
970 | [[_Clang::__no_specializations__("Users are not allowed to specialize this standard library entity")]]
| ^
In file included from /Users/admin/builder/spi-builder-workspace/.dependencies/checkouts/realm-core/src/external/s2/s2polygonbuilder.cc:3:
In file included from /Users/admin/builder/spi-builder-workspace/.dependencies/checkouts/realm-core/src/external/s2/s2polygonbuilder.h:22:
/Users/admin/builder/spi-builder-workspace/.dependencies/checkouts/realm-core/src/external/s2/s1angle.h:101:1: error: 'is_pod' cannot be specialized: Users are not allowed to specialize this standard library entity [-Winvalid-specialization]
101 | DECLARE_POD(S1Angle);
| ^
In file included from /Users/admin/builder/spi-builder-workspace/.dependencies/checkouts/realm-core/src/external/s2/s2polygonbuilder.cc:3:
In file included from /Users/admin/builder/spi-builder-workspace/.dependencies/checkouts/realm-core/src/external/s2/s2polygonbuilder.h:20:
In file included from /Users/admin/builder/spi-builder-workspace/.dependencies/checkouts/realm-core/src/external/s2/base/basictypes.h:9:
In file included from /Users/admin/builder/spi-builder-workspace/.dependencies/checkouts/realm-core/src/external/s2/base/casts.h:19:
/Users/admin/builder/spi-builder-workspace/.dependencies/checkouts/realm-core/src/external/s2/base/macros.h:165:19: note: expanded from macro 'DECLARE_POD'
165 | template<> struct is_pod<TypeName> : true_type { }; \
| ^
In file included from /Users/admin/builder/spi-builder-workspace/.dependencies/checkouts/realm-core/src/external/s2/s2polygonbuilder.cc:3:
In file included from /Users/admin/builder/spi-builder-workspace/.dependencies/checkouts/realm-core/src/external/s2/s2polygonbuilder.h:7:
In file included from /Users/admin/builder/spi-builder-workspace/.dependencies/checkouts/realm-core/src/external/s2/hash.h:4:
In file included from /Applications/Xcode-27.0.0-Release.Candidate.app/Contents/Developer/Platforms/WatchOS.platform/Developer/SDKs/WatchOS27.0.sdk/usr/include/c++/v1/unordered_map:589:
In file included from /Applications/Xcode-27.0.0-Release.Candidate.app/Contents/Developer/Platforms/WatchOS.platform/Developer/SDKs/WatchOS27.0.sdk/usr/include/c++/v1/__algorithm/is_permutation.h:14:
In file included from /Applications/Xcode-27.0.0-Release.Candidate.app/Contents/Developer/Platforms/WatchOS.platform/Developer/SDKs/WatchOS27.0.sdk/usr/include/c++/v1/__algorithm/iterator_operations.h:16:
In file included from /Applications/Xcode-27.0.0-Release.Candidate.app/Contents/Developer/Platforms/WatchOS.platform/Developer/SDKs/WatchOS27.0.sdk/usr/include/c++/v1/__iterator/advance.h:26:
In file included from /Applications/Xcode-27.0.0-Release.Candidate.app/Contents/Developer/Platforms/WatchOS.platform/Developer/SDKs/WatchOS27.0.sdk/usr/include/c++/v1/limits:524:
In file included from /Applications/Xcode-27.0.0-Release.Candidate.app/Contents/Developer/Platforms/WatchOS.platform/Developer/SDKs/WatchOS27.0.sdk/usr/include/c++/v1/type_traits:505:
/Applications/Xcode-27.0.0-Release.Candidate.app/Contents/Developer/Platforms/WatchOS.platform/Developer/SDKs/WatchOS27.0.sdk/usr/include/c++/v1/__type_traits/is_pod.h:22:36: note: marked '_Clang::no_specializations' here
22 | struct _LIBCPP_DEPRECATED_IN_CXX20 _LIBCPP_NO_SPECIALIZATIONS is_pod : integral_constant<bool, __is_pod(_Tp)> {};
| ^
In file included from /Users/admin/builder/spi-builder-workspace/.dependencies/checkouts/realm-core/src/external/s2/s2polygonbuilder.cc:3:
In file included from /Users/admin/builder/spi-builder-workspace/.dependencies/checkouts/realm-core/src/external/s2/s2polygonbuilder.h:7:
In file included from /Users/admin/builder/spi-builder-workspace/.dependencies/checkouts/realm-core/src/external/s2/hash.h:4:
In file included from /Applications/Xcode-27.0.0-Release.Candidate.app/Contents/Developer/Platforms/WatchOS.platform/Developer/SDKs/WatchOS27.0.sdk/usr/include/c++/v1/unordered_map:589:
In file included from /Applications/Xcode-27.0.0-Release.Candidate.app/Contents/Developer/Platforms/WatchOS.platform/Developer/SDKs/WatchOS27.0.sdk/usr/include/c++/v1/__algorithm/is_permutation.h:13:
In file included from /Applications/Xcode-27.0.0-Release.Candidate.app/Contents/Developer/Platforms/WatchOS.platform/Developer/SDKs/WatchOS27.0.sdk/usr/include/c++/v1/__algorithm/comp.h:12:
/Applications/Xcode-27.0.0-Release.Candidate.app/Contents/Developer/Platforms/WatchOS.platform/Developer/SDKs/WatchOS27.0.sdk/usr/include/c++/v1/__config:970:9: note: expanded from macro '_LIBCPP_NO_SPECIALIZATIONS'
970 | [[_Clang::__no_specializations__("Users are not allowed to specialize this standard library entity")]]
| ^
CompileC /Users/admin/builder/spi-builder-workspace/.derivedData/Build/Intermediates.noindex/RealmDatabase.build/Debug-watchos/s2geometry-t.build/Objects-normal/arm64_32/s2pointregion.o /Users/admin/builder/spi-builder-workspace/.dependencies/checkouts/realm-core/src/external/s2/s2pointregion.cc normal arm64_32 c++ com.apple.compilers.llvm.clang.1_0.compiler (in target 's2geometry' from project 'RealmDatabase')
cd /Users/admin/builder/spi-builder-workspace/.swiftpm/xcode
Using response file: /Users/admin/builder/spi-builder-workspace/.derivedData/Build/Intermediates.noindex/RealmDatabase.build/Debug-watchos/s2geometry-t.build/Objects-normal/arm64_32/82b82416624d2658e5098eb0a28c15c5-common-args.resp
/Applications/Xcode-27.0.0-Release.Candidate.app/Contents/Developer/Toolchains/XcodeDefault.xctoolchain/usr/bin/clang -x c++ -ivfsstatcache /Users/admin/builder/spi-builder-workspace/.derivedData/SDKStatCaches.noindex/watchos27.0-24R360-e829b21a6f8c9b70876ba0858053c04477534ef55a1706bf4c1112bbb242f0a2.sdkstatcache -target arm64_32-apple-watchos9.0 -fmessage-length\=0 -fdiagnostics-show-note-include-stack -fmacro-backtrace-limit\=0 -fno-color-diagnostics -fmodules-prune-interval\=86400 -fmodules-prune-after\=345600 -fbuild-session-file\=/Users/admin/builder/spi-builder-workspace/.derivedData/ModuleCache.noindex/Session.modulevalidation -fmodules-validate-once-per-build-session -Wnon-modular-include-in-framework-module -Werror\=non-modular-include-in-framework-module -Wno-trigraphs -Wno-missing-field-initializers -Wno-missing-prototypes -Wno-return-type -Wno-non-virtual-dtor -Wno-overloaded-virtual -Wno-exit-time-destructors -Wno-missing-braces -Wparentheses -Wswitch -Wno-unused-function -Wno-unused-label -Wno-unused-parameter -Wno-unused-variable -Wunused-value -Wno-empty-body -Wno-uninitialized -Wno-unknown-pragmas -w -Wno-shadow -Wno-four-char-constants -Wno-conversion -Wno-constant-conversion -Wno-int-conversion -Wno-bool-conversion -Wno-enum-conversion -Wno-float-conversion -Wno-non-literal-null-conversion -Wno-objc-literal-conversion -Wno-shorten-64-to-32 -Wno-newline-eof -Wno-c++11-extensions -Wno-implicit-fallthrough -isysroot /Applications/Xcode-27.0.0-Release.Candidate.app/Contents/Developer/Platforms/WatchOS.platform/Developer/SDKs/WatchOS27.0.sdk -fstrict-aliasing -Wdeprecated-declarations -Winvalid-offsetof -Wno-sign-conversion -Wno-infinite-recursion -Wno-move -Wno-comma -Wno-block-capture-autoreleasing -Wno-strict-prototypes -Wno-range-loop-analysis -Wno-semicolon-before-method-body -index-store-path /Users/admin/builder/spi-builder-workspace/.derivedData/Index.noindex/DataStore @/Users/admin/builder/spi-builder-workspace/.derivedData/Build/Intermediates.noindex/RealmDatabase.build/Debug-watchos/s2geometry-t.build/Objects-normal/arm64_32/82b82416624d2658e5098eb0a28c15c5-common-args.resp -MMD -MT dependencies -MF /Users/admin/builder/spi-builder-workspace/.derivedData/Build/Intermediates.noindex/RealmDatabase.build/Debug-watchos/s2geometry-t.build/Objects-normal/arm64_32/s2pointregion.d --serialize-diagnostics /Users/admin/builder/spi-builder-workspace/.derivedData/Build/Intermediates.noindex/RealmDatabase.build/Debug-watchos/s2geometry-t.build/Objects-normal/arm64_32/s2pointregion.dia -c /Users/admin/builder/spi-builder-workspace/.dependencies/checkouts/realm-core/src/external/s2/s2pointregion.cc -o /Users/admin/builder/spi-builder-workspace/.derivedData/Build/Intermediates.noindex/RealmDatabase.build/Debug-watchos/s2geometry-t.build/Objects-normal/arm64_32/s2pointregion.o -index-unit-output-path /RealmDatabase.build/Debug-watchos/s2geometry-t.build/Objects-normal/arm64_32/s2pointregion.o
In file included from /Users/admin/builder/spi-builder-workspace/.dependencies/checkouts/realm-core/src/external/s2/s2pointregion.cc:3:
In file included from /Users/admin/builder/spi-builder-workspace/.dependencies/checkouts/realm-core/src/external/s2/s2pointregion.h:8:
In file included from /Users/admin/builder/spi-builder-workspace/.dependencies/checkouts/realm-core/src/external/s2/s2.h:29:
/Users/admin/builder/spi-builder-workspace/.dependencies/checkouts/realm-core/src/external/s2/util/math/vector3-inl.h:425:1: error: 'is_pod' cannot be specialized: Users are not allowed to specialize this standard library entity [-Winvalid-specialization]
425 | PROPAGATE_POD_FROM_TEMPLATE_ARGUMENT(Vector3);
| ^
In file included from /Users/admin/builder/spi-builder-workspace/.dependencies/checkouts/realm-core/src/external/s2/s2pointregion.cc:3:
In file included from /Users/admin/builder/spi-builder-workspace/.dependencies/checkouts/realm-core/src/external/s2/s2pointregion.h:7:
/Users/admin/builder/spi-builder-workspace/.dependencies/checkouts/realm-core/src/external/s2/base/macros.h:181:30: note: expanded from macro 'PROPAGATE_POD_FROM_TEMPLATE_ARGUMENT'
181 | template <typename T> struct is_pod<TemplateName<T> > : std::is_trivial<T> { }; \
| ^
In file included from /Users/admin/builder/spi-builder-workspace/.dependencies/checkouts/realm-core/src/external/s2/s2pointregion.cc:3:
In file included from /Users/admin/builder/spi-builder-workspace/.dependencies/checkouts/realm-core/src/external/s2/s2pointregion.h:6:
In file included from /Users/admin/builder/spi-builder-workspace/.dependencies/checkouts/realm-core/src/external/s2/base/logging.h:17:
In file included from /Users/admin/builder/spi-builder-workspace/.dependencies/checkouts/realm-core/src/realm/util/assert.hpp:23:
In file included from /Users/admin/builder/spi-builder-workspace/.dependencies/checkouts/realm-core/src/realm/util/terminate.hpp:25:
In file included from /Users/admin/builder/spi-builder-workspace/.dependencies/checkouts/realm-core/src/realm/util/to_string.hpp:24:
In file included from /Applications/Xcode-27.0.0-Release.Candidate.app/Contents/Developer/Platforms/WatchOS.platform/Developer/SDKs/WatchOS27.0.sdk/usr/include/c++/v1/ostream:182:
In file included from /Applications/Xcode-27.0.0-Release.Candidate.app/Contents/Developer/Platforms/WatchOS.platform/Developer/SDKs/WatchOS27.0.sdk/usr/include/c++/v1/__ostream/basic_ostream.h:19:
In file included from /Applications/Xcode-27.0.0-Release.Candidate.app/Contents/Developer/Platforms/WatchOS.platform/Developer/SDKs/WatchOS27.0.sdk/usr/include/c++/v1/__locale_dir/num.h:12:
In file included from /Applications/Xcode-27.0.0-Release.Candidate.app/Contents/Developer/Platforms/WatchOS.platform/Developer/SDKs/WatchOS27.0.sdk/usr/include/c++/v1/__algorithm/copy.h:12:
In file included from /Applications/Xcode-27.0.0-Release.Candidate.app/Contents/Developer/Platforms/WatchOS.platform/Developer/SDKs/WatchOS27.0.sdk/usr/include/c++/v1/__algorithm/copy_move_common.h:13:
In file included from /Applications/Xcode-27.0.0-Release.Candidate.app/Contents/Developer/Platforms/WatchOS.platform/Developer/SDKs/WatchOS27.0.sdk/usr/include/c++/v1/__algorithm/unwrap_range.h:16:
In file included from /Applications/Xcode-27.0.0-Release.Candidate.app/Contents/Developer/Platforms/WatchOS.platform/Developer/SDKs/WatchOS27.0.sdk/usr/include/c++/v1/__iterator/next.h:14:
In file included from /Applications/Xcode-27.0.0-Release.Candidate.app/Contents/Developer/Platforms/WatchOS.platform/Developer/SDKs/WatchOS27.0.sdk/usr/include/c++/v1/__iterator/advance.h:26:
In file included from /Applications/Xcode-27.0.0-Release.Candidate.app/Contents/Developer/Platforms/WatchOS.platform/Developer/SDKs/WatchOS27.0.sdk/usr/include/c++/v1/limits:524:
In file included from /Applications/Xcode-27.0.0-Release.Candidate.app/Contents/Developer/Platforms/WatchOS.platform/Developer/SDKs/WatchOS27.0.sdk/usr/include/c++/v1/type_traits:505:
/Applications/Xcode-27.0.0-Release.Candidate.app/Contents/Developer/Platforms/WatchOS.platform/Developer/SDKs/WatchOS27.0.sdk/usr/include/c++/v1/__type_traits/is_pod.h:22:36: note: marked '_Clang::no_specializations' here
22 | struct _LIBCPP_DEPRECATED_IN_CXX20 _LIBCPP_NO_SPECIALIZATIONS is_pod : integral_constant<bool, __is_pod(_Tp)> {};
| ^
In file included from /Users/admin/builder/spi-builder-workspace/.dependencies/checkouts/realm-core/src/external/s2/s2pointregion.cc:3:
In file included from /Users/admin/builder/spi-builder-workspace/.dependencies/checkouts/realm-core/src/external/s2/s2pointregion.h:6:
In file included from /Users/admin/builder/spi-builder-workspace/.dependencies/checkouts/realm-core/src/external/s2/base/logging.h:17:
In file included from /Users/admin/builder/spi-builder-workspace/.dependencies/checkouts/realm-core/src/realm/util/assert.hpp:23:
In file included from /Users/admin/builder/spi-builder-workspace/.dependencies/checkouts/realm-core/src/realm/util/terminate.hpp:22:
In file included from /Applications/Xcode-27.0.0-Release.Candidate.app/Contents/Developer/Platforms/WatchOS.platform/Developer/SDKs/WatchOS27.0.sdk/usr/include/c++/v1/cstdlib:87:
/Applications/Xcode-27.0.0-Release.Candidate.app/Contents/Developer/Platforms/WatchOS.platform/Developer/SDKs/WatchOS27.0.sdk/usr/include/c++/v1/__config:970:9: note: expanded from macro '_LIBCPP_NO_SPECIALIZATIONS'
970 | [[_Clang::__no_specializations__("Users are not allowed to specialize this standard library entity")]]
| ^
In file included from /Users/admin/builder/spi-builder-workspace/.dependencies/checkouts/realm-core/src/external/s2/s2pointregion.cc:5:
In file included from /Users/admin/builder/spi-builder-workspace/.dependencies/checkouts/realm-core/src/external/s2/s2cap.h:8:
/Users/admin/builder/spi-builder-workspace/.dependencies/checkouts/realm-core/src/external/s2/s1angle.h:101:1: error: 'is_pod' cannot be specialized: Users are not allowed to specialize this standard library entity [-Winvalid-specialization]
101 | DECLARE_POD(S1Angle);
| ^
In file included from /Users/admin/builder/spi-builder-workspace/.dependencies/checkouts/realm-core/src/external/s2/s2pointregion.cc:3:
In file included from /Users/admin/builder/spi-builder-workspace/.dependencies/checkouts/realm-core/src/external/s2/s2pointregion.h:7:
/Users/admin/builder/spi-builder-workspace/.dependencies/checkouts/realm-core/src/external/s2/base/macros.h:165:19: note: expanded from macro 'DECLARE_POD'
165 | template<> struct is_pod<TypeName> : true_type { }; \
| ^
In file included from /Users/admin/builder/spi-builder-workspace/.dependencies/checkouts/realm-core/src/external/s2/s2pointregion.cc:3:
In file included from /Users/admin/builder/spi-builder-workspace/.dependencies/checkouts/realm-core/src/external/s2/s2pointregion.h:6:
In file included from /Users/admin/builder/spi-builder-workspace/.dependencies/checkouts/realm-core/src/external/s2/base/logging.h:17:
In file included from /Users/admin/builder/spi-builder-workspace/.dependencies/checkouts/realm-core/src/realm/util/assert.hpp:23:
In file included from /Users/admin/builder/spi-builder-workspace/.dependencies/checkouts/realm-core/src/realm/util/terminate.hpp:25:
In file included from /Users/admin/builder/spi-builder-workspace/.dependencies/checkouts/realm-core/src/realm/util/to_string.hpp:24:
In file included from /Applications/Xcode-27.0.0-Release.Candidate.app/Contents/Developer/Platforms/WatchOS.platform/Developer/SDKs/WatchOS27.0.sdk/usr/include/c++/v1/ostream:182:
In file included from /Applications/Xcode-27.0.0-Release.Candidate.app/Contents/Developer/Platforms/WatchOS.platform/Developer/SDKs/WatchOS27.0.sdk/usr/include/c++/v1/__ostream/basic_ostream.h:19:
In file included from /Applications/Xcode-27.0.0-Release.Candidate.app/Contents/Developer/Platforms/WatchOS.platform/Developer/SDKs/WatchOS27.0.sdk/usr/include/c++/v1/__locale_dir/num.h:12:
In file included from /Applications/Xcode-27.0.0-Release.Candidate.app/Contents/Developer/Platforms/WatchOS.platform/Developer/SDKs/WatchOS27.0.sdk/usr/include/c++/v1/__algorithm/copy.h:12:
In file included from /Applications/Xcode-27.0.0-Release.Candidate.app/Contents/Developer/Platforms/WatchOS.platform/Developer/SDKs/WatchOS27.0.sdk/usr/include/c++/v1/__algorithm/copy_move_common.h:13:
In file included from /Applications/Xcode-27.0.0-Release.Candidate.app/Contents/Developer/Platforms/WatchOS.platform/Developer/SDKs/WatchOS27.0.sdk/usr/include/c++/v1/__algorithm/unwrap_range.h:16:
In file included from /Applications/Xcode-27.0.0-Release.Candidate.app/Contents/Developer/Platforms/WatchOS.platform/Developer/SDKs/WatchOS27.0.sdk/usr/include/c++/v1/__iterator/next.h:14:
In file included from /Applications/Xcode-27.0.0-Release.Candidate.app/Contents/Developer/Platforms/WatchOS.platform/Developer/SDKs/WatchOS27.0.sdk/usr/include/c++/v1/__iterator/advance.h:26:
In file included from /Applications/Xcode-27.0.0-Release.Candidate.app/Contents/Developer/Platforms/WatchOS.platform/Developer/SDKs/WatchOS27.0.sdk/usr/include/c++/v1/limits:524:
In file included from /Applications/Xcode-27.0.0-Release.Candidate.app/Contents/Developer/Platforms/WatchOS.platform/Developer/SDKs/WatchOS27.0.sdk/usr/include/c++/v1/type_traits:505:
/Applications/Xcode-27.0.0-Release.Candidate.app/Contents/Developer/Platforms/WatchOS.platform/Developer/SDKs/WatchOS27.0.sdk/usr/include/c++/v1/__type_traits/is_pod.h:22:36: note: marked '_Clang::no_specializations' here
22 | struct _LIBCPP_DEPRECATED_IN_CXX20 _LIBCPP_NO_SPECIALIZATIONS is_pod : integral_constant<bool, __is_pod(_Tp)> {};
| ^
In file included from /Users/admin/builder/spi-builder-workspace/.dependencies/checkouts/realm-core/src/external/s2/s2pointregion.cc:3:
In file included from /Users/admin/builder/spi-builder-workspace/.dependencies/checkouts/realm-core/src/external/s2/s2pointregion.h:6:
In file included from /Users/admin/builder/spi-builder-workspace/.dependencies/checkouts/realm-core/src/external/s2/base/logging.h:17:
In file included from /Users/admin/builder/spi-builder-workspace/.dependencies/checkouts/realm-core/src/realm/util/assert.hpp:23:
In file included from /Users/admin/builder/spi-builder-workspace/.dependencies/checkouts/realm-core/src/realm/util/terminate.hpp:22:
In file included from /Applications/Xcode-27.0.0-Release.Candidate.app/Contents/Developer/Platforms/WatchOS.platform/Developer/SDKs/WatchOS27.0.sdk/usr/include/c++/v1/cstdlib:87:
/Applications/Xcode-27.0.0-Release.Candidate.app/Contents/Developer/Platforms/WatchOS.platform/Developer/SDKs/WatchOS27.0.sdk/usr/include/c++/v1/__config:970:9: note: expanded from macro '_LIBCPP_NO_SPECIALIZATIONS'
970 | [[_Clang::__no_specializations__("Users are not allowed to specialize this standard library entity")]]
| ^
In file included from /Users/admin/builder/spi-builder-workspace/.dependencies/checkouts/realm-core/src/external/s2/s2pointregion.cc:6:
In file included from /Users/admin/builder/spi-builder-workspace/.dependencies/checkouts/realm-core/src/external/s2/s2cell.h:9:
/Users/admin/builder/spi-builder-workspace/.dependencies/checkouts/realm-core/src/external/s2/s2cellid.h:318:1: error: 'is_pod' cannot be specialized: Users are not allowed to specialize this standard library entity [-Winvalid-specialization]
318 | DECLARE_POD(S2CellId);
| ^
In file included from /Users/admin/builder/spi-builder-workspace/.dependencies/checkouts/realm-core/src/external/s2/s2pointregion.cc:3:
In file included from /Users/admin/builder/spi-builder-workspace/.dependencies/checkouts/realm-core/src/external/s2/s2pointregion.h:7:
/Users/admin/builder/spi-builder-workspace/.dependencies/checkouts/realm-core/src/external/s2/base/macros.h:165:19: note: expanded from macro 'DECLARE_POD'
165 | template<> struct is_pod<TypeName> : true_type { }; \
| ^
In file included from /Users/admin/builder/spi-builder-workspace/.dependencies/checkouts/realm-core/src/external/s2/s2pointregion.cc:3:
In file included from /Users/admin/builder/spi-builder-workspace/.dependencies/checkouts/realm-core/src/external/s2/s2pointregion.h:6:
In file included from /Users/admin/builder/spi-builder-workspace/.dependencies/checkouts/realm-core/src/external/s2/base/logging.h:17:
In file included from /Users/admin/builder/spi-builder-workspace/.dependencies/checkouts/realm-core/src/realm/util/assert.hpp:23:
In file included from /Users/admin/builder/spi-builder-workspace/.dependencies/checkouts/realm-core/src/realm/util/terminate.hpp:25:
In file included from /Users/admin/builder/spi-builder-workspace/.dependencies/checkouts/realm-core/src/realm/util/to_string.hpp:24:
In file included from /Applications/Xcode-27.0.0-Release.Candidate.app/Contents/Developer/Platforms/WatchOS.platform/Developer/SDKs/WatchOS27.0.sdk/usr/include/c++/v1/ostream:182:
In file included from /Applications/Xcode-27.0.0-Release.Candidate.app/Contents/Developer/Platforms/WatchOS.platform/Developer/SDKs/WatchOS27.0.sdk/usr/include/c++/v1/__ostream/basic_ostream.h:19:
In file included from /Applications/Xcode-27.0.0-Release.Candidate.app/Contents/Developer/Platforms/WatchOS.platform/Developer/SDKs/WatchOS27.0.sdk/usr/include/c++/v1/__locale_dir/num.h:12:
In file included from /Applications/Xcode-27.0.0-Release.Candidate.app/Contents/Developer/Platforms/WatchOS.platform/Developer/SDKs/WatchOS27.0.sdk/usr/include/c++/v1/__algorithm/copy.h:12:
In file included from /Applications/Xcode-27.0.0-Release.Candidate.app/Contents/Developer/Platforms/WatchOS.platform/Developer/SDKs/WatchOS27.0.sdk/usr/include/c++/v1/__algorithm/copy_move_common.h:13:
In file included from /Applications/Xcode-27.0.0-Release.Candidate.app/Contents/Developer/Platforms/WatchOS.platform/Developer/SDKs/WatchOS27.0.sdk/usr/include/c++/v1/__algorithm/unwrap_range.h:16:
In file included from /Applications/Xcode-27.0.0-Release.Candidate.app/Contents/Developer/Platforms/WatchOS.platform/Developer/SDKs/WatchOS27.0.sdk/usr/include/c++/v1/__iterator/next.h:14:
In file included from /Applications/Xcode-27.0.0-Release.Candidate.app/Contents/Developer/Platforms/WatchOS.platform/Developer/SDKs/WatchOS27.0.sdk/usr/include/c++/v1/__iterator/advance.h:26:
In file included from /Applications/Xcode-27.0.0-Release.Candidate.app/Contents/Developer/Platforms/WatchOS.platform/Developer/SDKs/WatchOS27.0.sdk/usr/include/c++/v1/limits:524:
In file included from /Applications/Xcode-27.0.0-Release.Candidate.app/Contents/Developer/Platforms/WatchOS.platform/Developer/SDKs/WatchOS27.0.sdk/usr/include/c++/v1/type_traits:505:
/Applications/Xcode-27.0.0-Release.Candidate.app/Contents/Developer/Platforms/WatchOS.platform/Developer/SDKs/WatchOS27.0.sdk/usr/include/c++/v1/__type_traits/is_pod.h:22:36: note: marked '_Clang::no_specializations' here
22 | struct _LIBCPP_DEPRECATED_IN_CXX20 _LIBCPP_NO_SPECIALIZATIONS is_pod : integral_constant<bool, __is_pod(_Tp)> {};
| ^
In file included from /Users/admin/builder/spi-builder-workspace/.dependencies/checkouts/realm-core/src/external/s2/s2pointregion.cc:3:
In file included from /Users/admin/builder/spi-builder-workspace/.dependencies/checkouts/realm-core/src/external/s2/s2pointregion.h:6:
In file included from /Users/admin/builder/spi-builder-workspace/.dependencies/checkouts/realm-core/src/external/s2/base/logging.h:17:
In file included from /Users/admin/builder/spi-builder-workspace/.dependencies/checkouts/realm-core/src/realm/util/assert.hpp:23:
In file included from /Users/admin/builder/spi-builder-workspace/.dependencies/checkouts/realm-core/src/realm/util/terminate.hpp:22:
In file included from /Applications/Xcode-27.0.0-Release.Candidate.app/Contents/Developer/Platforms/WatchOS.platform/Developer/SDKs/WatchOS27.0.sdk/usr/include/c++/v1/cstdlib:87:
/Applications/Xcode-27.0.0-Release.Candidate.app/Contents/Developer/Platforms/WatchOS.platform/Developer/SDKs/WatchOS27.0.sdk/usr/include/c++/v1/__config:970:9: note: expanded from macro '_LIBCPP_NO_SPECIALIZATIONS'
970 | [[_Clang::__no_specializations__("Users are not allowed to specialize this standard library entity")]]
| ^
In file included from /Users/admin/builder/spi-builder-workspace/.dependencies/checkouts/realm-core/src/external/s2/s2pointregion.cc:7:
In file included from /Users/admin/builder/spi-builder-workspace/.dependencies/checkouts/realm-core/src/external/s2/s2latlngrect.h:15:
In file included from /Users/admin/builder/spi-builder-workspace/.dependencies/checkouts/realm-core/src/external/s2/r1interval.h:21:
/Users/admin/builder/spi-builder-workspace/.dependencies/checkouts/realm-core/src/external/s2/util/math/vector2-inl.h:358:1: error: 'is_pod' cannot be specialized: Users are not allowed to specialize this standard library entity [-Winvalid-specialization]
358 | PROPAGATE_POD_FROM_TEMPLATE_ARGUMENT(Vector2);
| ^
In file included from /Users/admin/builder/spi-builder-workspace/.dependencies/checkouts/realm-core/src/external/s2/s2pointregion.cc:3:
In file included from /Users/admin/builder/spi-builder-workspace/.dependencies/checkouts/realm-core/src/external/s2/s2pointregion.h:7:
/Users/admin/builder/spi-builder-workspace/.dependencies/checkouts/realm-core/src/external/s2/base/macros.h:181:30: note: expanded from macro 'PROPAGATE_POD_FROM_TEMPLATE_ARGUMENT'
181 | template <typename T> struct is_pod<TemplateName<T> > : std::is_trivial<T> { }; \
| ^
In file included from /Users/admin/builder/spi-builder-workspace/.dependencies/checkouts/realm-core/src/external/s2/s2pointregion.cc:3:
In file included from /Users/admin/builder/spi-builder-workspace/.dependencies/checkouts/realm-core/src/external/s2/s2pointregion.h:6:
In file included from /Users/admin/builder/spi-builder-workspace/.dependencies/checkouts/realm-core/src/external/s2/base/logging.h:17:
In file included from /Users/admin/builder/spi-builder-workspace/.dependencies/checkouts/realm-core/src/realm/util/assert.hpp:23:
In file included from /Users/admin/builder/spi-builder-workspace/.dependencies/checkouts/realm-core/src/realm/util/terminate.hpp:25:
In file included from /Users/admin/builder/spi-builder-workspace/.dependencies/checkouts/realm-core/src/realm/util/to_string.hpp:24:
In file included from /Applications/Xcode-27.0.0-Release.Candidate.app/Contents/Developer/Platforms/WatchOS.platform/Developer/SDKs/WatchOS27.0.sdk/usr/include/c++/v1/ostream:182:
In file included from /Applications/Xcode-27.0.0-Release.Candidate.app/Contents/Developer/Platforms/WatchOS.platform/Developer/SDKs/WatchOS27.0.sdk/usr/include/c++/v1/__ostream/basic_ostream.h:19:
In file included from /Applications/Xcode-27.0.0-Release.Candidate.app/Contents/Developer/Platforms/WatchOS.platform/Developer/SDKs/WatchOS27.0.sdk/usr/include/c++/v1/__locale_dir/num.h:12:
In file included from /Applications/Xcode-27.0.0-Release.Candidate.app/Contents/Developer/Platforms/WatchOS.platform/Developer/SDKs/WatchOS27.0.sdk/usr/include/c++/v1/__algorithm/copy.h:12:
In file included from /Applications/Xcode-27.0.0-Release.Candidate.app/Contents/Developer/Platforms/WatchOS.platform/Developer/SDKs/WatchOS27.0.sdk/usr/include/c++/v1/__algorithm/copy_move_common.h:13:
In file included from /Applications/Xcode-27.0.0-Release.Candidate.app/Contents/Developer/Platforms/WatchOS.platform/Developer/SDKs/WatchOS27.0.sdk/usr/include/c++/v1/__algorithm/unwrap_range.h:16:
In file included from /Applications/Xcode-27.0.0-Release.Candidate.app/Contents/Developer/Platforms/WatchOS.platform/Developer/SDKs/WatchOS27.0.sdk/usr/include/c++/v1/__iterator/next.h:14:
In file included from /Applications/Xcode-27.0.0-Release.Candidate.app/Contents/Developer/Platforms/WatchOS.platform/Developer/SDKs/WatchOS27.0.sdk/usr/include/c++/v1/__iterator/advance.h:26:
In file included from /Applications/Xcode-27.0.0-Release.Candidate.app/Contents/Developer/Platforms/WatchOS.platform/Developer/SDKs/WatchOS27.0.sdk/usr/include/c++/v1/limits:524:
In file included from /Applications/Xcode-27.0.0-Release.Candidate.app/Contents/Developer/Platforms/WatchOS.platform/Developer/SDKs/WatchOS27.0.sdk/usr/include/c++/v1/type_traits:505:
/Applications/Xcode-27.0.0-Release.Candidate.app/Contents/Developer/Platforms/WatchOS.platform/Developer/SDKs/WatchOS27.0.sdk/usr/include/c++/v1/__type_traits/is_pod.h:22:36: note: marked '_Clang::no_specializations' here
22 | struct _LIBCPP_DEPRECATED_IN_CXX20 _LIBCPP_NO_SPECIALIZATIONS is_pod : integral_constant<bool, __is_pod(_Tp)> {};
| ^
In file included from /Users/admin/builder/spi-builder-workspace/.dependencies/checkouts/realm-core/src/external/s2/s2pointregion.cc:3:
In file included from /Users/admin/builder/spi-builder-workspace/.dependencies/checkouts/realm-core/src/external/s2/s2pointregion.h:6:
In file included from /Users/admin/builder/spi-builder-workspace/.dependencies/checkouts/realm-core/src/external/s2/base/logging.h:17:
In file included from /Users/admin/builder/spi-builder-workspace/.dependencies/checkouts/realm-core/src/realm/util/assert.hpp:23:
In file included from /Users/admin/builder/spi-builder-workspace/.dependencies/checkouts/realm-core/src/realm/util/terminate.hpp:22:
In file included from /Applications/Xcode-27.0.0-Release.Candidate.app/Contents/Developer/Platforms/WatchOS.platform/Developer/SDKs/WatchOS27.0.sdk/usr/include/c++/v1/cstdlib:87:
/Applications/Xcode-27.0.0-Release.Candidate.app/Contents/Developer/Platforms/WatchOS.platform/Developer/SDKs/WatchOS27.0.sdk/usr/include/c++/v1/__config:970:9: note: expanded from macro '_LIBCPP_NO_SPECIALIZATIONS'
970 | [[_Clang::__no_specializations__("Users are not allowed to specialize this standard library entity")]]
| ^
In file included from /Users/admin/builder/spi-builder-workspace/.dependencies/checkouts/realm-core/src/external/s2/s2pointregion.cc:7:
In file included from /Users/admin/builder/spi-builder-workspace/.dependencies/checkouts/realm-core/src/external/s2/s2latlngrect.h:15:
/Users/admin/builder/spi-builder-workspace/.dependencies/checkouts/realm-core/src/external/s2/r1interval.h:180:1: error: 'is_pod' cannot be specialized: Users are not allowed to specialize this standard library entity [-Winvalid-specialization]
180 | DECLARE_POD(R1Interval);
| ^
In file included from /Users/admin/builder/spi-builder-workspace/.dependencies/checkouts/realm-core/src/external/s2/s2pointregion.cc:3:
In file included from /Users/admin/builder/spi-builder-workspace/.dependencies/checkouts/realm-core/src/external/s2/s2pointregion.h:7:
/Users/admin/builder/spi-builder-workspace/.dependencies/checkouts/realm-core/src/external/s2/base/macros.h:165:19: note: expanded from macro 'DECLARE_POD'
165 | template<> struct is_pod<TypeName> : true_type { }; \
| ^
In file included from /Users/admin/builder/spi-builder-workspace/.dependencies/checkouts/realm-core/src/external/s2/s2pointregion.cc:3:
In file included from /Users/admin/builder/spi-builder-workspace/.dependencies/checkouts/realm-core/src/external/s2/s2pointregion.h:6:
In file included from /Users/admin/builder/spi-builder-workspace/.dependencies/checkouts/realm-core/src/external/s2/base/logging.h:17:
In file included from /Users/admin/builder/spi-builder-workspace/.dependencies/checkouts/realm-core/src/realm/util/assert.hpp:23:
In file included from /Users/admin/builder/spi-builder-workspace/.dependencies/checkouts/realm-core/src/realm/util/terminate.hpp:25:
In file included from /Users/admin/builder/spi-builder-workspace/.dependencies/checkouts/realm-core/src/realm/util/to_string.hpp:24:
In file included from /Applications/Xcode-27.0.0-Release.Candidate.app/Contents/Developer/Platforms/WatchOS.platform/Developer/SDKs/WatchOS27.0.sdk/usr/include/c++/v1/ostream:182:
In file included from /Applications/Xcode-27.0.0-Release.Candidate.app/Contents/Developer/Platforms/WatchOS.platform/Developer/SDKs/WatchOS27.0.sdk/usr/include/c++/v1/__ostream/basic_ostream.h:19:
In file included from /Applications/Xcode-27.0.0-Release.Candidate.app/Contents/Developer/Platforms/WatchOS.platform/Developer/SDKs/WatchOS27.0.sdk/usr/include/c++/v1/__locale_dir/num.h:12:
In file included from /Applications/Xcode-27.0.0-Release.Candidate.app/Contents/Developer/Platforms/WatchOS.platform/Developer/SDKs/WatchOS27.0.sdk/usr/include/c++/v1/__algorithm/copy.h:12:
In file included from /Applications/Xcode-27.0.0-Release.Candidate.app/Contents/Developer/Platforms/WatchOS.platform/Developer/SDKs/WatchOS27.0.sdk/usr/include/c++/v1/__algorithm/copy_move_common.h:13:
In file included from /Applications/Xcode-27.0.0-Release.Candidate.app/Contents/Developer/Platforms/WatchOS.platform/Developer/SDKs/WatchOS27.0.sdk/usr/include/c++/v1/__algorithm/unwrap_range.h:16:
In file included from /Applications/Xcode-27.0.0-Release.Candidate.app/Contents/Developer/Platforms/WatchOS.platform/Developer/SDKs/WatchOS27.0.sdk/usr/include/c++/v1/__iterator/next.h:14:
In file included from /Applications/Xcode-27.0.0-Release.Candidate.app/Contents/Developer/Platforms/WatchOS.platform/Developer/SDKs/WatchOS27.0.sdk/usr/include/c++/v1/__iterator/advance.h:26:
In file included from /Applications/Xcode-27.0.0-Release.Candidate.app/Contents/Developer/Platforms/WatchOS.platform/Developer/SDKs/WatchOS27.0.sdk/usr/include/c++/v1/limits:524:
In file included from /Applications/Xcode-27.0.0-Release.Candidate.app/Contents/Developer/Platforms/WatchOS.platform/Developer/SDKs/WatchOS27.0.sdk/usr/include/c++/v1/type_traits:505:
/Applications/Xcode-27.0.0-Release.Candidate.app/Contents/Developer/Platforms/WatchOS.platform/Developer/SDKs/WatchOS27.0.sdk/usr/include/c++/v1/__type_traits/is_pod.h:22:36: note: marked '_Clang::no_specializations' here
22 | struct _LIBCPP_DEPRECATED_IN_CXX20 _LIBCPP_NO_SPECIALIZATIONS is_pod : integral_constant<bool, __is_pod(_Tp)> {};
| ^
In file included from /Users/admin/builder/spi-builder-workspace/.dependencies/checkouts/realm-core/src/external/s2/s2pointregion.cc:3:
In file included from /Users/admin/builder/spi-builder-workspace/.dependencies/checkouts/realm-core/src/external/s2/s2pointregion.h:6:
In file included from /Users/admin/builder/spi-builder-workspace/.dependencies/checkouts/realm-core/src/external/s2/base/logging.h:17:
In file included from /Users/admin/builder/spi-builder-workspace/.dependencies/checkouts/realm-core/src/realm/util/assert.hpp:23:
In file included from /Users/admin/builder/spi-builder-workspace/.dependencies/checkouts/realm-core/src/realm/util/terminate.hpp:22:
In file included from /Applications/Xcode-27.0.0-Release.Candidate.app/Contents/Developer/Platforms/WatchOS.platform/Developer/SDKs/WatchOS27.0.sdk/usr/include/c++/v1/cstdlib:87:
/Applications/Xcode-27.0.0-Release.Candidate.app/Contents/Developer/Platforms/WatchOS.platform/Developer/SDKs/WatchOS27.0.sdk/usr/include/c++/v1/__config:970:9: note: expanded from macro '_LIBCPP_NO_SPECIALIZATIONS'
970 | [[_Clang::__no_specializations__("Users are not allowed to specialize this standard library entity")]]
| ^
In file included from /Users/admin/builder/spi-builder-workspace/.dependencies/checkouts/realm-core/src/external/s2/s2pointregion.cc:7:
In file included from /Users/admin/builder/spi-builder-workspace/.dependencies/checkouts/realm-core/src/external/s2/s2latlngrect.h:16:
/Users/admin/builder/spi-builder-workspace/.dependencies/checkouts/realm-core/src/external/s2/s1interval.h:189:1: error: 'is_pod' cannot be specialized: Users are not allowed to specialize this standard library entity [-Winvalid-specialization]
189 | DECLARE_POD(S1Interval);
| ^
In file included from /Users/admin/builder/spi-builder-workspace/.dependencies/checkouts/realm-core/src/external/s2/s2pointregion.cc:3:
In file included from /Users/admin/builder/spi-builder-workspace/.dependencies/checkouts/realm-core/src/external/s2/s2pointregion.h:7:
/Users/admin/builder/spi-builder-workspace/.dependencies/checkouts/realm-core/src/external/s2/base/macros.h:165:19: note: expanded from macro 'DECLARE_POD'
165 | template<> struct is_pod<TypeName> : true_type { }; \
| ^
In file included from /Users/admin/builder/spi-builder-workspace/.dependencies/checkouts/realm-core/src/external/s2/s2pointregion.cc:3:
In file included from /Users/admin/builder/spi-builder-workspace/.dependencies/checkouts/realm-core/src/external/s2/s2pointregion.h:6:
In file included from /Users/admin/builder/spi-builder-workspace/.dependencies/checkouts/realm-core/src/external/s2/base/logging.h:17:
In file included from /Users/admin/builder/spi-builder-workspace/.dependencies/checkouts/realm-core/src/realm/util/assert.hpp:23:
In file included from /Users/admin/builder/spi-builder-workspace/.dependencies/checkouts/realm-core/src/realm/util/terminate.hpp:25:
In file included from /Users/admin/builder/spi-builder-workspace/.dependencies/checkouts/realm-core/src/realm/util/to_string.hpp:24:
In file included from /Applications/Xcode-27.0.0-Release.Candidate.app/Contents/Developer/Platforms/WatchOS.platform/Developer/SDKs/WatchOS27.0.sdk/usr/include/c++/v1/ostream:182:
In file included from /Applications/Xcode-27.0.0-Release.Candidate.app/Contents/Developer/Platforms/WatchOS.platform/Developer/SDKs/WatchOS27.0.sdk/usr/include/c++/v1/__ostream/basic_ostream.h:19:
In file included from /Applications/Xcode-27.0.0-Release.Candidate.app/Contents/Developer/Platforms/WatchOS.platform/Developer/SDKs/WatchOS27.0.sdk/usr/include/c++/v1/__locale_dir/num.h:12:
In file included from /Applications/Xcode-27.0.0-Release.Candidate.app/Contents/Developer/Platforms/WatchOS.platform/Developer/SDKs/WatchOS27.0.sdk/usr/include/c++/v1/__algorithm/copy.h:12:
In file included from /Applications/Xcode-27.0.0-Release.Candidate.app/Contents/Developer/Platforms/WatchOS.platform/Developer/SDKs/WatchOS27.0.sdk/usr/include/c++/v1/__algorithm/copy_move_common.h:13:
In file included from /Applications/Xcode-27.0.0-Release.Candidate.app/Contents/Developer/Platforms/WatchOS.platform/Developer/SDKs/WatchOS27.0.sdk/usr/include/c++/v1/__algorithm/unwrap_range.h:16:
In file included from /Applications/Xcode-27.0.0-Release.Candidate.app/Contents/Developer/Platforms/WatchOS.platform/Developer/SDKs/WatchOS27.0.sdk/usr/include/c++/v1/__iterator/next.h:14:
In file included from /Applications/Xcode-27.0.0-Release.Candidate.app/Contents/Developer/Platforms/WatchOS.platform/Developer/SDKs/WatchOS27.0.sdk/usr/include/c++/v1/__iterator/advance.h:26:
In file included from /Applications/Xcode-27.0.0-Release.Candidate.app/Contents/Developer/Platforms/WatchOS.platform/Developer/SDKs/WatchOS27.0.sdk/usr/include/c++/v1/limits:524:
In file included from /Applications/Xcode-27.0.0-Release.Candidate.app/Contents/Developer/Platforms/WatchOS.platform/Developer/SDKs/WatchOS27.0.sdk/usr/include/c++/v1/type_traits:505:
/Applications/Xcode-27.0.0-Release.Candidate.app/Contents/Developer/Platforms/WatchOS.platform/Developer/SDKs/WatchOS27.0.sdk/usr/include/c++/v1/__type_traits/is_pod.h:22:36: note: marked '_Clang::no_specializations' here
22 | struct _LIBCPP_DEPRECATED_IN_CXX20 _LIBCPP_NO_SPECIALIZATIONS is_pod : integral_constant<bool, __is_pod(_Tp)> {};
| ^
In file included from /Users/admin/builder/spi-builder-workspace/.dependencies/checkouts/realm-core/src/external/s2/s2pointregion.cc:3:
In file included from /Users/admin/builder/spi-builder-workspace/.dependencies/checkouts/realm-core/src/external/s2/s2pointregion.h:6:
In file included from /Users/admin/builder/spi-builder-workspace/.dependencies/checkouts/realm-core/src/external/s2/base/logging.h:17:
In file included from /Users/admin/builder/spi-builder-workspace/.dependencies/checkouts/realm-core/src/realm/util/assert.hpp:23:
In file included from /Users/admin/builder/spi-builder-workspace/.dependencies/checkouts/realm-core/src/realm/util/terminate.hpp:22:
In file included from /Applications/Xcode-27.0.0-Release.Candidate.app/Contents/Developer/Platforms/WatchOS.platform/Developer/SDKs/WatchOS27.0.sdk/usr/include/c++/v1/cstdlib:87:
/Applications/Xcode-27.0.0-Release.Candidate.app/Contents/Developer/Platforms/WatchOS.platform/Developer/SDKs/WatchOS27.0.sdk/usr/include/c++/v1/__config:970:9: note: expanded from macro '_LIBCPP_NO_SPECIALIZATIONS'
970 | [[_Clang::__no_specializations__("Users are not allowed to specialize this standard library entity")]]
| ^
In file included from /Users/admin/builder/spi-builder-workspace/.dependencies/checkouts/realm-core/src/external/s2/s2pointregion.cc:7:
In file included from /Users/admin/builder/spi-builder-workspace/.dependencies/checkouts/realm-core/src/external/s2/s2latlngrect.h:18:
/Users/admin/builder/spi-builder-workspace/.dependencies/checkouts/realm-core/src/external/s2/s2latlng.h:112:1: error: 'is_pod' cannot be specialized: Users are not allowed to specialize this standard library entity [-Winvalid-specialization]
112 | DECLARE_POD(S2LatLng);
| ^
In file included from /Users/admin/builder/spi-builder-workspace/.dependencies/checkouts/realm-core/src/external/s2/s2pointregion.cc:3:
In file included from /Users/admin/builder/spi-builder-workspace/.dependencies/checkouts/realm-core/src/external/s2/s2pointregion.h:7:
/Users/admin/builder/spi-builder-workspace/.dependencies/checkouts/realm-core/src/external/s2/base/macros.h:165:19: note: expanded from macro 'DECLARE_POD'
165 | template<> struct is_pod<TypeName> : true_type { }; \
| ^
In file included from /Users/admin/builder/spi-builder-workspace/.dependencies/checkouts/realm-core/src/external/s2/s2pointregion.cc:3:
In file included from /Users/admin/builder/spi-builder-workspace/.dependencies/checkouts/realm-core/src/external/s2/s2pointregion.h:6:
In file included from /Users/admin/builder/spi-builder-workspace/.dependencies/checkouts/realm-core/src/external/s2/base/logging.h:17:
In file included from /Users/admin/builder/spi-builder-workspace/.dependencies/checkouts/realm-core/src/realm/util/assert.hpp:23:
In file included from /Users/admin/builder/spi-builder-workspace/.dependencies/checkouts/realm-core/src/realm/util/terminate.hpp:25:
In file included from /Users/admin/builder/spi-builder-workspace/.dependencies/checkouts/realm-core/src/realm/util/to_string.hpp:24:
In file included from /Applications/Xcode-27.0.0-Release.Candidate.app/Contents/Developer/Platforms/WatchOS.platform/Developer/SDKs/WatchOS27.0.sdk/usr/include/c++/v1/ostream:182:
In file included from /Applications/Xcode-27.0.0-Release.Candidate.app/Contents/Developer/Platforms/WatchOS.platform/Developer/SDKs/WatchOS27.0.sdk/usr/include/c++/v1/__ostream/basic_ostream.h:19:
In file included from /Applications/Xcode-27.0.0-Release.Candidate.app/Contents/Developer/Platforms/WatchOS.platform/Developer/SDKs/WatchOS27.0.sdk/usr/include/c++/v1/__locale_dir/num.h:12:
In file included from /Applications/Xcode-27.0.0-Release.Candidate.app/Contents/Developer/Platforms/WatchOS.platform/Developer/SDKs/WatchOS27.0.sdk/usr/include/c++/v1/__algorithm/copy.h:12:
In file included from /Applications/Xcode-27.0.0-Release.Candidate.app/Contents/Developer/Platforms/WatchOS.platform/Developer/SDKs/WatchOS27.0.sdk/usr/include/c++/v1/__algorithm/copy_move_common.h:13:
In file included from /Applications/Xcode-27.0.0-Release.Candidate.app/Contents/Developer/Platforms/WatchOS.platform/Developer/SDKs/WatchOS27.0.sdk/usr/include/c++/v1/__algorithm/unwrap_range.h:16:
In file included from /Applications/Xcode-27.0.0-Release.Candidate.app/Contents/Developer/Platforms/WatchOS.platform/Developer/SDKs/WatchOS27.0.sdk/usr/include/c++/v1/__iterator/next.h:14:
In file included from /Applications/Xcode-27.0.0-Release.Candidate.app/Contents/Developer/Platforms/WatchOS.platform/Developer/SDKs/WatchOS27.0.sdk/usr/include/c++/v1/__iterator/advance.h:26:
In file included from /Applications/Xcode-27.0.0-Release.Candidate.app/Contents/Developer/Platforms/WatchOS.platform/Developer/SDKs/WatchOS27.0.sdk/usr/include/c++/v1/limits:524:
In file included from /Applications/Xcode-27.0.0-Release.Candidate.app/Contents/Developer/Platforms/WatchOS.platform/Developer/SDKs/WatchOS27.0.sdk/usr/include/c++/v1/type_traits:505:
/Applications/Xcode-27.0.0-Release.Candidate.app/Contents/Developer/Platforms/WatchOS.platform/Developer/SDKs/WatchOS27.0.sdk/usr/include/c++/v1/__type_traits/is_pod.h:22:36: note: marked '_Clang::no_specializations' here
22 | struct _LIBCPP_DEPRECATED_IN_CXX20 _LIBCPP_NO_SPECIALIZATIONS is_pod : integral_constant<bool, __is_pod(_Tp)> {};
| ^
In file included from /Users/admin/builder/spi-builder-workspace/.dependencies/checkouts/realm-core/src/external/s2/s2pointregion.cc:3:
In file included from /Users/admin/builder/spi-builder-workspace/.dependencies/checkouts/realm-core/src/external/s2/s2pointregion.h:6:
In file included from /Users/admin/builder/spi-builder-workspace/.dependencies/checkouts/realm-core/src/external/s2/base/logging.h:17:
In file included from /Users/admin/builder/spi-builder-workspace/.dependencies/checkouts/realm-core/src/realm/util/assert.hpp:23:
In file included from /Users/admin/builder/spi-builder-workspace/.dependencies/checkouts/realm-core/src/realm/util/terminate.hpp:22:
In file included from /Applications/Xcode-27.0.0-Release.Candidate.app/Contents/Developer/Platforms/WatchOS.platform/Developer/SDKs/WatchOS27.0.sdk/usr/include/c++/v1/cstdlib:87:
/Applications/Xcode-27.0.0-Release.Candidate.app/Contents/Developer/Platforms/WatchOS.platform/Developer/SDKs/WatchOS27.0.sdk/usr/include/c++/v1/__config:970:9: note: expanded from macro '_LIBCPP_NO_SPECIALIZATIONS'
970 | [[_Clang::__no_specializations__("Users are not allowed to specialize this standard library entity")]]
| ^
ScanDependencies /Users/admin/builder/spi-builder-workspace/.derivedData/Build/Intermediates.noindex/Realm.build/Debug-watchos/Realm-t.build/Objects-normal/arm64/RLMConstants.o /Users/admin/builder/spi-builder-workspace/.dependencies/checkouts/realm-swift/Realm/RLMConstants.m normal arm64 objective-c com.apple.compilers.llvm.clang.1_0.compiler (in target 'Realm' from project 'Realm')
cd /Users/admin/builder/spi-builder-workspace/.swiftpm/xcode
Using response file: /Users/admin/builder/spi-builder-workspace/.derivedData/Build/Intermediates.noindex/Realm.build/Debug-watchos/Realm-t.build/Objects-normal/arm64/e6072d4f65d7061329687fe24e3d63a7-common-args.resp
builtin-ScanDependencies -o /Users/admin/builder/spi-builder-workspace/.derivedData/Build/Intermediates.noindex/Realm.build/Debug-watchos/Realm-t.build/Objects-normal/arm64/RLMConstants.o.scan -- /Applications/Xcode-27.0.0-Release.Candidate.app/Contents/Developer/Toolchains/XcodeDefault.xctoolchain/usr/bin/clang -x objective-c -ivfsstatcache /Users/admin/builder/spi-builder-workspace/.derivedData/SDKStatCaches.noindex/watchos27.0-24R360-e829b21a6f8c9b70876ba0858053c04477534ef55a1706bf4c1112bbb242f0a2.sdkstatcache -target arm64-apple-watchos9.0 -fmessage-length\=0 -fdiagnostics-show-note-include-stack -fmacro-backtrace-limit\=0 -fno-color-diagnostics -fmodules-prune-interval\=86400 -fmodules-prune-after\=345600 -fbuild-session-file\=/Users/admin/builder/spi-builder-workspace/.derivedData/ModuleCache.noindex/Session.modulevalidation -fmodules-validate-once-per-build-session -Wnon-modular-include-in-framework-module -Werror\=non-modular-include-in-framework-module -Wno-trigraphs -Wno-missing-field-initializers -Wno-missing-prototypes -Wno-return-type -Wno-implicit-atomic-properties -Wno-objc-interface-ivars -Wno-arc-repeated-use-of-weak -Wno-missing-braces -Wparentheses -Wswitch -Wno-unused-function -Wno-unused-label -Wno-unused-parameter -Wno-unused-variable -Wunused-value -Wno-empty-body -Wno-uninitialized -Wno-unknown-pragmas -w -Wno-shadow -Wno-four-char-constants -Wno-conversion -Wno-constant-conversion -Wno-int-conversion -Wno-bool-conversion -Wno-enum-conversion -Wno-float-conversion -Wno-non-literal-null-conversion -Wno-objc-literal-conversion -Wshorten-64-to-32 -Wpointer-sign -Wno-newline-eof -Wno-selector -Wno-strict-selector-match -Wno-undeclared-selector -Wno-deprecated-implementations -Wno-implicit-fallthrough -isysroot /Applications/Xcode-27.0.0-Release.Candidate.app/Contents/Developer/Platforms/WatchOS.platform/Developer/SDKs/WatchOS27.0.sdk -fstrict-aliasing -Wprotocol -Wdeprecated-declarations -Wno-sign-conversion -Wno-infinite-recursion -Wno-comma -Wno-block-capture-autoreleasing -Wno-strict-prototypes -Wno-semicolon-before-method-body -index-store-path /Users/admin/builder/spi-builder-workspace/.derivedData/Index.noindex/DataStore @/Users/admin/builder/spi-builder-workspace/.derivedData/Build/Intermediates.noindex/Realm.build/Debug-watchos/Realm-t.build/Objects-normal/arm64/e6072d4f65d7061329687fe24e3d63a7-common-args.resp -include /Users/admin/builder/spi-builder-workspace/.derivedData/Build/Intermediates.noindex/Realm.build/Debug-watchos/Realm-t.build/DerivedSources/resource_bundle_accessor.h -MMD -MT dependencies -MF /Users/admin/builder/spi-builder-workspace/.derivedData/Build/Intermediates.noindex/Realm.build/Debug-watchos/Realm-t.build/Objects-normal/arm64/RLMConstants.d --serialize-diagnostics /Users/admin/builder/spi-builder-workspace/.derivedData/Build/Intermediates.noindex/Realm.build/Debug-watchos/Realm-t.build/Objects-normal/arm64/RLMConstants.dia -c /Users/admin/builder/spi-builder-workspace/.dependencies/checkouts/realm-swift/Realm/RLMConstants.m -o /Users/admin/builder/spi-builder-workspace/.derivedData/Build/Intermediates.noindex/Realm.build/Debug-watchos/Realm-t.build/Objects-normal/arm64/RLMConstants.o -index-unit-output-path /Realm.build/Debug-watchos/Realm-t.build/Objects-normal/arm64/RLMConstants.o
ScanDependencies /Users/admin/builder/spi-builder-workspace/.derivedData/Build/Intermediates.noindex/Realm.build/Debug-watchos/Realm-t.build/Objects-normal/arm64/NSError+RLMSync.o /Users/admin/builder/spi-builder-workspace/.dependencies/checkouts/realm-swift/Realm/NSError+RLMSync.m normal arm64 objective-c com.apple.compilers.llvm.clang.1_0.compiler (in target 'Realm' from project 'Realm')
cd /Users/admin/builder/spi-builder-workspace/.swiftpm/xcode
Using response file: /Users/admin/builder/spi-builder-workspace/.derivedData/Build/Intermediates.noindex/Realm.build/Debug-watchos/Realm-t.build/Objects-normal/arm64/e6072d4f65d7061329687fe24e3d63a7-common-args.resp
builtin-ScanDependencies -o /Users/admin/builder/spi-builder-workspace/.derivedData/Build/Intermediates.noindex/Realm.build/Debug-watchos/Realm-t.build/Objects-normal/arm64/NSError+RLMSync.o.scan -- /Applications/Xcode-27.0.0-Release.Candidate.app/Contents/Developer/Toolchains/XcodeDefault.xctoolchain/usr/bin/clang -x objective-c -ivfsstatcache /Users/admin/builder/spi-builder-workspace/.derivedData/SDKStatCaches.noindex/watchos27.0-24R360-e829b21a6f8c9b70876ba0858053c04477534ef55a1706bf4c1112bbb242f0a2.sdkstatcache -target arm64-apple-watchos9.0 -fmessage-length\=0 -fdiagnostics-show-note-include-stack -fmacro-backtrace-limit\=0 -fno-color-diagnostics -fmodules-prune-interval\=86400 -fmodules-prune-after\=345600 -fbuild-session-file\=/Users/admin/builder/spi-builder-workspace/.derivedData/ModuleCache.noindex/Session.modulevalidation -fmodules-validate-once-per-build-session -Wnon-modular-include-in-framework-module -Werror\=non-modular-include-in-framework-module -Wno-trigraphs -Wno-missing-field-initializers -Wno-missing-prototypes -Wno-return-type -Wno-implicit-atomic-properties -Wno-objc-interface-ivars -Wno-arc-repeated-use-of-weak -Wno-missing-braces -Wparentheses -Wswitch -Wno-unused-function -Wno-unused-label -Wno-unused-parameter -Wno-unused-variable -Wunused-value -Wno-empty-body -Wno-uninitialized -Wno-unknown-pragmas -w -Wno-shadow -Wno-four-char-constants -Wno-conversion -Wno-constant-conversion -Wno-int-conversion -Wno-bool-conversion -Wno-enum-conversion -Wno-float-conversion -Wno-non-literal-null-conversion -Wno-objc-literal-conversion -Wshorten-64-to-32 -Wpointer-sign -Wno-newline-eof -Wno-selector -Wno-strict-selector-match -Wno-undeclared-selector -Wno-deprecated-implementations -Wno-implicit-fallthrough -isysroot /Applications/Xcode-27.0.0-Release.Candidate.app/Contents/Developer/Platforms/WatchOS.platform/Developer/SDKs/WatchOS27.0.sdk -fstrict-aliasing -Wprotocol -Wdeprecated-declarations -Wno-sign-conversion -Wno-infinite-recursion -Wno-comma -Wno-block-capture-autoreleasing -Wno-strict-prototypes -Wno-semicolon-before-method-body -index-store-path /Users/admin/builder/spi-builder-workspace/.derivedData/Index.noindex/DataStore @/Users/admin/builder/spi-builder-workspace/.derivedData/Build/Intermediates.noindex/Realm.build/Debug-watchos/Realm-t.build/Objects-normal/arm64/e6072d4f65d7061329687fe24e3d63a7-common-args.resp -include /Users/admin/builder/spi-builder-workspace/.derivedData/Build/Intermediates.noindex/Realm.build/Debug-watchos/Realm-t.build/DerivedSources/resource_bundle_accessor.h -MMD -MT dependencies -MF /Users/admin/builder/spi-builder-workspace/.derivedData/Build/Intermediates.noindex/Realm.build/Debug-watchos/Realm-t.build/Objects-normal/arm64/NSError+RLMSync.d --serialize-diagnostics /Users/admin/builder/spi-builder-workspace/.derivedData/Build/Intermediates.noindex/Realm.build/Debug-watchos/Realm-t.build/Objects-normal/arm64/NSError+RLMSync.dia -c /Users/admin/builder/spi-builder-workspace/.dependencies/checkouts/realm-swift/Realm/NSError+RLMSync.m -o /Users/admin/builder/spi-builder-workspace/.derivedData/Build/Intermediates.noindex/Realm.build/Debug-watchos/Realm-t.build/Objects-normal/arm64/NSError+RLMSync.o -index-unit-output-path /Realm.build/Debug-watchos/Realm-t.build/Objects-normal/arm64/NSError+RLMSync.o
ScanDependencies /Users/admin/builder/spi-builder-workspace/.derivedData/Build/Intermediates.noindex/Realm.build/Debug-watchos/Realm-t.build/Objects-normal/arm64/RLMInitialSubscriptionsConfiguration.o /Users/admin/builder/spi-builder-workspace/.dependencies/checkouts/realm-swift/Realm/RLMInitialSubscriptionsConfiguration.m normal arm64 objective-c com.apple.compilers.llvm.clang.1_0.compiler (in target 'Realm' from project 'Realm')
cd /Users/admin/builder/spi-builder-workspace/.swiftpm/xcode
Using response file: /Users/admin/builder/spi-builder-workspace/.derivedData/Build/Intermediates.noindex/Realm.build/Debug-watchos/Realm-t.build/Objects-normal/arm64/e6072d4f65d7061329687fe24e3d63a7-common-args.resp
builtin-ScanDependencies -o /Users/admin/builder/spi-builder-workspace/.derivedData/Build/Intermediates.noindex/Realm.build/Debug-watchos/Realm-t.build/Objects-normal/arm64/RLMInitialSubscriptionsConfiguration.o.scan -- /Applications/Xcode-27.0.0-Release.Candidate.app/Contents/Developer/Toolchains/XcodeDefault.xctoolchain/usr/bin/clang -x objective-c -ivfsstatcache /Users/admin/builder/spi-builder-workspace/.derivedData/SDKStatCaches.noindex/watchos27.0-24R360-e829b21a6f8c9b70876ba0858053c04477534ef55a1706bf4c1112bbb242f0a2.sdkstatcache -target arm64-apple-watchos9.0 -fmessage-length\=0 -fdiagnostics-show-note-include-stack -fmacro-backtrace-limit\=0 -fno-color-diagnostics -fmodules-prune-interval\=86400 -fmodules-prune-after\=345600 -fbuild-session-file\=/Users/admin/builder/spi-builder-workspace/.derivedData/ModuleCache.noindex/Session.modulevalidation -fmodules-validate-once-per-build-session -Wnon-modular-include-in-framework-module -Werror\=non-modular-include-in-framework-module -Wno-trigraphs -Wno-missing-field-initializers -Wno-missing-prototypes -Wno-return-type -Wno-implicit-atomic-properties -Wno-objc-interface-ivars -Wno-arc-repeated-use-of-weak -Wno-missing-braces -Wparentheses -Wswitch -Wno-unused-function -Wno-unused-label -Wno-unused-parameter -Wno-unused-variable -Wunused-value -Wno-empty-body -Wno-uninitialized -Wno-unknown-pragmas -w -Wno-shadow -Wno-four-char-constants -Wno-conversion -Wno-constant-conversion -Wno-int-conversion -Wno-bool-conversion -Wno-enum-conversion -Wno-float-conversion -Wno-non-literal-null-conversion -Wno-objc-literal-conversion -Wshorten-64-to-32 -Wpointer-sign -Wno-newline-eof -Wno-selector -Wno-strict-selector-match -Wno-undeclared-selector -Wno-deprecated-implementations -Wno-implicit-fallthrough -isysroot /Applications/Xcode-27.0.0-Release.Candidate.app/Contents/Developer/Platforms/WatchOS.platform/Developer/SDKs/WatchOS27.0.sdk -fstrict-aliasing -Wprotocol -Wdeprecated-declarations -Wno-sign-conversion -Wno-infinite-recursion -Wno-comma -Wno-block-capture-autoreleasing -Wno-strict-prototypes -Wno-semicolon-before-method-body -index-store-path /Users/admin/builder/spi-builder-workspace/.derivedData/Index.noindex/DataStore @/Users/admin/builder/spi-builder-workspace/.derivedData/Build/Intermediates.noindex/Realm.build/Debug-watchos/Realm-t.build/Objects-normal/arm64/e6072d4f65d7061329687fe24e3d63a7-common-args.resp -include /Users/admin/builder/spi-builder-workspace/.derivedData/Build/Intermediates.noindex/Realm.build/Debug-watchos/Realm-t.build/DerivedSources/resource_bundle_accessor.h -MMD -MT dependencies -MF /Users/admin/builder/spi-builder-workspace/.derivedData/Build/Intermediates.noindex/Realm.build/Debug-watchos/Realm-t.build/Objects-normal/arm64/RLMInitialSubscriptionsConfiguration.d --serialize-diagnostics /Users/admin/builder/spi-builder-workspace/.derivedData/Build/Intermediates.noindex/Realm.build/Debug-watchos/Realm-t.build/Objects-normal/arm64/RLMInitialSubscriptionsConfiguration.dia -c /Users/admin/builder/spi-builder-workspace/.dependencies/checkouts/realm-swift/Realm/RLMInitialSubscriptionsConfiguration.m -o /Users/admin/builder/spi-builder-workspace/.derivedData/Build/Intermediates.noindex/Realm.build/Debug-watchos/Realm-t.build/Objects-normal/arm64/RLMInitialSubscriptionsConfiguration.o -index-unit-output-path /Realm.build/Debug-watchos/Realm-t.build/Objects-normal/arm64/RLMInitialSubscriptionsConfiguration.o
CompileC /Users/admin/builder/spi-builder-workspace/.derivedData/Build/Intermediates.noindex/RealmDatabase.build/Debug-watchos/s2geometry-t.build/Objects-normal/arm64_32/s2loop.o /Users/admin/builder/spi-builder-workspace/.dependencies/checkouts/realm-core/src/external/s2/s2loop.cc normal arm64_32 c++ com.apple.compilers.llvm.clang.1_0.compiler (in target 's2geometry' from project 'RealmDatabase')
cd /Users/admin/builder/spi-builder-workspace/.swiftpm/xcode
Using response file: /Users/admin/builder/spi-builder-workspace/.derivedData/Build/Intermediates.noindex/RealmDatabase.build/Debug-watchos/s2geometry-t.build/Objects-normal/arm64_32/82b82416624d2658e5098eb0a28c15c5-common-args.resp
/Applications/Xcode-27.0.0-Release.Candidate.app/Contents/Developer/Toolchains/XcodeDefault.xctoolchain/usr/bin/clang -x c++ -ivfsstatcache /Users/admin/builder/spi-builder-workspace/.derivedData/SDKStatCaches.noindex/watchos27.0-24R360-e829b21a6f8c9b70876ba0858053c04477534ef55a1706bf4c1112bbb242f0a2.sdkstatcache -target arm64_32-apple-watchos9.0 -fmessage-length\=0 -fdiagnostics-show-note-include-stack -fmacro-backtrace-limit\=0 -fno-color-diagnostics -fmodules-prune-interval\=86400 -fmodules-prune-after\=345600 -fbuild-session-file\=/Users/admin/builder/spi-builder-workspace/.derivedData/ModuleCache.noindex/Session.modulevalidation -fmodules-validate-once-per-build-session -Wnon-modular-include-in-framework-module -Werror\=non-modular-include-in-framework-module -Wno-trigraphs -Wno-missing-field-initializers -Wno-missing-prototypes -Wno-return-type -Wno-non-virtual-dtor -Wno-overloaded-virtual -Wno-exit-time-destructors -Wno-missing-braces -Wparentheses -Wswitch -Wno-unused-function -Wno-unused-label -Wno-unused-parameter -Wno-unused-variable -Wunused-value -Wno-empty-body -Wno-uninitialized -Wno-unknown-pragmas -w -Wno-shadow -Wno-four-char-constants -Wno-conversion -Wno-constant-conversion -Wno-int-conversion -Wno-bool-conversion -Wno-enum-conversion -Wno-float-conversion -Wno-non-literal-null-conversion -Wno-objc-literal-conversion -Wno-shorten-64-to-32 -Wno-newline-eof -Wno-c++11-extensions -Wno-implicit-fallthrough -isysroot /Applications/Xcode-27.0.0-Release.Candidate.app/Contents/Developer/Platforms/WatchOS.platform/Developer/SDKs/WatchOS27.0.sdk -fstrict-aliasing -Wdeprecated-declarations -Winvalid-offsetof -Wno-sign-conversion -Wno-infinite-recursion -Wno-move -Wno-comma -Wno-block-capture-autoreleasing -Wno-strict-prototypes -Wno-range-loop-analysis -Wno-semicolon-before-method-body -index-store-path /Users/admin/builder/spi-builder-workspace/.derivedData/Index.noindex/DataStore @/Users/admin/builder/spi-builder-workspace/.derivedData/Build/Intermediates.noindex/RealmDatabase.build/Debug-watchos/s2geometry-t.build/Objects-normal/arm64_32/82b82416624d2658e5098eb0a28c15c5-common-args.resp -MMD -MT dependencies -MF /Users/admin/builder/spi-builder-workspace/.derivedData/Build/Intermediates.noindex/RealmDatabase.build/Debug-watchos/s2geometry-t.build/Objects-normal/arm64_32/s2loop.d --serialize-diagnostics /Users/admin/builder/spi-builder-workspace/.derivedData/Build/Intermediates.noindex/RealmDatabase.build/Debug-watchos/s2geometry-t.build/Objects-normal/arm64_32/s2loop.dia -c /Users/admin/builder/spi-builder-workspace/.dependencies/checkouts/realm-core/src/external/s2/s2loop.cc -o /Users/admin/builder/spi-builder-workspace/.derivedData/Build/Intermediates.noindex/RealmDatabase.build/Debug-watchos/s2geometry-t.build/Objects-normal/arm64_32/s2loop.o -index-unit-output-path /RealmDatabase.build/Debug-watchos/s2geometry-t.build/Objects-normal/arm64_32/s2loop.o
SwiftDriver RxSwift normal arm64 com.apple.xcode.tools.swift.compiler (in target 'RxSwift' from project 'RxSwift')
cd /Users/admin/builder/spi-builder-workspace/.swiftpm/xcode
builtin-SwiftDriver -- /Applications/Xcode-27.0.0-Release.Candidate.app/Contents/Developer/Toolchains/XcodeDefault.xctoolchain/usr/bin/swiftc -parse-as-library -module-name RxSwift -Onone @/Users/admin/builder/spi-builder-workspace/.derivedData/Build/Intermediates.noindex/RxSwift.build/Debug-watchos/RxSwift-t.build/Objects-normal/arm64/RxSwift.SwiftFileList -DSWIFT_PACKAGE -DDEBUG -DSWIFT_MODULE_RESOURCE_BUNDLE_AVAILABLE -DXcode -plugin-path /Applications/Xcode-27.0.0-Release.Candidate.app/Contents/Developer/Toolchains/XcodeDefault.xctoolchain/usr/lib/swift/host/plugins/testing -enable-experimental-feature DebugDescriptionMacro -sdk /Applications/Xcode-27.0.0-Release.Candidate.app/Contents/Developer/Platforms/WatchOS.platform/Developer/SDKs/WatchOS27.0.sdk -target arm64-apple-watchos9.0 -g -module-cache-path /Users/admin/builder/spi-builder-workspace/.derivedData/ModuleCache.noindex -Xfrontend -serialize-debugging-options -profile-coverage-mapping -profile-generate -enable-testing -suppress-warnings -index-store-path /Users/admin/builder/spi-builder-workspace/.derivedData/Index.noindex/DataStore -Xcc -D_LIBCPP_HARDENING_MODE\=_LIBCPP_HARDENING_MODE_DEBUG -swift-version 5 -I /Users/admin/builder/spi-builder-workspace/.derivedData/Build/Products/Debug-watchos -Isystem /Applications/Xcode-27.0.0-Release.Candidate.app/Contents/Developer/Platforms/WatchOS.platform/Developer/usr/lib -F /Users/admin/builder/spi-builder-workspace/.derivedData/Build/Products/Debug-watchos -F /Applications/Xcode-27.0.0-Release.Candidate.app/Contents/Developer/Platforms/WatchOS.platform/Developer/Library/Frameworks -F /Applications/Xcode-27.0.0-Release.Candidate.app/Contents/Developer/Platforms/WatchOS.platform/Developer/SDKs/WatchOS27.0.sdk/Developer/Library/Frameworks -c -j10 -enable-batch-mode -incremental -Xcc -ivfsstatcache -Xcc /Users/admin/builder/spi-builder-workspace/.derivedData/SDKStatCaches.noindex/watchos27.0-24R360-e829b21a6f8c9b70876ba0858053c04477534ef55a1706bf4c1112bbb242f0a2.sdkstatcache -output-file-map /Users/admin/builder/spi-builder-workspace/.derivedData/Build/Intermediates.noindex/RxSwift.build/Debug-watchos/RxSwift-t.build/Objects-normal/arm64/RxSwift-OutputFileMap.json -save-temps -no-color-diagnostics -explicit-module-build -module-cache-path /Users/admin/builder/spi-builder-workspace/.derivedData/Build/Intermediates.noindex/SwiftExplicitPrecompiledModules -clang-scanner-module-cache-path /Users/admin/builder/spi-builder-workspace/.derivedData/ModuleCache.noindex -sdk-module-cache-path /Users/admin/builder/spi-builder-workspace/.derivedData/SDKExplicitPrecompiledModules -emit-dependencies -emit-module -emit-module-path /Users/admin/builder/spi-builder-workspace/.derivedData/Build/Intermediates.noindex/RxSwift.build/Debug-watchos/RxSwift-t.build/Objects-normal/arm64/RxSwift.swiftmodule -serialize-diagnostics -dependency-scan-serialize-diagnostics-path /Users/admin/builder/spi-builder-workspace/.derivedData/Build/Intermediates.noindex/RxSwift.build/Debug-watchos/RxSwift-t.build/Objects-normal/arm64/RxSwift-dependency-scan.dia -validate-clang-modules-once -clang-build-session-file /Users/admin/builder/spi-builder-workspace/.derivedData/ModuleCache.noindex/Session.modulevalidation -Xcc -fmodules-prune-interval\=86400 -Xcc -fmodules-prune-after\=345600 -package-name rxswift -emit-const-values -const-gather-protocols-list /Users/admin/builder/spi-builder-workspace/.derivedData/Build/Intermediates.noindex/RxSwift.build/Debug-watchos/RxSwift-t.build/Objects-normal/arm64/RxSwift_const_extract_protocols.json -Xcc -I/Users/admin/builder/spi-builder-workspace/.derivedData/Build/Products/Debug-watchos/include -Xcc -I/Users/admin/builder/spi-builder-workspace/.derivedData/Build/Intermediates.noindex/RxSwift.build/Debug-watchos/RxSwift-t.build/DerivedSources-normal/arm64 -Xcc -I/Users/admin/builder/spi-builder-workspace/.derivedData/Build/Intermediates.noindex/RxSwift.build/Debug-watchos/RxSwift-t.build/DerivedSources/arm64 -Xcc -I/Users/admin/builder/spi-builder-workspace/.derivedData/Build/Intermediates.noindex/RxSwift.build/Debug-watchos/RxSwift-t.build/DerivedSources -Xcc -DSWIFT_PACKAGE -Xcc -DDEBUG\=1 -emit-objc-header -emit-objc-header-path /Users/admin/builder/spi-builder-workspace/.derivedData/Build/Intermediates.noindex/RxSwift.build/Debug-watchos/RxSwift-t.build/Objects-normal/arm64/RxSwift-Swift.h -working-directory /Users/admin/builder/spi-builder-workspace/.swiftpm/xcode -experimental-emit-module-separately -disable-cmo
SwiftDriver RxSwift normal arm64_32 com.apple.xcode.tools.swift.compiler (in target 'RxSwift' from project 'RxSwift')
cd /Users/admin/builder/spi-builder-workspace/.swiftpm/xcode
builtin-SwiftDriver -- /Applications/Xcode-27.0.0-Release.Candidate.app/Contents/Developer/Toolchains/XcodeDefault.xctoolchain/usr/bin/swiftc -parse-as-library -module-name RxSwift -Onone @/Users/admin/builder/spi-builder-workspace/.derivedData/Build/Intermediates.noindex/RxSwift.build/Debug-watchos/RxSwift-t.build/Objects-normal/arm64_32/RxSwift.SwiftFileList -DSWIFT_PACKAGE -DDEBUG -DSWIFT_MODULE_RESOURCE_BUNDLE_AVAILABLE -DXcode -plugin-path /Applications/Xcode-27.0.0-Release.Candidate.app/Contents/Developer/Toolchains/XcodeDefault.xctoolchain/usr/lib/swift/host/plugins/testing -enable-experimental-feature DebugDescriptionMacro -sdk /Applications/Xcode-27.0.0-Release.Candidate.app/Contents/Developer/Platforms/WatchOS.platform/Developer/SDKs/WatchOS27.0.sdk -target arm64_32-apple-watchos9.0 -g -module-cache-path /Users/admin/builder/spi-builder-workspace/.derivedData/ModuleCache.noindex -Xfrontend -serialize-debugging-options -profile-coverage-mapping -profile-generate -enable-testing -suppress-warnings -index-store-path /Users/admin/builder/spi-builder-workspace/.derivedData/Index.noindex/DataStore -Xcc -D_LIBCPP_HARDENING_MODE\=_LIBCPP_HARDENING_MODE_DEBUG -swift-version 5 -I /Users/admin/builder/spi-builder-workspace/.derivedData/Build/Products/Debug-watchos -Isystem /Applications/Xcode-27.0.0-Release.Candidate.app/Contents/Developer/Platforms/WatchOS.platform/Developer/usr/lib -F /Users/admin/builder/spi-builder-workspace/.derivedData/Build/Products/Debug-watchos -F /Applications/Xcode-27.0.0-Release.Candidate.app/Contents/Developer/Platforms/WatchOS.platform/Developer/Library/Frameworks -F /Applications/Xcode-27.0.0-Release.Candidate.app/Contents/Developer/Platforms/WatchOS.platform/Developer/SDKs/WatchOS27.0.sdk/Developer/Library/Frameworks -c -j10 -enable-batch-mode -incremental -Xcc -ivfsstatcache -Xcc /Users/admin/builder/spi-builder-workspace/.derivedData/SDKStatCaches.noindex/watchos27.0-24R360-e829b21a6f8c9b70876ba0858053c04477534ef55a1706bf4c1112bbb242f0a2.sdkstatcache -output-file-map /Users/admin/builder/spi-builder-workspace/.derivedData/Build/Intermediates.noindex/RxSwift.build/Debug-watchos/RxSwift-t.build/Objects-normal/arm64_32/RxSwift-OutputFileMap.json -save-temps -no-color-diagnostics -explicit-module-build -module-cache-path /Users/admin/builder/spi-builder-workspace/.derivedData/Build/Intermediates.noindex/SwiftExplicitPrecompiledModules -clang-scanner-module-cache-path /Users/admin/builder/spi-builder-workspace/.derivedData/ModuleCache.noindex -sdk-module-cache-path /Users/admin/builder/spi-builder-workspace/.derivedData/SDKExplicitPrecompiledModules -emit-dependencies -emit-module -emit-module-path /Users/admin/builder/spi-builder-workspace/.derivedData/Build/Intermediates.noindex/RxSwift.build/Debug-watchos/RxSwift-t.build/Objects-normal/arm64_32/RxSwift.swiftmodule -serialize-diagnostics -dependency-scan-serialize-diagnostics-path /Users/admin/builder/spi-builder-workspace/.derivedData/Build/Intermediates.noindex/RxSwift.build/Debug-watchos/RxSwift-t.build/Objects-normal/arm64_32/RxSwift-dependency-scan.dia -validate-clang-modules-once -clang-build-session-file /Users/admin/builder/spi-builder-workspace/.derivedData/ModuleCache.noindex/Session.modulevalidation -Xcc -fmodules-prune-interval\=86400 -Xcc -fmodules-prune-after\=345600 -package-name rxswift -emit-const-values -const-gather-protocols-list /Users/admin/builder/spi-builder-workspace/.derivedData/Build/Intermediates.noindex/RxSwift.build/Debug-watchos/RxSwift-t.build/Objects-normal/arm64_32/RxSwift_const_extract_protocols.json -Xcc -I/Users/admin/builder/spi-builder-workspace/.derivedData/Build/Products/Debug-watchos/include -Xcc -I/Users/admin/builder/spi-builder-workspace/.derivedData/Build/Intermediates.noindex/RxSwift.build/Debug-watchos/RxSwift-t.build/DerivedSources-normal/arm64_32 -Xcc -I/Users/admin/builder/spi-builder-workspace/.derivedData/Build/Intermediates.noindex/RxSwift.build/Debug-watchos/RxSwift-t.build/DerivedSources/arm64_32 -Xcc -I/Users/admin/builder/spi-builder-workspace/.derivedData/Build/Intermediates.noindex/RxSwift.build/Debug-watchos/RxSwift-t.build/DerivedSources -Xcc -DSWIFT_PACKAGE -Xcc -DDEBUG\=1 -emit-objc-header -emit-objc-header-path /Users/admin/builder/spi-builder-workspace/.derivedData/Build/Intermediates.noindex/RxSwift.build/Debug-watchos/RxSwift-t.build/Objects-normal/arm64_32/RxSwift-Swift.h -working-directory /Users/admin/builder/spi-builder-workspace/.swiftpm/xcode -experimental-emit-module-separately -disable-cmo
SwiftDriver RealmSwift normal arm64 com.apple.xcode.tools.swift.compiler (in target 'RealmSwift' from project 'Realm')
cd /Users/admin/builder/spi-builder-workspace/.swiftpm/xcode
builtin-SwiftDriver -- /Applications/Xcode-27.0.0-Release.Candidate.app/Contents/Developer/Toolchains/XcodeDefault.xctoolchain/usr/bin/swiftc -parse-as-library -module-name RealmSwift -Onone @/Users/admin/builder/spi-builder-workspace/.derivedData/Build/Intermediates.noindex/Realm.build/Debug-watchos/RealmSwift-t.build/Objects-normal/arm64/RealmSwift.SwiftFileList -DSWIFT_PACKAGE -DDEBUG -DSWIFT_MODULE_RESOURCE_BUNDLE_AVAILABLE -Xcc -fmodule-map-file\=/Users/admin/builder/spi-builder-workspace/.dependencies/checkouts/realm-core/src/module.modulemap -Xcc -fmodule-map-file\=/Users/admin/builder/spi-builder-workspace/.derivedData/Build/Intermediates.noindex/GeneratedModuleMaps-watchos/s2geometry.modulemap -Xcc -fmodule-map-file\=/Users/admin/builder/spi-builder-workspace/.derivedData/Build/Intermediates.noindex/GeneratedModuleMaps-watchos/Bid.modulemap -Xcc -fmodule-map-file\=/Users/admin/builder/spi-builder-workspace/.derivedData/Build/Intermediates.noindex/GeneratedModuleMaps-watchos/RealmCoreResources.modulemap -Xcc -fmodule-map-file\=/Users/admin/builder/spi-builder-workspace/.dependencies/checkouts/realm-swift/include/module.modulemap -DXcode -plugin-path /Applications/Xcode-27.0.0-Release.Candidate.app/Contents/Developer/Toolchains/XcodeDefault.xctoolchain/usr/lib/swift/host/plugins/testing -enable-experimental-feature DebugDescriptionMacro -sdk /Applications/Xcode-27.0.0-Release.Candidate.app/Contents/Developer/Platforms/WatchOS.platform/Developer/SDKs/WatchOS27.0.sdk -target arm64-apple-watchos9.0 -g -module-cache-path /Users/admin/builder/spi-builder-workspace/.derivedData/ModuleCache.noindex -Xfrontend -serialize-debugging-options -profile-coverage-mapping -profile-generate -enable-testing -suppress-warnings -index-store-path /Users/admin/builder/spi-builder-workspace/.derivedData/Index.noindex/DataStore -Xcc -D_LIBCPP_HARDENING_MODE\=_LIBCPP_HARDENING_MODE_DEBUG -swift-version 6 -I /Users/admin/builder/spi-builder-workspace/.derivedData/Build/Products/Debug-watchos -Isystem /Applications/Xcode-27.0.0-Release.Candidate.app/Contents/Developer/Platforms/WatchOS.platform/Developer/usr/lib -F /Users/admin/builder/spi-builder-workspace/.derivedData/Build/Products/Debug-watchos/PackageFrameworks -F /Users/admin/builder/spi-builder-workspace/.derivedData/Build/Products/Debug-watchos -F /Applications/Xcode-27.0.0-Release.Candidate.app/Contents/Developer/Platforms/WatchOS.platform/Developer/Library/Frameworks -F /Applications/Xcode-27.0.0-Release.Candidate.app/Contents/Developer/Platforms/WatchOS.platform/Developer/SDKs/WatchOS27.0.sdk/Developer/Library/Frameworks -c -j10 -enable-batch-mode -incremental -Xcc -ivfsstatcache -Xcc /Users/admin/builder/spi-builder-workspace/.derivedData/SDKStatCaches.noindex/watchos27.0-24R360-e829b21a6f8c9b70876ba0858053c04477534ef55a1706bf4c1112bbb242f0a2.sdkstatcache -output-file-map /Users/admin/builder/spi-builder-workspace/.derivedData/Build/Intermediates.noindex/Realm.build/Debug-watchos/RealmSwift-t.build/Objects-normal/arm64/RealmSwift-OutputFileMap.json -save-temps -no-color-diagnostics -explicit-module-build -module-cache-path /Users/admin/builder/spi-builder-workspace/.derivedData/Build/Intermediates.noindex/SwiftExplicitPrecompiledModules -clang-scanner-module-cache-path /Users/admin/builder/spi-builder-workspace/.derivedData/ModuleCache.noindex -sdk-module-cache-path /Users/admin/builder/spi-builder-workspace/.derivedData/SDKExplicitPrecompiledModules -emit-dependencies -emit-module -emit-module-path /Users/admin/builder/spi-builder-workspace/.derivedData/Build/Intermediates.noindex/Realm.build/Debug-watchos/RealmSwift-t.build/Objects-normal/arm64/RealmSwift.swiftmodule -serialize-diagnostics -dependency-scan-serialize-diagnostics-path /Users/admin/builder/spi-builder-workspace/.derivedData/Build/Intermediates.noindex/Realm.build/Debug-watchos/RealmSwift-t.build/Objects-normal/arm64/RealmSwift-dependency-scan.dia -validate-clang-modules-once -clang-build-session-file /Users/admin/builder/spi-builder-workspace/.derivedData/ModuleCache.noindex/Session.modulevalidation -Xcc -fmodules-prune-interval\=86400 -Xcc -fmodules-prune-after\=345600 -package-name realm_swift -emit-const-values -const-gather-protocols-list /Users/admin/builder/spi-builder-workspace/.derivedData/Build/Intermediates.noindex/Realm.build/Debug-watchos/RealmSwift-t.build/Objects-normal/arm64/RealmSwift_const_extract_protocols.json -Xcc -I/Users/admin/builder/spi-builder-workspace/.dependencies/checkouts/realm-core/src -Xcc -I/Users/admin/builder/spi-builder-workspace/.dependencies/checkouts/realm-core/src/external/s2 -Xcc -I/Users/admin/builder/spi-builder-workspace/.dependencies/checkouts/realm-core/src/external/IntelRDFPMathLib20U2/LIBRARY/src -Xcc -I/Users/admin/builder/spi-builder-workspace/.dependencies/checkouts/realm-core/src/spm -Xcc -I/Users/admin/builder/spi-builder-workspace/.dependencies/checkouts/realm-swift/include -Xcc -I/Users/admin/builder/spi-builder-workspace/.derivedData/Build/Products/Debug-watchos/include -Xcc -I/Users/admin/builder/spi-builder-workspace/.derivedData/Build/Intermediates.noindex/Realm.build/Debug-watchos/RealmSwift-t.build/DerivedSources-normal/arm64 -Xcc -I/Users/admin/builder/spi-builder-workspace/.derivedData/Build/Intermediates.noindex/Realm.build/Debug-watchos/RealmSwift-t.build/DerivedSources/arm64 -Xcc -I/Users/admin/builder/spi-builder-workspace/.derivedData/Build/Intermediates.noindex/Realm.build/Debug-watchos/RealmSwift-t.build/DerivedSources -Xcc -DSWIFT_PACKAGE -Xcc -DDEBUG\=1 -emit-objc-header -emit-objc-header-path /Users/admin/builder/spi-builder-workspace/.derivedData/Build/Intermediates.noindex/Realm.build/Debug-watchos/RealmSwift-t.build/Objects-normal/arm64/RealmSwift-Swift.h -working-directory /Users/admin/builder/spi-builder-workspace/.swiftpm/xcode -experimental-emit-module-separately -disable-cmo
SwiftDriver RealmSwift normal arm64_32 com.apple.xcode.tools.swift.compiler (in target 'RealmSwift' from project 'Realm')
cd /Users/admin/builder/spi-builder-workspace/.swiftpm/xcode
builtin-SwiftDriver -- /Applications/Xcode-27.0.0-Release.Candidate.app/Contents/Developer/Toolchains/XcodeDefault.xctoolchain/usr/bin/swiftc -parse-as-library -module-name RealmSwift -Onone @/Users/admin/builder/spi-builder-workspace/.derivedData/Build/Intermediates.noindex/Realm.build/Debug-watchos/RealmSwift-t.build/Objects-normal/arm64_32/RealmSwift.SwiftFileList -DSWIFT_PACKAGE -DDEBUG -DSWIFT_MODULE_RESOURCE_BUNDLE_AVAILABLE -Xcc -fmodule-map-file\=/Users/admin/builder/spi-builder-workspace/.dependencies/checkouts/realm-core/src/module.modulemap -Xcc -fmodule-map-file\=/Users/admin/builder/spi-builder-workspace/.derivedData/Build/Intermediates.noindex/GeneratedModuleMaps-watchos/s2geometry.modulemap -Xcc -fmodule-map-file\=/Users/admin/builder/spi-builder-workspace/.derivedData/Build/Intermediates.noindex/GeneratedModuleMaps-watchos/Bid.modulemap -Xcc -fmodule-map-file\=/Users/admin/builder/spi-builder-workspace/.derivedData/Build/Intermediates.noindex/GeneratedModuleMaps-watchos/RealmCoreResources.modulemap -Xcc -fmodule-map-file\=/Users/admin/builder/spi-builder-workspace/.dependencies/checkouts/realm-swift/include/module.modulemap -DXcode -plugin-path /Applications/Xcode-27.0.0-Release.Candidate.app/Contents/Developer/Toolchains/XcodeDefault.xctoolchain/usr/lib/swift/host/plugins/testing -enable-experimental-feature DebugDescriptionMacro -sdk /Applications/Xcode-27.0.0-Release.Candidate.app/Contents/Developer/Platforms/WatchOS.platform/Developer/SDKs/WatchOS27.0.sdk -target arm64_32-apple-watchos9.0 -g -module-cache-path /Users/admin/builder/spi-builder-workspace/.derivedData/ModuleCache.noindex -Xfrontend -serialize-debugging-options -profile-coverage-mapping -profile-generate -enable-testing -suppress-warnings -index-store-path /Users/admin/builder/spi-builder-workspace/.derivedData/Index.noindex/DataStore -Xcc -D_LIBCPP_HARDENING_MODE\=_LIBCPP_HARDENING_MODE_DEBUG -swift-version 6 -I /Users/admin/builder/spi-builder-workspace/.derivedData/Build/Products/Debug-watchos -Isystem /Applications/Xcode-27.0.0-Release.Candidate.app/Contents/Developer/Platforms/WatchOS.platform/Developer/usr/lib -F /Users/admin/builder/spi-builder-workspace/.derivedData/Build/Products/Debug-watchos/PackageFrameworks -F /Users/admin/builder/spi-builder-workspace/.derivedData/Build/Products/Debug-watchos -F /Applications/Xcode-27.0.0-Release.Candidate.app/Contents/Developer/Platforms/WatchOS.platform/Developer/Library/Frameworks -F /Applications/Xcode-27.0.0-Release.Candidate.app/Contents/Developer/Platforms/WatchOS.platform/Developer/SDKs/WatchOS27.0.sdk/Developer/Library/Frameworks -c -j10 -enable-batch-mode -incremental -Xcc -ivfsstatcache -Xcc /Users/admin/builder/spi-builder-workspace/.derivedData/SDKStatCaches.noindex/watchos27.0-24R360-e829b21a6f8c9b70876ba0858053c04477534ef55a1706bf4c1112bbb242f0a2.sdkstatcache -output-file-map /Users/admin/builder/spi-builder-workspace/.derivedData/Build/Intermediates.noindex/Realm.build/Debug-watchos/RealmSwift-t.build/Objects-normal/arm64_32/RealmSwift-OutputFileMap.json -save-temps -no-color-diagnostics -explicit-module-build -module-cache-path /Users/admin/builder/spi-builder-workspace/.derivedData/Build/Intermediates.noindex/SwiftExplicitPrecompiledModules -clang-scanner-module-cache-path /Users/admin/builder/spi-builder-workspace/.derivedData/ModuleCache.noindex -sdk-module-cache-path /Users/admin/builder/spi-builder-workspace/.derivedData/SDKExplicitPrecompiledModules -emit-dependencies -emit-module -emit-module-path /Users/admin/builder/spi-builder-workspace/.derivedData/Build/Intermediates.noindex/Realm.build/Debug-watchos/RealmSwift-t.build/Objects-normal/arm64_32/RealmSwift.swiftmodule -serialize-diagnostics -dependency-scan-serialize-diagnostics-path /Users/admin/builder/spi-builder-workspace/.derivedData/Build/Intermediates.noindex/Realm.build/Debug-watchos/RealmSwift-t.build/Objects-normal/arm64_32/RealmSwift-dependency-scan.dia -validate-clang-modules-once -clang-build-session-file /Users/admin/builder/spi-builder-workspace/.derivedData/ModuleCache.noindex/Session.modulevalidation -Xcc -fmodules-prune-interval\=86400 -Xcc -fmodules-prune-after\=345600 -package-name realm_swift -emit-const-values -const-gather-protocols-list /Users/admin/builder/spi-builder-workspace/.derivedData/Build/Intermediates.noindex/Realm.build/Debug-watchos/RealmSwift-t.build/Objects-normal/arm64_32/RealmSwift_const_extract_protocols.json -Xcc -I/Users/admin/builder/spi-builder-workspace/.dependencies/checkouts/realm-core/src -Xcc -I/Users/admin/builder/spi-builder-workspace/.dependencies/checkouts/realm-core/src/external/s2 -Xcc -I/Users/admin/builder/spi-builder-workspace/.dependencies/checkouts/realm-core/src/external/IntelRDFPMathLib20U2/LIBRARY/src -Xcc -I/Users/admin/builder/spi-builder-workspace/.dependencies/checkouts/realm-core/src/spm -Xcc -I/Users/admin/builder/spi-builder-workspace/.dependencies/checkouts/realm-swift/include -Xcc -I/Users/admin/builder/spi-builder-workspace/.derivedData/Build/Products/Debug-watchos/include -Xcc -I/Users/admin/builder/spi-builder-workspace/.derivedData/Build/Intermediates.noindex/Realm.build/Debug-watchos/RealmSwift-t.build/DerivedSources-normal/arm64_32 -Xcc -I/Users/admin/builder/spi-builder-workspace/.derivedData/Build/Intermediates.noindex/Realm.build/Debug-watchos/RealmSwift-t.build/DerivedSources/arm64_32 -Xcc -I/Users/admin/builder/spi-builder-workspace/.derivedData/Build/Intermediates.noindex/Realm.build/Debug-watchos/RealmSwift-t.build/DerivedSources -Xcc -DSWIFT_PACKAGE -Xcc -DDEBUG\=1 -emit-objc-header -emit-objc-header-path /Users/admin/builder/spi-builder-workspace/.derivedData/Build/Intermediates.noindex/Realm.build/Debug-watchos/RealmSwift-t.build/Objects-normal/arm64_32/RealmSwift-Swift.h -working-directory /Users/admin/builder/spi-builder-workspace/.swiftpm/xcode -experimental-emit-module-separately -disable-cmo
SwiftExplicitDependencyGeneratePcm arm64 /Users/admin/builder/spi-builder-workspace/.derivedData/SDKExplicitPrecompiledModules/_SwiftConcurrencyShims-659N52XSKR5F0QSB880BH2FJR.pcm
SwiftExplicitDependencyGeneratePcm arm64 /Users/admin/builder/spi-builder-workspace/.derivedData/SDKExplicitPrecompiledModules/_Builtin_stdarg-A7UU8LE6MP85SM26YO7PBZNUQ.pcm
SwiftExplicitDependencyGeneratePcm arm64 /Users/admin/builder/spi-builder-workspace/.derivedData/SDKExplicitPrecompiledModules/ptrauth-3TZ9WJCGLYD25HQPWH4968ONX.pcm
SwiftExplicitDependencyGeneratePcm arm64 /Users/admin/builder/spi-builder-workspace/.derivedData/SDKExplicitPrecompiledModules/_Builtin_stdarg-3X4KLXUYEI0UGBILP4X7D0CYW.pcm
SwiftExplicitDependencyGeneratePcm arm64 /Users/admin/builder/spi-builder-workspace/.derivedData/SDKExplicitPrecompiledModules/SwiftShims-AJ4AZYHQNC33R5RLN7AGEIOMP.pcm
SwiftExplicitDependencyGeneratePcm arm64_32 /Users/admin/builder/spi-builder-workspace/.derivedData/SDKExplicitPrecompiledModules/_Builtin_float-6KO8O3PEWRCA4WC6PPLOYO6WJ.pcm
SwiftExplicitDependencyGeneratePcm arm64 /Users/admin/builder/spi-builder-workspace/.derivedData/SDKExplicitPrecompiledModules/_Builtin_stdbool-B692L2PMR118794VVYBG37897.pcm
SwiftExplicitDependencyGeneratePcm arm64_32 /Users/admin/builder/spi-builder-workspace/.derivedData/SDKExplicitPrecompiledModules/_Builtin_stdarg-D305JG44A2WPI6CJY37X3QJE8.pcm
SwiftExplicitDependencyGeneratePcm arm64 /Users/admin/builder/spi-builder-workspace/.derivedData/SDKExplicitPrecompiledModules/DeveloperToolsSupport-CL5QT3CW0ZM498PFTWG64QMLA.pcm
SwiftExplicitDependencyGeneratePcm arm64 /Users/admin/builder/spi-builder-workspace/.derivedData/SDKExplicitPrecompiledModules/_AvailabilityInternal-BUNV3UXM65NT37THI4W1AM0SF.pcm
SwiftExplicitDependencyGeneratePcm arm64 /Users/admin/builder/spi-builder-workspace/.derivedData/SDKExplicitPrecompiledModules/SwiftShims-4MXFZPV6FEB0XBYXCGPWAMQGL.pcm
SwiftExplicitDependencyGeneratePcm arm64_32 /Users/admin/builder/spi-builder-workspace/.derivedData/SDKExplicitPrecompiledModules/_SwiftConcurrencyShims-6RTBPQ03V7BM9SPRK8SUE055H.pcm
SwiftExplicitDependencyGeneratePcm arm64 /Users/admin/builder/spi-builder-workspace/.derivedData/SDKExplicitPrecompiledModules/ptrauth-C7VQASAJ967Q4Q6SRD4I3CFWZ.pcm
SwiftExplicitDependencyGeneratePcm arm64_32 /Users/admin/builder/spi-builder-workspace/.derivedData/SDKExplicitPrecompiledModules/_Builtin_stdbool-A967K8W8YUYEC9SN52KJ7OO88.pcm
SwiftExplicitDependencyGeneratePcm arm64_32 /Users/admin/builder/spi-builder-workspace/.derivedData/SDKExplicitPrecompiledModules/SwiftShims-D9VBB138U50XYYGW2C2V21N3L.pcm
SwiftExplicitDependencyGeneratePcm arm64_32 /Users/admin/builder/spi-builder-workspace/.derivedData/SDKExplicitPrecompiledModules/_Builtin_stdarg-EYJP6DFYQL9GJLH1TJ84A8MHV.pcm
SwiftExplicitDependencyGeneratePcm arm64_32 /Users/admin/builder/spi-builder-workspace/.derivedData/SDKExplicitPrecompiledModules/_Builtin_float-372PLGDQ1U3B6Z5EA5DJMDORJ.pcm
SwiftExplicitDependencyGeneratePcm arm64_32 /Users/admin/builder/spi-builder-workspace/.derivedData/SDKExplicitPrecompiledModules/SwiftShims-9CQQGWTSNTN9EB5NSHDWUJICH.pcm
PruneExplicitPrecompiledModules /Users/admin/builder/spi-builder-workspace/.derivedData/Build/Intermediates.noindex/SwiftExplicitPrecompiledModules
PruneExplicitPrecompiledModules /Users/admin/builder/spi-builder-workspace/.derivedData/Build/Intermediates.noindex/ExplicitPrecompiledModules
PruneExplicitPrecompiledModules /Users/admin/builder/spi-builder-workspace/.derivedData/SDKExplicitPrecompiledModules
2026-09-20 12:59:08.345 xcodebuild[929:5794] [MT] IDERunDestination: Supported platforms for the buildables in the current scheme is empty.
** BUILD FAILED **
The following build commands failed:
CompileC /Users/admin/builder/spi-builder-workspace/.derivedData/Build/Intermediates.noindex/RealmDatabase.build/Debug-watchos/s2geometry-t.build/Objects-normal/arm64_32/s2region.o /Users/admin/builder/spi-builder-workspace/.dependencies/checkouts/realm-core/src/external/s2/s2region.cc normal arm64_32 c++ com.apple.compilers.llvm.clang.1_0.compiler (in target 's2geometry' from project 'RealmDatabase')
Building workspace RxRealm with scheme RxRealm
(2 failures)
BUILD FAILURE 6.4 watchOS