The Swift Package Index logo.Swift Package Index

Build Information

Failed to build Quiver, reference main (d3b0cd), with Swift 6.4 for Wasm on 24 Sep 2026 01:48:57 UTC.

Build Command

bash -c docker run --pull=always --rm -v "checkouts-54344845-0":/host -w "$PWD" -e JAVA_HOME="/root/.sdkman/candidates/java/current" -e SPI_BUILD="1" -e SPI_PROCESSING="1" registry.gitlab.com/saguaro1/spi-images:wasm-6.4-latest swift build --swift-sdk swift-6.4.x-DEVELOPMENT-SNAPSHOT-2026-09-04-a_wasm 2>&1

Build Log

========================================
RunAll
========================================
Builder version: 5.1.0
Interrupt handler set up.
========================================
Checkout
========================================
Clone URL: https://github.com/hironichu/Quiver.git
Reference: main
Initialized empty Git repository in /host/spi-builder-workspace/.git/
hint: Using 'master' as the name for the initial branch. This default branch name
hint: is subject to change. To configure the initial branch name to use in all
hint: of your new repositories, which will suppress this warning, call:
hint:
hint: 	git config --global init.defaultBranch <name>
hint:
hint: Names commonly chosen instead of 'master' are 'main', 'trunk' and
hint: 'development'. The just-created branch can be renamed via this command:
hint:
hint: 	git branch -m <name>
From https://github.com/hironichu/Quiver
 * branch            main       -> FETCH_HEAD
 * [new branch]      main       -> origin/main
HEAD is now at d3b0cdc (feat/git): Develop Branch (#2)
Cloned https://github.com/hironichu/Quiver.git
Revision (git rev-parse @):
d3b0cdc56b57775adebd771558245913b4a7e728
SUCCESS checkout https://github.com/hironichu/Quiver.git at main
========================================
Build
========================================
Selected platform:         wasm
Swift version:             6.4
Building package at path:  $PWD
https://github.com/hironichu/Quiver.git
Running build ...
bash -c docker run --pull=always --rm -v "checkouts-54344845-0":/host -w "$PWD" -e JAVA_HOME="/root/.sdkman/candidates/java/current" -e SPI_BUILD="1" -e SPI_PROCESSING="1" registry.gitlab.com/saguaro1/spi-images:wasm-6.4-latest swift build --swift-sdk swift-6.4.x-DEVELOPMENT-SNAPSHOT-2026-09-04-a_wasm 2>&1
wasm-6.4-latest: Pulling from saguaro1/spi-images
Digest: sha256:4328fdb43c680d205c1d6761b1e3267aa38277eefdda9ddfb17b6a0f1a77857a
Status: Image is up to date for registry.gitlab.com/saguaro1/spi-images:wasm-6.4-latest
Fetching https://github.com/apple/swift-crypto.git
Fetching https://github.com/swiftlang/swift-docc-plugin.git
Fetching https://github.com/apple/swift-log.git
Fetching https://github.com/apple/swift-nio.git
Fetching https://github.com/apple/swift-certificates.git
Fetching https://github.com/apple/swift-asn1.git
[1/8165] Fetching swift-log
[2288/10510] Fetching swift-log, swift-docc-plugin
[3584/29059] Fetching swift-log, swift-docc-plugin, swift-crypto
[7586/36634] Fetching swift-log, swift-docc-plugin, swift-crypto, swift-certificates
[21054/38617] Fetching swift-log, swift-docc-plugin, swift-crypto, swift-certificates, swift-asn1
[27489/124682] Fetching swift-log, swift-docc-plugin, swift-crypto, swift-certificates, swift-asn1, swift-nio
Fetched https://github.com/apple/swift-asn1.git (0.94s)
Fetched https://github.com/swiftlang/swift-docc-plugin.git (0.94s)
[23532/120354] Fetching swift-log, swift-crypto, swift-certificates, swift-nio
Fetched https://github.com/apple/swift-certificates.git (2.96s)
Fetched https://github.com/apple/swift-log.git (2.96s)
Fetched https://github.com/apple/swift-crypto.git (2.97s)
Fetched https://github.com/apple/swift-nio.git (2.99s)
Computing version for https://github.com/swiftlang/swift-docc-plugin.git
Computed https://github.com/swiftlang/swift-docc-plugin.git at 1.5.0 (4.05s)
Fetching https://github.com/swiftlang/swift-docc-symbolkit
[1/3829] Fetching swift-docc-symbolkit
Fetched https://github.com/swiftlang/swift-docc-symbolkit (0.55s)
Computing version for https://github.com/swiftlang/swift-docc-symbolkit
Computed https://github.com/swiftlang/swift-docc-symbolkit at 1.0.0 (0.77s)
Computing version for https://github.com/apple/swift-asn1.git
Computed https://github.com/apple/swift-asn1.git at 1.7.3 (1.07s)
Computing version for https://github.com/apple/swift-crypto.git
Computed https://github.com/apple/swift-crypto.git at 4.5.2 (0.28s)
Computing version for https://github.com/apple/swift-certificates.git
Computed https://github.com/apple/swift-certificates.git at 1.21.0 (0.24s)
Computing version for https://github.com/apple/swift-log.git
Computed https://github.com/apple/swift-log.git at 1.15.1 (0.19s)
Computing version for https://github.com/apple/swift-nio.git
Computed https://github.com/apple/swift-nio.git at 2.103.0 (0.33s)
Fetching https://github.com/apple/swift-system.git
Fetching https://github.com/apple/swift-collections.git
Fetching https://github.com/apple/swift-atomics.git
[1/1875] Fetching swift-atomics
[1876/8791] Fetching swift-atomics, swift-system
Fetched https://github.com/apple/swift-atomics.git (0.53s)
[70/6916] Fetching swift-system
[6917/34609] Fetching swift-system, swift-collections
Fetched https://github.com/apple/swift-system.git (1.27s)
Fetched https://github.com/apple/swift-collections.git (1.28s)
Computing version for https://github.com/apple/swift-atomics.git
Computed https://github.com/apple/swift-atomics.git at 1.3.1 (1.45s)
Computing version for https://github.com/apple/swift-collections.git
Computed https://github.com/apple/swift-collections.git at 1.7.0 (0.28s)
Computing version for https://github.com/apple/swift-system.git
Computed https://github.com/apple/swift-system.git at 1.8.1 (0.20s)
Creating working copy for https://github.com/apple/swift-nio.git
Working copy of https://github.com/apple/swift-nio.git resolved at 2.103.0
Creating working copy for https://github.com/apple/swift-system.git
Working copy of https://github.com/apple/swift-system.git resolved at 1.8.1
Creating working copy for https://github.com/swiftlang/swift-docc-plugin.git
Working copy of https://github.com/swiftlang/swift-docc-plugin.git resolved at 1.5.0
Creating working copy for https://github.com/apple/swift-certificates.git
Working copy of https://github.com/apple/swift-certificates.git resolved at 1.21.0
Creating working copy for https://github.com/apple/swift-asn1.git
Working copy of https://github.com/apple/swift-asn1.git resolved at 1.7.3
Creating working copy for https://github.com/apple/swift-collections.git
Working copy of https://github.com/apple/swift-collections.git resolved at 1.7.0
Creating working copy for https://github.com/apple/swift-atomics.git
Working copy of https://github.com/apple/swift-atomics.git resolved at 1.3.1
Creating working copy for https://github.com/apple/swift-crypto.git
Working copy of https://github.com/apple/swift-crypto.git resolved at 4.5.2
Creating working copy for https://github.com/swiftlang/swift-docc-symbolkit
Working copy of https://github.com/swiftlang/swift-docc-symbolkit resolved at 1.0.0
Creating working copy for https://github.com/apple/swift-log.git
Working copy of https://github.com/apple/swift-log.git resolved at 1.15.1
Building for debugging...
[Computing dependencies]
[Pre-planning 1 / 1480]
[Planning deferred tasks]
[Constructing 3080 / 3358]
[203 / 813]
[223 / 879] InternalCollectionsUtilities
[224 / 879] _CertificateInternals
[235 / 879] _NIODataStructures
[236 / 879] _NIODataStructures
[247 / 879] InternalCollectionsUtilities
[258 / 879] _CertificateInternals
[259 / 879] QPACK
[262 / 879] SwiftASN1
[277 / 879] SwiftASN1
[286 / 881] _NIOBase64
[288 / 881] _NIODataStructures
[291 / 882] _NIODataStructures
[296 / 882] QPACK
[297 / 882] NIOConcurrencyHelpers
[299 / 883] SwiftASN1
[303 / 883] SwiftASN1
[308 / 883] Logging
[309 / 883] Logging
[316 / 884] QPACK
[321 / 885] InternalCollectionsUtilities
[326 / 885] InternalCollectionsUtilities
[328 / 885] CryptoBoringWrapper
[330 / 885] CryptoBoringWrapper
[334 / 886] Logging
[348 / 886]
[355 / 911] CryptoBoringWrapper
[373 / 911] QUICCore
[376 / 912] SpanPreview
[379 / 914] SpanPreview
[381 / 914] QUICCore
[384 / 914] QUICCore
[395 / 914] Atomics
[396 / 914] Atomics
[402 / 914] CXKCP
[405 / 914] Atomics-product
[408 / 914] QUICCore
[413 / 914] CCryptoBoringSSL
[415 / 914] CCryptoBoringSSL
[418 / 915] CCryptoBoringSSL
[422 / 915] CCryptoBoringSSL
[422 / 915] Atomics
[426 / 916] CCryptoBoringSSL
[434 / 916] CCryptoBoringSSL
[435 / 916] CCryptoBoringSSL
[438 / 916] CCryptoBoringSSL
[443 / 916] CCryptoBoringSSL
[446 / 916] CCryptoBoringSSL
[450 / 916] CCryptoBoringSSL
[456 / 916] CCryptoBoringSSL
[460 / 916] CCryptoBoringSSL
[464 / 916] CCryptoBoringSSL
[467 / 916] CCryptoBoringSSL
[468 / 916] CCryptoBoringSSL
[472 / 916] CCryptoBoringSSL
[475 / 916] CCryptoBoringSSL
[476 / 916] CCryptoBoringSSL
[478 / 916] CCryptoBoringSSL
[483 / 916] CCryptoBoringSSL
[484 / 916] CCryptoBoringSSL
[488 / 916] CCryptoBoringSSL
[491 / 916] CCryptoBoringSSL
[493 / 916] CCryptoBoringSSL
[499 / 916] CCryptoBoringSSL
[501 / 916] CCryptoBoringSSL
[504 / 916] CCryptoBoringSSL
[505 / 916] CCryptoBoringSSL
[506 / 916] CCryptoBoringSSL
[509 / 916] CCryptoBoringSSL
[514 / 916] CCryptoBoringSSL
[524 / 916] CCryptoBoringSSL
[540 / 916] CCryptoBoringSSL
[544 / 916] CCryptoBoringSSL
[545 / 916] CCryptoBoringSSL
[550 / 916] CCryptoBoringSSL
[551 / 916] CCryptoBoringSSL
[554 / 916] CCryptoBoringSSL
[559 / 916] CCryptoBoringSSL
[561 / 916] CCryptoBoringSSL
[565 / 916] CCryptoBoringSSL
[569 / 916] CCryptoBoringSSL
[570 / 916] CCryptoBoringSSL
[574 / 916] CCryptoBoringSSL
[578 / 916] CCryptoBoringSSL
[580 / 916] CCryptoBoringSSL
[582 / 916] CCryptoBoringSSL
[586 / 916] CCryptoBoringSSL
[588 / 916] CCryptoBoringSSL
[593 / 916] CCryptoBoringSSL
[601 / 916] CCryptoBoringSSL
[604 / 916] CCryptoBoringSSL
[606 / 916] CCryptoBoringSSL
[608 / 916] CCryptoBoringSSL
[614 / 916] CCryptoBoringSSL
[615 / 916] CCryptoBoringSSL
[618 / 916] CCryptoBoringSSL
[624 / 916] CCryptoBoringSSL
[635 / 916] CCryptoBoringSSL
[642 / 916] CCryptoBoringSSL
[644 / 916] CCryptoBoringSSL
[649 / 916] CCryptoBoringSSL
[653 / 916] CCryptoBoringSSL
[658 / 916] CCryptoBoringSSL
[661 / 916] CCryptoBoringSSL
[666 / 916] CCryptoBoringSSL
[668 / 916] CCryptoBoringSSL
[673 / 916] CCryptoBoringSSL
[676 / 916] CCryptoBoringSSL
[679 / 916] CCryptoBoringSSL
[681 / 916] CCryptoBoringSSL
[683 / 916] CCryptoBoringSSL
[686 / 916] CCryptoBoringSSL
[688 / 916] CCryptoBoringSSL
[690 / 916] CCryptoBoringSSL
[693 / 916] CCryptoBoringSSL
[701 / 916] CCryptoBoringSSL
[708 / 916] CCryptoBoringSSL
[715 / 916] CCryptoBoringSSL
[716 / 916] CCryptoBoringSSL
[721 / 916] CCryptoBoringSSL
[724 / 916] CCryptoBoringSSL
[728 / 916] CCryptoBoringSSL
[729 / 916] CCryptoBoringSSL
[733 / 916] CCryptoBoringSSL
[735 / 916] CCryptoBoringSSL
[743 / 916] CCryptoBoringSSL
[752 / 916] CCryptoBoringSSL
[761 / 916] CCryptoBoringSSL
[763 / 916] CCryptoBoringSSL
[765 / 916] CCryptoBoringSSL
[769 / 916] CCryptoBoringSSL
[771 / 916] CCryptoBoringSSL
[773 / 916] CCryptoBoringSSL
[775 / 916] CCryptoBoringSSL
[777 / 916] QUICCore
[783 / 918] QuiverTestSupport
[794 / 930] QuiverTestSupport
[796 / 930] CCryptoBoringSSL
[801 / 930] Crypto
[803 / 930] CXKCP
[807 / 950] QUICRecovery
[812 / 950] QUICStream
[822 / 950] QUICRecovery
[828 / 950] QUICRecovery
[831 / 950] QUICRecovery
[835 / 950] QUICRecovery
[838 / 950] QUICRecovery
[840 / 960] Logging
[842 / 960] QUICCore
[847 / 961] DequeModule
[851 / 962] DequeModule
[857 / 963]
[861 / 973] CryptoExtras
[862 / 973] CryptoExtras
error: SwiftCompile normal wasm32 failed with a nonzero exit code. Command line:     cd /host

/host/spi-builder-workspace/.build/checkouts/swift-crypto/Sources/CryptoExtras/Util/ThreadSpecific/ThreadSpecific.swift:33:36: error: cannot find type 'ThreadOpsSystem' in scope
 31 |
 32 |     private class Key {
 33 |         private var underlyingKey: ThreadOpsSystem.ThreadSpecificKey
    |                                    `- error: cannot find type 'ThreadOpsSystem' in scope
 34 |
 35 |         internal init(destructor: @escaping ThreadOpsSystem.ThreadSpecificKeyDestructor) {
/host/spi-builder-workspace/.build/checkouts/swift-crypto/Sources/CryptoExtras/Util/ThreadSpecific/ThreadSpecific.swift:35:45: error: cannot find type 'ThreadOpsSystem' in scope
 33 |         private var underlyingKey: ThreadOpsSystem.ThreadSpecificKey
 34 |
 35 |         internal init(destructor: @escaping ThreadOpsSystem.ThreadSpecificKeyDestructor) {
    |                                             `- error: cannot find type 'ThreadOpsSystem' in scope
 36 |             self.underlyingKey = ThreadOpsSystem.allocateThreadSpecificValue(destructor: destructor)
 37 |         }
/host/spi-builder-workspace/.build/checkouts/swift-crypto/Sources/CryptoExtras/Util/ThreadSpecific/ThreadSpecific.swift:35:35: error: '@escaping' only applies to function types
 33 |         private var underlyingKey: ThreadOpsSystem.ThreadSpecificKey
 34 |
 35 |         internal init(destructor: @escaping ThreadOpsSystem.ThreadSpecificKeyDestructor) {
    |                                   `- error: '@escaping' only applies to function types
 36 |             self.underlyingKey = ThreadOpsSystem.allocateThreadSpecificValue(destructor: destructor)
 37 |         }
Failed frontend command:
/usr/bin/swift-frontend -frontend -emit-module -experimental-skip-non-inlinable-function-bodies-without-types /host/spi-builder-workspace/.build/checkouts/swift-crypto/Sources/CryptoExtras/AES/AES_CBC.swift /host/spi-builder-workspace/.build/checkouts/swift-crypto/Sources/CryptoExtras/AES/AES_CFB.swift /host/spi-builder-workspace/.build/checkouts/swift-crypto/Sources/CryptoExtras/AES/AES_CTR.swift /host/spi-builder-workspace/.build/checkouts/swift-crypto/Sources/CryptoExtras/AES/AES_GCM_SIV.swift /host/spi-builder-workspace/.build/checkouts/swift-crypto/Sources/CryptoExtras/AES/Block\ Function.swift /host/spi-builder-workspace/.build/checkouts/swift-crypto/Sources/CryptoExtras/AES/BoringSSL/AES_CBC_boring.swift /host/spi-builder-workspace/.build/checkouts/swift-crypto/Sources/CryptoExtras/AES/BoringSSL/AES_CFB_boring.swift /host/spi-builder-workspace/.build/checkouts/swift-crypto/Sources/CryptoExtras/AES/BoringSSL/AES_CTR_boring.swift /host/spi-builder-workspace/.build/checkouts/swift-crypto/Sources/CryptoExtras/AES/BoringSSL/AES_GCM_SIV_boring.swift /host/spi-builder-workspace/.build/checkouts/swift-crypto/Sources/CryptoExtras/AES/CMAC.swift /host/spi-builder-workspace/.build/checkouts/swift-crypto/Sources/CryptoExtras/ARC/ARC+API.swift /host/spi-builder-workspace/.build/checkouts/swift-crypto/Sources/CryptoExtras/ARC/ARC.swift /host/spi-builder-workspace/.build/checkouts/swift-crypto/Sources/CryptoExtras/ARC/ARCCredential.swift /host/spi-builder-workspace/.build/checkouts/swift-crypto/Sources/CryptoExtras/ARC/ARCEncoding.swift /host/spi-builder-workspace/.build/checkouts/swift-crypto/Sources/CryptoExtras/ARC/ARCPrecredential.swift /host/spi-builder-workspace/.build/checkouts/swift-crypto/Sources/CryptoExtras/ARC/ARCPresentation.swift /host/spi-builder-workspace/.build/checkouts/swift-crypto/Sources/CryptoExtras/ARC/ARCRequest.swift /host/spi-builder-workspace/.build/checkouts/swift-crypto/Sources/CryptoExtras/ARC/ARCResponse.swift /host/spi-builder-workspace/.build/checkouts/swift-crypto/Sources/CryptoExtras/ARC/ARCServer.swift /host/spi-builder-workspace/.build/checkouts/swift-crypto/Sources/CryptoExtras/ChaCha20CTR/BoringSSL/ChaCha20CTR_boring.swift /host/spi-builder-workspace/.build/checkouts/swift-crypto/Sources/CryptoExtras/ChaCha20CTR/ChaCha20CTR.swift /host/spi-builder-workspace/.build/checkouts/swift-crypto/Sources/CryptoExtras/Digests/BoringSSL/BoringSSLSHA512256Context.swift /host/spi-builder-workspace/.build/checkouts/swift-crypto/Sources/CryptoExtras/Digests/BoringSSL/BoringSSLSHA512256HashFunction.swift /host/spi-builder-workspace/.build/checkouts/swift-crypto/Sources/CryptoExtras/Digests/SHA512256.swift /host/spi-builder-workspace/.build/checkouts/swift-crypto/Sources/CryptoExtras/Digests/SHA512256Digest.swift /host/spi-builder-workspace/.build/checkouts/swift-crypto/Sources/CryptoExtras/EC/Curve25519+PEM.swift /host/spi-builder-workspace/.build/checkouts/swift-crypto/Sources/CryptoExtras/EC/ObjectIdentifier.swift /host/spi-builder-workspace/.build/checkouts/swift-crypto/Sources/CryptoExtras/EC/PKCS8DERRepresentation.swift /host/spi-builder-workspace/.build/checkouts/swift-crypto/Sources/CryptoExtras/EC/PKCS8PrivateKey.swift /host/spi-builder-workspace/.build/checkouts/swift-crypto/Sources/CryptoExtras/EC/RFC8410AlgorithmIdentifier.swift /host/spi-builder-workspace/.build/checkouts/swift-crypto/Sources/CryptoExtras/ECToolbox/BoringSSL/ECToolbox_boring.swift /host/spi-builder-workspace/.build/checkouts/swift-crypto/Sources/CryptoExtras/ECToolbox/ECToolbox.swift /host/spi-builder-workspace/.build/checkouts/swift-crypto/Sources/CryptoExtras/H2G/HashToField.swift /host/spi-builder-workspace/.build/checkouts/swift-crypto/Sources/CryptoExtras/Key\ Derivation/KDF.swift /host/spi-builder-workspace/.build/checkouts/swift-crypto/Sources/CryptoExtras/Key\ Derivation/PBKDF2/BoringSSL/PBKDF2_boring.swift /host/spi-builder-workspace/.build/checkouts/swift-crypto/Sources/CryptoExtras/Key\ Derivation/PBKDF2/BoringSSL/PBKDF2_commoncrypto.swift /host/spi-builder-workspace/.build/checkouts/swift-crypto/Sources/CryptoExtras/Key\ Derivation/PBKDF2/PBKDF2.swift /host/spi-builder-workspace/.build/checkouts/swift-crypto/Sources/CryptoExtras/Key\ Derivation/Scrypt/BoringSSL/Scrypt_boring.swift /host/spi-builder-workspace/.build/checkouts/swift-crypto/Sources/CryptoExtras/Key\ Derivation/Scrypt/Scrypt.swift /host/spi-builder-workspace/.build/checkouts/swift-crypto/Sources/CryptoExtras/OPRFs/OPRF.swift /host/spi-builder-workspace/.build/checkouts/swift-crypto/Sources/CryptoExtras/OPRFs/OPRFClient.swift /host/spi-builder-workspace/.build/checkouts/swift-crypto/Sources/CryptoExtras/OPRFs/OPRFServer.swift /host/spi-builder-workspace/.build/checkouts/swift-crypto/Sources/CryptoExtras/OPRFs/VOPRF+API.swift /host/spi-builder-workspace/.build/checkouts/swift-crypto/Sources/CryptoExtras/OPRFs/VOPRFClient.swift /host/spi-builder-workspace/.build/checkouts/swift-crypto/Sources/CryptoExtras/OPRFs/VOPRFServer.swift /host/spi-builder-workspace/.build/checkouts/swift-crypto/Sources/CryptoExtras/RSA/BoringSSLPassphraseCallbackManager.swift /host/spi-builder-workspace/.build/checkouts/swift-crypto/Sources/CryptoExtras/RSA/RSA+BlindSigning.swift /host/spi-builder-workspace/.build/checkouts/swift-crypto/Sources/CryptoExtras/RSA/RSA.swift /host/spi-builder-workspace/.build/checkouts/swift-crypto/Sources/CryptoExtras/RSA/RSA_boring.swift /host/spi-builder-workspace/.build/checkouts/swift-crypto/Sources/CryptoExtras/Reexport.swift /host/spi-builder-workspace/.build/checkouts/swift-crypto/Sources/CryptoExtras/Util/BoringSSL/Zeroization_boring.swift /host/spi-builder-workspace/.build/checkouts/swift-crypto/Sources/CryptoExtras/Util/BoringSSLHelpers.swift /host/spi-builder-workspace/.build/checkouts/swift-crypto/Sources/CryptoExtras/Util/CryptoKitErrors_boring.swift /host/spi-builder-workspace/.build/checkouts/swift-crypto/Sources/CryptoExtras/Util/Data+Extensions.swift /host/spi-builder-workspace/.build/checkouts/swift-crypto/Sources/CryptoExtras/Util/DigestType.swift /host/spi-builder-workspace/.build/checkouts/swift-crypto/Sources/CryptoExtras/Util/Error.swift /host/spi-builder-workspace/.build/checkouts/swift-crypto/Sources/CryptoExtras/Util/I2OSP.swift /host/spi-builder-workspace/.build/checkouts/swift-crypto/Sources/CryptoExtras/Util/IntegerEncoding.swift /host/spi-builder-workspace/.build/checkouts/swift-crypto/Sources/CryptoExtras/Util/PEMDocument.swift /host/spi-builder-workspace/.build/checkouts/swift-crypto/Sources/CryptoExtras/Util/PrettyBytes.swift /host/spi-builder-workspace/.build/checkouts/swift-crypto/Sources/CryptoExtras/Util/SubjectPublicKeyInfo.swift /host/spi-builder-workspace/.build/checkouts/swift-crypto/Sources/CryptoExtras/Util/ThreadSpecific/ThreadOps.swift /host/spi-builder-workspace/.build/checkouts/swift-crypto/Sources/CryptoExtras/Util/ThreadSpecific/ThreadPosix.swift /host/spi-builder-workspace/.build/checkouts/swift-crypto/Sources/CryptoExtras/Util/ThreadSpecific/ThreadSpecific.swift /host/spi-builder-workspace/.build/checkouts/swift-crypto/Sources/CryptoExtras/Util/ThreadSpecific/ThreadWindows.swift /host/spi-builder-workspace/.build/checkouts/swift-crypto/Sources/CryptoExtras/ZKPs/DLEQ.swift /host/spi-builder-workspace/.build/checkouts/swift-crypto/Sources/CryptoExtras/ZKPs/Prover.swift /host/spi-builder-workspace/.build/checkouts/swift-crypto/Sources/CryptoExtras/ZKPs/Verifier.swift /host/spi-builder-workspace/.build/checkouts/swift-crypto/Sources/CryptoExtras/ZKPs/ZKPToolbox.swift -target wasm32-unknown-wasip1 -disable-objc-interop -sdk /root/.swiftpm/swift-sdks/swift-6.4.x-DEVELOPMENT-SNAPSHOT-2026-09-04-a_wasm.artifactbundle/swift-6.4.x-DEVELOPMENT-SNAPSHOT-2026-09-04-a_wasm/wasm32-unknown-wasip1/WASI.sdk -sysroot /root/.swiftpm/swift-sdks/swift-6.4.x-DEVELOPMENT-SNAPSHOT-2026-09-04-a_wasm.artifactbundle/swift-6.4.x-DEVELOPMENT-SNAPSHOT-2026-09-04-a_wasm/wasm32-unknown-wasip1/WASI.sdk -I /host/spi-builder-workspace/.build/out/Products/Debug-webassembly-wasm32 -module-cache-path /host/spi-builder-workspace/.build/out/ModuleCache.noindex -color-diagnostics -Xcc -fcolor-diagnostics -enable-testing -g -debug-info-format\=dwarf -dwarf-version\=4 -suppress-warnings -swift-version 6 -Onone -D SWIFT_PACKAGE -D DEBUG -D SWIFT_MODULE_RESOURCE_BUNDLE_UNAVAILABLE -D CRYPTO_IN_SWIFTPM -D CRYPTO_IN_SWIFTPM_FORCE_BUILD_API -D Xcode -serialize-debugging-options -enable-upcoming-feature MemberImportVisibility -enable-experimental-feature DebugDescriptionMacro -empty-abi-descriptor -external-plugin-path /usr/lib/swift/host/plugins/testing\#/usr/bin/swift-plugin-server -user-module-version 4.5.2 -validate-clang-modules-once -clang-build-session-file /host/spi-builder-workspace/.build/out/ModuleCache.noindex/Session.modulevalidation -Xcc -working-directory -Xcc /host -resource-dir /root/.swiftpm/swift-sdks/swift-6.4.x-DEVELOPMENT-SNAPSHOT-2026-09-04-a_wasm.artifactbundle/swift-6.4.x-DEVELOPMENT-SNAPSHOT-2026-09-04-a_wasm/wasm32-unknown-wasip1/swift.xctoolchain/usr/lib/swift_static -use-static-resource-dir -enable-anonymous-context-mangled-names -file-compilation-dir /host -Xcc -resource-dir -Xcc /root/.swiftpm/swift-sdks/swift-6.4.x-DEVELOPMENT-SNAPSHOT-2026-09-04-a_wasm.artifactbundle/swift-6.4.x-DEVELOPMENT-SNAPSHOT-2026-09-04-a_wasm/wasm32-unknown-wasip1/swift.xctoolchain/usr/lib/swift_static/clang -Xcc -fmodule-map-file\=/host/spi-builder-workspace/.build/checkouts/swift-crypto/Sources/CXKCPShims/include/module.modulemap -Xcc -fmodule-map-file\=/host/spi-builder-workspace/.build/checkouts/swift-crypto/Sources/CXKCP/include/module.modulemap -Xcc -fmodule-map-file\=/host/spi-builder-workspace/.build/checkouts/swift-crypto/Sources/CCryptoBoringSSLShims/include/module.modulemap -Xcc -fmodule-map-file\=/host/spi-builder-workspace/.build/checkouts/swift-crypto/Sources/CCryptoBoringSSL/include/module.modulemap -Xcc -D_LIBCPP_HARDENING_MODE\=_LIBCPP_HARDENING_MODE_DEBUG -Xcc -fmodules-prune-interval\=86400 -Xcc -fmodules-prune-after\=345600 -Xcc -I/host/spi-builder-workspace/.build/checkouts/swift-crypto/Sources/CXKCPShims/include -Xcc -I/host/spi-builder-workspace/.build/checkouts/swift-crypto/Sources/CXKCP/include -Xcc -I/host/spi-builder-workspace/.build/checkouts/swift-crypto/Sources/CCryptoBoringSSLShims/include -Xcc -I/host/spi-builder-workspace/.build/checkouts/swift-crypto/Sources/CCryptoBoringSSL/include -Xcc -I/host/spi-builder-workspace/.build/out/Products/Debug-webassembly-wasm32/include -Xcc -I/host/spi-builder-workspace/.build/out/Intermediates.noindex/swift-crypto.build/Debug-webassembly-wasm32/CryptoExtras-t.build/DerivedSources-normal/wasm32 -Xcc -I/host/spi-builder-workspace/.build/out/Intermediates.noindex/swift-crypto.build/Debug-webassembly-wasm32/CryptoExtras-t.build/DerivedSources/wasm32 -Xcc -I/host/spi-builder-workspace/.build/out/Intermediates.noindex/swift-crypto.build/Debug-webassembly-wasm32/CryptoExtras-t.build/DerivedSources -Xcc -DSWIFT_PACKAGE -Xcc -DDEBUG\=1 -no-auto-bridging-header-chaining -module-name CryptoExtras -package-name swift_crypto -const-gather-protocols-file /host/spi-builder-workspace/.build/out/Intermediates.noindex/swift-crypto.build/Debug-webassembly-wasm32/CryptoExtras-t.build/Objects-normal/wasm32/CryptoExtras_const_extract_protocols.json -in-process-plugin-server-path /usr/lib/swift/host/libSwiftInProcPluginServer.so -plugin-path /usr/lib/swift/host/plugins -plugin-path /usr/local/lib/swift/host/plugins -emit-module-doc-path /host/spi-builder-workspace/.build/out/Intermediates.noindex/swift-crypto.build/Debug-webassembly-wasm32/CryptoExtras-t.build/Objects-normal/wasm32/Modules/CryptoExtras.swiftdoc -emit-module-source-info-path /host/spi-builder-workspace/.build/out/Intermediates.noindex/swift-crypto.build/Debug-webassembly-wasm32/CryptoExtras-t.build/Objects-normal/wasm32/Modules/CryptoExtras.swiftsourceinfo -emit-objc-header-path /host/spi-builder-workspace/.build/out/Intermediates.noindex/swift-crypto.build/Debug-webassembly-wasm32/CryptoExtras-t.build/Objects-normal/wasm32/CryptoExtras-Swift.h -serialize-diagnostics-path /host/spi-builder-workspace/.build/out/Intermediates.noindex/swift-crypto.build/Debug-webassembly-wasm32/CryptoExtras-t.build/Objects-normal/wasm32/CryptoExtras-primary-emit-module.dia -emit-dependencies-path /host/spi-builder-workspace/.build/out/Intermediates.noindex/swift-crypto.build/Debug-webassembly-wasm32/CryptoExtras-t.build/Objects-normal/wasm32/CryptoExtras-primary-emit-module.d -parse-as-library -o /host/spi-builder-workspace/.build/out/Intermediates.noindex/swift-crypto.build/Debug-webassembly-wasm32/CryptoExtras-t.build/Objects-normal/wasm32/Modules/CryptoExtras.swiftmodule
[865 / 973] CryptoExtras
error: Build failed
BUILD FAILURE 6.4 wasm