The Swift Package Index logo.Swift Package Index

Build Information

Failed to build WWWebImage, reference 1.0.3 (485d7e), with Swift 6.4 for watchOS using Xcode 27.0 on 25 Sep 2026 18:28:28 UTC.

Build Command

env DEVELOPER_DIR=/Applications/Xcode-27.0.0-Release.Candidate.app xcrun xcodebuild -IDEClonedSourcePackagesDirPathOverride=$PWD/.dependencies -skipMacroValidation -skipPackagePluginValidation -derivedDataPath $PWD/.derivedData build -scheme WWWebImage -destination generic/platform=watchOS

Build Log

CreateBuildOperation
ComputeTargetDependencyGraph
note: Building targets in dependency order
note: Target dependency graph (6 targets)
    Target 'WWWebImage-product' in project 'WWWebImage'
        ➜ Explicit dependency on target 'WWWebImage' in project 'WWWebImage'
        ➜ Explicit dependency on target 'WWWebImage_WWWebImage' in project 'WWWebImage'
        ➜ Explicit dependency on target 'WWCacheManager-product' in project 'WWCacheManager'
    Target 'WWWebImage' in project 'WWWebImage'
        ➜ Explicit dependency on target 'WWWebImage_WWWebImage' in project 'WWWebImage'
        ➜ Explicit dependency on target 'WWCacheManager-product' in project 'WWCacheManager'
    Target 'WWCacheManager-product' in project 'WWCacheManager'
        ➜ Explicit dependency on target 'WWCacheManager' in project 'WWCacheManager'
        ➜ Explicit dependency on target 'WWCacheManager_WWCacheManager' in project 'WWCacheManager'
    Target 'WWCacheManager' in project 'WWCacheManager'
        ➜ Explicit dependency on target 'WWCacheManager_WWCacheManager' in project 'WWCacheManager'
    Target 'WWCacheManager_WWCacheManager' in project 'WWCacheManager' (no dependencies)
    Target 'WWWebImage_WWWebImage' in project 'WWWebImage' (no dependencies)
GatherProvisioningInputs
CreateBuildDescription
ExecuteExternalTool /Applications/Xcode-27.0.0-Release.Candidate.app/Contents/Developer/Toolchains/XcodeDefault.xctoolchain/usr/bin/clang -v -E -dM -isysroot /Applications/Xcode-27.0.0-Release.Candidate.app/Contents/Developer/Platforms/WatchOS.platform/Developer/SDKs/WatchOS27.0.sdk -x c -c /dev/null
ExecuteExternalTool /Applications/Xcode-27.0.0-Release.Candidate.app/Contents/Developer/Toolchains/XcodeDefault.xctoolchain/usr/bin/swiftc --version
ExecuteExternalTool /Applications/Xcode-27.0.0-Release.Candidate.app/Contents/Developer/Toolchains/XcodeDefault.xctoolchain/usr/bin/ld -version_details
Build description signature: 5bfd465eea45c9f21c699dc25dd7f49e
Build description path: /Users/admin/builder/spi-builder-workspace/.derivedData/Build/Intermediates.noindex/XCBuildData/5bfd465eea45c9f21c699dc25dd7f49e.xcbuilddata
CreateBuildDirectory /Users/admin/builder/spi-builder-workspace/.derivedData/ModuleCache.noindex
    cd /Users/admin/builder/spi-builder-workspace/.swiftpm/xcode
    builtin-create-build-directory /Users/admin/builder/spi-builder-workspace/.derivedData/ModuleCache.noindex
CreateBuildDirectory /Users/admin/builder/spi-builder-workspace/.derivedData/SDKExplicitPrecompiledModules
    cd /Users/admin/builder/spi-builder-workspace/.swiftpm/xcode
    builtin-create-build-directory /Users/admin/builder/spi-builder-workspace/.derivedData/SDKExplicitPrecompiledModules
CreateBuildDirectory /Users/admin/builder/spi-builder-workspace/.derivedData/CompilationCache.noindex
    cd /Users/admin/builder/spi-builder-workspace/.swiftpm/xcode
    builtin-create-build-directory /Users/admin/builder/spi-builder-workspace/.derivedData/CompilationCache.noindex
CreateBuildDirectory /Users/admin/builder/spi-builder-workspace/.derivedData/Build/Intermediates.noindex
    cd /Users/admin/builder/spi-builder-workspace/.swiftpm/xcode
    builtin-create-build-directory /Users/admin/builder/spi-builder-workspace/.derivedData/Build/Intermediates.noindex
ClangStatCache /Applications/Xcode-27.0.0-Release.Candidate.app/Contents/Developer/Toolchains/XcodeDefault.xctoolchain/usr/bin/clang-stat-cache /Applications/Xcode-27.0.0-Release.Candidate.app/Contents/Developer/Platforms/WatchOS.platform/Developer/SDKs/WatchOS27.0.sdk /Users/admin/builder/spi-builder-workspace/.derivedData/SDKStatCaches.noindex/watchos27.0-24R360-e829b21a6f8c9b70876ba0858053c04477534ef55a1706bf4c1112bbb242f0a2.sdkstatcache
    cd /Users/admin/builder/spi-builder-workspace/.swiftpm/xcode
    /Applications/Xcode-27.0.0-Release.Candidate.app/Contents/Developer/Toolchains/XcodeDefault.xctoolchain/usr/bin/clang-stat-cache /Applications/Xcode-27.0.0-Release.Candidate.app/Contents/Developer/Platforms/WatchOS.platform/Developer/SDKs/WatchOS27.0.sdk -o /Users/admin/builder/spi-builder-workspace/.derivedData/SDKStatCaches.noindex/watchos27.0-24R360-e829b21a6f8c9b70876ba0858053c04477534ef55a1706bf4c1112bbb242f0a2.sdkstatcache
CreateBuildDirectory /Users/admin/builder/spi-builder-workspace/.derivedData/Build/Products
    cd /Users/admin/builder/spi-builder-workspace/.swiftpm/xcode
    builtin-create-build-directory /Users/admin/builder/spi-builder-workspace/.derivedData/Build/Products
CreateBuildDirectory /Users/admin/builder/spi-builder-workspace/.derivedData/Build/Intermediates.noindex/SwiftExplicitPrecompiledModules
    cd /Users/admin/builder/spi-builder-workspace/.swiftpm/xcode
    builtin-create-build-directory /Users/admin/builder/spi-builder-workspace/.derivedData/Build/Intermediates.noindex/SwiftExplicitPrecompiledModules
CreateBuildDirectory /Users/admin/builder/spi-builder-workspace/.derivedData/Build/Intermediates.noindex/ExplicitPrecompiledModules
    cd /Users/admin/builder/spi-builder-workspace/.swiftpm/xcode
    builtin-create-build-directory /Users/admin/builder/spi-builder-workspace/.derivedData/Build/Intermediates.noindex/ExplicitPrecompiledModules
CreateBuildDirectory /Users/admin/builder/spi-builder-workspace/.derivedData/Build/Intermediates.noindex/PrecompiledHeaders
    cd /Users/admin/builder/spi-builder-workspace/.swiftpm/xcode
    builtin-create-build-directory /Users/admin/builder/spi-builder-workspace/.derivedData/Build/Intermediates.noindex/PrecompiledHeaders
CreateBuildDirectory /Users/admin/builder/spi-builder-workspace/.derivedData/Build/Intermediates.noindex/EagerLinkingTBDs/Debug-watchos
    cd /Users/admin/builder/spi-builder-workspace/.swiftpm/xcode
    builtin-create-build-directory /Users/admin/builder/spi-builder-workspace/.derivedData/Build/Intermediates.noindex/EagerLinkingTBDs/Debug-watchos
CreateBuildDirectory /Users/admin/builder/spi-builder-workspace/.derivedData/Build/Products/Debug-watchos
    cd /Users/admin/builder/spi-builder-workspace/.swiftpm/xcode
    builtin-create-build-directory /Users/admin/builder/spi-builder-workspace/.derivedData/Build/Products/Debug-watchos
CreateBuildDirectory /Users/admin/builder/spi-builder-workspace/.derivedData/Build/Products/Debug-watchos/PackageFrameworks
    cd /Users/admin/builder/spi-builder-workspace/.swiftpm/xcode
    builtin-create-build-directory /Users/admin/builder/spi-builder-workspace/.derivedData/Build/Products/Debug-watchos/PackageFrameworks
WriteAuxiliaryFile /Users/admin/builder/spi-builder-workspace/.derivedData/Build/Intermediates.noindex/WWWebImage.build/Debug-watchos/WWWebImage_WWWebImage-b.build/empty-WWWebImage_WWWebImage.plist (in target 'WWWebImage_WWWebImage' from project 'WWWebImage')
    cd /Users/admin/builder/spi-builder-workspace
    write-file /Users/admin/builder/spi-builder-workspace/.derivedData/Build/Intermediates.noindex/WWWebImage.build/Debug-watchos/WWWebImage_WWWebImage-b.build/empty-WWWebImage_WWWebImage.plist
WriteAuxiliaryFile /Users/admin/builder/spi-builder-workspace/.derivedData/Build/Intermediates.noindex/WWWebImage.build/Debug-watchos/WWWebImage_WWWebImage-b.build/WWWebImage_WWWebImage.DependencyStaticMetadataFileList (in target 'WWWebImage_WWWebImage' from project 'WWWebImage')
    cd /Users/admin/builder/spi-builder-workspace
    write-file /Users/admin/builder/spi-builder-workspace/.derivedData/Build/Intermediates.noindex/WWWebImage.build/Debug-watchos/WWWebImage_WWWebImage-b.build/WWWebImage_WWWebImage.DependencyStaticMetadataFileList
WriteAuxiliaryFile /Users/admin/builder/spi-builder-workspace/.derivedData/Build/Intermediates.noindex/WWWebImage.build/Debug-watchos/WWWebImage-t.build/WWWebImage.DependencyStaticMetadataFileList (in target 'WWWebImage' from project 'WWWebImage')
    cd /Users/admin/builder/spi-builder-workspace
    write-file /Users/admin/builder/spi-builder-workspace/.derivedData/Build/Intermediates.noindex/WWWebImage.build/Debug-watchos/WWWebImage-t.build/WWWebImage.DependencyStaticMetadataFileList
WriteAuxiliaryFile /Users/admin/builder/spi-builder-workspace/.derivedData/Build/Intermediates.noindex/WWWebImage.build/Debug-watchos/WWWebImage-t.build/WWWebImage.modulemap (in target 'WWWebImage' from project 'WWWebImage')
    cd /Users/admin/builder/spi-builder-workspace
    write-file /Users/admin/builder/spi-builder-workspace/.derivedData/Build/Intermediates.noindex/WWWebImage.build/Debug-watchos/WWWebImage-t.build/WWWebImage.modulemap
WriteAuxiliaryFile /Users/admin/builder/spi-builder-workspace/.derivedData/Build/Intermediates.noindex/WWWebImage.build/Debug-watchos/WWWebImage_WWWebImage-b.build/WWWebImage_WWWebImage.DependencyMetadataFileList (in target 'WWWebImage_WWWebImage' from project 'WWWebImage')
    cd /Users/admin/builder/spi-builder-workspace
    write-file /Users/admin/builder/spi-builder-workspace/.derivedData/Build/Intermediates.noindex/WWWebImage.build/Debug-watchos/WWWebImage_WWWebImage-b.build/WWWebImage_WWWebImage.DependencyMetadataFileList
WriteAuxiliaryFile /Users/admin/builder/spi-builder-workspace/.derivedData/Build/Intermediates.noindex/WWWebImage.build/Debug-watchos/WWWebImage-t.build/WWWebImage.DependencyMetadataFileList (in target 'WWWebImage' from project 'WWWebImage')
    cd /Users/admin/builder/spi-builder-workspace
    write-file /Users/admin/builder/spi-builder-workspace/.derivedData/Build/Intermediates.noindex/WWWebImage.build/Debug-watchos/WWWebImage-t.build/WWWebImage.DependencyMetadataFileList
WriteAuxiliaryFile /Users/admin/builder/spi-builder-workspace/.derivedData/Build/Intermediates.noindex/WWWebImage.build/Debug-watchos/WWWebImage-t.build/Objects-normal/arm64_32/WWWebImage_const_extract_protocols.json (in target 'WWWebImage' from project 'WWWebImage')
    cd /Users/admin/builder/spi-builder-workspace
    write-file /Users/admin/builder/spi-builder-workspace/.derivedData/Build/Intermediates.noindex/WWWebImage.build/Debug-watchos/WWWebImage-t.build/Objects-normal/arm64_32/WWWebImage_const_extract_protocols.json
WriteAuxiliaryFile /Users/admin/builder/spi-builder-workspace/.derivedData/Build/Intermediates.noindex/WWWebImage.build/Debug-watchos/WWWebImage-t.build/Objects-normal/arm64_32/WWWebImage.SwiftFileList (in target 'WWWebImage' from project 'WWWebImage')
    cd /Users/admin/builder/spi-builder-workspace
    write-file /Users/admin/builder/spi-builder-workspace/.derivedData/Build/Intermediates.noindex/WWWebImage.build/Debug-watchos/WWWebImage-t.build/Objects-normal/arm64_32/WWWebImage.SwiftFileList
WriteAuxiliaryFile /Users/admin/builder/spi-builder-workspace/.derivedData/Build/Intermediates.noindex/WWWebImage.build/Debug-watchos/WWWebImage-t.build/Objects-normal/arm64_32/WWWebImage.SwiftConstValuesFileList (in target 'WWWebImage' from project 'WWWebImage')
    cd /Users/admin/builder/spi-builder-workspace
    write-file /Users/admin/builder/spi-builder-workspace/.derivedData/Build/Intermediates.noindex/WWWebImage.build/Debug-watchos/WWWebImage-t.build/Objects-normal/arm64_32/WWWebImage.SwiftConstValuesFileList
WriteAuxiliaryFile /Users/admin/builder/spi-builder-workspace/.derivedData/Build/Intermediates.noindex/WWWebImage.build/Debug-watchos/WWWebImage-t.build/Objects-normal/arm64_32/WWWebImage.LinkFileList (in target 'WWWebImage' from project 'WWWebImage')
    cd /Users/admin/builder/spi-builder-workspace
    write-file /Users/admin/builder/spi-builder-workspace/.derivedData/Build/Intermediates.noindex/WWWebImage.build/Debug-watchos/WWWebImage-t.build/Objects-normal/arm64_32/WWWebImage.LinkFileList
WriteAuxiliaryFile /Users/admin/builder/spi-builder-workspace/.derivedData/Build/Intermediates.noindex/WWWebImage.build/Debug-watchos/WWWebImage-t.build/Objects-normal/arm64_32/WWWebImage-OutputFileMap.json (in target 'WWWebImage' from project 'WWWebImage')
    cd /Users/admin/builder/spi-builder-workspace
    write-file /Users/admin/builder/spi-builder-workspace/.derivedData/Build/Intermediates.noindex/WWWebImage.build/Debug-watchos/WWWebImage-t.build/Objects-normal/arm64_32/WWWebImage-OutputFileMap.json
WriteAuxiliaryFile /Users/admin/builder/spi-builder-workspace/.derivedData/Build/Intermediates.noindex/WWWebImage.build/Debug-watchos/WWWebImage-t.build/Objects-normal/arm64/WWWebImage.SwiftFileList (in target 'WWWebImage' from project 'WWWebImage')
    cd /Users/admin/builder/spi-builder-workspace
    write-file /Users/admin/builder/spi-builder-workspace/.derivedData/Build/Intermediates.noindex/WWWebImage.build/Debug-watchos/WWWebImage-t.build/Objects-normal/arm64/WWWebImage.SwiftFileList
WriteAuxiliaryFile /Users/admin/builder/spi-builder-workspace/.derivedData/Build/Intermediates.noindex/WWWebImage.build/Debug-watchos/WWWebImage-t.build/Objects-normal/arm64/WWWebImage_const_extract_protocols.json (in target 'WWWebImage' from project 'WWWebImage')
    cd /Users/admin/builder/spi-builder-workspace
    write-file /Users/admin/builder/spi-builder-workspace/.derivedData/Build/Intermediates.noindex/WWWebImage.build/Debug-watchos/WWWebImage-t.build/Objects-normal/arm64/WWWebImage_const_extract_protocols.json
WriteAuxiliaryFile /Users/admin/builder/spi-builder-workspace/.derivedData/Build/Intermediates.noindex/WWWebImage.build/Debug-watchos/WWWebImage-t.build/Objects-normal/arm64/WWWebImage.SwiftConstValuesFileList (in target 'WWWebImage' from project 'WWWebImage')
    cd /Users/admin/builder/spi-builder-workspace
    write-file /Users/admin/builder/spi-builder-workspace/.derivedData/Build/Intermediates.noindex/WWWebImage.build/Debug-watchos/WWWebImage-t.build/Objects-normal/arm64/WWWebImage.SwiftConstValuesFileList
WriteAuxiliaryFile /Users/admin/builder/spi-builder-workspace/.derivedData/Build/Intermediates.noindex/WWWebImage.build/Debug-watchos/WWWebImage-t.build/Objects-normal/arm64/WWWebImage.LinkFileList (in target 'WWWebImage' from project 'WWWebImage')
    cd /Users/admin/builder/spi-builder-workspace
    write-file /Users/admin/builder/spi-builder-workspace/.derivedData/Build/Intermediates.noindex/WWWebImage.build/Debug-watchos/WWWebImage-t.build/Objects-normal/arm64/WWWebImage.LinkFileList
WriteAuxiliaryFile /Users/admin/builder/spi-builder-workspace/.derivedData/Build/Intermediates.noindex/WWWebImage.build/Debug-watchos/WWWebImage-t.build/Objects-normal/arm64/WWWebImage-OutputFileMap.json (in target 'WWWebImage' from project 'WWWebImage')
    cd /Users/admin/builder/spi-builder-workspace
    write-file /Users/admin/builder/spi-builder-workspace/.derivedData/Build/Intermediates.noindex/WWWebImage.build/Debug-watchos/WWWebImage-t.build/Objects-normal/arm64/WWWebImage-OutputFileMap.json
WriteAuxiliaryFile /Users/admin/builder/spi-builder-workspace/.derivedData/Build/Intermediates.noindex/WWWebImage.build/Debug-watchos/WWWebImage-t.build/DerivedSources/resource_bundle_accessor.swift (in target 'WWWebImage' from project 'WWWebImage')
    cd /Users/admin/builder/spi-builder-workspace
    write-file /Users/admin/builder/spi-builder-workspace/.derivedData/Build/Intermediates.noindex/WWWebImage.build/Debug-watchos/WWWebImage-t.build/DerivedSources/resource_bundle_accessor.swift
Copy /Users/admin/builder/spi-builder-workspace/.derivedData/Build/Intermediates.noindex/GeneratedModuleMaps-watchos/WWWebImage.modulemap /Users/admin/builder/spi-builder-workspace/.derivedData/Build/Intermediates.noindex/WWWebImage.build/Debug-watchos/WWWebImage-t.build/WWWebImage.modulemap (in target 'WWWebImage' from project 'WWWebImage')
    cd /Users/admin/builder/spi-builder-workspace
    builtin-copy -exclude .DS_Store -exclude CVS -exclude .svn -exclude .git -exclude .hg -resolve-src-symlinks /Users/admin/builder/spi-builder-workspace/.derivedData/Build/Intermediates.noindex/WWWebImage.build/Debug-watchos/WWWebImage-t.build/WWWebImage.modulemap /Users/admin/builder/spi-builder-workspace/.derivedData/Build/Intermediates.noindex/GeneratedModuleMaps-watchos
WriteAuxiliaryFile /Users/admin/builder/spi-builder-workspace/.derivedData/Build/Intermediates.noindex/WWCacheManager.build/Debug-watchos/WWCacheManager_WWCacheManager-b.build/empty-WWCacheManager_WWCacheManager.plist (in target 'WWCacheManager_WWCacheManager' from project 'WWCacheManager')
    cd /Users/admin/builder/spi-builder-workspace/.dependencies/checkouts/WWCacheManager
    write-file /Users/admin/builder/spi-builder-workspace/.derivedData/Build/Intermediates.noindex/WWCacheManager.build/Debug-watchos/WWCacheManager_WWCacheManager-b.build/empty-WWCacheManager_WWCacheManager.plist
WriteAuxiliaryFile /Users/admin/builder/spi-builder-workspace/.derivedData/Build/Intermediates.noindex/WWCacheManager.build/Debug-watchos/WWCacheManager_WWCacheManager-b.build/WWCacheManager_WWCacheManager.DependencyStaticMetadataFileList (in target 'WWCacheManager_WWCacheManager' from project 'WWCacheManager')
    cd /Users/admin/builder/spi-builder-workspace/.dependencies/checkouts/WWCacheManager
    write-file /Users/admin/builder/spi-builder-workspace/.derivedData/Build/Intermediates.noindex/WWCacheManager.build/Debug-watchos/WWCacheManager_WWCacheManager-b.build/WWCacheManager_WWCacheManager.DependencyStaticMetadataFileList
WriteAuxiliaryFile /Users/admin/builder/spi-builder-workspace/.derivedData/Build/Intermediates.noindex/WWCacheManager.build/Debug-watchos/WWCacheManager_WWCacheManager-b.build/WWCacheManager_WWCacheManager.DependencyMetadataFileList (in target 'WWCacheManager_WWCacheManager' from project 'WWCacheManager')
    cd /Users/admin/builder/spi-builder-workspace/.dependencies/checkouts/WWCacheManager
    write-file /Users/admin/builder/spi-builder-workspace/.derivedData/Build/Intermediates.noindex/WWCacheManager.build/Debug-watchos/WWCacheManager_WWCacheManager-b.build/WWCacheManager_WWCacheManager.DependencyMetadataFileList
WriteAuxiliaryFile /Users/admin/builder/spi-builder-workspace/.derivedData/Build/Intermediates.noindex/WWCacheManager.build/Debug-watchos/WWCacheManager-t.build/WWCacheManager.modulemap (in target 'WWCacheManager' from project 'WWCacheManager')
    cd /Users/admin/builder/spi-builder-workspace/.dependencies/checkouts/WWCacheManager
    write-file /Users/admin/builder/spi-builder-workspace/.derivedData/Build/Intermediates.noindex/WWCacheManager.build/Debug-watchos/WWCacheManager-t.build/WWCacheManager.modulemap
WriteAuxiliaryFile /Users/admin/builder/spi-builder-workspace/.derivedData/Build/Intermediates.noindex/WWCacheManager.build/Debug-watchos/WWCacheManager-t.build/WWCacheManager.DependencyStaticMetadataFileList (in target 'WWCacheManager' from project 'WWCacheManager')
    cd /Users/admin/builder/spi-builder-workspace/.dependencies/checkouts/WWCacheManager
    write-file /Users/admin/builder/spi-builder-workspace/.derivedData/Build/Intermediates.noindex/WWCacheManager.build/Debug-watchos/WWCacheManager-t.build/WWCacheManager.DependencyStaticMetadataFileList
WriteAuxiliaryFile /Users/admin/builder/spi-builder-workspace/.derivedData/Build/Intermediates.noindex/WWCacheManager.build/Debug-watchos/WWCacheManager-t.build/WWCacheManager.DependencyMetadataFileList (in target 'WWCacheManager' from project 'WWCacheManager')
    cd /Users/admin/builder/spi-builder-workspace/.dependencies/checkouts/WWCacheManager
    write-file /Users/admin/builder/spi-builder-workspace/.derivedData/Build/Intermediates.noindex/WWCacheManager.build/Debug-watchos/WWCacheManager-t.build/WWCacheManager.DependencyMetadataFileList
WriteAuxiliaryFile /Users/admin/builder/spi-builder-workspace/.derivedData/Build/Intermediates.noindex/WWCacheManager.build/Debug-watchos/WWCacheManager-t.build/Objects-normal/arm64_32/WWCacheManager_const_extract_protocols.json (in target 'WWCacheManager' from project 'WWCacheManager')
    cd /Users/admin/builder/spi-builder-workspace/.dependencies/checkouts/WWCacheManager
    write-file /Users/admin/builder/spi-builder-workspace/.derivedData/Build/Intermediates.noindex/WWCacheManager.build/Debug-watchos/WWCacheManager-t.build/Objects-normal/arm64_32/WWCacheManager_const_extract_protocols.json
WriteAuxiliaryFile /Users/admin/builder/spi-builder-workspace/.derivedData/Build/Intermediates.noindex/WWCacheManager.build/Debug-watchos/WWCacheManager-t.build/Objects-normal/arm64_32/WWCacheManager.SwiftFileList (in target 'WWCacheManager' from project 'WWCacheManager')
    cd /Users/admin/builder/spi-builder-workspace/.dependencies/checkouts/WWCacheManager
    write-file /Users/admin/builder/spi-builder-workspace/.derivedData/Build/Intermediates.noindex/WWCacheManager.build/Debug-watchos/WWCacheManager-t.build/Objects-normal/arm64_32/WWCacheManager.SwiftFileList
WriteAuxiliaryFile /Users/admin/builder/spi-builder-workspace/.derivedData/Build/Intermediates.noindex/WWCacheManager.build/Debug-watchos/WWCacheManager-t.build/Objects-normal/arm64_32/WWCacheManager.SwiftConstValuesFileList (in target 'WWCacheManager' from project 'WWCacheManager')
    cd /Users/admin/builder/spi-builder-workspace/.dependencies/checkouts/WWCacheManager
    write-file /Users/admin/builder/spi-builder-workspace/.derivedData/Build/Intermediates.noindex/WWCacheManager.build/Debug-watchos/WWCacheManager-t.build/Objects-normal/arm64_32/WWCacheManager.SwiftConstValuesFileList
WriteAuxiliaryFile /Users/admin/builder/spi-builder-workspace/.derivedData/Build/Intermediates.noindex/WWCacheManager.build/Debug-watchos/WWCacheManager-t.build/Objects-normal/arm64_32/WWCacheManager.LinkFileList (in target 'WWCacheManager' from project 'WWCacheManager')
    cd /Users/admin/builder/spi-builder-workspace/.dependencies/checkouts/WWCacheManager
    write-file /Users/admin/builder/spi-builder-workspace/.derivedData/Build/Intermediates.noindex/WWCacheManager.build/Debug-watchos/WWCacheManager-t.build/Objects-normal/arm64_32/WWCacheManager.LinkFileList
WriteAuxiliaryFile /Users/admin/builder/spi-builder-workspace/.derivedData/Build/Intermediates.noindex/WWCacheManager.build/Debug-watchos/WWCacheManager-t.build/Objects-normal/arm64_32/WWCacheManager-OutputFileMap.json (in target 'WWCacheManager' from project 'WWCacheManager')
    cd /Users/admin/builder/spi-builder-workspace/.dependencies/checkouts/WWCacheManager
    write-file /Users/admin/builder/spi-builder-workspace/.derivedData/Build/Intermediates.noindex/WWCacheManager.build/Debug-watchos/WWCacheManager-t.build/Objects-normal/arm64_32/WWCacheManager-OutputFileMap.json
WriteAuxiliaryFile /Users/admin/builder/spi-builder-workspace/.derivedData/Build/Intermediates.noindex/WWCacheManager.build/Debug-watchos/WWCacheManager-t.build/Objects-normal/arm64/WWCacheManager_const_extract_protocols.json (in target 'WWCacheManager' from project 'WWCacheManager')
    cd /Users/admin/builder/spi-builder-workspace/.dependencies/checkouts/WWCacheManager
    write-file /Users/admin/builder/spi-builder-workspace/.derivedData/Build/Intermediates.noindex/WWCacheManager.build/Debug-watchos/WWCacheManager-t.build/Objects-normal/arm64/WWCacheManager_const_extract_protocols.json
WriteAuxiliaryFile /Users/admin/builder/spi-builder-workspace/.derivedData/Build/Intermediates.noindex/WWCacheManager.build/Debug-watchos/WWCacheManager-t.build/Objects-normal/arm64/WWCacheManager.SwiftFileList (in target 'WWCacheManager' from project 'WWCacheManager')
    cd /Users/admin/builder/spi-builder-workspace/.dependencies/checkouts/WWCacheManager
    write-file /Users/admin/builder/spi-builder-workspace/.derivedData/Build/Intermediates.noindex/WWCacheManager.build/Debug-watchos/WWCacheManager-t.build/Objects-normal/arm64/WWCacheManager.SwiftFileList
WriteAuxiliaryFile /Users/admin/builder/spi-builder-workspace/.derivedData/Build/Intermediates.noindex/WWCacheManager.build/Debug-watchos/WWCacheManager-t.build/Objects-normal/arm64/WWCacheManager.SwiftConstValuesFileList (in target 'WWCacheManager' from project 'WWCacheManager')
    cd /Users/admin/builder/spi-builder-workspace/.dependencies/checkouts/WWCacheManager
    write-file /Users/admin/builder/spi-builder-workspace/.derivedData/Build/Intermediates.noindex/WWCacheManager.build/Debug-watchos/WWCacheManager-t.build/Objects-normal/arm64/WWCacheManager.SwiftConstValuesFileList
WriteAuxiliaryFile /Users/admin/builder/spi-builder-workspace/.derivedData/Build/Intermediates.noindex/WWCacheManager.build/Debug-watchos/WWCacheManager-t.build/Objects-normal/arm64/WWCacheManager.LinkFileList (in target 'WWCacheManager' from project 'WWCacheManager')
    cd /Users/admin/builder/spi-builder-workspace/.dependencies/checkouts/WWCacheManager
    write-file /Users/admin/builder/spi-builder-workspace/.derivedData/Build/Intermediates.noindex/WWCacheManager.build/Debug-watchos/WWCacheManager-t.build/Objects-normal/arm64/WWCacheManager.LinkFileList
WriteAuxiliaryFile /Users/admin/builder/spi-builder-workspace/.derivedData/Build/Intermediates.noindex/WWCacheManager.build/Debug-watchos/WWCacheManager-t.build/Objects-normal/arm64/WWCacheManager-OutputFileMap.json (in target 'WWCacheManager' from project 'WWCacheManager')
    cd /Users/admin/builder/spi-builder-workspace/.dependencies/checkouts/WWCacheManager
    write-file /Users/admin/builder/spi-builder-workspace/.derivedData/Build/Intermediates.noindex/WWCacheManager.build/Debug-watchos/WWCacheManager-t.build/Objects-normal/arm64/WWCacheManager-OutputFileMap.json
WriteAuxiliaryFile /Users/admin/builder/spi-builder-workspace/.derivedData/Build/Intermediates.noindex/WWCacheManager.build/Debug-watchos/WWCacheManager-t.build/DerivedSources/resource_bundle_accessor.swift (in target 'WWCacheManager' from project 'WWCacheManager')
    cd /Users/admin/builder/spi-builder-workspace/.dependencies/checkouts/WWCacheManager
    write-file /Users/admin/builder/spi-builder-workspace/.derivedData/Build/Intermediates.noindex/WWCacheManager.build/Debug-watchos/WWCacheManager-t.build/DerivedSources/resource_bundle_accessor.swift
Copy /Users/admin/builder/spi-builder-workspace/.derivedData/Build/Intermediates.noindex/GeneratedModuleMaps-watchos/WWCacheManager.modulemap /Users/admin/builder/spi-builder-workspace/.derivedData/Build/Intermediates.noindex/WWCacheManager.build/Debug-watchos/WWCacheManager-t.build/WWCacheManager.modulemap (in target 'WWCacheManager' from project 'WWCacheManager')
    cd /Users/admin/builder/spi-builder-workspace/.dependencies/checkouts/WWCacheManager
    builtin-copy -exclude .DS_Store -exclude CVS -exclude .svn -exclude .git -exclude .hg -resolve-src-symlinks /Users/admin/builder/spi-builder-workspace/.derivedData/Build/Intermediates.noindex/WWCacheManager.build/Debug-watchos/WWCacheManager-t.build/WWCacheManager.modulemap /Users/admin/builder/spi-builder-workspace/.derivedData/Build/Intermediates.noindex/GeneratedModuleMaps-watchos
MkDir /Users/admin/builder/spi-builder-workspace/.derivedData/Build/Products/Debug-watchos/WWWebImage_WWWebImage.bundle (in target 'WWWebImage_WWWebImage' from project 'WWWebImage')
    cd /Users/admin/builder/spi-builder-workspace
    /bin/mkdir -p /Users/admin/builder/spi-builder-workspace/.derivedData/Build/Products/Debug-watchos/WWWebImage_WWWebImage.bundle
MkDir /Users/admin/builder/spi-builder-workspace/.derivedData/Build/Products/Debug-watchos/WWCacheManager_WWCacheManager.bundle (in target 'WWCacheManager_WWCacheManager' from project 'WWCacheManager')
    cd /Users/admin/builder/spi-builder-workspace/.dependencies/checkouts/WWCacheManager
    /bin/mkdir -p /Users/admin/builder/spi-builder-workspace/.derivedData/Build/Products/Debug-watchos/WWCacheManager_WWCacheManager.bundle
CpResource /Users/admin/builder/spi-builder-workspace/.derivedData/Build/Products/Debug-watchos/WWWebImage_WWWebImage.bundle/Privacy /Users/admin/builder/spi-builder-workspace/Sources/WWWebImage/Privacy (in target 'WWWebImage_WWWebImage' from project 'WWWebImage')
    cd /Users/admin/builder/spi-builder-workspace
    builtin-copy -exclude .DS_Store -exclude CVS -exclude .svn -exclude .git -exclude .hg -resolve-src-symlinks /Users/admin/builder/spi-builder-workspace/Sources/WWWebImage/Privacy /Users/admin/builder/spi-builder-workspace/.derivedData/Build/Products/Debug-watchos/WWWebImage_WWWebImage.bundle
ProcessInfoPlistFile /Users/admin/builder/spi-builder-workspace/.derivedData/Build/Products/Debug-watchos/WWWebImage_WWWebImage.bundle/Info.plist /Users/admin/builder/spi-builder-workspace/.derivedData/Build/Intermediates.noindex/WWWebImage.build/Debug-watchos/WWWebImage_WWWebImage-b.build/empty-WWWebImage_WWWebImage.plist (in target 'WWWebImage_WWWebImage' from project 'WWWebImage')
    cd /Users/admin/builder/spi-builder-workspace
    builtin-infoPlistUtility /Users/admin/builder/spi-builder-workspace/.derivedData/Build/Intermediates.noindex/WWWebImage.build/Debug-watchos/WWWebImage_WWWebImage-b.build/empty-WWWebImage_WWWebImage.plist -producttype com.apple.product-type.bundle -expandbuildsettings -format binary -platform watchos -o /Users/admin/builder/spi-builder-workspace/.derivedData/Build/Products/Debug-watchos/WWWebImage_WWWebImage.bundle/Info.plist
ProcessInfoPlistFile /Users/admin/builder/spi-builder-workspace/.derivedData/Build/Products/Debug-watchos/WWCacheManager_WWCacheManager.bundle/Info.plist /Users/admin/builder/spi-builder-workspace/.derivedData/Build/Intermediates.noindex/WWCacheManager.build/Debug-watchos/WWCacheManager_WWCacheManager-b.build/empty-WWCacheManager_WWCacheManager.plist (in target 'WWCacheManager_WWCacheManager' from project 'WWCacheManager')
    cd /Users/admin/builder/spi-builder-workspace/.dependencies/checkouts/WWCacheManager
    builtin-infoPlistUtility /Users/admin/builder/spi-builder-workspace/.derivedData/Build/Intermediates.noindex/WWCacheManager.build/Debug-watchos/WWCacheManager_WWCacheManager-b.build/empty-WWCacheManager_WWCacheManager.plist -producttype com.apple.product-type.bundle -expandbuildsettings -format binary -platform watchos -o /Users/admin/builder/spi-builder-workspace/.derivedData/Build/Products/Debug-watchos/WWCacheManager_WWCacheManager.bundle/Info.plist
CpResource /Users/admin/builder/spi-builder-workspace/.derivedData/Build/Products/Debug-watchos/WWCacheManager_WWCacheManager.bundle/Privacy /Users/admin/builder/spi-builder-workspace/.dependencies/checkouts/WWCacheManager/Sources/WWCacheManager/Privacy (in target 'WWCacheManager_WWCacheManager' from project 'WWCacheManager')
    cd /Users/admin/builder/spi-builder-workspace/.dependencies/checkouts/WWCacheManager
    builtin-copy -exclude .DS_Store -exclude CVS -exclude .svn -exclude .git -exclude .hg -resolve-src-symlinks /Users/admin/builder/spi-builder-workspace/.dependencies/checkouts/WWCacheManager/Sources/WWCacheManager/Privacy /Users/admin/builder/spi-builder-workspace/.derivedData/Build/Products/Debug-watchos/WWCacheManager_WWCacheManager.bundle
RegisterExecutionPolicyException /Users/admin/builder/spi-builder-workspace/.derivedData/Build/Products/Debug-watchos/WWWebImage_WWWebImage.bundle (in target 'WWWebImage_WWWebImage' from project 'WWWebImage')
    cd /Users/admin/builder/spi-builder-workspace
    builtin-RegisterExecutionPolicyException /Users/admin/builder/spi-builder-workspace/.derivedData/Build/Products/Debug-watchos/WWWebImage_WWWebImage.bundle
RegisterExecutionPolicyException /Users/admin/builder/spi-builder-workspace/.derivedData/Build/Products/Debug-watchos/WWCacheManager_WWCacheManager.bundle (in target 'WWCacheManager_WWCacheManager' from project 'WWCacheManager')
    cd /Users/admin/builder/spi-builder-workspace/.dependencies/checkouts/WWCacheManager
    builtin-RegisterExecutionPolicyException /Users/admin/builder/spi-builder-workspace/.derivedData/Build/Products/Debug-watchos/WWCacheManager_WWCacheManager.bundle
Touch /Users/admin/builder/spi-builder-workspace/.derivedData/Build/Products/Debug-watchos/WWWebImage_WWWebImage.bundle (in target 'WWWebImage_WWWebImage' from project 'WWWebImage')
    cd /Users/admin/builder/spi-builder-workspace
    /usr/bin/touch -c /Users/admin/builder/spi-builder-workspace/.derivedData/Build/Products/Debug-watchos/WWWebImage_WWWebImage.bundle
Touch /Users/admin/builder/spi-builder-workspace/.derivedData/Build/Products/Debug-watchos/WWCacheManager_WWCacheManager.bundle (in target 'WWCacheManager_WWCacheManager' from project 'WWCacheManager')
    cd /Users/admin/builder/spi-builder-workspace/.dependencies/checkouts/WWCacheManager
    /usr/bin/touch -c /Users/admin/builder/spi-builder-workspace/.derivedData/Build/Products/Debug-watchos/WWCacheManager_WWCacheManager.bundle
SwiftDriver WWCacheManager normal arm64_32 com.apple.xcode.tools.swift.compiler (in target 'WWCacheManager' from project 'WWCacheManager')
    cd /Users/admin/builder/spi-builder-workspace/.swiftpm/xcode
    builtin-SwiftDriver -- /Applications/Xcode-27.0.0-Release.Candidate.app/Contents/Developer/Toolchains/XcodeDefault.xctoolchain/usr/bin/swiftc -parse-as-library -module-name WWCacheManager -Onone @/Users/admin/builder/spi-builder-workspace/.derivedData/Build/Intermediates.noindex/WWCacheManager.build/Debug-watchos/WWCacheManager-t.build/Objects-normal/arm64_32/WWCacheManager.SwiftFileList -DSWIFT_PACKAGE -DDEBUG -DSWIFT_MODULE_RESOURCE_BUNDLE_AVAILABLE -DXcode -plugin-path /Applications/Xcode-27.0.0-Release.Candidate.app/Contents/Developer/Toolchains/XcodeDefault.xctoolchain/usr/lib/swift/host/plugins/testing -enable-experimental-feature DebugDescriptionMacro -sdk /Applications/Xcode-27.0.0-Release.Candidate.app/Contents/Developer/Platforms/WatchOS.platform/Developer/SDKs/WatchOS27.0.sdk -target arm64_32-apple-watchos9.0 -g -module-cache-path /Users/admin/builder/spi-builder-workspace/.derivedData/ModuleCache.noindex -Xfrontend -serialize-debugging-options -enable-testing -suppress-warnings -index-store-path /Users/admin/builder/spi-builder-workspace/.derivedData/Index.noindex/DataStore -Xcc -D_LIBCPP_HARDENING_MODE\=_LIBCPP_HARDENING_MODE_DEBUG -swift-version 5 -I /Users/admin/builder/spi-builder-workspace/.derivedData/Build/Products/Debug-watchos -Isystem /Applications/Xcode-27.0.0-Release.Candidate.app/Contents/Developer/Platforms/WatchOS.platform/Developer/usr/lib -F /Users/admin/builder/spi-builder-workspace/.derivedData/Build/Products/Debug-watchos -F /Applications/Xcode-27.0.0-Release.Candidate.app/Contents/Developer/Platforms/WatchOS.platform/Developer/Library/Frameworks -F /Applications/Xcode-27.0.0-Release.Candidate.app/Contents/Developer/Platforms/WatchOS.platform/Developer/SDKs/WatchOS27.0.sdk/Developer/Library/Frameworks -c -j10 -enable-batch-mode -incremental -Xcc -ivfsstatcache -Xcc /Users/admin/builder/spi-builder-workspace/.derivedData/SDKStatCaches.noindex/watchos27.0-24R360-e829b21a6f8c9b70876ba0858053c04477534ef55a1706bf4c1112bbb242f0a2.sdkstatcache -output-file-map /Users/admin/builder/spi-builder-workspace/.derivedData/Build/Intermediates.noindex/WWCacheManager.build/Debug-watchos/WWCacheManager-t.build/Objects-normal/arm64_32/WWCacheManager-OutputFileMap.json -save-temps -no-color-diagnostics -explicit-module-build -module-cache-path /Users/admin/builder/spi-builder-workspace/.derivedData/Build/Intermediates.noindex/SwiftExplicitPrecompiledModules -clang-scanner-module-cache-path /Users/admin/builder/spi-builder-workspace/.derivedData/ModuleCache.noindex -sdk-module-cache-path /Users/admin/builder/spi-builder-workspace/.derivedData/SDKExplicitPrecompiledModules -emit-dependencies -emit-module -emit-module-path /Users/admin/builder/spi-builder-workspace/.derivedData/Build/Intermediates.noindex/WWCacheManager.build/Debug-watchos/WWCacheManager-t.build/Objects-normal/arm64_32/WWCacheManager.swiftmodule -serialize-diagnostics -dependency-scan-serialize-diagnostics-path /Users/admin/builder/spi-builder-workspace/.derivedData/Build/Intermediates.noindex/WWCacheManager.build/Debug-watchos/WWCacheManager-t.build/Objects-normal/arm64_32/WWCacheManager-dependency-scan.dia -validate-clang-modules-once -clang-build-session-file /Users/admin/builder/spi-builder-workspace/.derivedData/ModuleCache.noindex/Session.modulevalidation -Xcc -fmodules-prune-interval\=86400 -Xcc -fmodules-prune-after\=345600 -emit-const-values -const-gather-protocols-list /Users/admin/builder/spi-builder-workspace/.derivedData/Build/Intermediates.noindex/WWCacheManager.build/Debug-watchos/WWCacheManager-t.build/Objects-normal/arm64_32/WWCacheManager_const_extract_protocols.json -Xcc -I/Users/admin/builder/spi-builder-workspace/.derivedData/Build/Products/Debug-watchos/include -Xcc -I/Users/admin/builder/spi-builder-workspace/.derivedData/Build/Intermediates.noindex/WWCacheManager.build/Debug-watchos/WWCacheManager-t.build/DerivedSources-normal/arm64_32 -Xcc -I/Users/admin/builder/spi-builder-workspace/.derivedData/Build/Intermediates.noindex/WWCacheManager.build/Debug-watchos/WWCacheManager-t.build/DerivedSources/arm64_32 -Xcc -I/Users/admin/builder/spi-builder-workspace/.derivedData/Build/Intermediates.noindex/WWCacheManager.build/Debug-watchos/WWCacheManager-t.build/DerivedSources -Xcc -DSWIFT_PACKAGE -Xcc -DDEBUG\=1 -emit-objc-header -emit-objc-header-path /Users/admin/builder/spi-builder-workspace/.derivedData/Build/Intermediates.noindex/WWCacheManager.build/Debug-watchos/WWCacheManager-t.build/Objects-normal/arm64_32/WWCacheManager-Swift.h -working-directory /Users/admin/builder/spi-builder-workspace/.swiftpm/xcode -experimental-emit-module-separately -disable-cmo
SwiftDriver WWCacheManager normal arm64 com.apple.xcode.tools.swift.compiler (in target 'WWCacheManager' from project 'WWCacheManager')
    cd /Users/admin/builder/spi-builder-workspace/.swiftpm/xcode
    builtin-SwiftDriver -- /Applications/Xcode-27.0.0-Release.Candidate.app/Contents/Developer/Toolchains/XcodeDefault.xctoolchain/usr/bin/swiftc -parse-as-library -module-name WWCacheManager -Onone @/Users/admin/builder/spi-builder-workspace/.derivedData/Build/Intermediates.noindex/WWCacheManager.build/Debug-watchos/WWCacheManager-t.build/Objects-normal/arm64/WWCacheManager.SwiftFileList -DSWIFT_PACKAGE -DDEBUG -DSWIFT_MODULE_RESOURCE_BUNDLE_AVAILABLE -DXcode -plugin-path /Applications/Xcode-27.0.0-Release.Candidate.app/Contents/Developer/Toolchains/XcodeDefault.xctoolchain/usr/lib/swift/host/plugins/testing -enable-experimental-feature DebugDescriptionMacro -sdk /Applications/Xcode-27.0.0-Release.Candidate.app/Contents/Developer/Platforms/WatchOS.platform/Developer/SDKs/WatchOS27.0.sdk -target arm64-apple-watchos9.0 -g -module-cache-path /Users/admin/builder/spi-builder-workspace/.derivedData/ModuleCache.noindex -Xfrontend -serialize-debugging-options -enable-testing -suppress-warnings -index-store-path /Users/admin/builder/spi-builder-workspace/.derivedData/Index.noindex/DataStore -Xcc -D_LIBCPP_HARDENING_MODE\=_LIBCPP_HARDENING_MODE_DEBUG -swift-version 5 -I /Users/admin/builder/spi-builder-workspace/.derivedData/Build/Products/Debug-watchos -Isystem /Applications/Xcode-27.0.0-Release.Candidate.app/Contents/Developer/Platforms/WatchOS.platform/Developer/usr/lib -F /Users/admin/builder/spi-builder-workspace/.derivedData/Build/Products/Debug-watchos -F /Applications/Xcode-27.0.0-Release.Candidate.app/Contents/Developer/Platforms/WatchOS.platform/Developer/Library/Frameworks -F /Applications/Xcode-27.0.0-Release.Candidate.app/Contents/Developer/Platforms/WatchOS.platform/Developer/SDKs/WatchOS27.0.sdk/Developer/Library/Frameworks -c -j10 -enable-batch-mode -incremental -Xcc -ivfsstatcache -Xcc /Users/admin/builder/spi-builder-workspace/.derivedData/SDKStatCaches.noindex/watchos27.0-24R360-e829b21a6f8c9b70876ba0858053c04477534ef55a1706bf4c1112bbb242f0a2.sdkstatcache -output-file-map /Users/admin/builder/spi-builder-workspace/.derivedData/Build/Intermediates.noindex/WWCacheManager.build/Debug-watchos/WWCacheManager-t.build/Objects-normal/arm64/WWCacheManager-OutputFileMap.json -save-temps -no-color-diagnostics -explicit-module-build -module-cache-path /Users/admin/builder/spi-builder-workspace/.derivedData/Build/Intermediates.noindex/SwiftExplicitPrecompiledModules -clang-scanner-module-cache-path /Users/admin/builder/spi-builder-workspace/.derivedData/ModuleCache.noindex -sdk-module-cache-path /Users/admin/builder/spi-builder-workspace/.derivedData/SDKExplicitPrecompiledModules -emit-dependencies -emit-module -emit-module-path /Users/admin/builder/spi-builder-workspace/.derivedData/Build/Intermediates.noindex/WWCacheManager.build/Debug-watchos/WWCacheManager-t.build/Objects-normal/arm64/WWCacheManager.swiftmodule -serialize-diagnostics -dependency-scan-serialize-diagnostics-path /Users/admin/builder/spi-builder-workspace/.derivedData/Build/Intermediates.noindex/WWCacheManager.build/Debug-watchos/WWCacheManager-t.build/Objects-normal/arm64/WWCacheManager-dependency-scan.dia -validate-clang-modules-once -clang-build-session-file /Users/admin/builder/spi-builder-workspace/.derivedData/ModuleCache.noindex/Session.modulevalidation -Xcc -fmodules-prune-interval\=86400 -Xcc -fmodules-prune-after\=345600 -emit-const-values -const-gather-protocols-list /Users/admin/builder/spi-builder-workspace/.derivedData/Build/Intermediates.noindex/WWCacheManager.build/Debug-watchos/WWCacheManager-t.build/Objects-normal/arm64/WWCacheManager_const_extract_protocols.json -Xcc -I/Users/admin/builder/spi-builder-workspace/.derivedData/Build/Products/Debug-watchos/include -Xcc -I/Users/admin/builder/spi-builder-workspace/.derivedData/Build/Intermediates.noindex/WWCacheManager.build/Debug-watchos/WWCacheManager-t.build/DerivedSources-normal/arm64 -Xcc -I/Users/admin/builder/spi-builder-workspace/.derivedData/Build/Intermediates.noindex/WWCacheManager.build/Debug-watchos/WWCacheManager-t.build/DerivedSources/arm64 -Xcc -I/Users/admin/builder/spi-builder-workspace/.derivedData/Build/Intermediates.noindex/WWCacheManager.build/Debug-watchos/WWCacheManager-t.build/DerivedSources -Xcc -DSWIFT_PACKAGE -Xcc -DDEBUG\=1 -emit-objc-header -emit-objc-header-path /Users/admin/builder/spi-builder-workspace/.derivedData/Build/Intermediates.noindex/WWCacheManager.build/Debug-watchos/WWCacheManager-t.build/Objects-normal/arm64/WWCacheManager-Swift.h -working-directory /Users/admin/builder/spi-builder-workspace/.swiftpm/xcode -experimental-emit-module-separately -disable-cmo
SwiftExplicitDependencyGeneratePcm arm64_32 /Users/admin/builder/spi-builder-workspace/.derivedData/SDKExplicitPrecompiledModules/_Builtin_stddef-H44EFHQX6XSS5MZ7QP6YJZ76.pcm
SwiftExplicitDependencyGeneratePcm arm64_32 /Users/admin/builder/spi-builder-workspace/.derivedData/SDKExplicitPrecompiledModules/_SwiftConcurrencyShims-6RTBPQ03V7BM9SPRK8SUE055H.pcm
SwiftExplicitDependencyGeneratePcm arm64_32 /Users/admin/builder/spi-builder-workspace/.derivedData/SDKExplicitPrecompiledModules/ptrcheck-7ELIH9BTIGVKX3UBITM9N72WD.pcm
SwiftExplicitDependencyGeneratePcm arm64_32 /Users/admin/builder/spi-builder-workspace/.derivedData/SDKExplicitPrecompiledModules/_Builtin_float-6KO8O3PEWRCA4WC6PPLOYO6WJ.pcm
SwiftExplicitDependencyGeneratePcm arm64_32 /Users/admin/builder/spi-builder-workspace/.derivedData/SDKExplicitPrecompiledModules/ptrauth-BFXF358ME5AK535N5A9Z766WU.pcm
SwiftExplicitDependencyGeneratePcm arm64_32 /Users/admin/builder/spi-builder-workspace/.derivedData/SDKExplicitPrecompiledModules/SwiftShims-9CQQGWTSNTN9EB5NSHDWUJICH.pcm
SwiftExplicitDependencyGeneratePcm arm64_32 /Users/admin/builder/spi-builder-workspace/.derivedData/SDKExplicitPrecompiledModules/_AvailabilityInternal-244WAN3Z1QBT7PIA64EZEFY1R.pcm
SwiftExplicitDependencyGeneratePcm arm64_32 /Users/admin/builder/spi-builder-workspace/.derivedData/SDKExplicitPrecompiledModules/_Builtin_stdarg-D305JG44A2WPI6CJY37X3QJE8.pcm
SwiftExplicitDependencyGeneratePcm arm64 /Users/admin/builder/spi-builder-workspace/.derivedData/SDKExplicitPrecompiledModules/_Builtin_stdarg-A7UU8LE6MP85SM26YO7PBZNUQ.pcm
SwiftExplicitDependencyGeneratePcm arm64 /Users/admin/builder/spi-builder-workspace/.derivedData/SDKExplicitPrecompiledModules/ptrcheck-AIF0NDOYZ8ORBNHQAQR5NNB8M.pcm
SwiftExplicitDependencyGeneratePcm arm64 /Users/admin/builder/spi-builder-workspace/.derivedData/SDKExplicitPrecompiledModules/_Builtin_float-C0CW5Q4HGBQYKE77TC42IAFB5.pcm
SwiftExplicitDependencyGeneratePcm arm64 /Users/admin/builder/spi-builder-workspace/.derivedData/SDKExplicitPrecompiledModules/_AvailabilityInternal-BUNV3UXM65NT37THI4W1AM0SF.pcm
SwiftExplicitDependencyGeneratePcm arm64 /Users/admin/builder/spi-builder-workspace/.derivedData/SDKExplicitPrecompiledModules/_Builtin_stddef-1FU30Y8SWFB7OUUHMJQH5J6FM.pcm
SwiftExplicitDependencyGeneratePcm arm64 /Users/admin/builder/spi-builder-workspace/.derivedData/SDKExplicitPrecompiledModules/SwiftShims-4MXFZPV6FEB0XBYXCGPWAMQGL.pcm
SwiftExplicitDependencyGeneratePcm arm64_32 /Users/admin/builder/spi-builder-workspace/.derivedData/SDKExplicitPrecompiledModules/_Builtin_stdbool-A967K8W8YUYEC9SN52KJ7OO88.pcm
SwiftExplicitDependencyGeneratePcm arm64 /Users/admin/builder/spi-builder-workspace/.derivedData/SDKExplicitPrecompiledModules/ptrauth-3TZ9WJCGLYD25HQPWH4968ONX.pcm
SwiftExplicitDependencyGeneratePcm arm64 /Users/admin/builder/spi-builder-workspace/.derivedData/SDKExplicitPrecompiledModules/_SwiftConcurrencyShims-659N52XSKR5F0QSB880BH2FJR.pcm
SwiftExplicitDependencyGeneratePcm arm64 /Users/admin/builder/spi-builder-workspace/.derivedData/SDKExplicitPrecompiledModules/_Builtin_stdbool-83J96QSOFE9VX04AAS6310UAE.pcm
SwiftExplicitDependencyGeneratePcm arm64_32 /Users/admin/builder/spi-builder-workspace/.derivedData/SDKExplicitPrecompiledModules/_DarwinFoundation1-2GWF9RFMPLQW4PDHS3NARVI3G.pcm
SwiftExplicitDependencyGeneratePcm arm64 /Users/admin/builder/spi-builder-workspace/.derivedData/SDKExplicitPrecompiledModules/_DarwinFoundation1-7SPX3MD0HMP55E4OLNCPNDQ53.pcm
SwiftExplicitDependencyGeneratePcm arm64_32 /Users/admin/builder/spi-builder-workspace/.derivedData/SDKExplicitPrecompiledModules/_DarwinFoundation2-9MY8GOSYRO0M9MKNXF6D3MBNK.pcm
SwiftExplicitDependencyGeneratePcm arm64_32 /Users/admin/builder/spi-builder-workspace/.derivedData/SDKExplicitPrecompiledModules/_Builtin_limits-3VKBU2AFTD65PAJZ5CJ3LHFM2.pcm
SwiftExplicitDependencyGeneratePcm arm64 /Users/admin/builder/spi-builder-workspace/.derivedData/SDKExplicitPrecompiledModules/_Builtin_limits-9GWPA2B0H20DYUNYHYCWKABJG.pcm
SwiftExplicitDependencyGeneratePcm arm64 /Users/admin/builder/spi-builder-workspace/.derivedData/SDKExplicitPrecompiledModules/_DarwinFoundation2-D0XAPJU49S5E9XMKYOFGSTB1Q.pcm
SwiftExplicitDependencyGeneratePcm arm64_32 /Users/admin/builder/spi-builder-workspace/.derivedData/SDKExplicitPrecompiledModules/_Builtin_stdint-1HMXWI3V0V4TXHRWZOMZGZ80Y.pcm
SwiftExplicitDependencyGeneratePcm arm64_32 /Users/admin/builder/spi-builder-workspace/.derivedData/SDKExplicitPrecompiledModules/string_h-BFVLUQUSBZWYMLCU9QI7VZALW.pcm
SwiftExplicitDependencyGeneratePcm arm64_32 /Users/admin/builder/spi-builder-workspace/.derivedData/SDKExplicitPrecompiledModules/sys_types-8TLLMW08ZJWDGIIPKOYFGHHZW.pcm
SwiftExplicitDependencyGeneratePcm arm64 /Users/admin/builder/spi-builder-workspace/.derivedData/SDKExplicitPrecompiledModules/_Builtin_stdint-8XMILLJZEGRN2XG7XZUXZ5RLX.pcm
SwiftExplicitDependencyGeneratePcm arm64 /Users/admin/builder/spi-builder-workspace/.derivedData/SDKExplicitPrecompiledModules/string_h-E6PRXK75PHIPCZFWOFCQ3QBMK.pcm
SwiftExplicitDependencyGeneratePcm arm64 /Users/admin/builder/spi-builder-workspace/.derivedData/SDKExplicitPrecompiledModules/sys_types-2KXQLI78OUCDP779AE68GZJ2.pcm
SwiftExplicitDependencyGeneratePcm arm64_32 /Users/admin/builder/spi-builder-workspace/.derivedData/SDKExplicitPrecompiledModules/_DarwinFoundation3-3DUTYQDQSD9HUAAVY947NMWOI.pcm
SwiftExplicitDependencyGeneratePcm arm64 /Users/admin/builder/spi-builder-workspace/.derivedData/SDKExplicitPrecompiledModules/_DarwinFoundation3-B97LRG0E9GON2NUE65TVG81HU.pcm
SwiftExplicitDependencyGeneratePcm arm64_32 /Users/admin/builder/spi-builder-workspace/.derivedData/SDKExplicitPrecompiledModules/_Builtin_inttypes-D2KPCR4PEX9AQA33NGLUT5SBR.pcm
SwiftExplicitDependencyGeneratePcm arm64 /Users/admin/builder/spi-builder-workspace/.derivedData/SDKExplicitPrecompiledModules/_Builtin_inttypes-3UQSCM7WNM9EK4HZML8TY5J3D.pcm
SwiftExplicitDependencyGeneratePcm arm64_32 /Users/admin/builder/spi-builder-workspace/.derivedData/SDKExplicitPrecompiledModules/Darwin-3FVT1SKLN2ZQ5RVOABMTQBB34.pcm
SwiftExplicitDependencyGeneratePcm arm64 /Users/admin/builder/spi-builder-workspace/.derivedData/SDKExplicitPrecompiledModules/Darwin-3984OXKFNSPE77NT743WK8SEX.pcm
SwiftExplicitDependencyGeneratePcm arm64_32 /Users/admin/builder/spi-builder-workspace/.derivedData/SDKExplicitPrecompiledModules/ObjectiveC-6IJNELR2E80E7LUKESVCP2KET.pcm
SwiftExplicitDependencyGeneratePcm arm64 /Users/admin/builder/spi-builder-workspace/.derivedData/SDKExplicitPrecompiledModules/ObjectiveC-72IVD3VS2RS8Q28D9PIMY0KQP.pcm
SwiftExplicitDependencyGeneratePcm arm64_32 /Users/admin/builder/spi-builder-workspace/.derivedData/SDKExplicitPrecompiledModules/os_object-5YWTC6L4756IWSTPGXS5NM0D0.pcm
SwiftExplicitDependencyGeneratePcm arm64 /Users/admin/builder/spi-builder-workspace/.derivedData/SDKExplicitPrecompiledModules/os_object-3SDKD7F87FTZ26OON37DRYT6O.pcm
SwiftExplicitDependencyGeneratePcm arm64_32 /Users/admin/builder/spi-builder-workspace/.derivedData/SDKExplicitPrecompiledModules/os_workgroup-5JHTPDMNBUNHLJI8LPHKQK1JK.pcm
SwiftExplicitDependencyGeneratePcm arm64 /Users/admin/builder/spi-builder-workspace/.derivedData/SDKExplicitPrecompiledModules/os_workgroup-89GG5G7YC2D0ZTK6AZXXQ20DH.pcm
SwiftExplicitDependencyGeneratePcm arm64_32 /Users/admin/builder/spi-builder-workspace/.derivedData/SDKExplicitPrecompiledModules/Dispatch-2P62F1T4XV63S4P99TUDTOK2Q.pcm
SwiftExplicitDependencyGeneratePcm arm64 /Users/admin/builder/spi-builder-workspace/.derivedData/SDKExplicitPrecompiledModules/Dispatch-1NLJOVAK60XP0DUB05XA59EIM.pcm
SwiftExplicitDependencyGeneratePcm arm64_32 /Users/admin/builder/spi-builder-workspace/.derivedData/SDKExplicitPrecompiledModules/CoreFoundation-8E6Y4BA3EXYKUGJ24GT9LGV3N.pcm
SwiftExplicitDependencyGeneratePcm arm64_32 /Users/admin/builder/spi-builder-workspace/.derivedData/SDKExplicitPrecompiledModules/XPC-81Y45QFY96XYYFCW2GT6FY8S4.pcm
SwiftExplicitDependencyGeneratePcm arm64 /Users/admin/builder/spi-builder-workspace/.derivedData/SDKExplicitPrecompiledModules/CoreFoundation-8T2L24YC5NU7WO6WQJWRY7W08.pcm
SwiftExplicitDependencyGeneratePcm arm64 /Users/admin/builder/spi-builder-workspace/.derivedData/SDKExplicitPrecompiledModules/XPC-40DR0X1DHKGCV4J1IOLFS8MOU.pcm
SwiftExplicitDependencyGeneratePcm arm64_32 /Users/admin/builder/spi-builder-workspace/.derivedData/SDKExplicitPrecompiledModules/Security-D7TOWF88VWF67TB9HAFP5UWB1.pcm
SwiftExplicitDependencyGeneratePcm arm64 /Users/admin/builder/spi-builder-workspace/.derivedData/SDKExplicitPrecompiledModules/Security-6RZ6YBRU8WCUHRFFRVUK5WKMM.pcm
SwiftExplicitDependencyGeneratePcm arm64_32 /Users/admin/builder/spi-builder-workspace/.derivedData/SDKExplicitPrecompiledModules/Foundation-BJ2VQGI3OGR34500MEQ1VKHPH.pcm
SwiftExplicitDependencyGeneratePcm arm64 /Users/admin/builder/spi-builder-workspace/.derivedData/SDKExplicitPrecompiledModules/Foundation-DLBKUSGXN8QHAT8W0OARR9S8A.pcm
SwiftEmitModule normal arm64_32 Emitting\ module\ for\ WWCacheManager (in target 'WWCacheManager' from project 'WWCacheManager')
SwiftCompile normal arm64_32 (in target 'WWCacheManager' from project 'WWCacheManager')
    cd /Users/admin/builder/spi-builder-workspace/.swiftpm/xcode

SwiftCompile normal arm64_32 Compiling\ resource_bundle_accessor.swift /Users/admin/builder/spi-builder-workspace/.derivedData/Build/Intermediates.noindex/WWCacheManager.build/Debug-watchos/WWCacheManager-t.build/DerivedSources/resource_bundle_accessor.swift (in target 'WWCacheManager' from project 'WWCacheManager')
SwiftCompile normal arm64_32 /Users/admin/builder/spi-builder-workspace/.derivedData/Build/Intermediates.noindex/WWCacheManager.build/Debug-watchos/WWCacheManager-t.build/DerivedSources/resource_bundle_accessor.swift (in target 'WWCacheManager' from project 'WWCacheManager')
    cd /Users/admin/builder/spi-builder-workspace/.swiftpm/xcode
    builtin-SwiftPerFileCompile resource_bundle_accessor.swift
SwiftCompile normal arm64_32 Compiling\ WWCacheValue.swift /Users/admin/builder/spi-builder-workspace/.dependencies/checkouts/WWCacheManager/Sources/WWCacheManager/WWCacheValue.swift (in target 'WWCacheManager' from project 'WWCacheManager')
SwiftCompile normal arm64_32 /Users/admin/builder/spi-builder-workspace/.dependencies/checkouts/WWCacheManager/Sources/WWCacheManager/WWCacheValue.swift (in target 'WWCacheManager' from project 'WWCacheManager')
    cd /Users/admin/builder/spi-builder-workspace/.swiftpm/xcode
    builtin-SwiftPerFileCompile WWCacheValue.swift
SwiftCompile normal arm64_32 Compiling\ WWCacheManager.swift /Users/admin/builder/spi-builder-workspace/.dependencies/checkouts/WWCacheManager/Sources/WWCacheManager/WWCacheManager.swift (in target 'WWCacheManager' from project 'WWCacheManager')
SwiftCompile normal arm64_32 /Users/admin/builder/spi-builder-workspace/.dependencies/checkouts/WWCacheManager/Sources/WWCacheManager/WWCacheManager.swift (in target 'WWCacheManager' from project 'WWCacheManager')
    cd /Users/admin/builder/spi-builder-workspace/.swiftpm/xcode
    builtin-SwiftPerFileCompile WWCacheManager.swift
SwiftCompile normal arm64 Compiling\ WWCacheManager.swift /Users/admin/builder/spi-builder-workspace/.dependencies/checkouts/WWCacheManager/Sources/WWCacheManager/WWCacheManager.swift (in target 'WWCacheManager' from project 'WWCacheManager')
SwiftCompile normal arm64 /Users/admin/builder/spi-builder-workspace/.dependencies/checkouts/WWCacheManager/Sources/WWCacheManager/WWCacheManager.swift (in target 'WWCacheManager' from project 'WWCacheManager')
    cd /Users/admin/builder/spi-builder-workspace/.swiftpm/xcode
    builtin-SwiftPerFileCompile WWCacheManager.swift
SwiftEmitModule normal arm64 Emitting\ module\ for\ WWCacheManager (in target 'WWCacheManager' from project 'WWCacheManager')
SwiftCompile normal arm64 (in target 'WWCacheManager' from project 'WWCacheManager')
    cd /Users/admin/builder/spi-builder-workspace/.swiftpm/xcode

SwiftCompile normal arm64 Compiling\ WWCacheValue.swift /Users/admin/builder/spi-builder-workspace/.dependencies/checkouts/WWCacheManager/Sources/WWCacheManager/WWCacheValue.swift (in target 'WWCacheManager' from project 'WWCacheManager')
SwiftCompile normal arm64 /Users/admin/builder/spi-builder-workspace/.dependencies/checkouts/WWCacheManager/Sources/WWCacheManager/WWCacheValue.swift (in target 'WWCacheManager' from project 'WWCacheManager')
    cd /Users/admin/builder/spi-builder-workspace/.swiftpm/xcode
    builtin-SwiftPerFileCompile WWCacheValue.swift
SwiftCompile normal arm64 Compiling\ resource_bundle_accessor.swift /Users/admin/builder/spi-builder-workspace/.derivedData/Build/Intermediates.noindex/WWCacheManager.build/Debug-watchos/WWCacheManager-t.build/DerivedSources/resource_bundle_accessor.swift (in target 'WWCacheManager' from project 'WWCacheManager')
SwiftCompile normal arm64 /Users/admin/builder/spi-builder-workspace/.derivedData/Build/Intermediates.noindex/WWCacheManager.build/Debug-watchos/WWCacheManager-t.build/DerivedSources/resource_bundle_accessor.swift (in target 'WWCacheManager' from project 'WWCacheManager')
    cd /Users/admin/builder/spi-builder-workspace/.swiftpm/xcode
    builtin-SwiftPerFileCompile resource_bundle_accessor.swift
SwiftDriverJobDiscovery normal arm64_32 Emitting module for WWCacheManager (in target 'WWCacheManager' from project 'WWCacheManager')
SwiftDriver\ Compilation\ Requirements WWCacheManager normal arm64_32 com.apple.xcode.tools.swift.compiler (in target 'WWCacheManager' from project 'WWCacheManager')
    cd /Users/admin/builder/spi-builder-workspace/.swiftpm/xcode
    builtin-Swift-Compilation-Requirements -- /Applications/Xcode-27.0.0-Release.Candidate.app/Contents/Developer/Toolchains/XcodeDefault.xctoolchain/usr/bin/swiftc -parse-as-library -module-name WWCacheManager -Onone @/Users/admin/builder/spi-builder-workspace/.derivedData/Build/Intermediates.noindex/WWCacheManager.build/Debug-watchos/WWCacheManager-t.build/Objects-normal/arm64_32/WWCacheManager.SwiftFileList -DSWIFT_PACKAGE -DDEBUG -DSWIFT_MODULE_RESOURCE_BUNDLE_AVAILABLE -DXcode -plugin-path /Applications/Xcode-27.0.0-Release.Candidate.app/Contents/Developer/Toolchains/XcodeDefault.xctoolchain/usr/lib/swift/host/plugins/testing -enable-experimental-feature DebugDescriptionMacro -sdk /Applications/Xcode-27.0.0-Release.Candidate.app/Contents/Developer/Platforms/WatchOS.platform/Developer/SDKs/WatchOS27.0.sdk -target arm64_32-apple-watchos9.0 -g -module-cache-path /Users/admin/builder/spi-builder-workspace/.derivedData/ModuleCache.noindex -Xfrontend -serialize-debugging-options -enable-testing -suppress-warnings -index-store-path /Users/admin/builder/spi-builder-workspace/.derivedData/Index.noindex/DataStore -Xcc -D_LIBCPP_HARDENING_MODE\=_LIBCPP_HARDENING_MODE_DEBUG -swift-version 5 -I /Users/admin/builder/spi-builder-workspace/.derivedData/Build/Products/Debug-watchos -Isystem /Applications/Xcode-27.0.0-Release.Candidate.app/Contents/Developer/Platforms/WatchOS.platform/Developer/usr/lib -F /Users/admin/builder/spi-builder-workspace/.derivedData/Build/Products/Debug-watchos -F /Applications/Xcode-27.0.0-Release.Candidate.app/Contents/Developer/Platforms/WatchOS.platform/Developer/Library/Frameworks -F /Applications/Xcode-27.0.0-Release.Candidate.app/Contents/Developer/Platforms/WatchOS.platform/Developer/SDKs/WatchOS27.0.sdk/Developer/Library/Frameworks -c -j10 -enable-batch-mode -incremental -Xcc -ivfsstatcache -Xcc /Users/admin/builder/spi-builder-workspace/.derivedData/SDKStatCaches.noindex/watchos27.0-24R360-e829b21a6f8c9b70876ba0858053c04477534ef55a1706bf4c1112bbb242f0a2.sdkstatcache -output-file-map /Users/admin/builder/spi-builder-workspace/.derivedData/Build/Intermediates.noindex/WWCacheManager.build/Debug-watchos/WWCacheManager-t.build/Objects-normal/arm64_32/WWCacheManager-OutputFileMap.json -save-temps -no-color-diagnostics -explicit-module-build -module-cache-path /Users/admin/builder/spi-builder-workspace/.derivedData/Build/Intermediates.noindex/SwiftExplicitPrecompiledModules -clang-scanner-module-cache-path /Users/admin/builder/spi-builder-workspace/.derivedData/ModuleCache.noindex -sdk-module-cache-path /Users/admin/builder/spi-builder-workspace/.derivedData/SDKExplicitPrecompiledModules -emit-dependencies -emit-module -emit-module-path /Users/admin/builder/spi-builder-workspace/.derivedData/Build/Intermediates.noindex/WWCacheManager.build/Debug-watchos/WWCacheManager-t.build/Objects-normal/arm64_32/WWCacheManager.swiftmodule -serialize-diagnostics -dependency-scan-serialize-diagnostics-path /Users/admin/builder/spi-builder-workspace/.derivedData/Build/Intermediates.noindex/WWCacheManager.build/Debug-watchos/WWCacheManager-t.build/Objects-normal/arm64_32/WWCacheManager-dependency-scan.dia -validate-clang-modules-once -clang-build-session-file /Users/admin/builder/spi-builder-workspace/.derivedData/ModuleCache.noindex/Session.modulevalidation -Xcc -fmodules-prune-interval\=86400 -Xcc -fmodules-prune-after\=345600 -emit-const-values -const-gather-protocols-list /Users/admin/builder/spi-builder-workspace/.derivedData/Build/Intermediates.noindex/WWCacheManager.build/Debug-watchos/WWCacheManager-t.build/Objects-normal/arm64_32/WWCacheManager_const_extract_protocols.json -Xcc -I/Users/admin/builder/spi-builder-workspace/.derivedData/Build/Products/Debug-watchos/include -Xcc -I/Users/admin/builder/spi-builder-workspace/.derivedData/Build/Intermediates.noindex/WWCacheManager.build/Debug-watchos/WWCacheManager-t.build/DerivedSources-normal/arm64_32 -Xcc -I/Users/admin/builder/spi-builder-workspace/.derivedData/Build/Intermediates.noindex/WWCacheManager.build/Debug-watchos/WWCacheManager-t.build/DerivedSources/arm64_32 -Xcc -I/Users/admin/builder/spi-builder-workspace/.derivedData/Build/Intermediates.noindex/WWCacheManager.build/Debug-watchos/WWCacheManager-t.build/DerivedSources -Xcc -DSWIFT_PACKAGE -Xcc -DDEBUG\=1 -emit-objc-header -emit-objc-header-path /Users/admin/builder/spi-builder-workspace/.derivedData/Build/Intermediates.noindex/WWCacheManager.build/Debug-watchos/WWCacheManager-t.build/Objects-normal/arm64_32/WWCacheManager-Swift.h -working-directory /Users/admin/builder/spi-builder-workspace/.swiftpm/xcode -experimental-emit-module-separately -disable-cmo
Copy /Users/admin/builder/spi-builder-workspace/.derivedData/Build/Products/Debug-watchos/WWCacheManager.swiftmodule/arm64_32-apple-watchos.swiftdoc /Users/admin/builder/spi-builder-workspace/.derivedData/Build/Intermediates.noindex/WWCacheManager.build/Debug-watchos/WWCacheManager-t.build/Objects-normal/arm64_32/WWCacheManager.swiftdoc (in target 'WWCacheManager' from project 'WWCacheManager')
    cd /Users/admin/builder/spi-builder-workspace/.dependencies/checkouts/WWCacheManager
    builtin-copy -exclude .DS_Store -exclude CVS -exclude .svn -exclude .git -exclude .hg -resolve-src-symlinks -rename /Users/admin/builder/spi-builder-workspace/.derivedData/Build/Intermediates.noindex/WWCacheManager.build/Debug-watchos/WWCacheManager-t.build/Objects-normal/arm64_32/WWCacheManager.swiftdoc /Users/admin/builder/spi-builder-workspace/.derivedData/Build/Products/Debug-watchos/WWCacheManager.swiftmodule/arm64_32-apple-watchos.swiftdoc
Copy /Users/admin/builder/spi-builder-workspace/.derivedData/Build/Products/Debug-watchos/WWCacheManager.swiftmodule/arm64_32-apple-watchos.swiftmodule /Users/admin/builder/spi-builder-workspace/.derivedData/Build/Intermediates.noindex/WWCacheManager.build/Debug-watchos/WWCacheManager-t.build/Objects-normal/arm64_32/WWCacheManager.swiftmodule (in target 'WWCacheManager' from project 'WWCacheManager')
    cd /Users/admin/builder/spi-builder-workspace/.dependencies/checkouts/WWCacheManager
    builtin-copy -exclude .DS_Store -exclude CVS -exclude .svn -exclude .git -exclude .hg -resolve-src-symlinks -rename /Users/admin/builder/spi-builder-workspace/.derivedData/Build/Intermediates.noindex/WWCacheManager.build/Debug-watchos/WWCacheManager-t.build/Objects-normal/arm64_32/WWCacheManager.swiftmodule /Users/admin/builder/spi-builder-workspace/.derivedData/Build/Products/Debug-watchos/WWCacheManager.swiftmodule/arm64_32-apple-watchos.swiftmodule
Copy /Users/admin/builder/spi-builder-workspace/.derivedData/Build/Products/Debug-watchos/WWCacheManager.swiftmodule/arm64_32-apple-watchos.abi.json /Users/admin/builder/spi-builder-workspace/.derivedData/Build/Intermediates.noindex/WWCacheManager.build/Debug-watchos/WWCacheManager-t.build/Objects-normal/arm64_32/WWCacheManager.abi.json (in target 'WWCacheManager' from project 'WWCacheManager')
    cd /Users/admin/builder/spi-builder-workspace/.dependencies/checkouts/WWCacheManager
    builtin-copy -exclude .DS_Store -exclude CVS -exclude .svn -exclude .git -exclude .hg -resolve-src-symlinks -rename /Users/admin/builder/spi-builder-workspace/.derivedData/Build/Intermediates.noindex/WWCacheManager.build/Debug-watchos/WWCacheManager-t.build/Objects-normal/arm64_32/WWCacheManager.abi.json /Users/admin/builder/spi-builder-workspace/.derivedData/Build/Products/Debug-watchos/WWCacheManager.swiftmodule/arm64_32-apple-watchos.abi.json
Copy /Users/admin/builder/spi-builder-workspace/.derivedData/Build/Products/Debug-watchos/WWCacheManager.swiftmodule/Project/arm64_32-apple-watchos.swiftsourceinfo /Users/admin/builder/spi-builder-workspace/.derivedData/Build/Intermediates.noindex/WWCacheManager.build/Debug-watchos/WWCacheManager-t.build/Objects-normal/arm64_32/WWCacheManager.swiftsourceinfo (in target 'WWCacheManager' from project 'WWCacheManager')
    cd /Users/admin/builder/spi-builder-workspace/.dependencies/checkouts/WWCacheManager
    builtin-copy -exclude .DS_Store -exclude CVS -exclude .svn -exclude .git -exclude .hg -resolve-src-symlinks -rename /Users/admin/builder/spi-builder-workspace/.derivedData/Build/Intermediates.noindex/WWCacheManager.build/Debug-watchos/WWCacheManager-t.build/Objects-normal/arm64_32/WWCacheManager.swiftsourceinfo /Users/admin/builder/spi-builder-workspace/.derivedData/Build/Products/Debug-watchos/WWCacheManager.swiftmodule/Project/arm64_32-apple-watchos.swiftsourceinfo
SwiftDriverJobDiscovery normal arm64 Emitting module for WWCacheManager (in target 'WWCacheManager' from project 'WWCacheManager')
SwiftDriver\ Compilation\ Requirements WWCacheManager normal arm64 com.apple.xcode.tools.swift.compiler (in target 'WWCacheManager' from project 'WWCacheManager')
    cd /Users/admin/builder/spi-builder-workspace/.swiftpm/xcode
    builtin-Swift-Compilation-Requirements -- /Applications/Xcode-27.0.0-Release.Candidate.app/Contents/Developer/Toolchains/XcodeDefault.xctoolchain/usr/bin/swiftc -parse-as-library -module-name WWCacheManager -Onone @/Users/admin/builder/spi-builder-workspace/.derivedData/Build/Intermediates.noindex/WWCacheManager.build/Debug-watchos/WWCacheManager-t.build/Objects-normal/arm64/WWCacheManager.SwiftFileList -DSWIFT_PACKAGE -DDEBUG -DSWIFT_MODULE_RESOURCE_BUNDLE_AVAILABLE -DXcode -plugin-path /Applications/Xcode-27.0.0-Release.Candidate.app/Contents/Developer/Toolchains/XcodeDefault.xctoolchain/usr/lib/swift/host/plugins/testing -enable-experimental-feature DebugDescriptionMacro -sdk /Applications/Xcode-27.0.0-Release.Candidate.app/Contents/Developer/Platforms/WatchOS.platform/Developer/SDKs/WatchOS27.0.sdk -target arm64-apple-watchos9.0 -g -module-cache-path /Users/admin/builder/spi-builder-workspace/.derivedData/ModuleCache.noindex -Xfrontend -serialize-debugging-options -enable-testing -suppress-warnings -index-store-path /Users/admin/builder/spi-builder-workspace/.derivedData/Index.noindex/DataStore -Xcc -D_LIBCPP_HARDENING_MODE\=_LIBCPP_HARDENING_MODE_DEBUG -swift-version 5 -I /Users/admin/builder/spi-builder-workspace/.derivedData/Build/Products/Debug-watchos -Isystem /Applications/Xcode-27.0.0-Release.Candidate.app/Contents/Developer/Platforms/WatchOS.platform/Developer/usr/lib -F /Users/admin/builder/spi-builder-workspace/.derivedData/Build/Products/Debug-watchos -F /Applications/Xcode-27.0.0-Release.Candidate.app/Contents/Developer/Platforms/WatchOS.platform/Developer/Library/Frameworks -F /Applications/Xcode-27.0.0-Release.Candidate.app/Contents/Developer/Platforms/WatchOS.platform/Developer/SDKs/WatchOS27.0.sdk/Developer/Library/Frameworks -c -j10 -enable-batch-mode -incremental -Xcc -ivfsstatcache -Xcc /Users/admin/builder/spi-builder-workspace/.derivedData/SDKStatCaches.noindex/watchos27.0-24R360-e829b21a6f8c9b70876ba0858053c04477534ef55a1706bf4c1112bbb242f0a2.sdkstatcache -output-file-map /Users/admin/builder/spi-builder-workspace/.derivedData/Build/Intermediates.noindex/WWCacheManager.build/Debug-watchos/WWCacheManager-t.build/Objects-normal/arm64/WWCacheManager-OutputFileMap.json -save-temps -no-color-diagnostics -explicit-module-build -module-cache-path /Users/admin/builder/spi-builder-workspace/.derivedData/Build/Intermediates.noindex/SwiftExplicitPrecompiledModules -clang-scanner-module-cache-path /Users/admin/builder/spi-builder-workspace/.derivedData/ModuleCache.noindex -sdk-module-cache-path /Users/admin/builder/spi-builder-workspace/.derivedData/SDKExplicitPrecompiledModules -emit-dependencies -emit-module -emit-module-path /Users/admin/builder/spi-builder-workspace/.derivedData/Build/Intermediates.noindex/WWCacheManager.build/Debug-watchos/WWCacheManager-t.build/Objects-normal/arm64/WWCacheManager.swiftmodule -serialize-diagnostics -dependency-scan-serialize-diagnostics-path /Users/admin/builder/spi-builder-workspace/.derivedData/Build/Intermediates.noindex/WWCacheManager.build/Debug-watchos/WWCacheManager-t.build/Objects-normal/arm64/WWCacheManager-dependency-scan.dia -validate-clang-modules-once -clang-build-session-file /Users/admin/builder/spi-builder-workspace/.derivedData/ModuleCache.noindex/Session.modulevalidation -Xcc -fmodules-prune-interval\=86400 -Xcc -fmodules-prune-after\=345600 -emit-const-values -const-gather-protocols-list /Users/admin/builder/spi-builder-workspace/.derivedData/Build/Intermediates.noindex/WWCacheManager.build/Debug-watchos/WWCacheManager-t.build/Objects-normal/arm64/WWCacheManager_const_extract_protocols.json -Xcc -I/Users/admin/builder/spi-builder-workspace/.derivedData/Build/Products/Debug-watchos/include -Xcc -I/Users/admin/builder/spi-builder-workspace/.derivedData/Build/Intermediates.noindex/WWCacheManager.build/Debug-watchos/WWCacheManager-t.build/DerivedSources-normal/arm64 -Xcc -I/Users/admin/builder/spi-builder-workspace/.derivedData/Build/Intermediates.noindex/WWCacheManager.build/Debug-watchos/WWCacheManager-t.build/DerivedSources/arm64 -Xcc -I/Users/admin/builder/spi-builder-workspace/.derivedData/Build/Intermediates.noindex/WWCacheManager.build/Debug-watchos/WWCacheManager-t.build/DerivedSources -Xcc -DSWIFT_PACKAGE -Xcc -DDEBUG\=1 -emit-objc-header -emit-objc-header-path /Users/admin/builder/spi-builder-workspace/.derivedData/Build/Intermediates.noindex/WWCacheManager.build/Debug-watchos/WWCacheManager-t.build/Objects-normal/arm64/WWCacheManager-Swift.h -working-directory /Users/admin/builder/spi-builder-workspace/.swiftpm/xcode -experimental-emit-module-separately -disable-cmo
SwiftMergeGeneratedHeaders /Users/admin/builder/spi-builder-workspace/.derivedData/Build/Intermediates.noindex/GeneratedModuleMaps-watchos/WWCacheManager-Swift.h /Users/admin/builder/spi-builder-workspace/.derivedData/Build/Intermediates.noindex/WWCacheManager.build/Debug-watchos/WWCacheManager-t.build/Objects-normal/arm64/WWCacheManager-Swift.h /Users/admin/builder/spi-builder-workspace/.derivedData/Build/Intermediates.noindex/WWCacheManager.build/Debug-watchos/WWCacheManager-t.build/Objects-normal/arm64_32/WWCacheManager-Swift.h (in target 'WWCacheManager' from project 'WWCacheManager')
    cd /Users/admin/builder/spi-builder-workspace/.dependencies/checkouts/WWCacheManager
    builtin-swiftHeaderTool -arch arm64 /Users/admin/builder/spi-builder-workspace/.derivedData/Build/Intermediates.noindex/WWCacheManager.build/Debug-watchos/WWCacheManager-t.build/Objects-normal/arm64/WWCacheManager-Swift.h -arch arm64_32 /Users/admin/builder/spi-builder-workspace/.derivedData/Build/Intermediates.noindex/WWCacheManager.build/Debug-watchos/WWCacheManager-t.build/Objects-normal/arm64_32/WWCacheManager-Swift.h -o /Users/admin/builder/spi-builder-workspace/.derivedData/Build/Intermediates.noindex/GeneratedModuleMaps-watchos/WWCacheManager-Swift.h
Copy /Users/admin/builder/spi-builder-workspace/.derivedData/Build/Products/Debug-watchos/WWCacheManager.swiftmodule/arm64-apple-watchos.swiftmodule /Users/admin/builder/spi-builder-workspace/.derivedData/Build/Intermediates.noindex/WWCacheManager.build/Debug-watchos/WWCacheManager-t.build/Objects-normal/arm64/WWCacheManager.swiftmodule (in target 'WWCacheManager' from project 'WWCacheManager')
    cd /Users/admin/builder/spi-builder-workspace/.dependencies/checkouts/WWCacheManager
    builtin-copy -exclude .DS_Store -exclude CVS -exclude .svn -exclude .git -exclude .hg -resolve-src-symlinks -rename /Users/admin/builder/spi-builder-workspace/.derivedData/Build/Intermediates.noindex/WWCacheManager.build/Debug-watchos/WWCacheManager-t.build/Objects-normal/arm64/WWCacheManager.swiftmodule /Users/admin/builder/spi-builder-workspace/.derivedData/Build/Products/Debug-watchos/WWCacheManager.swiftmodule/arm64-apple-watchos.swiftmodule
Copy /Users/admin/builder/spi-builder-workspace/.derivedData/Build/Products/Debug-watchos/WWCacheManager.swiftmodule/arm64-apple-watchos.swiftdoc /Users/admin/builder/spi-builder-workspace/.derivedData/Build/Intermediates.noindex/WWCacheManager.build/Debug-watchos/WWCacheManager-t.build/Objects-normal/arm64/WWCacheManager.swiftdoc (in target 'WWCacheManager' from project 'WWCacheManager')
    cd /Users/admin/builder/spi-builder-workspace/.dependencies/checkouts/WWCacheManager
    builtin-copy -exclude .DS_Store -exclude CVS -exclude .svn -exclude .git -exclude .hg -resolve-src-symlinks -rename /Users/admin/builder/spi-builder-workspace/.derivedData/Build/Intermediates.noindex/WWCacheManager.build/Debug-watchos/WWCacheManager-t.build/Objects-normal/arm64/WWCacheManager.swiftdoc /Users/admin/builder/spi-builder-workspace/.derivedData/Build/Products/Debug-watchos/WWCacheManager.swiftmodule/arm64-apple-watchos.swiftdoc
Copy /Users/admin/builder/spi-builder-workspace/.derivedData/Build/Products/Debug-watchos/WWCacheManager.swiftmodule/arm64-apple-watchos.abi.json /Users/admin/builder/spi-builder-workspace/.derivedData/Build/Intermediates.noindex/WWCacheManager.build/Debug-watchos/WWCacheManager-t.build/Objects-normal/arm64/WWCacheManager.abi.json (in target 'WWCacheManager' from project 'WWCacheManager')
    cd /Users/admin/builder/spi-builder-workspace/.dependencies/checkouts/WWCacheManager
    builtin-copy -exclude .DS_Store -exclude CVS -exclude .svn -exclude .git -exclude .hg -resolve-src-symlinks -rename /Users/admin/builder/spi-builder-workspace/.derivedData/Build/Intermediates.noindex/WWCacheManager.build/Debug-watchos/WWCacheManager-t.build/Objects-normal/arm64/WWCacheManager.abi.json /Users/admin/builder/spi-builder-workspace/.derivedData/Build/Products/Debug-watchos/WWCacheManager.swiftmodule/arm64-apple-watchos.abi.json
Copy /Users/admin/builder/spi-builder-workspace/.derivedData/Build/Products/Debug-watchos/WWCacheManager.swiftmodule/Project/arm64-apple-watchos.swiftsourceinfo /Users/admin/builder/spi-builder-workspace/.derivedData/Build/Intermediates.noindex/WWCacheManager.build/Debug-watchos/WWCacheManager-t.build/Objects-normal/arm64/WWCacheManager.swiftsourceinfo (in target 'WWCacheManager' from project 'WWCacheManager')
    cd /Users/admin/builder/spi-builder-workspace/.dependencies/checkouts/WWCacheManager
    builtin-copy -exclude .DS_Store -exclude CVS -exclude .svn -exclude .git -exclude .hg -resolve-src-symlinks -rename /Users/admin/builder/spi-builder-workspace/.derivedData/Build/Intermediates.noindex/WWCacheManager.build/Debug-watchos/WWCacheManager-t.build/Objects-normal/arm64/WWCacheManager.swiftsourceinfo /Users/admin/builder/spi-builder-workspace/.derivedData/Build/Products/Debug-watchos/WWCacheManager.swiftmodule/Project/arm64-apple-watchos.swiftsourceinfo
SwiftDriver WWWebImage normal arm64_32 com.apple.xcode.tools.swift.compiler (in target 'WWWebImage' from project 'WWWebImage')
    cd /Users/admin/builder/spi-builder-workspace/.swiftpm/xcode
    builtin-SwiftDriver -- /Applications/Xcode-27.0.0-Release.Candidate.app/Contents/Developer/Toolchains/XcodeDefault.xctoolchain/usr/bin/swiftc -parse-as-library -module-name WWWebImage -Onone @/Users/admin/builder/spi-builder-workspace/.derivedData/Build/Intermediates.noindex/WWWebImage.build/Debug-watchos/WWWebImage-t.build/Objects-normal/arm64_32/WWWebImage.SwiftFileList -DSWIFT_PACKAGE -DDEBUG -DSWIFT_MODULE_RESOURCE_BUNDLE_AVAILABLE -DXcode -plugin-path /Applications/Xcode-27.0.0-Release.Candidate.app/Contents/Developer/Toolchains/XcodeDefault.xctoolchain/usr/lib/swift/host/plugins/testing -enable-experimental-feature DebugDescriptionMacro -sdk /Applications/Xcode-27.0.0-Release.Candidate.app/Contents/Developer/Platforms/WatchOS.platform/Developer/SDKs/WatchOS27.0.sdk -target arm64_32-apple-watchos9.0 -g -module-cache-path /Users/admin/builder/spi-builder-workspace/.derivedData/ModuleCache.noindex -Xfrontend -serialize-debugging-options -enable-testing -index-store-path /Users/admin/builder/spi-builder-workspace/.derivedData/Index.noindex/DataStore -Xcc -D_LIBCPP_HARDENING_MODE\=_LIBCPP_HARDENING_MODE_DEBUG -swift-version 5 -I /Users/admin/builder/spi-builder-workspace/.derivedData/Build/Products/Debug-watchos -Isystem /Applications/Xcode-27.0.0-Release.Candidate.app/Contents/Developer/Platforms/WatchOS.platform/Developer/usr/lib -F /Users/admin/builder/spi-builder-workspace/.derivedData/Build/Products/Debug-watchos/PackageFrameworks -F /Users/admin/builder/spi-builder-workspace/.derivedData/Build/Products/Debug-watchos -F /Applications/Xcode-27.0.0-Release.Candidate.app/Contents/Developer/Platforms/WatchOS.platform/Developer/Library/Frameworks -F /Applications/Xcode-27.0.0-Release.Candidate.app/Contents/Developer/Platforms/WatchOS.platform/Developer/SDKs/WatchOS27.0.sdk/Developer/Library/Frameworks -c -j10 -enable-batch-mode -incremental -Xcc -ivfsstatcache -Xcc /Users/admin/builder/spi-builder-workspace/.derivedData/SDKStatCaches.noindex/watchos27.0-24R360-e829b21a6f8c9b70876ba0858053c04477534ef55a1706bf4c1112bbb242f0a2.sdkstatcache -output-file-map /Users/admin/builder/spi-builder-workspace/.derivedData/Build/Intermediates.noindex/WWWebImage.build/Debug-watchos/WWWebImage-t.build/Objects-normal/arm64_32/WWWebImage-OutputFileMap.json -save-temps -no-color-diagnostics -explicit-module-build -module-cache-path /Users/admin/builder/spi-builder-workspace/.derivedData/Build/Intermediates.noindex/SwiftExplicitPrecompiledModules -clang-scanner-module-cache-path /Users/admin/builder/spi-builder-workspace/.derivedData/ModuleCache.noindex -sdk-module-cache-path /Users/admin/builder/spi-builder-workspace/.derivedData/SDKExplicitPrecompiledModules -emit-dependencies -emit-module -emit-module-path /Users/admin/builder/spi-builder-workspace/.derivedData/Build/Intermediates.noindex/WWWebImage.build/Debug-watchos/WWWebImage-t.build/Objects-normal/arm64_32/WWWebImage.swiftmodule -serialize-diagnostics -dependency-scan-serialize-diagnostics-path /Users/admin/builder/spi-builder-workspace/.derivedData/Build/Intermediates.noindex/WWWebImage.build/Debug-watchos/WWWebImage-t.build/Objects-normal/arm64_32/WWWebImage-dependency-scan.dia -validate-clang-modules-once -clang-build-session-file /Users/admin/builder/spi-builder-workspace/.derivedData/ModuleCache.noindex/Session.modulevalidation -Xcc -fmodules-prune-interval\=86400 -Xcc -fmodules-prune-after\=345600 -emit-const-values -const-gather-protocols-list /Users/admin/builder/spi-builder-workspace/.derivedData/Build/Intermediates.noindex/WWWebImage.build/Debug-watchos/WWWebImage-t.build/Objects-normal/arm64_32/WWWebImage_const_extract_protocols.json -Xcc -I/Users/admin/builder/spi-builder-workspace/.derivedData/Build/Products/Debug-watchos/include -Xcc -I/Users/admin/builder/spi-builder-workspace/.derivedData/Build/Intermediates.noindex/WWWebImage.build/Debug-watchos/WWWebImage-t.build/DerivedSources-normal/arm64_32 -Xcc -I/Users/admin/builder/spi-builder-workspace/.derivedData/Build/Intermediates.noindex/WWWebImage.build/Debug-watchos/WWWebImage-t.build/DerivedSources/arm64_32 -Xcc -I/Users/admin/builder/spi-builder-workspace/.derivedData/Build/Intermediates.noindex/WWWebImage.build/Debug-watchos/WWWebImage-t.build/DerivedSources -Xcc -DSWIFT_PACKAGE -Xcc -DDEBUG\=1 -emit-objc-header -emit-objc-header-path /Users/admin/builder/spi-builder-workspace/.derivedData/Build/Intermediates.noindex/WWWebImage.build/Debug-watchos/WWWebImage-t.build/Objects-normal/arm64_32/WWWebImage-Swift.h -working-directory /Users/admin/builder/spi-builder-workspace/.swiftpm/xcode -experimental-emit-module-separately -disable-cmo
SwiftDriver WWWebImage normal arm64 com.apple.xcode.tools.swift.compiler (in target 'WWWebImage' from project 'WWWebImage')
    cd /Users/admin/builder/spi-builder-workspace/.swiftpm/xcode
    builtin-SwiftDriver -- /Applications/Xcode-27.0.0-Release.Candidate.app/Contents/Developer/Toolchains/XcodeDefault.xctoolchain/usr/bin/swiftc -parse-as-library -module-name WWWebImage -Onone @/Users/admin/builder/spi-builder-workspace/.derivedData/Build/Intermediates.noindex/WWWebImage.build/Debug-watchos/WWWebImage-t.build/Objects-normal/arm64/WWWebImage.SwiftFileList -DSWIFT_PACKAGE -DDEBUG -DSWIFT_MODULE_RESOURCE_BUNDLE_AVAILABLE -DXcode -plugin-path /Applications/Xcode-27.0.0-Release.Candidate.app/Contents/Developer/Toolchains/XcodeDefault.xctoolchain/usr/lib/swift/host/plugins/testing -enable-experimental-feature DebugDescriptionMacro -sdk /Applications/Xcode-27.0.0-Release.Candidate.app/Contents/Developer/Platforms/WatchOS.platform/Developer/SDKs/WatchOS27.0.sdk -target arm64-apple-watchos9.0 -g -module-cache-path /Users/admin/builder/spi-builder-workspace/.derivedData/ModuleCache.noindex -Xfrontend -serialize-debugging-options -enable-testing -index-store-path /Users/admin/builder/spi-builder-workspace/.derivedData/Index.noindex/DataStore -Xcc -D_LIBCPP_HARDENING_MODE\=_LIBCPP_HARDENING_MODE_DEBUG -swift-version 5 -I /Users/admin/builder/spi-builder-workspace/.derivedData/Build/Products/Debug-watchos -Isystem /Applications/Xcode-27.0.0-Release.Candidate.app/Contents/Developer/Platforms/WatchOS.platform/Developer/usr/lib -F /Users/admin/builder/spi-builder-workspace/.derivedData/Build/Products/Debug-watchos/PackageFrameworks -F /Users/admin/builder/spi-builder-workspace/.derivedData/Build/Products/Debug-watchos -F /Applications/Xcode-27.0.0-Release.Candidate.app/Contents/Developer/Platforms/WatchOS.platform/Developer/Library/Frameworks -F /Applications/Xcode-27.0.0-Release.Candidate.app/Contents/Developer/Platforms/WatchOS.platform/Developer/SDKs/WatchOS27.0.sdk/Developer/Library/Frameworks -c -j10 -enable-batch-mode -incremental -Xcc -ivfsstatcache -Xcc /Users/admin/builder/spi-builder-workspace/.derivedData/SDKStatCaches.noindex/watchos27.0-24R360-e829b21a6f8c9b70876ba0858053c04477534ef55a1706bf4c1112bbb242f0a2.sdkstatcache -output-file-map /Users/admin/builder/spi-builder-workspace/.derivedData/Build/Intermediates.noindex/WWWebImage.build/Debug-watchos/WWWebImage-t.build/Objects-normal/arm64/WWWebImage-OutputFileMap.json -save-temps -no-color-diagnostics -explicit-module-build -module-cache-path /Users/admin/builder/spi-builder-workspace/.derivedData/Build/Intermediates.noindex/SwiftExplicitPrecompiledModules -clang-scanner-module-cache-path /Users/admin/builder/spi-builder-workspace/.derivedData/ModuleCache.noindex -sdk-module-cache-path /Users/admin/builder/spi-builder-workspace/.derivedData/SDKExplicitPrecompiledModules -emit-dependencies -emit-module -emit-module-path /Users/admin/builder/spi-builder-workspace/.derivedData/Build/Intermediates.noindex/WWWebImage.build/Debug-watchos/WWWebImage-t.build/Objects-normal/arm64/WWWebImage.swiftmodule -serialize-diagnostics -dependency-scan-serialize-diagnostics-path /Users/admin/builder/spi-builder-workspace/.derivedData/Build/Intermediates.noindex/WWWebImage.build/Debug-watchos/WWWebImage-t.build/Objects-normal/arm64/WWWebImage-dependency-scan.dia -validate-clang-modules-once -clang-build-session-file /Users/admin/builder/spi-builder-workspace/.derivedData/ModuleCache.noindex/Session.modulevalidation -Xcc -fmodules-prune-interval\=86400 -Xcc -fmodules-prune-after\=345600 -emit-const-values -const-gather-protocols-list /Users/admin/builder/spi-builder-workspace/.derivedData/Build/Intermediates.noindex/WWWebImage.build/Debug-watchos/WWWebImage-t.build/Objects-normal/arm64/WWWebImage_const_extract_protocols.json -Xcc -I/Users/admin/builder/spi-builder-workspace/.derivedData/Build/Products/Debug-watchos/include -Xcc -I/Users/admin/builder/spi-builder-workspace/.derivedData/Build/Intermediates.noindex/WWWebImage.build/Debug-watchos/WWWebImage-t.build/DerivedSources-normal/arm64 -Xcc -I/Users/admin/builder/spi-builder-workspace/.derivedData/Build/Intermediates.noindex/WWWebImage.build/Debug-watchos/WWWebImage-t.build/DerivedSources/arm64 -Xcc -I/Users/admin/builder/spi-builder-workspace/.derivedData/Build/Intermediates.noindex/WWWebImage.build/Debug-watchos/WWWebImage-t.build/DerivedSources -Xcc -DSWIFT_PACKAGE -Xcc -DDEBUG\=1 -emit-objc-header -emit-objc-header-path /Users/admin/builder/spi-builder-workspace/.derivedData/Build/Intermediates.noindex/WWWebImage.build/Debug-watchos/WWWebImage-t.build/Objects-normal/arm64/WWWebImage-Swift.h -working-directory /Users/admin/builder/spi-builder-workspace/.swiftpm/xcode -experimental-emit-module-separately -disable-cmo
SwiftExplicitDependencyGeneratePcm arm64_32 /Users/admin/builder/spi-builder-workspace/.derivedData/SDKExplicitPrecompiledModules/UIUtilities-9YFVNIMRC5HRVOIARNWHP1E3H.pcm
SwiftExplicitDependencyGeneratePcm arm64_32 /Users/admin/builder/spi-builder-workspace/.derivedData/SDKExplicitPrecompiledModules/CoreGraphics-9FDXYX6BKBUT6TJ2VF819E7T5.pcm
SwiftExplicitDependencyGeneratePcm arm64_32 /Users/admin/builder/spi-builder-workspace/.derivedData/SDKExplicitPrecompiledModules/_LocationEssentials-AQ1OL9QKC3LQLY5CNSRM1HB53.pcm
SwiftExplicitDependencyGeneratePcm arm64_32 /Users/admin/builder/spi-builder-workspace/.derivedData/SDKExplicitPrecompiledModules/_Builtin_intrinsics-196IIAKDQVU42DLOZP9OQCV76.pcm
SwiftExplicitDependencyGeneratePcm arm64 /Users/admin/builder/spi-builder-workspace/.derivedData/SDKExplicitPrecompiledModules/UIUtilities-IR7RNW23VAUKYI9MLCS9NL9A.pcm
SwiftExplicitDependencyGeneratePcm arm64 /Users/admin/builder/spi-builder-workspace/.derivedData/SDKExplicitPrecompiledModules/_Builtin_tgmath-8NQ96OZ0YHXEC24JI95P01UF8.pcm
SwiftExplicitDependencyGeneratePcm arm64 /Users/admin/builder/spi-builder-workspace/.derivedData/SDKExplicitPrecompiledModules/DataDetection-7BNVI1SZW5ISQL5SX4WL2X7I5.pcm
SwiftExplicitDependencyGeneratePcm arm64 /Users/admin/builder/spi-builder-workspace/.derivedData/SDKExplicitPrecompiledModules/UserNotifications-ARAH8MEQ0C2L0FBO39HITJMAO.pcm
SwiftExplicitDependencyGeneratePcm arm64 /Users/admin/builder/spi-builder-workspace/.derivedData/SDKExplicitPrecompiledModules/CoreTransferable-9PPG3SLJ55T4LITIFYX2M0NOZ.pcm
SwiftExplicitDependencyGeneratePcm arm64 /Users/admin/builder/spi-builder-workspace/.derivedData/SDKExplicitPrecompiledModules/CoreGraphics-DWNZ73GEH98SBJXZ7DEXB420K.pcm
SwiftExplicitDependencyGeneratePcm arm64_32 /Users/admin/builder/spi-builder-workspace/.derivedData/SDKExplicitPrecompiledModules/_Builtin_stdatomic-1TY035TURL76BF2U98PZPPZRX.pcm
SwiftExplicitDependencyGeneratePcm arm64 /Users/admin/builder/spi-builder-workspace/.derivedData/SDKExplicitPrecompiledModules/UniformTypeIdentifiers-8L08Q8DQJV8C4AW84YVGFGTRN.pcm
SwiftExplicitDependencyGeneratePcm arm64_32 /Users/admin/builder/spi-builder-workspace/.derivedData/SDKExplicitPrecompiledModules/Symbols-1H97WMG76HU94F5VGJR19PXFY.pcm
SwiftExplicitDependencyGeneratePcm arm64_32 /Users/admin/builder/spi-builder-workspace/.derivedData/SDKExplicitPrecompiledModules/CoreTransferable-5D4IR6X37682FPHJ5CBPTKQV6.pcm
SwiftExplicitDependencyGeneratePcm arm64 /Users/admin/builder/spi-builder-workspace/.derivedData/SDKExplicitPrecompiledModules/_LocationEssentials-5ZZDGDXB6HLQUC72SJW7YJ7MK.pcm
SwiftExplicitDependencyGeneratePcm arm64_32 /Users/admin/builder/spi-builder-workspace/.derivedData/SDKExplicitPrecompiledModules/DataDetection-U9BF7WHFVA6BZGFXXXP272PS.pcm
SwiftExplicitDependencyGeneratePcm arm64_32 /Users/admin/builder/spi-builder-workspace/.derivedData/SDKExplicitPrecompiledModules/_Builtin_tgmath-23PGCKURCQILXMK0MYZRYDCOU.pcm
SwiftExplicitDependencyGeneratePcm arm64 /Users/admin/builder/spi-builder-workspace/.derivedData/SDKExplicitPrecompiledModules/CoreText-970YJN6NIYGK1316L35Z0O8QT.pcm
SwiftExplicitDependencyGeneratePcm arm64 /Users/admin/builder/spi-builder-workspace/.derivedData/SDKExplicitPrecompiledModules/_Builtin_stdatomic-7JEFA3KBJJJN6TKJWY3OG1VG5.pcm
SwiftExplicitDependencyGeneratePcm arm64_32 /Users/admin/builder/spi-builder-workspace/.derivedData/SDKExplicitPrecompiledModules/simd-21UNWYOBUZI1LVSQ99S1XBLMO.pcm
SwiftExplicitDependencyGeneratePcm arm64_32 /Users/admin/builder/spi-builder-workspace/.derivedData/SDKExplicitPrecompiledModules/DeveloperToolsSupport-DZU5G1OCMNWU0AQRULIFHUJ1Z.pcm
SwiftExplicitDependencyGeneratePcm arm64 /Users/admin/builder/spi-builder-workspace/.derivedData/SDKExplicitPrecompiledModules/DeveloperToolsSupport-E7CNISCB36UE8XQ9IOHK9XDX1.pcm
SwiftExplicitDependencyGeneratePcm arm64_32 /Users/admin/builder/spi-builder-workspace/.derivedData/SDKExplicitPrecompiledModules/UserNotifications-6TBN8TEAKO014N1T2QD926XED.pcm
SwiftExplicitDependencyGeneratePcm arm64 /Users/admin/builder/spi-builder-workspace/.derivedData/SDKExplicitPrecompiledModules/Symbols-3EFABTJ9L5PQDJ7RQCYQWEJMM.pcm
SwiftExplicitDependencyGeneratePcm arm64_32 /Users/admin/builder/spi-builder-workspace/.derivedData/SDKExplicitPrecompiledModules/CoreVideo-2P8HI0403J99LBDPKNFJ5D4DL.pcm
SwiftExplicitDependencyGeneratePcm arm64 /Users/admin/builder/spi-builder-workspace/.derivedData/SDKExplicitPrecompiledModules/Accessibility-27QMG6ZQ1NKYTNBYFPM1XKNFC.pcm
SwiftExplicitDependencyGeneratePcm arm64 /Users/admin/builder/spi-builder-workspace/.derivedData/SDKExplicitPrecompiledModules/CoreVideo-8MRR5MNWUOAW2DBPGUQ8FKK4.pcm
SwiftExplicitDependencyGeneratePcm arm64 /Users/admin/builder/spi-builder-workspace/.derivedData/SDKExplicitPrecompiledModules/CoreLocation-ACKJ9K7ABI14F97Y46Y6SRR17.pcm
SwiftExplicitDependencyGeneratePcm arm64_32 /Users/admin/builder/spi-builder-workspace/.derivedData/SDKExplicitPrecompiledModules/QuartzCore-6375NPYACK5NYVHPMC1QQ8MC2.pcm
SwiftExplicitDependencyGeneratePcm arm64 /Users/admin/builder/spi-builder-workspace/.derivedData/SDKExplicitPrecompiledModules/_Builtin_intrinsics-75960HIPCIYA06IUW8FIIPQT.pcm
SwiftExplicitDependencyGeneratePcm arm64 /Users/admin/builder/spi-builder-workspace/.derivedData/SDKExplicitPrecompiledModules/QuartzCore-94KFMWNOU7ZLUZNB4T5DLZC9D.pcm
SwiftDriverJobDiscovery normal arm64 Compiling WWCacheValue.swift (in target 'WWCacheManager' from project 'WWCacheManager')
SwiftExplicitDependencyGeneratePcm arm64_32 /Users/admin/builder/spi-builder-workspace/.derivedData/SDKExplicitPrecompiledModules/CoreLocation-8XU5YMYM4P11RQMYCQAG65ITK.pcm
SwiftDriverJobDiscovery normal arm64 Compiling resource_bundle_accessor.swift (in target 'WWCacheManager' from project 'WWCacheManager')
SwiftExplicitDependencyGeneratePcm arm64_32 /Users/admin/builder/spi-builder-workspace/.derivedData/SDKExplicitPrecompiledModules/Accessibility-F385OMZ5GYBUY5O4QAJB4NRII.pcm
SwiftDriverJobDiscovery normal arm64 Compiling WWCacheManager.swift (in target 'WWCacheManager' from project 'WWCacheManager')
SwiftExplicitDependencyGeneratePcm arm64_32 /Users/admin/builder/spi-builder-workspace/.derivedData/SDKExplicitPrecompiledModules/MachO-56838ZJ0NC1EBAJ0O6O8QMPDX.pcm
SwiftDriverJobDiscovery normal arm64_32 Compiling WWCacheValue.swift (in target 'WWCacheManager' from project 'WWCacheManager')
SwiftExplicitDependencyGeneratePcm arm64_32 /Users/admin/builder/spi-builder-workspace/.derivedData/SDKExplicitPrecompiledModules/CoreText-C9X2REPZN2V5BSU4G80FCETDR.pcm
SwiftDriverJobDiscovery normal arm64_32 Compiling resource_bundle_accessor.swift (in target 'WWCacheManager' from project 'WWCacheManager')
SwiftExplicitDependencyGeneratePcm arm64_32 /Users/admin/builder/spi-builder-workspace/.derivedData/SDKExplicitPrecompiledModules/UniformTypeIdentifiers-CJZ3NTHPSBH4XWX5EVOG56UZS.pcm
SwiftDriverJobDiscovery normal arm64_32 Compiling WWCacheManager.swift (in target 'WWCacheManager' from project 'WWCacheManager')
SwiftExplicitDependencyGeneratePcm arm64 /Users/admin/builder/spi-builder-workspace/.derivedData/SDKExplicitPrecompiledModules/MachO-2U90NNSAQILBNBPS1SA4F8TYP.pcm
SwiftExplicitDependencyGeneratePcm arm64 /Users/admin/builder/spi-builder-workspace/.derivedData/SDKExplicitPrecompiledModules/CoreMotion-6RD5K48QT1F4L9CATNFD2O7YB.pcm
SwiftDriver\ Compilation WWCacheManager normal arm64_32 com.apple.xcode.tools.swift.compiler (in target 'WWCacheManager' from project 'WWCacheManager')
    cd /Users/admin/builder/spi-builder-workspace/.swiftpm/xcode
    builtin-Swift-Compilation -- /Applications/Xcode-27.0.0-Release.Candidate.app/Contents/Developer/Toolchains/XcodeDefault.xctoolchain/usr/bin/swiftc -parse-as-library -module-name WWCacheManager -Onone @/Users/admin/builder/spi-builder-workspace/.derivedData/Build/Intermediates.noindex/WWCacheManager.build/Debug-watchos/WWCacheManager-t.build/Objects-normal/arm64_32/WWCacheManager.SwiftFileList -DSWIFT_PACKAGE -DDEBUG -DSWIFT_MODULE_RESOURCE_BUNDLE_AVAILABLE -DXcode -plugin-path /Applications/Xcode-27.0.0-Release.Candidate.app/Contents/Developer/Toolchains/XcodeDefault.xctoolchain/usr/lib/swift/host/plugins/testing -enable-experimental-feature DebugDescriptionMacro -sdk /Applications/Xcode-27.0.0-Release.Candidate.app/Contents/Developer/Platforms/WatchOS.platform/Developer/SDKs/WatchOS27.0.sdk -target arm64_32-apple-watchos9.0 -g -module-cache-path /Users/admin/builder/spi-builder-workspace/.derivedData/ModuleCache.noindex -Xfrontend -serialize-debugging-options -enable-testing -suppress-warnings -index-store-path /Users/admin/builder/spi-builder-workspace/.derivedData/Index.noindex/DataStore -Xcc -D_LIBCPP_HARDENING_MODE\=_LIBCPP_HARDENING_MODE_DEBUG -swift-version 5 -I /Users/admin/builder/spi-builder-workspace/.derivedData/Build/Products/Debug-watchos -Isystem /Applications/Xcode-27.0.0-Release.Candidate.app/Contents/Developer/Platforms/WatchOS.platform/Developer/usr/lib -F /Users/admin/builder/spi-builder-workspace/.derivedData/Build/Products/Debug-watchos -F /Applications/Xcode-27.0.0-Release.Candidate.app/Contents/Developer/Platforms/WatchOS.platform/Developer/Library/Frameworks -F /Applications/Xcode-27.0.0-Release.Candidate.app/Contents/Developer/Platforms/WatchOS.platform/Developer/SDKs/WatchOS27.0.sdk/Developer/Library/Frameworks -c -j10 -enable-batch-mode -incremental -Xcc -ivfsstatcache -Xcc /Users/admin/builder/spi-builder-workspace/.derivedData/SDKStatCaches.noindex/watchos27.0-24R360-e829b21a6f8c9b70876ba0858053c04477534ef55a1706bf4c1112bbb242f0a2.sdkstatcache -output-file-map /Users/admin/builder/spi-builder-workspace/.derivedData/Build/Intermediates.noindex/WWCacheManager.build/Debug-watchos/WWCacheManager-t.build/Objects-normal/arm64_32/WWCacheManager-OutputFileMap.json -save-temps -no-color-diagnostics -explicit-module-build -module-cache-path /Users/admin/builder/spi-builder-workspace/.derivedData/Build/Intermediates.noindex/SwiftExplicitPrecompiledModules -clang-scanner-module-cache-path /Users/admin/builder/spi-builder-workspace/.derivedData/ModuleCache.noindex -sdk-module-cache-path /Users/admin/builder/spi-builder-workspace/.derivedData/SDKExplicitPrecompiledModules -emit-dependencies -emit-module -emit-module-path /Users/admin/builder/spi-builder-workspace/.derivedData/Build/Intermediates.noindex/WWCacheManager.build/Debug-watchos/WWCacheManager-t.build/Objects-normal/arm64_32/WWCacheManager.swiftmodule -serialize-diagnostics -dependency-scan-serialize-diagnostics-path /Users/admin/builder/spi-builder-workspace/.derivedData/Build/Intermediates.noindex/WWCacheManager.build/Debug-watchos/WWCacheManager-t.build/Objects-normal/arm64_32/WWCacheManager-dependency-scan.dia -validate-clang-modules-once -clang-build-session-file /Users/admin/builder/spi-builder-workspace/.derivedData/ModuleCache.noindex/Session.modulevalidation -Xcc -fmodules-prune-interval\=86400 -Xcc -fmodules-prune-after\=345600 -emit-const-values -const-gather-protocols-list /Users/admin/builder/spi-builder-workspace/.derivedData/Build/Intermediates.noindex/WWCacheManager.build/Debug-watchos/WWCacheManager-t.build/Objects-normal/arm64_32/WWCacheManager_const_extract_protocols.json -Xcc -I/Users/admin/builder/spi-builder-workspace/.derivedData/Build/Products/Debug-watchos/include -Xcc -I/Users/admin/builder/spi-builder-workspace/.derivedData/Build/Intermediates.noindex/WWCacheManager.build/Debug-watchos/WWCacheManager-t.build/DerivedSources-normal/arm64_32 -Xcc -I/Users/admin/builder/spi-builder-workspace/.derivedData/Build/Intermediates.noindex/WWCacheManager.build/Debug-watchos/WWCacheManager-t.build/DerivedSources/arm64_32 -Xcc -I/Users/admin/builder/spi-builder-workspace/.derivedData/Build/Intermediates.noindex/WWCacheManager.build/Debug-watchos/WWCacheManager-t.build/DerivedSources -Xcc -DSWIFT_PACKAGE -Xcc -DDEBUG\=1 -emit-objc-header -emit-objc-header-path /Users/admin/builder/spi-builder-workspace/.derivedData/Build/Intermediates.noindex/WWCacheManager.build/Debug-watchos/WWCacheManager-t.build/Objects-normal/arm64_32/WWCacheManager-Swift.h -working-directory /Users/admin/builder/spi-builder-workspace/.swiftpm/xcode -experimental-emit-module-separately -disable-cmo
SwiftExplicitDependencyGeneratePcm arm64_32 /Users/admin/builder/spi-builder-workspace/.derivedData/SDKExplicitPrecompiledModules/CoreMotion-1XGTVTE5PP32UHME8AC63TL6.pcm
SwiftDriver\ Compilation WWCacheManager normal arm64 com.apple.xcode.tools.swift.compiler (in target 'WWCacheManager' from project 'WWCacheManager')
    cd /Users/admin/builder/spi-builder-workspace/.swiftpm/xcode
    builtin-Swift-Compilation -- /Applications/Xcode-27.0.0-Release.Candidate.app/Contents/Developer/Toolchains/XcodeDefault.xctoolchain/usr/bin/swiftc -parse-as-library -module-name WWCacheManager -Onone @/Users/admin/builder/spi-builder-workspace/.derivedData/Build/Intermediates.noindex/WWCacheManager.build/Debug-watchos/WWCacheManager-t.build/Objects-normal/arm64/WWCacheManager.SwiftFileList -DSWIFT_PACKAGE -DDEBUG -DSWIFT_MODULE_RESOURCE_BUNDLE_AVAILABLE -DXcode -plugin-path /Applications/Xcode-27.0.0-Release.Candidate.app/Contents/Developer/Toolchains/XcodeDefault.xctoolchain/usr/lib/swift/host/plugins/testing -enable-experimental-feature DebugDescriptionMacro -sdk /Applications/Xcode-27.0.0-Release.Candidate.app/Contents/Developer/Platforms/WatchOS.platform/Developer/SDKs/WatchOS27.0.sdk -target arm64-apple-watchos9.0 -g -module-cache-path /Users/admin/builder/spi-builder-workspace/.derivedData/ModuleCache.noindex -Xfrontend -serialize-debugging-options -enable-testing -suppress-warnings -index-store-path /Users/admin/builder/spi-builder-workspace/.derivedData/Index.noindex/DataStore -Xcc -D_LIBCPP_HARDENING_MODE\=_LIBCPP_HARDENING_MODE_DEBUG -swift-version 5 -I /Users/admin/builder/spi-builder-workspace/.derivedData/Build/Products/Debug-watchos -Isystem /Applications/Xcode-27.0.0-Release.Candidate.app/Contents/Developer/Platforms/WatchOS.platform/Developer/usr/lib -F /Users/admin/builder/spi-builder-workspace/.derivedData/Build/Products/Debug-watchos -F /Applications/Xcode-27.0.0-Release.Candidate.app/Contents/Developer/Platforms/WatchOS.platform/Developer/Library/Frameworks -F /Applications/Xcode-27.0.0-Release.Candidate.app/Contents/Developer/Platforms/WatchOS.platform/Developer/SDKs/WatchOS27.0.sdk/Developer/Library/Frameworks -c -j10 -enable-batch-mode -incremental -Xcc -ivfsstatcache -Xcc /Users/admin/builder/spi-builder-workspace/.derivedData/SDKStatCaches.noindex/watchos27.0-24R360-e829b21a6f8c9b70876ba0858053c04477534ef55a1706bf4c1112bbb242f0a2.sdkstatcache -output-file-map /Users/admin/builder/spi-builder-workspace/.derivedData/Build/Intermediates.noindex/WWCacheManager.build/Debug-watchos/WWCacheManager-t.build/Objects-normal/arm64/WWCacheManager-OutputFileMap.json -save-temps -no-color-diagnostics -explicit-module-build -module-cache-path /Users/admin/builder/spi-builder-workspace/.derivedData/Build/Intermediates.noindex/SwiftExplicitPrecompiledModules -clang-scanner-module-cache-path /Users/admin/builder/spi-builder-workspace/.derivedData/ModuleCache.noindex -sdk-module-cache-path /Users/admin/builder/spi-builder-workspace/.derivedData/SDKExplicitPrecompiledModules -emit-dependencies -emit-module -emit-module-path /Users/admin/builder/spi-builder-workspace/.derivedData/Build/Intermediates.noindex/WWCacheManager.build/Debug-watchos/WWCacheManager-t.build/Objects-normal/arm64/WWCacheManager.swiftmodule -serialize-diagnostics -dependency-scan-serialize-diagnostics-path /Users/admin/builder/spi-builder-workspace/.derivedData/Build/Intermediates.noindex/WWCacheManager.build/Debug-watchos/WWCacheManager-t.build/Objects-normal/arm64/WWCacheManager-dependency-scan.dia -validate-clang-modules-once -clang-build-session-file /Users/admin/builder/spi-builder-workspace/.derivedData/ModuleCache.noindex/Session.modulevalidation -Xcc -fmodules-prune-interval\=86400 -Xcc -fmodules-prune-after\=345600 -emit-const-values -const-gather-protocols-list /Users/admin/builder/spi-builder-workspace/.derivedData/Build/Intermediates.noindex/WWCacheManager.build/Debug-watchos/WWCacheManager-t.build/Objects-normal/arm64/WWCacheManager_const_extract_protocols.json -Xcc -I/Users/admin/builder/spi-builder-workspace/.derivedData/Build/Products/Debug-watchos/include -Xcc -I/Users/admin/builder/spi-builder-workspace/.derivedData/Build/Intermediates.noindex/WWCacheManager.build/Debug-watchos/WWCacheManager-t.build/DerivedSources-normal/arm64 -Xcc -I/Users/admin/builder/spi-builder-workspace/.derivedData/Build/Intermediates.noindex/WWCacheManager.build/Debug-watchos/WWCacheManager-t.build/DerivedSources/arm64 -Xcc -I/Users/admin/builder/spi-builder-workspace/.derivedData/Build/Intermediates.noindex/WWCacheManager.build/Debug-watchos/WWCacheManager-t.build/DerivedSources -Xcc -DSWIFT_PACKAGE -Xcc -DDEBUG\=1 -emit-objc-header -emit-objc-header-path /Users/admin/builder/spi-builder-workspace/.derivedData/Build/Intermediates.noindex/WWCacheManager.build/Debug-watchos/WWCacheManager-t.build/Objects-normal/arm64/WWCacheManager-Swift.h -working-directory /Users/admin/builder/spi-builder-workspace/.swiftpm/xcode -experimental-emit-module-separately -disable-cmo
Ld /Users/admin/builder/spi-builder-workspace/.derivedData/Build/Intermediates.noindex/WWCacheManager.build/Debug-watchos/WWCacheManager-t.build/Objects-normal/arm64_32/Binary/WWCacheManager.o normal arm64_32 (in target 'WWCacheManager' from project 'WWCacheManager')
    cd /Users/admin/builder/spi-builder-workspace/.dependencies/checkouts/WWCacheManager
    /Applications/Xcode-27.0.0-Release.Candidate.app/Contents/Developer/Toolchains/XcodeDefault.xctoolchain/usr/bin/clang -Xlinker -reproducible -target arm64_32-apple-watchos9.0 -r -isysroot /Applications/Xcode-27.0.0-Release.Candidate.app/Contents/Developer/Platforms/WatchOS.platform/Developer/SDKs/WatchOS27.0.sdk -O0 -w -Xlinker -no_warn_duplicate_libraries -F/Users/admin/builder/spi-builder-workspace/.derivedData/Build/Intermediates.noindex/EagerLinkingTBDs/Debug-watchos -F/Users/admin/builder/spi-builder-workspace/.derivedData/Build/Products/Debug-watchos -iframework /Applications/Xcode-27.0.0-Release.Candidate.app/Contents/Developer/Platforms/WatchOS.platform/Developer/Library/Frameworks -iframework /Applications/Xcode-27.0.0-Release.Candidate.app/Contents/Developer/Platforms/WatchOS.platform/Developer/SDKs/WatchOS27.0.sdk/Developer/Library/Frameworks -filelist /Users/admin/builder/spi-builder-workspace/.derivedData/Build/Intermediates.noindex/WWCacheManager.build/Debug-watchos/WWCacheManager-t.build/Objects-normal/arm64_32/WWCacheManager.LinkFileList -nostdlib -Xlinker -object_path_lto -Xlinker /Users/admin/builder/spi-builder-workspace/.derivedData/Build/Intermediates.noindex/WWCacheManager.build/Debug-watchos/WWCacheManager-t.build/Objects-normal/arm64_32/WWCacheManager_lto.o -Xlinker -no_deduplicate -Xlinker -dependency_info -Xlinker /Users/admin/builder/spi-builder-workspace/.derivedData/Build/Intermediates.noindex/WWCacheManager.build/Debug-watchos/WWCacheManager-t.build/Objects-normal/arm64_32/WWCacheManager_dependency_info.dat -fobjc-link-runtime -L/Applications/Xcode-27.0.0-Release.Candidate.app/Contents/Developer/Toolchains/XcodeDefault.xctoolchain/usr/lib/swift/watchos -L/usr/lib/swift -Xlinker -add_ast_path -Xlinker /Users/admin/builder/spi-builder-workspace/.derivedData/Build/Intermediates.noindex/WWCacheManager.build/Debug-watchos/WWCacheManager-t.build/Objects-normal/arm64_32/WWCacheManager.swiftmodule -o /Users/admin/builder/spi-builder-workspace/.derivedData/Build/Intermediates.noindex/WWCacheManager.build/Debug-watchos/WWCacheManager-t.build/Objects-normal/arm64_32/Binary/WWCacheManager.o
Ld /Users/admin/builder/spi-builder-workspace/.derivedData/Build/Intermediates.noindex/WWCacheManager.build/Debug-watchos/WWCacheManager-t.build/Objects-normal/arm64/Binary/WWCacheManager.o normal arm64 (in target 'WWCacheManager' from project 'WWCacheManager')
    cd /Users/admin/builder/spi-builder-workspace/.dependencies/checkouts/WWCacheManager
    /Applications/Xcode-27.0.0-Release.Candidate.app/Contents/Developer/Toolchains/XcodeDefault.xctoolchain/usr/bin/clang -Xlinker -reproducible -target arm64-apple-watchos9.0 -r -isysroot /Applications/Xcode-27.0.0-Release.Candidate.app/Contents/Developer/Platforms/WatchOS.platform/Developer/SDKs/WatchOS27.0.sdk -O0 -w -Xlinker -no_warn_duplicate_libraries -F/Users/admin/builder/spi-builder-workspace/.derivedData/Build/Intermediates.noindex/EagerLinkingTBDs/Debug-watchos -F/Users/admin/builder/spi-builder-workspace/.derivedData/Build/Products/Debug-watchos -iframework /Applications/Xcode-27.0.0-Release.Candidate.app/Contents/Developer/Platforms/WatchOS.platform/Developer/Library/Frameworks -iframework /Applications/Xcode-27.0.0-Release.Candidate.app/Contents/Developer/Platforms/WatchOS.platform/Developer/SDKs/WatchOS27.0.sdk/Developer/Library/Frameworks -filelist /Users/admin/builder/spi-builder-workspace/.derivedData/Build/Intermediates.noindex/WWCacheManager.build/Debug-watchos/WWCacheManager-t.build/Objects-normal/arm64/WWCacheManager.LinkFileList -nostdlib -Xlinker -object_path_lto -Xlinker /Users/admin/builder/spi-builder-workspace/.derivedData/Build/Intermediates.noindex/WWCacheManager.build/Debug-watchos/WWCacheManager-t.build/Objects-normal/arm64/WWCacheManager_lto.o -Xlinker -no_deduplicate -Xlinker -dependency_info -Xlinker /Users/admin/builder/spi-builder-workspace/.derivedData/Build/Intermediates.noindex/WWCacheManager.build/Debug-watchos/WWCacheManager-t.build/Objects-normal/arm64/WWCacheManager_dependency_info.dat -fobjc-link-runtime -L/Applications/Xcode-27.0.0-Release.Candidate.app/Contents/Developer/Toolchains/XcodeDefault.xctoolchain/usr/lib/swift/watchos -L/usr/lib/swift -Xlinker -add_ast_path -Xlinker /Users/admin/builder/spi-builder-workspace/.derivedData/Build/Intermediates.noindex/WWCacheManager.build/Debug-watchos/WWCacheManager-t.build/Objects-normal/arm64/WWCacheManager.swiftmodule -o /Users/admin/builder/spi-builder-workspace/.derivedData/Build/Intermediates.noindex/WWCacheManager.build/Debug-watchos/WWCacheManager-t.build/Objects-normal/arm64/Binary/WWCacheManager.o
SwiftExplicitDependencyGeneratePcm arm64_32 /Users/admin/builder/spi-builder-workspace/.derivedData/SDKExplicitPrecompiledModules/os-E5IGB442IA6SBB25TTCOLK2OC.pcm
SwiftExplicitDependencyGeneratePcm arm64 /Users/admin/builder/spi-builder-workspace/.derivedData/SDKExplicitPrecompiledModules/SwiftUICore-C1DST1IX2Z0PTH5SJJZ1IULRB.pcm
SwiftExplicitDependencyGeneratePcm arm64 /Users/admin/builder/spi-builder-workspace/.derivedData/SDKExplicitPrecompiledModules/os-5DIL6Z9LFIGLMZAHM7X2T5435.pcm
CreateUniversalBinary /Users/admin/builder/spi-builder-workspace/.derivedData/Build/Products/Debug-watchos/WWCacheManager.o normal arm64\ arm64_32 (in target 'WWCacheManager' from project 'WWCacheManager')
    cd /Users/admin/builder/spi-builder-workspace/.dependencies/checkouts/WWCacheManager
    /Applications/Xcode-27.0.0-Release.Candidate.app/Contents/Developer/Toolchains/XcodeDefault.xctoolchain/usr/bin/lipo -create /Users/admin/builder/spi-builder-workspace/.derivedData/Build/Intermediates.noindex/WWCacheManager.build/Debug-watchos/WWCacheManager-t.build/Objects-normal/arm64/Binary/WWCacheManager.o /Users/admin/builder/spi-builder-workspace/.derivedData/Build/Intermediates.noindex/WWCacheManager.build/Debug-watchos/WWCacheManager-t.build/Objects-normal/arm64_32/Binary/WWCacheManager.o -output /Users/admin/builder/spi-builder-workspace/.derivedData/Build/Products/Debug-watchos/WWCacheManager.o
SwiftExplicitDependencyGeneratePcm arm64_32 /Users/admin/builder/spi-builder-workspace/.derivedData/SDKExplicitPrecompiledModules/SwiftUICore-3Q7WLRD8MR9R3NGIPUBQCP6F6.pcm
ExtractAppIntentsMetadata (in target 'WWCacheManager' from project 'WWCacheManager')
    cd /Users/admin/builder/spi-builder-workspace/.dependencies/checkouts/WWCacheManager
    /Applications/Xcode-27.0.0-Release.Candidate.app/Contents/Developer/Toolchains/XcodeDefault.xctoolchain/usr/bin/appintentsmetadataprocessor --toolchain-dir /var/run/com.apple.security.cryptexd/mnt/com.apple.MobileAsset.MetalToolchain-v27.1.266.1.CycWq5/Metal.xctoolchain --module-name WWCacheManager --sdk-root /Applications/Xcode-27.0.0-Release.Candidate.app/Contents/Developer/Platforms/WatchOS.platform/Developer/SDKs/WatchOS27.0.sdk --xcode-version 27A266a --platform-family watchOS --deployment-target 9.0 --bundle-identifier wwcachemanager.WWCacheManager --output /Users/admin/builder/spi-builder-workspace/.derivedData/Build/Products/Debug-watchos/WWCacheManager.appintents --target-triple arm64-apple-watchos9.0 --target-triple arm64_32-apple-watchos9.0 --binary-file /Users/admin/builder/spi-builder-workspace/.derivedData/Build/Products/Debug-watchos/WWCacheManager.o --dependency-file /Users/admin/builder/spi-builder-workspace/.derivedData/Build/Intermediates.noindex/WWCacheManager.build/Debug-watchos/WWCacheManager-t.build/Objects-normal/arm64/WWCacheManager_dependency_info.dat --dependency-file /Users/admin/builder/spi-builder-workspace/.derivedData/Build/Intermediates.noindex/WWCacheManager.build/Debug-watchos/WWCacheManager-t.build/Objects-normal/arm64_32/WWCacheManager_dependency_info.dat --stringsdata-file /Users/admin/builder/spi-builder-workspace/.derivedData/Build/Intermediates.noindex/WWCacheManager.build/Debug-watchos/WWCacheManager-t.build/Objects-normal/arm64/ExtractedAppShortcutsMetadata.stringsdata --stringsdata-file /Users/admin/builder/spi-builder-workspace/.derivedData/Build/Intermediates.noindex/WWCacheManager.build/Debug-watchos/WWCacheManager-t.build/Objects-normal/arm64_32/ExtractedAppShortcutsMetadata.stringsdata --source-file-list /Users/admin/builder/spi-builder-workspace/.derivedData/Build/Intermediates.noindex/WWCacheManager.build/Debug-watchos/WWCacheManager-t.build/Objects-normal/arm64/WWCacheManager.SwiftFileList --source-file-list /Users/admin/builder/spi-builder-workspace/.derivedData/Build/Intermediates.noindex/WWCacheManager.build/Debug-watchos/WWCacheManager-t.build/Objects-normal/arm64_32/WWCacheManager.SwiftFileList --metadata-file-list /Users/admin/builder/spi-builder-workspace/.derivedData/Build/Intermediates.noindex/WWCacheManager.build/Debug-watchos/WWCacheManager-t.build/WWCacheManager.DependencyMetadataFileList --static-metadata-file-list /Users/admin/builder/spi-builder-workspace/.derivedData/Build/Intermediates.noindex/WWCacheManager.build/Debug-watchos/WWCacheManager-t.build/WWCacheManager.DependencyStaticMetadataFileList --swift-const-vals-list /Users/admin/builder/spi-builder-workspace/.derivedData/Build/Intermediates.noindex/WWCacheManager.build/Debug-watchos/WWCacheManager-t.build/Objects-normal/arm64/WWCacheManager.SwiftConstValuesFileList --swift-const-vals-list /Users/admin/builder/spi-builder-workspace/.derivedData/Build/Intermediates.noindex/WWCacheManager.build/Debug-watchos/WWCacheManager-t.build/Objects-normal/arm64_32/WWCacheManager.SwiftConstValuesFileList --force --compile-time-extraction --deployment-aware-processing --no-app-shortcuts-localization
2026-09-25 14:28:23.094 appintentsmetadataprocessor[825:4996] Starting appintentsmetadataprocessor export
2026-09-25 14:28:23.201 appintentsmetadataprocessor[825:4996] Extracted no relevant App Intents symbols, skipping writing output
SwiftExplicitDependencyGeneratePcm arm64 /Users/admin/builder/spi-builder-workspace/.derivedData/SDKExplicitPrecompiledModules/UIKit-27R3P1YMV4C6JLDT661G3MRIA.pcm
SwiftExplicitDependencyGeneratePcm arm64_32 /Users/admin/builder/spi-builder-workspace/.derivedData/SDKExplicitPrecompiledModules/Spatial-CWVWNML3T0NXVHZDKVLD3X1YZ.pcm
SwiftExplicitDependencyGeneratePcm arm64_32 /Users/admin/builder/spi-builder-workspace/.derivedData/SDKExplicitPrecompiledModules/OSLog-D9AVFY0KWO7RVBIQ73CBIJVCN.pcm
SwiftExplicitDependencyGeneratePcm arm64_32 /Users/admin/builder/spi-builder-workspace/.derivedData/SDKExplicitPrecompiledModules/UIKit-6PPV7YPZ89CZPHYAP072QH8B6.pcm
SwiftExplicitDependencyGeneratePcm arm64 /Users/admin/builder/spi-builder-workspace/.derivedData/SDKExplicitPrecompiledModules/OSLog-B7VGO357Y3GJG35TST7DKDSI3.pcm
SwiftExplicitDependencyGeneratePcm arm64 /Users/admin/builder/spi-builder-workspace/.derivedData/SDKExplicitPrecompiledModules/simd-EH08NODU6574T74ZKU61VP9BW.pcm
SwiftExplicitDependencyGeneratePcm arm64 /Users/admin/builder/spi-builder-workspace/.derivedData/SDKExplicitPrecompiledModules/Spatial-44FJGYXFAT2AQAW9Z6T7YS02U.pcm
SwiftCompile normal arm64_32 Compiling\ Error.swift /Users/admin/builder/spi-builder-workspace/Sources/WWWebImage/Utility/Error.swift (in target 'WWWebImage' from project 'WWWebImage')
SwiftCompile normal arm64_32 /Users/admin/builder/spi-builder-workspace/Sources/WWWebImage/Utility/Error.swift (in target 'WWWebImage' from project 'WWWebImage')
    cd /Users/admin/builder/spi-builder-workspace/.swiftpm/xcode
    builtin-SwiftPerFileCompile Error.swift
SwiftCompile normal arm64_32 Compiling\ Downloader.swift /Users/admin/builder/spi-builder-workspace/Sources/WWWebImage/Utility/Downloader.swift (in target 'WWWebImage' from project 'WWWebImage')
SwiftCompile normal arm64_32 /Users/admin/builder/spi-builder-workspace/Sources/WWWebImage/Utility/Downloader.swift (in target 'WWWebImage' from project 'WWWebImage')
    cd /Users/admin/builder/spi-builder-workspace/.swiftpm/xcode
    builtin-SwiftPerFileCompile Downloader.swift
SwiftCompile normal arm64_32 Compiling\ Wrapper.swift /Users/admin/builder/spi-builder-workspace/Sources/WWWebImage/Wrapper.swift (in target 'WWWebImage' from project 'WWWebImage')
SwiftCompile normal arm64_32 /Users/admin/builder/spi-builder-workspace/Sources/WWWebImage/Wrapper.swift (in target 'WWWebImage' from project 'WWWebImage')
    cd /Users/admin/builder/spi-builder-workspace/.swiftpm/xcode
    builtin-SwiftPerFileCompile Wrapper.swift
SwiftCompile normal arm64_32 Compiling\ DownloadTaskManager.swift /Users/admin/builder/spi-builder-workspace/Sources/WWWebImage/Maneger/DownloadTaskManager.swift (in target 'WWWebImage' from project 'WWWebImage')
SwiftCompile normal arm64_32 /Users/admin/builder/spi-builder-workspace/Sources/WWWebImage/Maneger/DownloadTaskManager.swift (in target 'WWWebImage' from project 'WWWebImage')
    cd /Users/admin/builder/spi-builder-workspace/.swiftpm/xcode
    builtin-SwiftPerFileCompile DownloadTaskManager.swift
/Users/admin/builder/spi-builder-workspace/Sources/WWWebImage/Maneger/DownloadTaskManager.swift:41:37: error: 'UIImageView' is unavailable in watchOS
 39 |         /// - 同一個 ImageView 多次呼叫會返回相同的 DownloadManager
 40 |         /// - 這是解決 cell reuse 問題的核心
 41 |         func manager(for imageView: UIImageView?) -> WWWebImage.DownloadManager? {
    |                                     `- error: 'UIImageView' is unavailable in watchOS
 42 |
 43 |             guard let imageView else { return nil }
/Applications/Xcode-27.0.0-Release.Candidate.app/Contents/Developer/Platforms/WatchOS.platform/Developer/SDKs/WatchOS27.0.sdk/System/Library/Frameworks/UIKit.framework/Headers/UIImageView.h:21:12: note: 'UIImageView' has been explicitly marked unavailable here
 19 |
 20 | UIKIT_EXTERN API_AVAILABLE(ios(2.0)) API_UNAVAILABLE(watchos) NS_SWIFT_UI_ACTOR
 21 | @interface UIImageView : UIView
    |            `- note: 'UIImageView' has been explicitly marked unavailable here
 22 |
 23 | - (instancetype)initWithImage:(nullable UIImage *)image;
/Users/admin/builder/spi-builder-workspace/Sources/WWWebImage/Maneger/DownloadTaskManager.swift:68:32: error: 'UIImageView' is unavailable in watchOS
 66 |     /// - 獲取該 ImageView 的 DownloadManager
 67 |     /// - 調用 DownloadManager.cancel()(設置 isCancelled = true,取消 URLSessionTask)
 68 |     func cancel(for imageView: UIImageView?) {
    |                                `- error: 'UIImageView' is unavailable in watchOS
 69 |
 70 |         guard let imageView else { return }
/Applications/Xcode-27.0.0-Release.Candidate.app/Contents/Developer/Platforms/WatchOS.platform/Developer/SDKs/WatchOS27.0.sdk/System/Library/Frameworks/UIKit.framework/Headers/UIImageView.h:21:12: note: 'UIImageView' has been explicitly marked unavailable here
 19 |
 20 | UIKIT_EXTERN API_AVAILABLE(ios(2.0)) API_UNAVAILABLE(watchos) NS_SWIFT_UI_ACTOR
 21 | @interface UIImageView : UIView
    |            `- note: 'UIImageView' has been explicitly marked unavailable here
 22 |
 23 | - (instancetype)initWithImage:(nullable UIImage *)image;
/Users/admin/builder/spi-builder-workspace/Sources/WWWebImage/Maneger/DownloadTaskManager.swift:85:36: error: 'UIImageView' is unavailable in watchOS
 83 |     /// - 使用 objc_getAssociatedObject 讀取 runtime 綁定的物件
 84 |     /// - 與 setManager 使用相同的 key(downloadManagerKey)
 85 |     func getManager(for imageView: UIImageView) -> WWWebImage.DownloadManager? {
    |                                    `- error: 'UIImageView' is unavailable in watchOS
 86 |         return objc_getAssociatedObject(imageView, &downloadManagerKey) as? WWWebImage.DownloadManager
 87 |     }
/Applications/Xcode-27.0.0-Release.Candidate.app/Contents/Developer/Platforms/WatchOS.platform/Developer/SDKs/WatchOS27.0.sdk/System/Library/Frameworks/UIKit.framework/Headers/UIImageView.h:21:12: note: 'UIImageView' has been explicitly marked unavailable here
 19 |
 20 | UIKIT_EXTERN API_AVAILABLE(ios(2.0)) API_UNAVAILABLE(watchos) NS_SWIFT_UI_ACTOR
 21 | @interface UIImageView : UIView
    |            `- note: 'UIImageView' has been explicitly marked unavailable here
 22 |
 23 | - (instancetype)initWithImage:(nullable UIImage *)image;
SwiftCompile normal arm64_32 Compiling\ DownloadManeger.swift /Users/admin/builder/spi-builder-workspace/Sources/WWWebImage/Maneger/DownloadManeger.swift (in target 'WWWebImage' from project 'WWWebImage')
SwiftCompile normal arm64_32 /Users/admin/builder/spi-builder-workspace/Sources/WWWebImage/Maneger/DownloadManeger.swift (in target 'WWWebImage' from project 'WWWebImage')
    cd /Users/admin/builder/spi-builder-workspace/.swiftpm/xcode
    builtin-SwiftPerFileCompile DownloadManeger.swift
SwiftEmitModule normal arm64_32 Emitting\ module\ for\ WWWebImage (in target 'WWWebImage' from project 'WWWebImage')
/Users/admin/builder/spi-builder-workspace/Sources/WWWebImage/Maneger/DownloadTaskManager.swift:41:37: error: 'UIImageView' is unavailable in watchOS
 39 |         /// - 同一個 ImageView 多次呼叫會返回相同的 DownloadManager
 40 |         /// - 這是解決 cell reuse 問題的核心
 41 |         func manager(for imageView: UIImageView?) -> WWWebImage.DownloadManager? {
    |                                     `- error: 'UIImageView' is unavailable in watchOS
 42 |
 43 |             guard let imageView else { return nil }
/Applications/Xcode-27.0.0-Release.Candidate.app/Contents/Developer/Platforms/WatchOS.platform/Developer/SDKs/WatchOS27.0.sdk/System/Library/Frameworks/UIKit.framework/Headers/UIImageView.h:21:12: note: 'UIImageView' has been explicitly marked unavailable here
 19 |
 20 | UIKIT_EXTERN API_AVAILABLE(ios(2.0)) API_UNAVAILABLE(watchos) NS_SWIFT_UI_ACTOR
 21 | @interface UIImageView : UIView
    |            `- note: 'UIImageView' has been explicitly marked unavailable here
 22 |
 23 | - (instancetype)initWithImage:(nullable UIImage *)image;
/Users/admin/builder/spi-builder-workspace/Sources/WWWebImage/Maneger/DownloadTaskManager.swift:68:32: error: 'UIImageView' is unavailable in watchOS
 66 |     /// - 獲取該 ImageView 的 DownloadManager
 67 |     /// - 調用 DownloadManager.cancel()(設置 isCancelled = true,取消 URLSessionTask)
 68 |     func cancel(for imageView: UIImageView?) {
    |                                `- error: 'UIImageView' is unavailable in watchOS
 69 |
 70 |         guard let imageView else { return }
/Applications/Xcode-27.0.0-Release.Candidate.app/Contents/Developer/Platforms/WatchOS.platform/Developer/SDKs/WatchOS27.0.sdk/System/Library/Frameworks/UIKit.framework/Headers/UIImageView.h:21:12: note: 'UIImageView' has been explicitly marked unavailable here
 19 |
 20 | UIKIT_EXTERN API_AVAILABLE(ios(2.0)) API_UNAVAILABLE(watchos) NS_SWIFT_UI_ACTOR
 21 | @interface UIImageView : UIView
    |            `- note: 'UIImageView' has been explicitly marked unavailable here
 22 |
 23 | - (instancetype)initWithImage:(nullable UIImage *)image;
/Users/admin/builder/spi-builder-workspace/Sources/WWWebImage/Maneger/DownloadTaskManager.swift:85:36: error: 'UIImageView' is unavailable in watchOS
 83 |     /// - 使用 objc_getAssociatedObject 讀取 runtime 綁定的物件
 84 |     /// - 與 setManager 使用相同的 key(downloadManagerKey)
 85 |     func getManager(for imageView: UIImageView) -> WWWebImage.DownloadManager? {
    |                                    `- error: 'UIImageView' is unavailable in watchOS
 86 |         return objc_getAssociatedObject(imageView, &downloadManagerKey) as? WWWebImage.DownloadManager
 87 |     }
/Applications/Xcode-27.0.0-Release.Candidate.app/Contents/Developer/Platforms/WatchOS.platform/Developer/SDKs/WatchOS27.0.sdk/System/Library/Frameworks/UIKit.framework/Headers/UIImageView.h:21:12: note: 'UIImageView' has been explicitly marked unavailable here
 19 |
 20 | UIKIT_EXTERN API_AVAILABLE(ios(2.0)) API_UNAVAILABLE(watchos) NS_SWIFT_UI_ACTOR
 21 | @interface UIImageView : UIView
    |            `- note: 'UIImageView' has been explicitly marked unavailable here
 22 |
 23 | - (instancetype)initWithImage:(nullable UIImage *)image;
/Users/admin/builder/spi-builder-workspace/Sources/WWWebImage/Maneger/DownloadTaskManager.swift:101:75: error: 'UIImageView' is unavailable in watchOS
 99 |     /// imageView → manager(綁定關係)
100 |     /// 之後透過 getManager(for: imageView) 可以讀取這個 manager
101 |     func setManager(_ manager: WWWebImage.DownloadManager, for imageView: UIImageView) {
    |                                                                           `- error: 'UIImageView' is unavailable in watchOS
102 |         objc_setAssociatedObject(imageView, &downloadManagerKey, manager, .OBJC_ASSOCIATION_RETAIN_NONATOMIC)
103 |     }
/Applications/Xcode-27.0.0-Release.Candidate.app/Contents/Developer/Platforms/WatchOS.platform/Developer/SDKs/WatchOS27.0.sdk/System/Library/Frameworks/UIKit.framework/Headers/UIImageView.h:21:12: note: 'UIImageView' has been explicitly marked unavailable here
 19 |
 20 | UIKIT_EXTERN API_AVAILABLE(ios(2.0)) API_UNAVAILABLE(watchos) NS_SWIFT_UI_ACTOR
 21 | @interface UIImageView : UIView
    |            `- note: 'UIImageView' has been explicitly marked unavailable here
 22 |
 23 | - (instancetype)initWithImage:(nullable UIImage *)image;
/Users/admin/builder/spi-builder-workspace/Sources/WWWebImage/WWWebImage.swift:16:26: error: 'UIImageView' is unavailable in watchOS
14 |
15 | public extension WWWebImage {
16 |     protocol `Protocol`: UIImageView {}
   |                          `- error: 'UIImageView' is unavailable in watchOS
17 | }
18 |
/Applications/Xcode-27.0.0-Release.Candidate.app/Contents/Developer/Platforms/WatchOS.platform/Developer/SDKs/WatchOS27.0.sdk/System/Library/Frameworks/UIKit.framework/Headers/UIImageView.h:21:12: note: 'UIImageView' has been explicitly marked unavailable here
 19 |
 20 | UIKIT_EXTERN API_AVAILABLE(ios(2.0)) API_UNAVAILABLE(watchos) NS_SWIFT_UI_ACTOR
 21 | @interface UIImageView : UIView
    |            `- note: 'UIImageView' has been explicitly marked unavailable here
 22 |
 23 | - (instancetype)initWithImage:(nullable UIImage *)image;
/Users/admin/builder/spi-builder-workspace/Sources/WWWebImage/WWWebImage.swift:23:11: error: 'UIImageView' is unavailable in watchOS
21 | }
22 |
23 | extension UIImageView: WWWebImage.`Protocol` {}
   |           `- error: 'UIImageView' is unavailable in watchOS
24 |
/Applications/Xcode-27.0.0-Release.Candidate.app/Contents/Developer/Platforms/WatchOS.platform/Developer/SDKs/WatchOS27.0.sdk/System/Library/Frameworks/UIKit.framework/Headers/UIImageView.h:21:12: note: 'UIImageView' has been explicitly marked unavailable here
 19 |
 20 | UIKIT_EXTERN API_AVAILABLE(ios(2.0)) API_UNAVAILABLE(watchos) NS_SWIFT_UI_ACTOR
 21 | @interface UIImageView : UIView
    |            `- note: 'UIImageView' has been explicitly marked unavailable here
 22 |
 23 | - (instancetype)initWithImage:(nullable UIImage *)image;
/Users/admin/builder/spi-builder-workspace/Sources/WWWebImage/Wrapper.swift:14:22: error: 'UIImageView' is unavailable in watchOS
 12 |
 13 |     /// ImageView 的擴展包裝器 - 提供圖片下載功能
 14 |     class Wrapper<T: UIImageView> {
    |                      `- error: 'UIImageView' is unavailable in watchOS
 15 |
 16 |         private weak var imageView: T?
/Applications/Xcode-27.0.0-Release.Candidate.app/Contents/Developer/Platforms/WatchOS.platform/Developer/SDKs/WatchOS27.0.sdk/System/Library/Frameworks/UIKit.framework/Headers/UIImageView.h:21:12: note: 'UIImageView' has been explicitly marked unavailable here
 19 |
 20 | UIKIT_EXTERN API_AVAILABLE(ios(2.0)) API_UNAVAILABLE(watchos) NS_SWIFT_UI_ACTOR
 21 | @interface UIImageView : UIView
    |            `- note: 'UIImageView' has been explicitly marked unavailable here
 22 |
 23 | - (instancetype)initWithImage:(nullable UIImage *)image;
Failed frontend command:
/Applications/Xcode-27.0.0-Release.Candidate.app/Contents/Developer/Toolchains/XcodeDefault.xctoolchain/usr/bin/swift-frontend -frontend -emit-module -experimental-skip-non-inlinable-function-bodies-without-types /Users/admin/builder/spi-builder-workspace/.derivedData/Build/Intermediates.noindex/WWWebImage.build/Debug-watchos/WWWebImage-t.build/DerivedSources/resource_bundle_accessor.swift /Users/admin/builder/spi-builder-workspace/Sources/WWWebImage/Maneger/DownloadManeger.swift /Users/admin/builder/spi-builder-workspace/Sources/WWWebImage/Maneger/DownloadTaskManager.swift /Users/admin/builder/spi-builder-workspace/Sources/WWWebImage/Utility/Downloader.swift /Users/admin/builder/spi-builder-workspace/Sources/WWWebImage/Utility/Error.swift /Users/admin/builder/spi-builder-workspace/Sources/WWWebImage/WWWebImage.swift /Users/admin/builder/spi-builder-workspace/Sources/WWWebImage/Wrapper.swift -target arm64_32-apple-watchos9.0 -disable-cross-import-overlay-search -load-resolved-plugin /Applications/Xcode-27.0.0-Release.Candidate.app/Contents/Developer/Platforms/WatchOS.platform/Developer/usr/lib/swift/host/plugins/libFoundationMacros.dylib\#/Applications/Xcode-27.0.0-Release.Candidate.app/Contents/Developer/Platforms/WatchOS.platform/Developer/usr/bin/swift-plugin-server\#FoundationMacros -load-resolved-plugin /Applications/Xcode-27.0.0-Release.Candidate.app/Contents/Developer/Platforms/WatchOS.platform/Developer/usr/lib/swift/host/plugins/libObservationMacros.dylib\#/Applications/Xcode-27.0.0-Release.Candidate.app/Contents/Developer/Platforms/WatchOS.platform/Developer/usr/bin/swift-plugin-server\#ObservationMacros -load-resolved-plugin /Applications/Xcode-27.0.0-Release.Candidate.app/Contents/Developer/Platforms/WatchOS.platform/Developer/usr/lib/swift/host/plugins/libSwiftMacros.dylib\#/Applications/Xcode-27.0.0-Release.Candidate.app/Contents/Developer/Platforms/WatchOS.platform/Developer/usr/bin/swift-plugin-server\#SwiftMacros -load-resolved-plugin /Applications/Xcode-27.0.0-Release.Candidate.app/Contents/Developer/Platforms/WatchOS.platform/Developer/usr/lib/swift/host/plugins/libSwiftUIMacros.dylib\#/Applications/Xcode-27.0.0-Release.Candidate.app/Contents/Developer/Platforms/WatchOS.platform/Developer/usr/bin/swift-plugin-server\#SwiftUIMacros -disable-implicit-swift-modules -Xcc -fno-implicit-modules -Xcc -fno-implicit-module-maps -explicit-swift-module-map-file /Users/admin/builder/spi-builder-workspace/.derivedData/Build/Intermediates.noindex/WWWebImage.build/Debug-watchos/WWWebImage-t.build/Objects-normal/arm64_32/WWWebImage-dependencies-2.json -enable-objc-interop -sdk /Applications/Xcode-27.0.0-Release.Candidate.app/Contents/Developer/Platforms/WatchOS.platform/Developer/SDKs/WatchOS27.0.sdk -I /Users/admin/builder/spi-builder-workspace/.derivedData/Build/Products/Debug-watchos -Isystem /Applications/Xcode-27.0.0-Release.Candidate.app/Contents/Developer/Platforms/WatchOS.platform/Developer/usr/lib -F /Users/admin/builder/spi-builder-workspace/.derivedData/Build/Products/Debug-watchos/PackageFrameworks -F /Users/admin/builder/spi-builder-workspace/.derivedData/Build/Products/Debug-watchos -F /Applications/Xcode-27.0.0-Release.Candidate.app/Contents/Developer/Platforms/WatchOS.platform/Developer/Library/Frameworks -F /Applications/Xcode-27.0.0-Release.Candidate.app/Contents/Developer/Platforms/WatchOS.platform/Developer/SDKs/WatchOS27.0.sdk/Developer/Library/Frameworks -module-cache-path /Users/admin/builder/spi-builder-workspace/.derivedData/Build/Intermediates.noindex/SwiftExplicitPrecompiledModules -no-color-diagnostics -Xcc -fno-color-diagnostics -enable-testing -g -debug-info-format\=dwarf -dwarf-version\=4 -swift-version 5 -Onone -D SWIFT_PACKAGE -D DEBUG -D SWIFT_MODULE_RESOURCE_BUNDLE_AVAILABLE -D Xcode -serialize-debugging-options -enable-experimental-feature DebugDescriptionMacro -empty-abi-descriptor -validate-clang-modules-once -clang-build-session-file /Users/admin/builder/spi-builder-workspace/.derivedData/ModuleCache.noindex/Session.modulevalidation -Xcc -working-directory -Xcc /Users/admin/builder/spi-builder-workspace/.swiftpm/xcode -enable-anonymous-context-mangled-names -file-compilation-dir /Users/admin/builder/spi-builder-workspace/.swiftpm/xcode -Xcc -D_LIBCPP_HARDENING_MODE\=_LIBCPP_HARDENING_MODE_DEBUG -Xcc -ivfsstatcache -Xcc /Users/admin/builder/spi-builder-workspace/.derivedData/SDKStatCaches.noindex/watchos27.0-24R360-e829b21a6f8c9b70876ba0858053c04477534ef55a1706bf4c1112bbb242f0a2.sdkstatcache -Xcc -fmodules-prune-interval\=86400 -Xcc -fmodules-prune-after\=345600 -Xcc -I/Users/admin/builder/spi-builder-workspace/.derivedData/Build/Products/Debug-watchos/include -Xcc -I/Users/admin/builder/spi-builder-workspace/.derivedData/Build/Intermediates.noindex/WWWebImage.build/Debug-watchos/WWWebImage-t.build/DerivedSources-normal/arm64_32 -Xcc -I/Users/admin/builder/spi-builder-workspace/.derivedData/Build/Intermediates.noindex/WWWebImage.build/Debug-watchos/WWWebImage-t.build/DerivedSources/arm64_32 -Xcc -I/Users/admin/builder/spi-builder-workspace/.derivedData/Build/Intermediates.noindex/WWWebImage.build/Debug-watchos/WWWebImage-t.build/DerivedSources -Xcc -DSWIFT_PACKAGE -Xcc -DDEBUG\=1 -no-auto-bridging-header-chaining -module-name WWWebImage -const-gather-protocols-file /Users/admin/builder/spi-builder-workspace/.derivedData/Build/Intermediates.noindex/WWWebImage.build/Debug-watchos/WWWebImage-t.build/Objects-normal/arm64_32/WWWebImage_const_extract_protocols.json -disable-clang-spi -clang-target arm64_32-apple-watchos27.0 -target-sdk-version 27.0 -target-sdk-name watchos27.0 -in-process-plugin-server-path /Applications/Xcode-27.0.0-Release.Candidate.app/Contents/Developer/Toolchains/XcodeDefault.xctoolchain/usr/lib/swift/host/libSwiftInProcPluginServer.dylib -emit-module-doc-path /Users/admin/builder/spi-builder-workspace/.derivedData/Build/Intermediates.noindex/WWWebImage.build/Debug-watchos/WWWebImage-t.build/Objects-normal/arm64_32/WWWebImage.swiftdoc -emit-module-source-info-path /Users/admin/builder/spi-builder-workspace/.derivedData/Build/Intermediates.noindex/WWWebImage.build/Debug-watchos/WWWebImage-t.build/Objects-normal/arm64_32/WWWebImage.swiftsourceinfo -emit-objc-header-path /Users/admin/builder/spi-builder-workspace/.derivedData/Build/Intermediates.noindex/WWWebImage.build/Debug-watchos/WWWebImage-t.build/Objects-normal/arm64_32/WWWebImage-Swift.h -serialize-diagnostics-path /Users/admin/builder/spi-builder-workspace/.derivedData/Build/Intermediates.noindex/WWWebImage.build/Debug-watchos/WWWebImage-t.build/Objects-normal/arm64_32/WWWebImage-primary-emit-module.dia -emit-dependencies-path /Users/admin/builder/spi-builder-workspace/.derivedData/Build/Intermediates.noindex/WWWebImage.build/Debug-watchos/WWWebImage-t.build/Objects-normal/arm64_32/WWWebImage-primary-emit-module.d -parse-as-library -o /Users/admin/builder/spi-builder-workspace/.derivedData/Build/Intermediates.noindex/WWWebImage.build/Debug-watchos/WWWebImage-t.build/Objects-normal/arm64_32/WWWebImage.swiftmodule -emit-abi-descriptor-path /Users/admin/builder/spi-builder-workspace/.derivedData/Build/Intermediates.noindex/WWWebImage.build/Debug-watchos/WWWebImage-t.build/Objects-normal/arm64_32/WWWebImage.abi.json
SwiftCompile normal arm64_32 (in target 'WWWebImage' from project 'WWWebImage')
    cd /Users/admin/builder/spi-builder-workspace/.swiftpm/xcode

SwiftCompile normal arm64_32 Compiling\ resource_bundle_accessor.swift /Users/admin/builder/spi-builder-workspace/.derivedData/Build/Intermediates.noindex/WWWebImage.build/Debug-watchos/WWWebImage-t.build/DerivedSources/resource_bundle_accessor.swift (in target 'WWWebImage' from project 'WWWebImage')
SwiftCompile normal arm64_32 /Users/admin/builder/spi-builder-workspace/.derivedData/Build/Intermediates.noindex/WWWebImage.build/Debug-watchos/WWWebImage-t.build/DerivedSources/resource_bundle_accessor.swift (in target 'WWWebImage' from project 'WWWebImage')
    cd /Users/admin/builder/spi-builder-workspace/.swiftpm/xcode
    builtin-SwiftPerFileCompile resource_bundle_accessor.swift
SwiftCompile normal arm64_32 Compiling\ WWWebImage.swift /Users/admin/builder/spi-builder-workspace/Sources/WWWebImage/WWWebImage.swift (in target 'WWWebImage' from project 'WWWebImage')
SwiftCompile normal arm64_32 /Users/admin/builder/spi-builder-workspace/Sources/WWWebImage/WWWebImage.swift (in target 'WWWebImage' from project 'WWWebImage')
    cd /Users/admin/builder/spi-builder-workspace/.swiftpm/xcode
    builtin-SwiftPerFileCompile WWWebImage.swift
/Users/admin/builder/spi-builder-workspace/Sources/WWWebImage/WWWebImage.swift:16:26: error: 'UIImageView' is unavailable in watchOS
14 |
15 | public extension WWWebImage {
16 |     protocol `Protocol`: UIImageView {}
   |                          `- error: 'UIImageView' is unavailable in watchOS
17 | }
18 |
/Applications/Xcode-27.0.0-Release.Candidate.app/Contents/Developer/Platforms/WatchOS.platform/Developer/SDKs/WatchOS27.0.sdk/System/Library/Frameworks/UIKit.framework/Headers/UIImageView.h:21:12: note: 'UIImageView' has been explicitly marked unavailable here
 19 |
 20 | UIKIT_EXTERN API_AVAILABLE(ios(2.0)) API_UNAVAILABLE(watchos) NS_SWIFT_UI_ACTOR
 21 | @interface UIImageView : UIView
    |            `- note: 'UIImageView' has been explicitly marked unavailable here
 22 |
 23 | - (instancetype)initWithImage:(nullable UIImage *)image;
SwiftEmitModule normal arm64 Emitting\ module\ for\ WWWebImage (in target 'WWWebImage' from project 'WWWebImage')
/Users/admin/builder/spi-builder-workspace/Sources/WWWebImage/Maneger/DownloadTaskManager.swift:41:37: error: 'UIImageView' is unavailable in watchOS
 39 |         /// - 同一個 ImageView 多次呼叫會返回相同的 DownloadManager
 40 |         /// - 這是解決 cell reuse 問題的核心
 41 |         func manager(for imageView: UIImageView?) -> WWWebImage.DownloadManager? {
    |                                     `- error: 'UIImageView' is unavailable in watchOS
 42 |
 43 |             guard let imageView else { return nil }
/Applications/Xcode-27.0.0-Release.Candidate.app/Contents/Developer/Platforms/WatchOS.platform/Developer/SDKs/WatchOS27.0.sdk/System/Library/Frameworks/UIKit.framework/Headers/UIImageView.h:21:12: note: 'UIImageView' has been explicitly marked unavailable here
 19 |
 20 | UIKIT_EXTERN API_AVAILABLE(ios(2.0)) API_UNAVAILABLE(watchos) NS_SWIFT_UI_ACTOR
 21 | @interface UIImageView : UIView
    |            `- note: 'UIImageView' has been explicitly marked unavailable here
 22 |
 23 | - (instancetype)initWithImage:(nullable UIImage *)image;
/Users/admin/builder/spi-builder-workspace/Sources/WWWebImage/Maneger/DownloadTaskManager.swift:68:32: error: 'UIImageView' is unavailable in watchOS
 66 |     /// - 獲取該 ImageView 的 DownloadManager
 67 |     /// - 調用 DownloadManager.cancel()(設置 isCancelled = true,取消 URLSessionTask)
 68 |     func cancel(for imageView: UIImageView?) {
    |                                `- error: 'UIImageView' is unavailable in watchOS
 69 |
 70 |         guard let imageView else { return }
/Applications/Xcode-27.0.0-Release.Candidate.app/Contents/Developer/Platforms/WatchOS.platform/Developer/SDKs/WatchOS27.0.sdk/System/Library/Frameworks/UIKit.framework/Headers/UIImageView.h:21:12: note: 'UIImageView' has been explicitly marked unavailable here
 19 |
 20 | UIKIT_EXTERN API_AVAILABLE(ios(2.0)) API_UNAVAILABLE(watchos) NS_SWIFT_UI_ACTOR
 21 | @interface UIImageView : UIView
    |            `- note: 'UIImageView' has been explicitly marked unavailable here
 22 |
 23 | - (instancetype)initWithImage:(nullable UIImage *)image;
/Users/admin/builder/spi-builder-workspace/Sources/WWWebImage/Maneger/DownloadTaskManager.swift:85:36: error: 'UIImageView' is unavailable in watchOS
 83 |     /// - 使用 objc_getAssociatedObject 讀取 runtime 綁定的物件
 84 |     /// - 與 setManager 使用相同的 key(downloadManagerKey)
 85 |     func getManager(for imageView: UIImageView) -> WWWebImage.DownloadManager? {
    |                                    `- error: 'UIImageView' is unavailable in watchOS
 86 |         return objc_getAssociatedObject(imageView, &downloadManagerKey) as? WWWebImage.DownloadManager
 87 |     }
/Applications/Xcode-27.0.0-Release.Candidate.app/Contents/Developer/Platforms/WatchOS.platform/Developer/SDKs/WatchOS27.0.sdk/System/Library/Frameworks/UIKit.framework/Headers/UIImageView.h:21:12: note: 'UIImageView' has been explicitly marked unavailable here
 19 |
 20 | UIKIT_EXTERN API_AVAILABLE(ios(2.0)) API_UNAVAILABLE(watchos) NS_SWIFT_UI_ACTOR
 21 | @interface UIImageView : UIView
    |            `- note: 'UIImageView' has been explicitly marked unavailable here
 22 |
 23 | - (instancetype)initWithImage:(nullable UIImage *)image;
SwiftCompile normal arm64 (in target 'WWWebImage' from project 'WWWebImage')
    cd /Users/admin/builder/spi-builder-workspace/.swiftpm/xcode

SwiftCompile normal arm64 Compiling\ Downloader.swift /Users/admin/builder/spi-builder-workspace/Sources/WWWebImage/Utility/Downloader.swift (in target 'WWWebImage' from project 'WWWebImage')
SwiftCompile normal arm64 /Users/admin/builder/spi-builder-workspace/Sources/WWWebImage/Utility/Downloader.swift (in target 'WWWebImage' from project 'WWWebImage')
    cd /Users/admin/builder/spi-builder-workspace/.swiftpm/xcode
    builtin-SwiftPerFileCompile Downloader.swift
SwiftCompile normal arm64 Compiling\ Wrapper.swift /Users/admin/builder/spi-builder-workspace/Sources/WWWebImage/Wrapper.swift (in target 'WWWebImage' from project 'WWWebImage')
SwiftCompile normal arm64 /Users/admin/builder/spi-builder-workspace/Sources/WWWebImage/Wrapper.swift (in target 'WWWebImage' from project 'WWWebImage')
    cd /Users/admin/builder/spi-builder-workspace/.swiftpm/xcode
    builtin-SwiftPerFileCompile Wrapper.swift
SwiftDriverJobDiscovery normal arm64_32 Compiling Error.swift (in target 'WWWebImage' from project 'WWWebImage')
SwiftCompile normal arm64 Compiling\ resource_bundle_accessor.swift /Users/admin/builder/spi-builder-workspace/.derivedData/Build/Intermediates.noindex/WWWebImage.build/Debug-watchos/WWWebImage-t.build/DerivedSources/resource_bundle_accessor.swift (in target 'WWWebImage' from project 'WWWebImage')
SwiftCompile normal arm64 /Users/admin/builder/spi-builder-workspace/.derivedData/Build/Intermediates.noindex/WWWebImage.build/Debug-watchos/WWWebImage-t.build/DerivedSources/resource_bundle_accessor.swift (in target 'WWWebImage' from project 'WWWebImage')
    cd /Users/admin/builder/spi-builder-workspace/.swiftpm/xcode
    builtin-SwiftPerFileCompile resource_bundle_accessor.swift
SwiftDriverJobDiscovery normal arm64_32 Compiling DownloadManeger.swift (in target 'WWWebImage' from project 'WWWebImage')
SwiftCompile normal arm64 Compiling\ WWWebImage.swift /Users/admin/builder/spi-builder-workspace/Sources/WWWebImage/WWWebImage.swift (in target 'WWWebImage' from project 'WWWebImage')
SwiftCompile normal arm64 /Users/admin/builder/spi-builder-workspace/Sources/WWWebImage/WWWebImage.swift (in target 'WWWebImage' from project 'WWWebImage')
    cd /Users/admin/builder/spi-builder-workspace/.swiftpm/xcode
    builtin-SwiftPerFileCompile WWWebImage.swift
SwiftDriverJobDiscovery normal arm64_32 Compiling Downloader.swift (in target 'WWWebImage' from project 'WWWebImage')
SwiftCompile normal arm64 Compiling\ Error.swift /Users/admin/builder/spi-builder-workspace/Sources/WWWebImage/Utility/Error.swift (in target 'WWWebImage' from project 'WWWebImage')
SwiftCompile normal arm64 /Users/admin/builder/spi-builder-workspace/Sources/WWWebImage/Utility/Error.swift (in target 'WWWebImage' from project 'WWWebImage')
    cd /Users/admin/builder/spi-builder-workspace/.swiftpm/xcode
    builtin-SwiftPerFileCompile Error.swift
SwiftDriverJobDiscovery normal arm64_32 Compiling resource_bundle_accessor.swift (in target 'WWWebImage' from project 'WWWebImage')
PruneExplicitPrecompiledModules /Users/admin/builder/spi-builder-workspace/.derivedData/Build/Intermediates.noindex/ExplicitPrecompiledModules
PruneExplicitPrecompiledModules /Users/admin/builder/spi-builder-workspace/.derivedData/Build/Intermediates.noindex/SwiftExplicitPrecompiledModules
PruneExplicitPrecompiledModules /Users/admin/builder/spi-builder-workspace/.derivedData/SDKExplicitPrecompiledModules
2026-09-25 14:28:17.766 xcodebuild[692:4407] [MT] IDERunDestination: Supported platforms for the buildables in the current scheme is empty.
** BUILD FAILED **
The following build commands failed:
	SwiftEmitModule normal arm64_32 Emitting\ module\ for\ WWWebImage (in target 'WWWebImage' from project 'WWWebImage')
	SwiftCompile normal arm64_32 (in target 'WWWebImage' from project 'WWWebImage')
	Building workspace WWWebImage with scheme WWWebImage
(3 failures)
Command line invocation:
    /Applications/Xcode-27.0.0-Release.Candidate.app/Contents/Developer/usr/bin/xcodebuild -IDEClonedSourcePackagesDirPathOverride=/Users/admin/builder/spi-builder-workspace/.dependencies -resolvePackageDependencies
Resolve Package Graph
Resolved source packages:
  WWWebImage: /Users/admin/builder/spi-builder-workspace
  WWCacheManager: https://github.com/William-Weng/WWCacheManager @ 1.1.0
resolved source packages: WWWebImage, WWCacheManager
2026-09-25 14:28:24.911 xcodebuild[847:5063] [MT] IDERunDestination: Supported platforms for the buildables in the current scheme is empty.
{
  "dependencies" : [
    {
      "identity" : "wwcachemanager",
      "requirement" : {
        "range" : [
          {
            "lower_bound" : "1.1.0",
            "upper_bound" : "1.2.0"
          }
        ]
      },
      "type" : "sourceControl",
      "url" : "https://github.com/William-Weng/WWCacheManager"
    }
  ],
  "manifest_display_name" : "WWWebImage",
  "name" : "WWWebImage",
  "path" : "/Users/admin/builder/spi-builder-workspace",
  "platforms" : [
    {
      "name" : "ios",
      "version" : "16.0"
    }
  ],
  "products" : [
    {
      "name" : "WWWebImage",
      "targets" : [
        "WWWebImage"
      ],
      "type" : {
        "library" : [
          "automatic"
        ]
      }
    }
  ],
  "swift_languages_versions" : [
    "5"
  ],
  "targets" : [
    {
      "c99name" : "WWWebImage",
      "module_type" : "SwiftTarget",
      "name" : "WWWebImage",
      "path" : "Sources/WWWebImage",
      "product_dependencies" : [
        "WWCacheManager"
      ],
      "product_memberships" : [
        "WWWebImage"
      ],
      "resources" : [
        {
          "path" : "/Users/admin/builder/spi-builder-workspace/Sources/WWWebImage/Privacy",
          "rule" : {
            "copy" : {
            }
          }
        }
      ],
      "sources" : [
        "Maneger/DownloadManeger.swift",
        "Maneger/DownloadTaskManager.swift",
        "Utility/Downloader.swift",
        "Utility/Error.swift",
        "WWWebImage.swift",
        "Wrapper.swift"
      ],
      "type" : "library"
    }
  ],
  "tools_version" : "5.7"
}
{
  "workspace" : {
    "name" : "WWWebImage",
    "schemes" : [
      "WWWebImage"
    ]
  }
}
2026-09-25 14:28:26.177 xcodebuild[855:5128] [MT] IDERunDestination: Supported platforms for the buildables in the current scheme is empty.
Running build ...
env DEVELOPER_DIR=/Applications/Xcode-27.0.0-Release.Candidate.app xcrun xcodebuild -IDEClonedSourcePackagesDirPathOverride=$PWD/.dependencies -skipMacroValidation -skipPackagePluginValidation -derivedDataPath $PWD/.derivedData build -scheme WWWebImage -destination generic/platform=watchOS
Command line invocation:
    /Applications/Xcode-27.0.0-Release.Candidate.app/Contents/Developer/usr/bin/xcodebuild -IDEClonedSourcePackagesDirPathOverride=/Users/admin/builder/spi-builder-workspace/.dependencies -skipMacroValidation -skipPackagePluginValidation -derivedDataPath /Users/admin/builder/spi-builder-workspace/.derivedData build -scheme WWWebImage -destination generic/platform=watchOS
Resolve Package Graph
Resolved source packages:
  WWWebImage: /Users/admin/builder/spi-builder-workspace
  WWCacheManager: https://github.com/William-Weng/WWCacheManager @ 1.1.0
ComputePackagePrebuildTargetDependencyGraph
Prepare packages
CreateBuildRequest
SendProjectDescription
CreateBuildOperation
ComputeTargetDependencyGraph
note: Building targets in dependency order
note: Target dependency graph (6 targets)
    Target 'WWWebImage-product' in project 'WWWebImage'
        ➜ Explicit dependency on target 'WWWebImage' in project 'WWWebImage'
        ➜ Explicit dependency on target 'WWWebImage_WWWebImage' in project 'WWWebImage'
        ➜ Explicit dependency on target 'WWCacheManager-product' in project 'WWCacheManager'
    Target 'WWWebImage' in project 'WWWebImage'
        ➜ Explicit dependency on target 'WWWebImage_WWWebImage' in project 'WWWebImage'
        ➜ Explicit dependency on target 'WWCacheManager-product' in project 'WWCacheManager'
    Target 'WWCacheManager-product' in project 'WWCacheManager'
        ➜ Explicit dependency on target 'WWCacheManager' in project 'WWCacheManager'
        ➜ Explicit dependency on target 'WWCacheManager_WWCacheManager' in project 'WWCacheManager'
    Target 'WWCacheManager' in project 'WWCacheManager'
        ➜ Explicit dependency on target 'WWCacheManager_WWCacheManager' in project 'WWCacheManager'
    Target 'WWCacheManager_WWCacheManager' in project 'WWCacheManager' (no dependencies)
    Target 'WWWebImage_WWWebImage' in project 'WWWebImage' (no dependencies)
GatherProvisioningInputs
CreateBuildDescription
ClangStatCache /Applications/Xcode-27.0.0-Release.Candidate.app/Contents/Developer/Toolchains/XcodeDefault.xctoolchain/usr/bin/clang-stat-cache /Applications/Xcode-27.0.0-Release.Candidate.app/Contents/Developer/Platforms/WatchOS.platform/Developer/SDKs/WatchOS27.0.sdk /Users/admin/builder/spi-builder-workspace/.derivedData/SDKStatCaches.noindex/watchos27.0-24R360-e829b21a6f8c9b70876ba0858053c04477534ef55a1706bf4c1112bbb242f0a2.sdkstatcache
    cd /Users/admin/builder/spi-builder-workspace/.swiftpm/xcode
    /Applications/Xcode-27.0.0-Release.Candidate.app/Contents/Developer/Toolchains/XcodeDefault.xctoolchain/usr/bin/clang-stat-cache /Applications/Xcode-27.0.0-Release.Candidate.app/Contents/Developer/Platforms/WatchOS.platform/Developer/SDKs/WatchOS27.0.sdk -o /Users/admin/builder/spi-builder-workspace/.derivedData/SDKStatCaches.noindex/watchos27.0-24R360-e829b21a6f8c9b70876ba0858053c04477534ef55a1706bf4c1112bbb242f0a2.sdkstatcache
SwiftDriver WWWebImage normal arm64_32 com.apple.xcode.tools.swift.compiler (in target 'WWWebImage' from project 'WWWebImage')
    cd /Users/admin/builder/spi-builder-workspace/.swiftpm/xcode
    builtin-SwiftDriver -- /Applications/Xcode-27.0.0-Release.Candidate.app/Contents/Developer/Toolchains/XcodeDefault.xctoolchain/usr/bin/swiftc -parse-as-library -module-name WWWebImage -Onone @/Users/admin/builder/spi-builder-workspace/.derivedData/Build/Intermediates.noindex/WWWebImage.build/Debug-watchos/WWWebImage-t.build/Objects-normal/arm64_32/WWWebImage.SwiftFileList -DSWIFT_PACKAGE -DDEBUG -DSWIFT_MODULE_RESOURCE_BUNDLE_AVAILABLE -DXcode -plugin-path /Applications/Xcode-27.0.0-Release.Candidate.app/Contents/Developer/Toolchains/XcodeDefault.xctoolchain/usr/lib/swift/host/plugins/testing -enable-experimental-feature DebugDescriptionMacro -sdk /Applications/Xcode-27.0.0-Release.Candidate.app/Contents/Developer/Platforms/WatchOS.platform/Developer/SDKs/WatchOS27.0.sdk -target arm64_32-apple-watchos9.0 -g -module-cache-path /Users/admin/builder/spi-builder-workspace/.derivedData/ModuleCache.noindex -Xfrontend -serialize-debugging-options -enable-testing -index-store-path /Users/admin/builder/spi-builder-workspace/.derivedData/Index.noindex/DataStore -Xcc -D_LIBCPP_HARDENING_MODE\=_LIBCPP_HARDENING_MODE_DEBUG -swift-version 5 -I /Users/admin/builder/spi-builder-workspace/.derivedData/Build/Products/Debug-watchos -Isystem /Applications/Xcode-27.0.0-Release.Candidate.app/Contents/Developer/Platforms/WatchOS.platform/Developer/usr/lib -F /Users/admin/builder/spi-builder-workspace/.derivedData/Build/Products/Debug-watchos/PackageFrameworks -F /Users/admin/builder/spi-builder-workspace/.derivedData/Build/Products/Debug-watchos -F /Applications/Xcode-27.0.0-Release.Candidate.app/Contents/Developer/Platforms/WatchOS.platform/Developer/Library/Frameworks -F /Applications/Xcode-27.0.0-Release.Candidate.app/Contents/Developer/Platforms/WatchOS.platform/Developer/SDKs/WatchOS27.0.sdk/Developer/Library/Frameworks -c -j10 -enable-batch-mode -incremental -Xcc -ivfsstatcache -Xcc /Users/admin/builder/spi-builder-workspace/.derivedData/SDKStatCaches.noindex/watchos27.0-24R360-e829b21a6f8c9b70876ba0858053c04477534ef55a1706bf4c1112bbb242f0a2.sdkstatcache -output-file-map /Users/admin/builder/spi-builder-workspace/.derivedData/Build/Intermediates.noindex/WWWebImage.build/Debug-watchos/WWWebImage-t.build/Objects-normal/arm64_32/WWWebImage-OutputFileMap.json -save-temps -no-color-diagnostics -explicit-module-build -module-cache-path /Users/admin/builder/spi-builder-workspace/.derivedData/Build/Intermediates.noindex/SwiftExplicitPrecompiledModules -clang-scanner-module-cache-path /Users/admin/builder/spi-builder-workspace/.derivedData/ModuleCache.noindex -sdk-module-cache-path /Users/admin/builder/spi-builder-workspace/.derivedData/SDKExplicitPrecompiledModules -emit-dependencies -emit-module -emit-module-path /Users/admin/builder/spi-builder-workspace/.derivedData/Build/Intermediates.noindex/WWWebImage.build/Debug-watchos/WWWebImage-t.build/Objects-normal/arm64_32/WWWebImage.swiftmodule -serialize-diagnostics -dependency-scan-serialize-diagnostics-path /Users/admin/builder/spi-builder-workspace/.derivedData/Build/Intermediates.noindex/WWWebImage.build/Debug-watchos/WWWebImage-t.build/Objects-normal/arm64_32/WWWebImage-dependency-scan.dia -validate-clang-modules-once -clang-build-session-file /Users/admin/builder/spi-builder-workspace/.derivedData/ModuleCache.noindex/Session.modulevalidation -Xcc -fmodules-prune-interval\=86400 -Xcc -fmodules-prune-after\=345600 -emit-const-values -const-gather-protocols-list /Users/admin/builder/spi-builder-workspace/.derivedData/Build/Intermediates.noindex/WWWebImage.build/Debug-watchos/WWWebImage-t.build/Objects-normal/arm64_32/WWWebImage_const_extract_protocols.json -Xcc -I/Users/admin/builder/spi-builder-workspace/.derivedData/Build/Products/Debug-watchos/include -Xcc -I/Users/admin/builder/spi-builder-workspace/.derivedData/Build/Intermediates.noindex/WWWebImage.build/Debug-watchos/WWWebImage-t.build/DerivedSources-normal/arm64_32 -Xcc -I/Users/admin/builder/spi-builder-workspace/.derivedData/Build/Intermediates.noindex/WWWebImage.build/Debug-watchos/WWWebImage-t.build/DerivedSources/arm64_32 -Xcc -I/Users/admin/builder/spi-builder-workspace/.derivedData/Build/Intermediates.noindex/WWWebImage.build/Debug-watchos/WWWebImage-t.build/DerivedSources -Xcc -DSWIFT_PACKAGE -Xcc -DDEBUG\=1 -emit-objc-header -emit-objc-header-path /Users/admin/builder/spi-builder-workspace/.derivedData/Build/Intermediates.noindex/WWWebImage.build/Debug-watchos/WWWebImage-t.build/Objects-normal/arm64_32/WWWebImage-Swift.h -working-directory /Users/admin/builder/spi-builder-workspace/.swiftpm/xcode -experimental-emit-module-separately -disable-cmo
SwiftDriver WWWebImage normal arm64 com.apple.xcode.tools.swift.compiler (in target 'WWWebImage' from project 'WWWebImage')
    cd /Users/admin/builder/spi-builder-workspace/.swiftpm/xcode
    builtin-SwiftDriver -- /Applications/Xcode-27.0.0-Release.Candidate.app/Contents/Developer/Toolchains/XcodeDefault.xctoolchain/usr/bin/swiftc -parse-as-library -module-name WWWebImage -Onone @/Users/admin/builder/spi-builder-workspace/.derivedData/Build/Intermediates.noindex/WWWebImage.build/Debug-watchos/WWWebImage-t.build/Objects-normal/arm64/WWWebImage.SwiftFileList -DSWIFT_PACKAGE -DDEBUG -DSWIFT_MODULE_RESOURCE_BUNDLE_AVAILABLE -DXcode -plugin-path /Applications/Xcode-27.0.0-Release.Candidate.app/Contents/Developer/Toolchains/XcodeDefault.xctoolchain/usr/lib/swift/host/plugins/testing -enable-experimental-feature DebugDescriptionMacro -sdk /Applications/Xcode-27.0.0-Release.Candidate.app/Contents/Developer/Platforms/WatchOS.platform/Developer/SDKs/WatchOS27.0.sdk -target arm64-apple-watchos9.0 -g -module-cache-path /Users/admin/builder/spi-builder-workspace/.derivedData/ModuleCache.noindex -Xfrontend -serialize-debugging-options -enable-testing -index-store-path /Users/admin/builder/spi-builder-workspace/.derivedData/Index.noindex/DataStore -Xcc -D_LIBCPP_HARDENING_MODE\=_LIBCPP_HARDENING_MODE_DEBUG -swift-version 5 -I /Users/admin/builder/spi-builder-workspace/.derivedData/Build/Products/Debug-watchos -Isystem /Applications/Xcode-27.0.0-Release.Candidate.app/Contents/Developer/Platforms/WatchOS.platform/Developer/usr/lib -F /Users/admin/builder/spi-builder-workspace/.derivedData/Build/Products/Debug-watchos/PackageFrameworks -F /Users/admin/builder/spi-builder-workspace/.derivedData/Build/Products/Debug-watchos -F /Applications/Xcode-27.0.0-Release.Candidate.app/Contents/Developer/Platforms/WatchOS.platform/Developer/Library/Frameworks -F /Applications/Xcode-27.0.0-Release.Candidate.app/Contents/Developer/Platforms/WatchOS.platform/Developer/SDKs/WatchOS27.0.sdk/Developer/Library/Frameworks -c -j10 -enable-batch-mode -incremental -Xcc -ivfsstatcache -Xcc /Users/admin/builder/spi-builder-workspace/.derivedData/SDKStatCaches.noindex/watchos27.0-24R360-e829b21a6f8c9b70876ba0858053c04477534ef55a1706bf4c1112bbb242f0a2.sdkstatcache -output-file-map /Users/admin/builder/spi-builder-workspace/.derivedData/Build/Intermediates.noindex/WWWebImage.build/Debug-watchos/WWWebImage-t.build/Objects-normal/arm64/WWWebImage-OutputFileMap.json -save-temps -no-color-diagnostics -explicit-module-build -module-cache-path /Users/admin/builder/spi-builder-workspace/.derivedData/Build/Intermediates.noindex/SwiftExplicitPrecompiledModules -clang-scanner-module-cache-path /Users/admin/builder/spi-builder-workspace/.derivedData/ModuleCache.noindex -sdk-module-cache-path /Users/admin/builder/spi-builder-workspace/.derivedData/SDKExplicitPrecompiledModules -emit-dependencies -emit-module -emit-module-path /Users/admin/builder/spi-builder-workspace/.derivedData/Build/Intermediates.noindex/WWWebImage.build/Debug-watchos/WWWebImage-t.build/Objects-normal/arm64/WWWebImage.swiftmodule -serialize-diagnostics -dependency-scan-serialize-diagnostics-path /Users/admin/builder/spi-builder-workspace/.derivedData/Build/Intermediates.noindex/WWWebImage.build/Debug-watchos/WWWebImage-t.build/Objects-normal/arm64/WWWebImage-dependency-scan.dia -validate-clang-modules-once -clang-build-session-file /Users/admin/builder/spi-builder-workspace/.derivedData/ModuleCache.noindex/Session.modulevalidation -Xcc -fmodules-prune-interval\=86400 -Xcc -fmodules-prune-after\=345600 -emit-const-values -const-gather-protocols-list /Users/admin/builder/spi-builder-workspace/.derivedData/Build/Intermediates.noindex/WWWebImage.build/Debug-watchos/WWWebImage-t.build/Objects-normal/arm64/WWWebImage_const_extract_protocols.json -Xcc -I/Users/admin/builder/spi-builder-workspace/.derivedData/Build/Products/Debug-watchos/include -Xcc -I/Users/admin/builder/spi-builder-workspace/.derivedData/Build/Intermediates.noindex/WWWebImage.build/Debug-watchos/WWWebImage-t.build/DerivedSources-normal/arm64 -Xcc -I/Users/admin/builder/spi-builder-workspace/.derivedData/Build/Intermediates.noindex/WWWebImage.build/Debug-watchos/WWWebImage-t.build/DerivedSources/arm64 -Xcc -I/Users/admin/builder/spi-builder-workspace/.derivedData/Build/Intermediates.noindex/WWWebImage.build/Debug-watchos/WWWebImage-t.build/DerivedSources -Xcc -DSWIFT_PACKAGE -Xcc -DDEBUG\=1 -emit-objc-header -emit-objc-header-path /Users/admin/builder/spi-builder-workspace/.derivedData/Build/Intermediates.noindex/WWWebImage.build/Debug-watchos/WWWebImage-t.build/Objects-normal/arm64/WWWebImage-Swift.h -working-directory /Users/admin/builder/spi-builder-workspace/.swiftpm/xcode -experimental-emit-module-separately -disable-cmo
SwiftCompile normal arm64 Compiling\ Downloader.swift /Users/admin/builder/spi-builder-workspace/Sources/WWWebImage/Utility/Downloader.swift (in target 'WWWebImage' from project 'WWWebImage')
SwiftCompile normal arm64 /Users/admin/builder/spi-builder-workspace/Sources/WWWebImage/Utility/Downloader.swift (in target 'WWWebImage' from project 'WWWebImage')
    cd /Users/admin/builder/spi-builder-workspace/.swiftpm/xcode
    builtin-SwiftPerFileCompile Downloader.swift
SwiftCompile normal arm64 Compiling\ WWWebImage.swift /Users/admin/builder/spi-builder-workspace/Sources/WWWebImage/WWWebImage.swift (in target 'WWWebImage' from project 'WWWebImage')
SwiftCompile normal arm64 /Users/admin/builder/spi-builder-workspace/Sources/WWWebImage/WWWebImage.swift (in target 'WWWebImage' from project 'WWWebImage')
    cd /Users/admin/builder/spi-builder-workspace/.swiftpm/xcode
    builtin-SwiftPerFileCompile WWWebImage.swift
/Users/admin/builder/spi-builder-workspace/Sources/WWWebImage/WWWebImage.swift:16:26: error: 'UIImageView' is unavailable in watchOS
14 |
15 | public extension WWWebImage {
16 |     protocol `Protocol`: UIImageView {}
   |                          `- error: 'UIImageView' is unavailable in watchOS
17 | }
18 |
/Applications/Xcode-27.0.0-Release.Candidate.app/Contents/Developer/Platforms/WatchOS.platform/Developer/SDKs/WatchOS27.0.sdk/System/Library/Frameworks/UIKit.framework/Headers/UIImageView.h:21:12: note: 'UIImageView' has been explicitly marked unavailable here
 19 |
 20 | UIKIT_EXTERN API_AVAILABLE(ios(2.0)) API_UNAVAILABLE(watchos) NS_SWIFT_UI_ACTOR
 21 | @interface UIImageView : UIView
    |            `- note: 'UIImageView' has been explicitly marked unavailable here
 22 |
 23 | - (instancetype)initWithImage:(nullable UIImage *)image;
SwiftCompile normal arm64 Compiling\ Error.swift /Users/admin/builder/spi-builder-workspace/Sources/WWWebImage/Utility/Error.swift (in target 'WWWebImage' from project 'WWWebImage')
SwiftCompile normal arm64 /Users/admin/builder/spi-builder-workspace/Sources/WWWebImage/Utility/Error.swift (in target 'WWWebImage' from project 'WWWebImage')
    cd /Users/admin/builder/spi-builder-workspace/.swiftpm/xcode
    builtin-SwiftPerFileCompile Error.swift
SwiftEmitModule normal arm64 Emitting\ module\ for\ WWWebImage (in target 'WWWebImage' from project 'WWWebImage')
/Users/admin/builder/spi-builder-workspace/Sources/WWWebImage/Maneger/DownloadTaskManager.swift:41:37: error: 'UIImageView' is unavailable in watchOS
 39 |         /// - 同一個 ImageView 多次呼叫會返回相同的 DownloadManager
 40 |         /// - 這是解決 cell reuse 問題的核心
 41 |         func manager(for imageView: UIImageView?) -> WWWebImage.DownloadManager? {
    |                                     `- error: 'UIImageView' is unavailable in watchOS
 42 |
 43 |             guard let imageView else { return nil }
/Applications/Xcode-27.0.0-Release.Candidate.app/Contents/Developer/Platforms/WatchOS.platform/Developer/SDKs/WatchOS27.0.sdk/System/Library/Frameworks/UIKit.framework/Headers/UIImageView.h:21:12: note: 'UIImageView' has been explicitly marked unavailable here
 19 |
 20 | UIKIT_EXTERN API_AVAILABLE(ios(2.0)) API_UNAVAILABLE(watchos) NS_SWIFT_UI_ACTOR
 21 | @interface UIImageView : UIView
    |            `- note: 'UIImageView' has been explicitly marked unavailable here
 22 |
 23 | - (instancetype)initWithImage:(nullable UIImage *)image;
/Users/admin/builder/spi-builder-workspace/Sources/WWWebImage/Maneger/DownloadTaskManager.swift:68:32: error: 'UIImageView' is unavailable in watchOS
 66 |     /// - 獲取該 ImageView 的 DownloadManager
 67 |     /// - 調用 DownloadManager.cancel()(設置 isCancelled = true,取消 URLSessionTask)
 68 |     func cancel(for imageView: UIImageView?) {
    |                                `- error: 'UIImageView' is unavailable in watchOS
 69 |
 70 |         guard let imageView else { return }
/Applications/Xcode-27.0.0-Release.Candidate.app/Contents/Developer/Platforms/WatchOS.platform/Developer/SDKs/WatchOS27.0.sdk/System/Library/Frameworks/UIKit.framework/Headers/UIImageView.h:21:12: note: 'UIImageView' has been explicitly marked unavailable here
 19 |
 20 | UIKIT_EXTERN API_AVAILABLE(ios(2.0)) API_UNAVAILABLE(watchos) NS_SWIFT_UI_ACTOR
 21 | @interface UIImageView : UIView
    |            `- note: 'UIImageView' has been explicitly marked unavailable here
 22 |
 23 | - (instancetype)initWithImage:(nullable UIImage *)image;
/Users/admin/builder/spi-builder-workspace/Sources/WWWebImage/Maneger/DownloadTaskManager.swift:85:36: error: 'UIImageView' is unavailable in watchOS
 83 |     /// - 使用 objc_getAssociatedObject 讀取 runtime 綁定的物件
 84 |     /// - 與 setManager 使用相同的 key(downloadManagerKey)
 85 |     func getManager(for imageView: UIImageView) -> WWWebImage.DownloadManager? {
    |                                    `- error: 'UIImageView' is unavailable in watchOS
 86 |         return objc_getAssociatedObject(imageView, &downloadManagerKey) as? WWWebImage.DownloadManager
 87 |     }
/Applications/Xcode-27.0.0-Release.Candidate.app/Contents/Developer/Platforms/WatchOS.platform/Developer/SDKs/WatchOS27.0.sdk/System/Library/Frameworks/UIKit.framework/Headers/UIImageView.h:21:12: note: 'UIImageView' has been explicitly marked unavailable here
 19 |
 20 | UIKIT_EXTERN API_AVAILABLE(ios(2.0)) API_UNAVAILABLE(watchos) NS_SWIFT_UI_ACTOR
 21 | @interface UIImageView : UIView
    |            `- note: 'UIImageView' has been explicitly marked unavailable here
 22 |
 23 | - (instancetype)initWithImage:(nullable UIImage *)image;
/Users/admin/builder/spi-builder-workspace/Sources/WWWebImage/Maneger/DownloadTaskManager.swift:101:75: error: 'UIImageView' is unavailable in watchOS
 99 |     /// imageView → manager(綁定關係)
100 |     /// 之後透過 getManager(for: imageView) 可以讀取這個 manager
101 |     func setManager(_ manager: WWWebImage.DownloadManager, for imageView: UIImageView) {
    |                                                                           `- error: 'UIImageView' is unavailable in watchOS
102 |         objc_setAssociatedObject(imageView, &downloadManagerKey, manager, .OBJC_ASSOCIATION_RETAIN_NONATOMIC)
103 |     }
/Applications/Xcode-27.0.0-Release.Candidate.app/Contents/Developer/Platforms/WatchOS.platform/Developer/SDKs/WatchOS27.0.sdk/System/Library/Frameworks/UIKit.framework/Headers/UIImageView.h:21:12: note: 'UIImageView' has been explicitly marked unavailable here
 19 |
 20 | UIKIT_EXTERN API_AVAILABLE(ios(2.0)) API_UNAVAILABLE(watchos) NS_SWIFT_UI_ACTOR
 21 | @interface UIImageView : UIView
    |            `- note: 'UIImageView' has been explicitly marked unavailable here
 22 |
 23 | - (instancetype)initWithImage:(nullable UIImage *)image;
/Users/admin/builder/spi-builder-workspace/Sources/WWWebImage/WWWebImage.swift:16:26: error: 'UIImageView' is unavailable in watchOS
14 |
15 | public extension WWWebImage {
16 |     protocol `Protocol`: UIImageView {}
   |                          `- error: 'UIImageView' is unavailable in watchOS
17 | }
18 |
/Applications/Xcode-27.0.0-Release.Candidate.app/Contents/Developer/Platforms/WatchOS.platform/Developer/SDKs/WatchOS27.0.sdk/System/Library/Frameworks/UIKit.framework/Headers/UIImageView.h:21:12: note: 'UIImageView' has been explicitly marked unavailable here
 19 |
 20 | UIKIT_EXTERN API_AVAILABLE(ios(2.0)) API_UNAVAILABLE(watchos) NS_SWIFT_UI_ACTOR
 21 | @interface UIImageView : UIView
    |            `- note: 'UIImageView' has been explicitly marked unavailable here
 22 |
 23 | - (instancetype)initWithImage:(nullable UIImage *)image;
/Users/admin/builder/spi-builder-workspace/Sources/WWWebImage/WWWebImage.swift:23:11: error: 'UIImageView' is unavailable in watchOS
21 | }
22 |
23 | extension UIImageView: WWWebImage.`Protocol` {}
   |           `- error: 'UIImageView' is unavailable in watchOS
24 |
/Applications/Xcode-27.0.0-Release.Candidate.app/Contents/Developer/Platforms/WatchOS.platform/Developer/SDKs/WatchOS27.0.sdk/System/Library/Frameworks/UIKit.framework/Headers/UIImageView.h:21:12: note: 'UIImageView' has been explicitly marked unavailable here
 19 |
 20 | UIKIT_EXTERN API_AVAILABLE(ios(2.0)) API_UNAVAILABLE(watchos) NS_SWIFT_UI_ACTOR
 21 | @interface UIImageView : UIView
    |            `- note: 'UIImageView' has been explicitly marked unavailable here
 22 |
 23 | - (instancetype)initWithImage:(nullable UIImage *)image;
/Users/admin/builder/spi-builder-workspace/Sources/WWWebImage/Wrapper.swift:14:22: error: 'UIImageView' is unavailable in watchOS
 12 |
 13 |     /// ImageView 的擴展包裝器 - 提供圖片下載功能
 14 |     class Wrapper<T: UIImageView> {
    |                      `- error: 'UIImageView' is unavailable in watchOS
 15 |
 16 |         private weak var imageView: T?
/Applications/Xcode-27.0.0-Release.Candidate.app/Contents/Developer/Platforms/WatchOS.platform/Developer/SDKs/WatchOS27.0.sdk/System/Library/Frameworks/UIKit.framework/Headers/UIImageView.h:21:12: note: 'UIImageView' has been explicitly marked unavailable here
 19 |
 20 | UIKIT_EXTERN API_AVAILABLE(ios(2.0)) API_UNAVAILABLE(watchos) NS_SWIFT_UI_ACTOR
 21 | @interface UIImageView : UIView
    |            `- note: 'UIImageView' has been explicitly marked unavailable here
 22 |
 23 | - (instancetype)initWithImage:(nullable UIImage *)image;
Failed frontend command:
/Applications/Xcode-27.0.0-Release.Candidate.app/Contents/Developer/Toolchains/XcodeDefault.xctoolchain/usr/bin/swift-frontend -frontend -emit-module -experimental-skip-non-inlinable-function-bodies-without-types /Users/admin/builder/spi-builder-workspace/.derivedData/Build/Intermediates.noindex/WWWebImage.build/Debug-watchos/WWWebImage-t.build/DerivedSources/resource_bundle_accessor.swift /Users/admin/builder/spi-builder-workspace/Sources/WWWebImage/Maneger/DownloadManeger.swift /Users/admin/builder/spi-builder-workspace/Sources/WWWebImage/Maneger/DownloadTaskManager.swift /Users/admin/builder/spi-builder-workspace/Sources/WWWebImage/Utility/Downloader.swift /Users/admin/builder/spi-builder-workspace/Sources/WWWebImage/Utility/Error.swift /Users/admin/builder/spi-builder-workspace/Sources/WWWebImage/WWWebImage.swift /Users/admin/builder/spi-builder-workspace/Sources/WWWebImage/Wrapper.swift -target arm64-apple-watchos9.0 -disable-cross-import-overlay-search -load-resolved-plugin /Applications/Xcode-27.0.0-Release.Candidate.app/Contents/Developer/Platforms/WatchOS.platform/Developer/usr/lib/swift/host/plugins/libFoundationMacros.dylib\#/Applications/Xcode-27.0.0-Release.Candidate.app/Contents/Developer/Platforms/WatchOS.platform/Developer/usr/bin/swift-plugin-server\#FoundationMacros -load-resolved-plugin /Applications/Xcode-27.0.0-Release.Candidate.app/Contents/Developer/Platforms/WatchOS.platform/Developer/usr/lib/swift/host/plugins/libObservationMacros.dylib\#/Applications/Xcode-27.0.0-Release.Candidate.app/Contents/Developer/Platforms/WatchOS.platform/Developer/usr/bin/swift-plugin-server\#ObservationMacros -load-resolved-plugin /Applications/Xcode-27.0.0-Release.Candidate.app/Contents/Developer/Platforms/WatchOS.platform/Developer/usr/lib/swift/host/plugins/libSwiftMacros.dylib\#/Applications/Xcode-27.0.0-Release.Candidate.app/Contents/Developer/Platforms/WatchOS.platform/Developer/usr/bin/swift-plugin-server\#SwiftMacros -load-resolved-plugin /Applications/Xcode-27.0.0-Release.Candidate.app/Contents/Developer/Platforms/WatchOS.platform/Developer/usr/lib/swift/host/plugins/libSwiftUIMacros.dylib\#/Applications/Xcode-27.0.0-Release.Candidate.app/Contents/Developer/Platforms/WatchOS.platform/Developer/usr/bin/swift-plugin-server\#SwiftUIMacros -disable-implicit-swift-modules -Xcc -fno-implicit-modules -Xcc -fno-implicit-module-maps -explicit-swift-module-map-file /Users/admin/builder/spi-builder-workspace/.derivedData/Build/Intermediates.noindex/WWWebImage.build/Debug-watchos/WWWebImage-t.build/Objects-normal/arm64/WWWebImage-dependencies-1.json -Xllvm -aarch64-use-tbi -enable-objc-interop -stack-check -sdk /Applications/Xcode-27.0.0-Release.Candidate.app/Contents/Developer/Platforms/WatchOS.platform/Developer/SDKs/WatchOS27.0.sdk -I /Users/admin/builder/spi-builder-workspace/.derivedData/Build/Products/Debug-watchos -Isystem /Applications/Xcode-27.0.0-Release.Candidate.app/Contents/Developer/Platforms/WatchOS.platform/Developer/usr/lib -F /Users/admin/builder/spi-builder-workspace/.derivedData/Build/Products/Debug-watchos/PackageFrameworks -F /Users/admin/builder/spi-builder-workspace/.derivedData/Build/Products/Debug-watchos -F /Applications/Xcode-27.0.0-Release.Candidate.app/Contents/Developer/Platforms/WatchOS.platform/Developer/Library/Frameworks -F /Applications/Xcode-27.0.0-Release.Candidate.app/Contents/Developer/Platforms/WatchOS.platform/Developer/SDKs/WatchOS27.0.sdk/Developer/Library/Frameworks -module-cache-path /Users/admin/builder/spi-builder-workspace/.derivedData/Build/Intermediates.noindex/SwiftExplicitPrecompiledModules -no-color-diagnostics -Xcc -fno-color-diagnostics -enable-testing -g -debug-info-format\=dwarf -dwarf-version\=4 -swift-version 5 -Onone -D SWIFT_PACKAGE -D DEBUG -D SWIFT_MODULE_RESOURCE_BUNDLE_AVAILABLE -D Xcode -serialize-debugging-options -enable-experimental-feature DebugDescriptionMacro -empty-abi-descriptor -validate-clang-modules-once -clang-build-session-file /Users/admin/builder/spi-builder-workspace/.derivedData/ModuleCache.noindex/Session.modulevalidation -Xcc -working-directory -Xcc /Users/admin/builder/spi-builder-workspace/.swiftpm/xcode -enable-anonymous-context-mangled-names -file-compilation-dir /Users/admin/builder/spi-builder-workspace/.swiftpm/xcode -Xcc -D_LIBCPP_HARDENING_MODE\=_LIBCPP_HARDENING_MODE_DEBUG -Xcc -ivfsstatcache -Xcc /Users/admin/builder/spi-builder-workspace/.derivedData/SDKStatCaches.noindex/watchos27.0-24R360-e829b21a6f8c9b70876ba0858053c04477534ef55a1706bf4c1112bbb242f0a2.sdkstatcache -Xcc -fmodules-prune-interval\=86400 -Xcc -fmodules-prune-after\=345600 -Xcc -I/Users/admin/builder/spi-builder-workspace/.derivedData/Build/Products/Debug-watchos/include -Xcc -I/Users/admin/builder/spi-builder-workspace/.derivedData/Build/Intermediates.noindex/WWWebImage.build/Debug-watchos/WWWebImage-t.build/DerivedSources-normal/arm64 -Xcc -I/Users/admin/builder/spi-builder-workspace/.derivedData/Build/Intermediates.noindex/WWWebImage.build/Debug-watchos/WWWebImage-t.build/DerivedSources/arm64 -Xcc -I/Users/admin/builder/spi-builder-workspace/.derivedData/Build/Intermediates.noindex/WWWebImage.build/Debug-watchos/WWWebImage-t.build/DerivedSources -Xcc -DSWIFT_PACKAGE -Xcc -DDEBUG\=1 -no-auto-bridging-header-chaining -module-name WWWebImage -const-gather-protocols-file /Users/admin/builder/spi-builder-workspace/.derivedData/Build/Intermediates.noindex/WWWebImage.build/Debug-watchos/WWWebImage-t.build/Objects-normal/arm64/WWWebImage_const_extract_protocols.json -disable-clang-spi -clang-target arm64-apple-watchos27.0 -target-sdk-version 27.0 -target-sdk-name watchos27.0 -in-process-plugin-server-path /Applications/Xcode-27.0.0-Release.Candidate.app/Contents/Developer/Toolchains/XcodeDefault.xctoolchain/usr/lib/swift/host/libSwiftInProcPluginServer.dylib -emit-module-doc-path /Users/admin/builder/spi-builder-workspace/.derivedData/Build/Intermediates.noindex/WWWebImage.build/Debug-watchos/WWWebImage-t.build/Objects-normal/arm64/WWWebImage.swiftdoc -emit-module-source-info-path /Users/admin/builder/spi-builder-workspace/.derivedData/Build/Intermediates.noindex/WWWebImage.build/Debug-watchos/WWWebImage-t.build/Objects-normal/arm64/WWWebImage.swiftsourceinfo -emit-objc-header-path /Users/admin/builder/spi-builder-workspace/.derivedData/Build/Intermediates.noindex/WWWebImage.build/Debug-watchos/WWWebImage-t.build/Objects-normal/arm64/WWWebImage-Swift.h -serialize-diagnostics-path /Users/admin/builder/spi-builder-workspace/.derivedData/Build/Intermediates.noindex/WWWebImage.build/Debug-watchos/WWWebImage-t.build/Objects-normal/arm64/WWWebImage-primary-emit-module.dia -emit-dependencies-path /Users/admin/builder/spi-builder-workspace/.derivedData/Build/Intermediates.noindex/WWWebImage.build/Debug-watchos/WWWebImage-t.build/Objects-normal/arm64/WWWebImage-primary-emit-module.d -parse-as-library -o /Users/admin/builder/spi-builder-workspace/.derivedData/Build/Intermediates.noindex/WWWebImage.build/Debug-watchos/WWWebImage-t.build/Objects-normal/arm64/WWWebImage.swiftmodule -emit-abi-descriptor-path /Users/admin/builder/spi-builder-workspace/.derivedData/Build/Intermediates.noindex/WWWebImage.build/Debug-watchos/WWWebImage-t.build/Objects-normal/arm64/WWWebImage.abi.json
SwiftCompile normal arm64 (in target 'WWWebImage' from project 'WWWebImage')
    cd /Users/admin/builder/spi-builder-workspace/.swiftpm/xcode

SwiftCompile normal arm64 Compiling\ Wrapper.swift /Users/admin/builder/spi-builder-workspace/Sources/WWWebImage/Wrapper.swift (in target 'WWWebImage' from project 'WWWebImage')
SwiftCompile normal arm64 /Users/admin/builder/spi-builder-workspace/Sources/WWWebImage/Wrapper.swift (in target 'WWWebImage' from project 'WWWebImage')
    cd /Users/admin/builder/spi-builder-workspace/.swiftpm/xcode
    builtin-SwiftPerFileCompile Wrapper.swift
SwiftCompile normal arm64 Compiling\ DownloadTaskManager.swift /Users/admin/builder/spi-builder-workspace/Sources/WWWebImage/Maneger/DownloadTaskManager.swift (in target 'WWWebImage' from project 'WWWebImage')
/Users/admin/builder/spi-builder-workspace/Sources/WWWebImage/Maneger/DownloadTaskManager.swift:41:37: error: 'UIImageView' is unavailable in watchOS
 39 |         /// - 同一個 ImageView 多次呼叫會返回相同的 DownloadManager
 40 |         /// - 這是解決 cell reuse 問題的核心
 41 |         func manager(for imageView: UIImageView?) -> WWWebImage.DownloadManager? {
    |                                     `- error: 'UIImageView' is unavailable in watchOS
 42 |
 43 |             guard let imageView else { return nil }
/Applications/Xcode-27.0.0-Release.Candidate.app/Contents/Developer/Platforms/WatchOS.platform/Developer/SDKs/WatchOS27.0.sdk/System/Library/Frameworks/UIKit.framework/Headers/UIImageView.h:21:12: note: 'UIImageView' has been explicitly marked unavailable here
 19 |
 20 | UIKIT_EXTERN API_AVAILABLE(ios(2.0)) API_UNAVAILABLE(watchos) NS_SWIFT_UI_ACTOR
 21 | @interface UIImageView : UIView
    |            `- note: 'UIImageView' has been explicitly marked unavailable here
 22 |
 23 | - (instancetype)initWithImage:(nullable UIImage *)image;
/Users/admin/builder/spi-builder-workspace/Sources/WWWebImage/Maneger/DownloadTaskManager.swift:68:32: error: 'UIImageView' is unavailable in watchOS
 66 |     /// - 獲取該 ImageView 的 DownloadManager
 67 |     /// - 調用 DownloadManager.cancel()(設置 isCancelled = true,取消 URLSessionTask)
 68 |     func cancel(for imageView: UIImageView?) {
    |                                `- error: 'UIImageView' is unavailable in watchOS
 69 |
 70 |         guard let imageView else { return }
/Applications/Xcode-27.0.0-Release.Candidate.app/Contents/Developer/Platforms/WatchOS.platform/Developer/SDKs/WatchOS27.0.sdk/System/Library/Frameworks/UIKit.framework/Headers/UIImageView.h:21:12: note: 'UIImageView' has been explicitly marked unavailable here
 19 |
 20 | UIKIT_EXTERN API_AVAILABLE(ios(2.0)) API_UNAVAILABLE(watchos) NS_SWIFT_UI_ACTOR
 21 | @interface UIImageView : UIView
    |            `- note: 'UIImageView' has been explicitly marked unavailable here
 22 |
 23 | - (instancetype)initWithImage:(nullable UIImage *)image;
/Users/admin/builder/spi-builder-workspace/Sources/WWWebImage/Maneger/DownloadTaskManager.swift:85:36: error: 'UIImageView' is unavailable in watchOS
 83 |     /// - 使用 objc_getAssociatedObject 讀取 runtime 綁定的物件
 84 |     /// - 與 setManager 使用相同的 key(downloadManagerKey)
 85 |     func getManager(for imageView: UIImageView) -> WWWebImage.DownloadManager? {
    |                                    `- error: 'UIImageView' is unavailable in watchOS
 86 |         return objc_getAssociatedObject(imageView, &downloadManagerKey) as? WWWebImage.DownloadManager
 87 |     }
/Applications/Xcode-27.0.0-Release.Candidate.app/Contents/Developer/Platforms/WatchOS.platform/Developer/SDKs/WatchOS27.0.sdk/System/Library/Frameworks/UIKit.framework/Headers/UIImageView.h:21:12: note: 'UIImageView' has been explicitly marked unavailable here
 19 |
 20 | UIKIT_EXTERN API_AVAILABLE(ios(2.0)) API_UNAVAILABLE(watchos) NS_SWIFT_UI_ACTOR
 21 | @interface UIImageView : UIView
    |            `- note: 'UIImageView' has been explicitly marked unavailable here
 22 |
 23 | - (instancetype)initWithImage:(nullable UIImage *)image;
SwiftCompile normal arm64 /Users/admin/builder/spi-builder-workspace/Sources/WWWebImage/Maneger/DownloadTaskManager.swift (in target 'WWWebImage' from project 'WWWebImage')
    cd /Users/admin/builder/spi-builder-workspace/.swiftpm/xcode
    builtin-SwiftPerFileCompile DownloadTaskManager.swift
SwiftCompile normal arm64 Compiling\ resource_bundle_accessor.swift /Users/admin/builder/spi-builder-workspace/.derivedData/Build/Intermediates.noindex/WWWebImage.build/Debug-watchos/WWWebImage-t.build/DerivedSources/resource_bundle_accessor.swift (in target 'WWWebImage' from project 'WWWebImage')
SwiftCompile normal arm64 /Users/admin/builder/spi-builder-workspace/.derivedData/Build/Intermediates.noindex/WWWebImage.build/Debug-watchos/WWWebImage-t.build/DerivedSources/resource_bundle_accessor.swift (in target 'WWWebImage' from project 'WWWebImage')
    cd /Users/admin/builder/spi-builder-workspace/.swiftpm/xcode
    builtin-SwiftPerFileCompile resource_bundle_accessor.swift
SwiftEmitModule normal arm64_32 Emitting\ module\ for\ WWWebImage (in target 'WWWebImage' from project 'WWWebImage')
/Users/admin/builder/spi-builder-workspace/Sources/WWWebImage/Maneger/DownloadTaskManager.swift:41:37: error: 'UIImageView' is unavailable in watchOS
 39 |         /// - 同一個 ImageView 多次呼叫會返回相同的 DownloadManager
 40 |         /// - 這是解決 cell reuse 問題的核心
 41 |         func manager(for imageView: UIImageView?) -> WWWebImage.DownloadManager? {
    |                                     `- error: 'UIImageView' is unavailable in watchOS
 42 |
 43 |             guard let imageView else { return nil }
/Applications/Xcode-27.0.0-Release.Candidate.app/Contents/Developer/Platforms/WatchOS.platform/Developer/SDKs/WatchOS27.0.sdk/System/Library/Frameworks/UIKit.framework/Headers/UIImageView.h:21:12: note: 'UIImageView' has been explicitly marked unavailable here
 19 |
 20 | UIKIT_EXTERN API_AVAILABLE(ios(2.0)) API_UNAVAILABLE(watchos) NS_SWIFT_UI_ACTOR
 21 | @interface UIImageView : UIView
    |            `- note: 'UIImageView' has been explicitly marked unavailable here
 22 |
 23 | - (instancetype)initWithImage:(nullable UIImage *)image;
/Users/admin/builder/spi-builder-workspace/Sources/WWWebImage/Maneger/DownloadTaskManager.swift:68:32: error: 'UIImageView' is unavailable in watchOS
 66 |     /// - 獲取該 ImageView 的 DownloadManager
 67 |     /// - 調用 DownloadManager.cancel()(設置 isCancelled = true,取消 URLSessionTask)
 68 |     func cancel(for imageView: UIImageView?) {
    |                                `- error: 'UIImageView' is unavailable in watchOS
 69 |
 70 |         guard let imageView else { return }
/Applications/Xcode-27.0.0-Release.Candidate.app/Contents/Developer/Platforms/WatchOS.platform/Developer/SDKs/WatchOS27.0.sdk/System/Library/Frameworks/UIKit.framework/Headers/UIImageView.h:21:12: note: 'UIImageView' has been explicitly marked unavailable here
 19 |
 20 | UIKIT_EXTERN API_AVAILABLE(ios(2.0)) API_UNAVAILABLE(watchos) NS_SWIFT_UI_ACTOR
 21 | @interface UIImageView : UIView
    |            `- note: 'UIImageView' has been explicitly marked unavailable here
 22 |
 23 | - (instancetype)initWithImage:(nullable UIImage *)image;
/Users/admin/builder/spi-builder-workspace/Sources/WWWebImage/Maneger/DownloadTaskManager.swift:85:36: error: 'UIImageView' is unavailable in watchOS
 83 |     /// - 使用 objc_getAssociatedObject 讀取 runtime 綁定的物件
 84 |     /// - 與 setManager 使用相同的 key(downloadManagerKey)
 85 |     func getManager(for imageView: UIImageView) -> WWWebImage.DownloadManager? {
    |                                    `- error: 'UIImageView' is unavailable in watchOS
 86 |         return objc_getAssociatedObject(imageView, &downloadManagerKey) as? WWWebImage.DownloadManager
 87 |     }
/Applications/Xcode-27.0.0-Release.Candidate.app/Contents/Developer/Platforms/WatchOS.platform/Developer/SDKs/WatchOS27.0.sdk/System/Library/Frameworks/UIKit.framework/Headers/UIImageView.h:21:12: note: 'UIImageView' has been explicitly marked unavailable here
 19 |
 20 | UIKIT_EXTERN API_AVAILABLE(ios(2.0)) API_UNAVAILABLE(watchos) NS_SWIFT_UI_ACTOR
 21 | @interface UIImageView : UIView
    |            `- note: 'UIImageView' has been explicitly marked unavailable here
 22 |
 23 | - (instancetype)initWithImage:(nullable UIImage *)image;
/Users/admin/builder/spi-builder-workspace/Sources/WWWebImage/Maneger/DownloadTaskManager.swift:101:75: error: 'UIImageView' is unavailable in watchOS
 99 |     /// imageView → manager(綁定關係)
100 |     /// 之後透過 getManager(for: imageView) 可以讀取這個 manager
101 |     func setManager(_ manager: WWWebImage.DownloadManager, for imageView: UIImageView) {
    |                                                                           `- error: 'UIImageView' is unavailable in watchOS
102 |         objc_setAssociatedObject(imageView, &downloadManagerKey, manager, .OBJC_ASSOCIATION_RETAIN_NONATOMIC)
103 |     }
/Applications/Xcode-27.0.0-Release.Candidate.app/Contents/Developer/Platforms/WatchOS.platform/Developer/SDKs/WatchOS27.0.sdk/System/Library/Frameworks/UIKit.framework/Headers/UIImageView.h:21:12: note: 'UIImageView' has been explicitly marked unavailable here
 19 |
 20 | UIKIT_EXTERN API_AVAILABLE(ios(2.0)) API_UNAVAILABLE(watchos) NS_SWIFT_UI_ACTOR
 21 | @interface UIImageView : UIView
    |            `- note: 'UIImageView' has been explicitly marked unavailable here
 22 |
 23 | - (instancetype)initWithImage:(nullable UIImage *)image;
/Users/admin/builder/spi-builder-workspace/Sources/WWWebImage/WWWebImage.swift:16:26: error: 'UIImageView' is unavailable in watchOS
14 |
15 | public extension WWWebImage {
16 |     protocol `Protocol`: UIImageView {}
   |                          `- error: 'UIImageView' is unavailable in watchOS
17 | }
18 |
/Applications/Xcode-27.0.0-Release.Candidate.app/Contents/Developer/Platforms/WatchOS.platform/Developer/SDKs/WatchOS27.0.sdk/System/Library/Frameworks/UIKit.framework/Headers/UIImageView.h:21:12: note: 'UIImageView' has been explicitly marked unavailable here
 19 |
 20 | UIKIT_EXTERN API_AVAILABLE(ios(2.0)) API_UNAVAILABLE(watchos) NS_SWIFT_UI_ACTOR
 21 | @interface UIImageView : UIView
    |            `- note: 'UIImageView' has been explicitly marked unavailable here
 22 |
 23 | - (instancetype)initWithImage:(nullable UIImage *)image;
/Users/admin/builder/spi-builder-workspace/Sources/WWWebImage/WWWebImage.swift:23:11: error: 'UIImageView' is unavailable in watchOS
21 | }
22 |
23 | extension UIImageView: WWWebImage.`Protocol` {}
   |           `- error: 'UIImageView' is unavailable in watchOS
24 |
/Applications/Xcode-27.0.0-Release.Candidate.app/Contents/Developer/Platforms/WatchOS.platform/Developer/SDKs/WatchOS27.0.sdk/System/Library/Frameworks/UIKit.framework/Headers/UIImageView.h:21:12: note: 'UIImageView' has been explicitly marked unavailable here
 19 |
 20 | UIKIT_EXTERN API_AVAILABLE(ios(2.0)) API_UNAVAILABLE(watchos) NS_SWIFT_UI_ACTOR
 21 | @interface UIImageView : UIView
    |            `- note: 'UIImageView' has been explicitly marked unavailable here
 22 |
 23 | - (instancetype)initWithImage:(nullable UIImage *)image;
/Users/admin/builder/spi-builder-workspace/Sources/WWWebImage/Wrapper.swift:14:22: error: 'UIImageView' is unavailable in watchOS
 12 |
 13 |     /// ImageView 的擴展包裝器 - 提供圖片下載功能
 14 |     class Wrapper<T: UIImageView> {
    |                      `- error: 'UIImageView' is unavailable in watchOS
 15 |
 16 |         private weak var imageView: T?
/Applications/Xcode-27.0.0-Release.Candidate.app/Contents/Developer/Platforms/WatchOS.platform/Developer/SDKs/WatchOS27.0.sdk/System/Library/Frameworks/UIKit.framework/Headers/UIImageView.h:21:12: note: 'UIImageView' has been explicitly marked unavailable here
 19 |
 20 | UIKIT_EXTERN API_AVAILABLE(ios(2.0)) API_UNAVAILABLE(watchos) NS_SWIFT_UI_ACTOR
 21 | @interface UIImageView : UIView
    |            `- note: 'UIImageView' has been explicitly marked unavailable here
 22 |
 23 | - (instancetype)initWithImage:(nullable UIImage *)image;
Failed frontend command:
/Applications/Xcode-27.0.0-Release.Candidate.app/Contents/Developer/Toolchains/XcodeDefault.xctoolchain/usr/bin/swift-frontend -frontend -emit-module -experimental-skip-non-inlinable-function-bodies-without-types /Users/admin/builder/spi-builder-workspace/.derivedData/Build/Intermediates.noindex/WWWebImage.build/Debug-watchos/WWWebImage-t.build/DerivedSources/resource_bundle_accessor.swift /Users/admin/builder/spi-builder-workspace/Sources/WWWebImage/Maneger/DownloadManeger.swift /Users/admin/builder/spi-builder-workspace/Sources/WWWebImage/Maneger/DownloadTaskManager.swift /Users/admin/builder/spi-builder-workspace/Sources/WWWebImage/Utility/Downloader.swift /Users/admin/builder/spi-builder-workspace/Sources/WWWebImage/Utility/Error.swift /Users/admin/builder/spi-builder-workspace/Sources/WWWebImage/WWWebImage.swift /Users/admin/builder/spi-builder-workspace/Sources/WWWebImage/Wrapper.swift -target arm64_32-apple-watchos9.0 -disable-cross-import-overlay-search -load-resolved-plugin /Applications/Xcode-27.0.0-Release.Candidate.app/Contents/Developer/Platforms/WatchOS.platform/Developer/usr/lib/swift/host/plugins/libFoundationMacros.dylib\#/Applications/Xcode-27.0.0-Release.Candidate.app/Contents/Developer/Platforms/WatchOS.platform/Developer/usr/bin/swift-plugin-server\#FoundationMacros -load-resolved-plugin /Applications/Xcode-27.0.0-Release.Candidate.app/Contents/Developer/Platforms/WatchOS.platform/Developer/usr/lib/swift/host/plugins/libObservationMacros.dylib\#/Applications/Xcode-27.0.0-Release.Candidate.app/Contents/Developer/Platforms/WatchOS.platform/Developer/usr/bin/swift-plugin-server\#ObservationMacros -load-resolved-plugin /Applications/Xcode-27.0.0-Release.Candidate.app/Contents/Developer/Platforms/WatchOS.platform/Developer/usr/lib/swift/host/plugins/libSwiftMacros.dylib\#/Applications/Xcode-27.0.0-Release.Candidate.app/Contents/Developer/Platforms/WatchOS.platform/Developer/usr/bin/swift-plugin-server\#SwiftMacros -load-resolved-plugin /Applications/Xcode-27.0.0-Release.Candidate.app/Contents/Developer/Platforms/WatchOS.platform/Developer/usr/lib/swift/host/plugins/libSwiftUIMacros.dylib\#/Applications/Xcode-27.0.0-Release.Candidate.app/Contents/Developer/Platforms/WatchOS.platform/Developer/usr/bin/swift-plugin-server\#SwiftUIMacros -disable-implicit-swift-modules -Xcc -fno-implicit-modules -Xcc -fno-implicit-module-maps -explicit-swift-module-map-file /Users/admin/builder/spi-builder-workspace/.derivedData/Build/Intermediates.noindex/WWWebImage.build/Debug-watchos/WWWebImage-t.build/Objects-normal/arm64_32/WWWebImage-dependencies-2.json -enable-objc-interop -sdk /Applications/Xcode-27.0.0-Release.Candidate.app/Contents/Developer/Platforms/WatchOS.platform/Developer/SDKs/WatchOS27.0.sdk -I /Users/admin/builder/spi-builder-workspace/.derivedData/Build/Products/Debug-watchos -Isystem /Applications/Xcode-27.0.0-Release.Candidate.app/Contents/Developer/Platforms/WatchOS.platform/Developer/usr/lib -F /Users/admin/builder/spi-builder-workspace/.derivedData/Build/Products/Debug-watchos/PackageFrameworks -F /Users/admin/builder/spi-builder-workspace/.derivedData/Build/Products/Debug-watchos -F /Applications/Xcode-27.0.0-Release.Candidate.app/Contents/Developer/Platforms/WatchOS.platform/Developer/Library/Frameworks -F /Applications/Xcode-27.0.0-Release.Candidate.app/Contents/Developer/Platforms/WatchOS.platform/Developer/SDKs/WatchOS27.0.sdk/Developer/Library/Frameworks -module-cache-path /Users/admin/builder/spi-builder-workspace/.derivedData/Build/Intermediates.noindex/SwiftExplicitPrecompiledModules -no-color-diagnostics -Xcc -fno-color-diagnostics -enable-testing -g -debug-info-format\=dwarf -dwarf-version\=4 -swift-version 5 -Onone -D SWIFT_PACKAGE -D DEBUG -D SWIFT_MODULE_RESOURCE_BUNDLE_AVAILABLE -D Xcode -serialize-debugging-options -enable-experimental-feature DebugDescriptionMacro -empty-abi-descriptor -validate-clang-modules-once -clang-build-session-file /Users/admin/builder/spi-builder-workspace/.derivedData/ModuleCache.noindex/Session.modulevalidation -Xcc -working-directory -Xcc /Users/admin/builder/spi-builder-workspace/.swiftpm/xcode -enable-anonymous-context-mangled-names -file-compilation-dir /Users/admin/builder/spi-builder-workspace/.swiftpm/xcode -Xcc -D_LIBCPP_HARDENING_MODE\=_LIBCPP_HARDENING_MODE_DEBUG -Xcc -ivfsstatcache -Xcc /Users/admin/builder/spi-builder-workspace/.derivedData/SDKStatCaches.noindex/watchos27.0-24R360-e829b21a6f8c9b70876ba0858053c04477534ef55a1706bf4c1112bbb242f0a2.sdkstatcache -Xcc -fmodules-prune-interval\=86400 -Xcc -fmodules-prune-after\=345600 -Xcc -I/Users/admin/builder/spi-builder-workspace/.derivedData/Build/Products/Debug-watchos/include -Xcc -I/Users/admin/builder/spi-builder-workspace/.derivedData/Build/Intermediates.noindex/WWWebImage.build/Debug-watchos/WWWebImage-t.build/DerivedSources-normal/arm64_32 -Xcc -I/Users/admin/builder/spi-builder-workspace/.derivedData/Build/Intermediates.noindex/WWWebImage.build/Debug-watchos/WWWebImage-t.build/DerivedSources/arm64_32 -Xcc -I/Users/admin/builder/spi-builder-workspace/.derivedData/Build/Intermediates.noindex/WWWebImage.build/Debug-watchos/WWWebImage-t.build/DerivedSources -Xcc -DSWIFT_PACKAGE -Xcc -DDEBUG\=1 -no-auto-bridging-header-chaining -module-name WWWebImage -const-gather-protocols-file /Users/admin/builder/spi-builder-workspace/.derivedData/Build/Intermediates.noindex/WWWebImage.build/Debug-watchos/WWWebImage-t.build/Objects-normal/arm64_32/WWWebImage_const_extract_protocols.json -disable-clang-spi -clang-target arm64_32-apple-watchos27.0 -target-sdk-version 27.0 -target-sdk-name watchos27.0 -in-process-plugin-server-path /Applications/Xcode-27.0.0-Release.Candidate.app/Contents/Developer/Toolchains/XcodeDefault.xctoolchain/usr/lib/swift/host/libSwiftInProcPluginServer.dylib -emit-module-doc-path /Users/admin/builder/spi-builder-workspace/.derivedData/Build/Intermediates.noindex/WWWebImage.build/Debug-watchos/WWWebImage-t.build/Objects-normal/arm64_32/WWWebImage.swiftdoc -emit-module-source-info-path /Users/admin/builder/spi-builder-workspace/.derivedData/Build/Intermediates.noindex/WWWebImage.build/Debug-watchos/WWWebImage-t.build/Objects-normal/arm64_32/WWWebImage.swiftsourceinfo -emit-objc-header-path /Users/admin/builder/spi-builder-workspace/.derivedData/Build/Intermediates.noindex/WWWebImage.build/Debug-watchos/WWWebImage-t.build/Objects-normal/arm64_32/WWWebImage-Swift.h -serialize-diagnostics-path /Users/admin/builder/spi-builder-workspace/.derivedData/Build/Intermediates.noindex/WWWebImage.build/Debug-watchos/WWWebImage-t.build/Objects-normal/arm64_32/WWWebImage-primary-emit-module.dia -emit-dependencies-path /Users/admin/builder/spi-builder-workspace/.derivedData/Build/Intermediates.noindex/WWWebImage.build/Debug-watchos/WWWebImage-t.build/Objects-normal/arm64_32/WWWebImage-primary-emit-module.d -parse-as-library -o /Users/admin/builder/spi-builder-workspace/.derivedData/Build/Intermediates.noindex/WWWebImage.build/Debug-watchos/WWWebImage-t.build/Objects-normal/arm64_32/WWWebImage.swiftmodule -emit-abi-descriptor-path /Users/admin/builder/spi-builder-workspace/.derivedData/Build/Intermediates.noindex/WWWebImage.build/Debug-watchos/WWWebImage-t.build/Objects-normal/arm64_32/WWWebImage.abi.json
SwiftCompile normal arm64_32 (in target 'WWWebImage' from project 'WWWebImage')
    cd /Users/admin/builder/spi-builder-workspace/.swiftpm/xcode

SwiftCompile normal arm64_32 Compiling\ WWWebImage.swift /Users/admin/builder/spi-builder-workspace/Sources/WWWebImage/WWWebImage.swift (in target 'WWWebImage' from project 'WWWebImage')
/Users/admin/builder/spi-builder-workspace/Sources/WWWebImage/WWWebImage.swift:16:26: error: 'UIImageView' is unavailable in watchOS
14 |
15 | public extension WWWebImage {
16 |     protocol `Protocol`: UIImageView {}
   |                          `- error: 'UIImageView' is unavailable in watchOS
17 | }
18 |
/Applications/Xcode-27.0.0-Release.Candidate.app/Contents/Developer/Platforms/WatchOS.platform/Developer/SDKs/WatchOS27.0.sdk/System/Library/Frameworks/UIKit.framework/Headers/UIImageView.h:21:12: note: 'UIImageView' has been explicitly marked unavailable here
 19 |
 20 | UIKIT_EXTERN API_AVAILABLE(ios(2.0)) API_UNAVAILABLE(watchos) NS_SWIFT_UI_ACTOR
 21 | @interface UIImageView : UIView
    |            `- note: 'UIImageView' has been explicitly marked unavailable here
 22 |
 23 | - (instancetype)initWithImage:(nullable UIImage *)image;
SwiftCompile normal arm64_32 /Users/admin/builder/spi-builder-workspace/Sources/WWWebImage/WWWebImage.swift (in target 'WWWebImage' from project 'WWWebImage')
    cd /Users/admin/builder/spi-builder-workspace/.swiftpm/xcode
    builtin-SwiftPerFileCompile WWWebImage.swift
SwiftCompile normal arm64_32 Compiling\ DownloadTaskManager.swift /Users/admin/builder/spi-builder-workspace/Sources/WWWebImage/Maneger/DownloadTaskManager.swift (in target 'WWWebImage' from project 'WWWebImage')
SwiftCompile normal arm64_32 /Users/admin/builder/spi-builder-workspace/Sources/WWWebImage/Maneger/DownloadTaskManager.swift (in target 'WWWebImage' from project 'WWWebImage')
    cd /Users/admin/builder/spi-builder-workspace/.swiftpm/xcode
    builtin-SwiftPerFileCompile DownloadTaskManager.swift
/Users/admin/builder/spi-builder-workspace/Sources/WWWebImage/Maneger/DownloadTaskManager.swift:41:37: error: 'UIImageView' is unavailable in watchOS
 39 |         /// - 同一個 ImageView 多次呼叫會返回相同的 DownloadManager
 40 |         /// - 這是解決 cell reuse 問題的核心
 41 |         func manager(for imageView: UIImageView?) -> WWWebImage.DownloadManager? {
    |                                     `- error: 'UIImageView' is unavailable in watchOS
 42 |
 43 |             guard let imageView else { return nil }
/Applications/Xcode-27.0.0-Release.Candidate.app/Contents/Developer/Platforms/WatchOS.platform/Developer/SDKs/WatchOS27.0.sdk/System/Library/Frameworks/UIKit.framework/Headers/UIImageView.h:21:12: note: 'UIImageView' has been explicitly marked unavailable here
 19 |
 20 | UIKIT_EXTERN API_AVAILABLE(ios(2.0)) API_UNAVAILABLE(watchos) NS_SWIFT_UI_ACTOR
 21 | @interface UIImageView : UIView
    |            `- note: 'UIImageView' has been explicitly marked unavailable here
 22 |
 23 | - (instancetype)initWithImage:(nullable UIImage *)image;
/Users/admin/builder/spi-builder-workspace/Sources/WWWebImage/Maneger/DownloadTaskManager.swift:68:32: error: 'UIImageView' is unavailable in watchOS
 66 |     /// - 獲取該 ImageView 的 DownloadManager
 67 |     /// - 調用 DownloadManager.cancel()(設置 isCancelled = true,取消 URLSessionTask)
 68 |     func cancel(for imageView: UIImageView?) {
    |                                `- error: 'UIImageView' is unavailable in watchOS
 69 |
 70 |         guard let imageView else { return }
/Applications/Xcode-27.0.0-Release.Candidate.app/Contents/Developer/Platforms/WatchOS.platform/Developer/SDKs/WatchOS27.0.sdk/System/Library/Frameworks/UIKit.framework/Headers/UIImageView.h:21:12: note: 'UIImageView' has been explicitly marked unavailable here
 19 |
 20 | UIKIT_EXTERN API_AVAILABLE(ios(2.0)) API_UNAVAILABLE(watchos) NS_SWIFT_UI_ACTOR
 21 | @interface UIImageView : UIView
    |            `- note: 'UIImageView' has been explicitly marked unavailable here
 22 |
 23 | - (instancetype)initWithImage:(nullable UIImage *)image;
/Users/admin/builder/spi-builder-workspace/Sources/WWWebImage/Maneger/DownloadTaskManager.swift:85:36: error: 'UIImageView' is unavailable in watchOS
 83 |     /// - 使用 objc_getAssociatedObject 讀取 runtime 綁定的物件
 84 |     /// - 與 setManager 使用相同的 key(downloadManagerKey)
 85 |     func getManager(for imageView: UIImageView) -> WWWebImage.DownloadManager? {
    |                                    `- error: 'UIImageView' is unavailable in watchOS
 86 |         return objc_getAssociatedObject(imageView, &downloadManagerKey) as? WWWebImage.DownloadManager
 87 |     }
/Applications/Xcode-27.0.0-Release.Candidate.app/Contents/Developer/Platforms/WatchOS.platform/Developer/SDKs/WatchOS27.0.sdk/System/Library/Frameworks/UIKit.framework/Headers/UIImageView.h:21:12: note: 'UIImageView' has been explicitly marked unavailable here
 19 |
 20 | UIKIT_EXTERN API_AVAILABLE(ios(2.0)) API_UNAVAILABLE(watchos) NS_SWIFT_UI_ACTOR
 21 | @interface UIImageView : UIView
    |            `- note: 'UIImageView' has been explicitly marked unavailable here
 22 |
 23 | - (instancetype)initWithImage:(nullable UIImage *)image;
SwiftCompile normal arm64_32 Compiling\ Wrapper.swift /Users/admin/builder/spi-builder-workspace/Sources/WWWebImage/Wrapper.swift (in target 'WWWebImage' from project 'WWWebImage')
SwiftCompile normal arm64_32 /Users/admin/builder/spi-builder-workspace/Sources/WWWebImage/Wrapper.swift (in target 'WWWebImage' from project 'WWWebImage')
    cd /Users/admin/builder/spi-builder-workspace/.swiftpm/xcode
    builtin-SwiftPerFileCompile Wrapper.swift
SwiftDriverJobDiscovery normal arm64 Compiling Error.swift (in target 'WWWebImage' from project 'WWWebImage')
SwiftCompile normal arm64 Compiling\ DownloadManeger.swift /Users/admin/builder/spi-builder-workspace/Sources/WWWebImage/Maneger/DownloadManeger.swift (in target 'WWWebImage' from project 'WWWebImage')
SwiftCompile normal arm64 /Users/admin/builder/spi-builder-workspace/Sources/WWWebImage/Maneger/DownloadManeger.swift (in target 'WWWebImage' from project 'WWWebImage')
    cd /Users/admin/builder/spi-builder-workspace/.swiftpm/xcode
    builtin-SwiftPerFileCompile DownloadManeger.swift
SwiftDriverJobDiscovery normal arm64 Compiling Downloader.swift (in target 'WWWebImage' from project 'WWWebImage')
SwiftDriverJobDiscovery normal arm64 Compiling resource_bundle_accessor.swift (in target 'WWWebImage' from project 'WWWebImage')
PruneExplicitPrecompiledModules /Users/admin/builder/spi-builder-workspace/.derivedData/Build/Intermediates.noindex/ExplicitPrecompiledModules
PruneExplicitPrecompiledModules /Users/admin/builder/spi-builder-workspace/.derivedData/Build/Intermediates.noindex/SwiftExplicitPrecompiledModules
PruneExplicitPrecompiledModules /Users/admin/builder/spi-builder-workspace/.derivedData/SDKExplicitPrecompiledModules
2026-09-25 14:28:27.196 xcodebuild[856:5153] [MT] IDERunDestination: Supported platforms for the buildables in the current scheme is empty.
** BUILD FAILED **
The following build commands failed:
	SwiftEmitModule normal arm64 Emitting\ module\ for\ WWWebImage (in target 'WWWebImage' from project 'WWWebImage')
	SwiftCompile normal arm64 (in target 'WWWebImage' from project 'WWWebImage')
	SwiftEmitModule normal arm64_32 Emitting\ module\ for\ WWWebImage (in target 'WWWebImage' from project 'WWWebImage')
	SwiftCompile normal arm64_32 (in target 'WWWebImage' from project 'WWWebImage')
	Building workspace WWWebImage with scheme WWWebImage
(5 failures)
BUILD FAILURE 6.4 watchOS