The Swift Package Index logo.Swift Package Index

Build Information

Failed to build PermissionPilot, reference v0.3.1 (baaaff), with Swift 6.3 for Wasm on 3 Oct 2026 02:23:01 UTC.

Build Command

bash -c docker run --pull=always --rm -v "checkouts-54344845-0":/host -w "$PWD" -e JAVA_HOME="/root/.sdkman/candidates/java/current" -e SPI_BUILD="1" -e SPI_PROCESSING="1" registry.gitlab.com/saguaro1/spi-images:wasm-6.3-latest swift build --swift-sdk swift-6.3.2-RELEASE_wasm 2>&1

Build Log

========================================
RunAll
========================================
Builder version: 5.1.1
Interrupt handler set up.
========================================
Checkout
========================================
Clone URL: https://github.com/arpitagarwal1301/PermissionPilot.git
Reference: v0.3.1
Initialized empty Git repository in /host/spi-builder-workspace/.git/
hint: Using 'master' as the name for the initial branch. This default branch name
hint: is subject to change. To configure the initial branch name to use in all
hint: of your new repositories, which will suppress this warning, call:
hint:
hint: 	git config --global init.defaultBranch <name>
hint:
hint: Names commonly chosen instead of 'master' are 'main', 'trunk' and
hint: 'development'. The just-created branch can be renamed via this command:
hint:
hint: 	git branch -m <name>
From https://github.com/arpitagarwal1301/PermissionPilot
 * tag               v0.3.1     -> FETCH_HEAD
HEAD is now at baaaff8 Release 0.3.1
Cloned https://github.com/arpitagarwal1301/PermissionPilot.git
Revision (git rev-parse @):
baaaff837052e3f8bec357a8a0dee48fa0364993
SUCCESS checkout https://github.com/arpitagarwal1301/PermissionPilot.git at v0.3.1
========================================
Build
========================================
Selected platform:         wasm
Swift version:             6.3
Building package at path:  $PWD
https://github.com/arpitagarwal1301/PermissionPilot.git
Running build ...
bash -c docker run --pull=always --rm -v "checkouts-54344845-0":/host -w "$PWD" -e JAVA_HOME="/root/.sdkman/candidates/java/current" -e SPI_BUILD="1" -e SPI_PROCESSING="1" registry.gitlab.com/saguaro1/spi-images:wasm-6.3-latest swift build --swift-sdk swift-6.3.2-RELEASE_wasm 2>&1
wasm-6.3-latest: Pulling from saguaro1/spi-images
Digest: sha256:253aad7f5b11d25cf9eaef34120b94cd8a325782929c57fb304a7711494a3f9a
Status: Image is up to date for registry.gitlab.com/saguaro1/spi-images:wasm-6.3-latest
Building for debugging...
[0/17] Copying Localizable.strings
[0/17] Copying Info.plist
[2/17] Copying Localizable.strings
[3/17] Copying Info.plist
[3/17] Copying Localizable.strings
[5/17] Write sources
[7/17] Copying Info.plist
[7/17] Write sources
[10/17] Write swift-version-24593BA9C3E375BF.txt
[12/32] Compiling PermissionPilotCore Permission.swift
/host/spi-builder-workspace/Sources/PermissionPilotCore/BluetoothAuthorizer.swift:2:8: error: no such module 'CoreBluetooth'
 1 | import Foundation
 2 | import CoreBluetooth
   |        `- error: no such module 'CoreBluetooth'
 3 |
 4 | /// Detection is static (`CBManager.authorization`) and never powers on the radio.
[13/32] Compiling PermissionPilotCore PermissionInfo.swift
/host/spi-builder-workspace/Sources/PermissionPilotCore/BluetoothAuthorizer.swift:2:8: error: no such module 'CoreBluetooth'
 1 | import Foundation
 2 | import CoreBluetooth
   |        `- error: no such module 'CoreBluetooth'
 3 |
 4 | /// Detection is static (`CBManager.authorization`) and never powers on the radio.
[14/33] Compiling PermissionPilotCore SystemPromptWatch.swift
/host/spi-builder-workspace/Sources/PermissionPilotCore/BluetoothAuthorizer.swift:2:8: error: no such module 'CoreBluetooth'
 1 | import Foundation
 2 | import CoreBluetooth
   |        `- error: no such module 'CoreBluetooth'
 3 |
 4 | /// Detection is static (`CBManager.authorization`) and never powers on the radio.
[15/33] Compiling PermissionPilotCore SystemSettingsLink.swift
/host/spi-builder-workspace/Sources/PermissionPilotCore/BluetoothAuthorizer.swift:2:8: error: no such module 'CoreBluetooth'
 1 | import Foundation
 2 | import CoreBluetooth
   |        `- error: no such module 'CoreBluetooth'
 3 |
 4 | /// Detection is static (`CBManager.authorization`) and never powers on the radio.
[16/33] Compiling PermissionPilotCore BluetoothAuthorizer.swift
/host/spi-builder-workspace/Sources/PermissionPilotCore/BluetoothAuthorizer.swift:2:8: error: no such module 'CoreBluetooth'
 1 | import Foundation
 2 | import CoreBluetooth
   |        `- error: no such module 'CoreBluetooth'
 3 |
 4 | /// Detection is static (`CBManager.authorization`) and never powers on the radio.
[17/33] Compiling PermissionPilotCore Localization.swift
/host/spi-builder-workspace/Sources/PermissionPilotCore/BluetoothAuthorizer.swift:2:8: error: no such module 'CoreBluetooth'
 1 | import Foundation
 2 | import CoreBluetooth
   |        `- error: no such module 'CoreBluetooth'
 3 |
 4 | /// Detection is static (`CBManager.authorization`) and never powers on the radio.
[18/33] Compiling PermissionPilotCore LocationAuthorizer.swift
/host/spi-builder-workspace/Sources/PermissionPilotCore/BluetoothAuthorizer.swift:2:8: error: no such module 'CoreBluetooth'
 1 | import Foundation
 2 | import CoreBluetooth
   |        `- error: no such module 'CoreBluetooth'
 3 |
 4 | /// Detection is static (`CBManager.authorization`) and never powers on the radio.
[19/33] Compiling PermissionPilotCore NotificationAuthorizer.swift
/host/spi-builder-workspace/Sources/PermissionPilotCore/BluetoothAuthorizer.swift:2:8: error: no such module 'CoreBluetooth'
 1 | import Foundation
 2 | import CoreBluetooth
   |        `- error: no such module 'CoreBluetooth'
 3 |
 4 | /// Detection is static (`CBManager.authorization`) and never powers on the radio.
[20/33] Compiling PermissionPilotCore resource_bundle_accessor.swift
/host/spi-builder-workspace/Sources/PermissionPilotCore/BluetoothAuthorizer.swift:2:8: error: no such module 'CoreBluetooth'
 1 | import Foundation
 2 | import CoreBluetooth
   |        `- error: no such module 'CoreBluetooth'
 3 |
 4 | /// Detection is static (`CBManager.authorization`) and never powers on the radio.
[21/33] Compiling PermissionPilotCore PermissionProbe.swift
/host/spi-builder-workspace/Sources/PermissionPilotCore/BluetoothAuthorizer.swift:2:8: error: no such module 'CoreBluetooth'
 1 | import Foundation
 2 | import CoreBluetooth
   |        `- error: no such module 'CoreBluetooth'
 3 |
 4 | /// Detection is static (`CBManager.authorization`) and never powers on the radio.
[22/33] Compiling PermissionPilotCore PermissionStatus.swift
/host/spi-builder-workspace/Sources/PermissionPilotCore/BluetoothAuthorizer.swift:2:8: error: no such module 'CoreBluetooth'
 1 | import Foundation
 2 | import CoreBluetooth
   |        `- error: no such module 'CoreBluetooth'
 3 |
 4 | /// Detection is static (`CBManager.authorization`) and never powers on the radio.
[23/33] Compiling PermissionPilotCore PermissionManager.swift
/host/spi-builder-workspace/Sources/PermissionPilotCore/BluetoothAuthorizer.swift:2:8: error: no such module 'CoreBluetooth'
 1 | import Foundation
 2 | import CoreBluetooth
   |        `- error: no such module 'CoreBluetooth'
 3 |
 4 | /// Detection is static (`CBManager.authorization`) and never powers on the radio.
[24/33] Compiling PermissionPilotCore PermissionPilotCore.swift
/host/spi-builder-workspace/Sources/PermissionPilotCore/BluetoothAuthorizer.swift:2:8: error: no such module 'CoreBluetooth'
 1 | import Foundation
 2 | import CoreBluetooth
   |        `- error: no such module 'CoreBluetooth'
 3 |
 4 | /// Detection is static (`CBManager.authorization`) and never powers on the radio.
[25/33] Compiling PermissionPilotCore PermissionStatusMapping.swift
/host/spi-builder-workspace/Sources/PermissionPilotCore/BluetoothAuthorizer.swift:2:8: error: no such module 'CoreBluetooth'
 1 | import Foundation
 2 | import CoreBluetooth
   |        `- error: no such module 'CoreBluetooth'
 3 |
 4 | /// Detection is static (`CBManager.authorization`) and never powers on the radio.
error: emit-module command failed with exit code 1 (use -v to see invocation)
[26/33] Compiling PermissionPilotCore Relauncher.swift
/host/spi-builder-workspace/Sources/PermissionPilotCore/BluetoothAuthorizer.swift:2:8: error: no such module 'CoreBluetooth'
 1 | import Foundation
 2 | import CoreBluetooth
   |        `- error: no such module 'CoreBluetooth'
 3 |
 4 | /// Detection is static (`CBManager.authorization`) and never powers on the radio.
[27/33] Emitting module PermissionPilotCore
/host/spi-builder-workspace/Sources/PermissionPilotCore/BluetoothAuthorizer.swift:2:8: error: no such module 'CoreBluetooth'
 1 | import Foundation
 2 | import CoreBluetooth
   |        `- error: no such module 'CoreBluetooth'
 3 |
 4 | /// Detection is static (`CBManager.authorization`) and never powers on the radio.
BUILD FAILURE 6.3 wasm