Build Information
Failed to build CompactSlider, reference main (771bd5), with Swift 6.1 for tvOS using Xcode 16.3 on 28 Jul 2026 03:52:34 UTC.
Build Command
env DEVELOPER_DIR=/Applications/Xcode-16.3.0.app xcrun xcodebuild -IDEClonedSourcePackagesDirPathOverride=$PWD/.dependencies -skipMacroValidation -skipPackagePluginValidation -derivedDataPath $PWD/.derivedData build -scheme CompactSlider -destination generic/platform=tvOSBuild Log
========================================
RunAll
========================================
Builder version: undefined version: run 'make version' to update
Interrupt handler set up.
========================================
Checkout
========================================
Clone URL: https://github.com/buh/CompactSlider.git
Reference: main
Initialized empty Git repository in /Users/admin/builder/spi-builder-workspace/.git/
From https://github.com/buh/CompactSlider
* branch main -> FETCH_HEAD
* [new branch] main -> origin/main
HEAD is now at 771bd50 Update README
Cloned https://github.com/buh/CompactSlider.git
Revision (git rev-parse @):
771bd50d8c05ca1a31a46f5ff072a5112bad987f
SPI manifest file found: $PWD/.spi.yml
SUCCESS checkout https://github.com/buh/CompactSlider.git at main
========================================
Build
========================================
Selected platform: tvOS
Swift version: 6.1
Building package at path: $PWD
https://github.com/buh/CompactSlider.git
https://github.com/buh/CompactSlider.git
{
"dependencies" : [
],
"manifest_display_name" : "CompactSlider",
"name" : "CompactSlider",
"path" : "/Users/admin/builder/spi-builder-workspace",
"platforms" : [
{
"name" : "macos",
"version" : "12.0"
},
{
"name" : "ios",
"version" : "15.0"
},
{
"name" : "watchos",
"version" : "8.0"
},
{
"name" : "visionos",
"version" : "1.0"
}
],
"products" : [
{
"name" : "CompactSlider",
"targets" : [
"CompactSlider"
],
"type" : {
"library" : [
"automatic"
]
}
}
],
"swift_languages_versions" : [
"5"
],
"targets" : [
{
"c99name" : "CompactSlider",
"module_type" : "SwiftTarget",
"name" : "CompactSlider",
"path" : "Sources/CompactSlider",
"product_memberships" : [
"CompactSlider"
],
"resources" : [
{
"path" : "/Users/admin/builder/spi-builder-workspace/Sources/CompactSlider/PrivacyInfo.xcprivacy",
"rule" : {
"process" : {
}
}
}
],
"sources" : [
"CompactSlider+Dragging.swift",
"CompactSlider+OnChange.swift",
"CompactSlider+ScrollWheel.swift",
"CompactSlider.swift",
"CompactSliderAnimations.swift",
"CompactSliderOnChangeAction.swift",
"CompactSliderOption.swift",
"CompactSliderPoint.swift",
"CompactSliderPolarPoint.swift",
"CompactSliderStep.swift",
"CompactSliderStyleConfiguration.swift",
"CompactSliderType.swift",
"Components/Background/BackgroundContainerView.swift",
"Components/Background/DefaultBackgroundView.swift",
"Components/Background/EnvironmentBackgroundViewKey.swift",
"Components/Background/GridBackgroundView.swift",
"Components/Background/GridView.swift",
"Components/CompactSliderVisibility.swift",
"Components/Gauge/GaugeStyle.swift",
"Components/Gauge/GaugeView.swift",
"Components/Grid/Grid.swift",
"Components/Handle/EnvironmentHandleStyleKey.swift",
"Components/Handle/EnvironmentHandleViewKey.swift",
"Components/Handle/HandleStyle.swift",
"Components/Handle/HandleView.swift",
"Components/Handle/HandleViewContainerView.swift",
"Components/Progress/EnvironmentProgressViewKey.swift",
"Components/Progress/Progress.swift",
"Components/Progress/ProgressContainerView.swift",
"Components/Progress/ProgressView.swift",
"Components/Scale/DefaultScaleView.swift",
"Components/Scale/EnvironmentScaleViewKey.swift",
"Components/Scale/ScaleContainerView.swift",
"Components/Scale/ScaleShapeStyle.swift",
"Components/Scale/ScaleView.swift",
"Components/Scale/ScaleZStackView.swift",
"Components/Scale/Scales/CircularScaleShape.swift",
"Components/Scale/Scales/LinearScaleShape.swift",
"Components/Scale/Scales/ScaleLabels.swift",
"Styles/BackgroundViewWrapper.swift",
"Styles/ClipShapeStyle.swift",
"Styles/CompactSliderStyle.swift",
"Styles/DefaultCompactSliderStyle+Init.swift",
"Styles/DefaultCompactSliderStyle.swift",
"Styles/HandleViewWrapper.swift",
"Styles/ProgressViewWrapper.swift",
"Styles/ScaleViewWrapper.swift",
"Treats/Convertor.swift",
"Treats/EdgeInsets.swift",
"Treats/GradientMask.swift",
"Treats/OptionalCGSize.swift",
"Treats/ReversedMask.swift",
"Treats/SystemSlider/EnvironmentSystemSliderStyleKey.swift",
"Treats/SystemSlider/HandleStyle+SystemSlider.swift",
"Treats/SystemSlider/SystemSlider+ViewFrame.swift",
"Treats/SystemSlider/SystemSlider.swift",
"Treats/SystemSlider/SystemSliderBackgroundView.swift",
"Treats/SystemSlider/SystemSliderHandleView.swift",
"Treats/SystemSlider/SystemSliderProgressView.swift",
"Treats/SystemSlider/SystemSliderType.swift",
"Utils/ClosedRange.swift",
"Utils/CoreGraphics.swift",
"Utils/Defaults.swift",
"Utils/Functions.swift",
"Utils/HapticFeedback.swift",
"Utils/ScreenScaleFactor.swift",
"Utils/ScrollWheelModifier.swift",
"Utils/View.swift",
"Utils/WatchOSFillMaterial.swift"
],
"type" : "library"
}
],
"tools_version" : "5.9"
}
Command line invocation:
/Applications/Xcode-16.3.0.app/Contents/Developer/usr/bin/xcodebuild -IDEClonedSourcePackagesDirPathOverride=/Users/admin/builder/spi-builder-workspace/.dependencies -resolvePackageDependencies
Resolve Package Graph
Resolve Package Graph
Resolved source packages:
CompactSlider: /Users/admin/builder/spi-builder-workspace
resolved source packages: CompactSlider
{
"dependencies" : [
],
"manifest_display_name" : "CompactSlider",
"name" : "CompactSlider",
"path" : "/Users/admin/builder/spi-builder-workspace",
"platforms" : [
{
"name" : "macos",
"version" : "12.0"
},
{
"name" : "ios",
"version" : "15.0"
},
{
"name" : "watchos",
"version" : "8.0"
},
{
"name" : "visionos",
"version" : "1.0"
}
],
"products" : [
{
"name" : "CompactSlider",
"targets" : [
"CompactSlider"
],
"type" : {
"library" : [
"automatic"
]
}
}
],
"swift_languages_versions" : [
"5"
],
"targets" : [
{
"c99name" : "CompactSlider",
"module_type" : "SwiftTarget",
"name" : "CompactSlider",
"path" : "Sources/CompactSlider",
"product_memberships" : [
"CompactSlider"
],
"resources" : [
{
"path" : "/Users/admin/builder/spi-builder-workspace/Sources/CompactSlider/PrivacyInfo.xcprivacy",
"rule" : {
"process" : {
}
}
}
],
"sources" : [
"CompactSlider+Dragging.swift",
"CompactSlider+OnChange.swift",
"CompactSlider+ScrollWheel.swift",
"CompactSlider.swift",
"CompactSliderAnimations.swift",
"CompactSliderOnChangeAction.swift",
"CompactSliderOption.swift",
"CompactSliderPoint.swift",
"CompactSliderPolarPoint.swift",
"CompactSliderStep.swift",
"CompactSliderStyleConfiguration.swift",
"CompactSliderType.swift",
"Components/Background/BackgroundContainerView.swift",
"Components/Background/DefaultBackgroundView.swift",
"Components/Background/EnvironmentBackgroundViewKey.swift",
"Components/Background/GridBackgroundView.swift",
"Components/Background/GridView.swift",
"Components/CompactSliderVisibility.swift",
"Components/Gauge/GaugeStyle.swift",
"Components/Gauge/GaugeView.swift",
"Components/Grid/Grid.swift",
"Components/Handle/EnvironmentHandleStyleKey.swift",
"Components/Handle/EnvironmentHandleViewKey.swift",
"Components/Handle/HandleStyle.swift",
"Components/Handle/HandleView.swift",
"Components/Handle/HandleViewContainerView.swift",
"Components/Progress/EnvironmentProgressViewKey.swift",
"Components/Progress/Progress.swift",
"Components/Progress/ProgressContainerView.swift",
"Components/Progress/ProgressView.swift",
"Components/Scale/DefaultScaleView.swift",
"Components/Scale/EnvironmentScaleViewKey.swift",
"Components/Scale/ScaleContainerView.swift",
"Components/Scale/ScaleShapeStyle.swift",
"Components/Scale/ScaleView.swift",
"Components/Scale/ScaleZStackView.swift",
"Components/Scale/Scales/CircularScaleShape.swift",
"Components/Scale/Scales/LinearScaleShape.swift",
"Components/Scale/Scales/ScaleLabels.swift",
"Styles/BackgroundViewWrapper.swift",
"Styles/ClipShapeStyle.swift",
"Styles/CompactSliderStyle.swift",
"Styles/DefaultCompactSliderStyle+Init.swift",
"Styles/DefaultCompactSliderStyle.swift",
"Styles/HandleViewWrapper.swift",
"Styles/ProgressViewWrapper.swift",
"Styles/ScaleViewWrapper.swift",
"Treats/Convertor.swift",
"Treats/EdgeInsets.swift",
"Treats/GradientMask.swift",
"Treats/OptionalCGSize.swift",
"Treats/ReversedMask.swift",
"Treats/SystemSlider/EnvironmentSystemSliderStyleKey.swift",
"Treats/SystemSlider/HandleStyle+SystemSlider.swift",
"Treats/SystemSlider/SystemSlider+ViewFrame.swift",
"Treats/SystemSlider/SystemSlider.swift",
"Treats/SystemSlider/SystemSliderBackgroundView.swift",
"Treats/SystemSlider/SystemSliderHandleView.swift",
"Treats/SystemSlider/SystemSliderProgressView.swift",
"Treats/SystemSlider/SystemSliderType.swift",
"Utils/ClosedRange.swift",
"Utils/CoreGraphics.swift",
"Utils/Defaults.swift",
"Utils/Functions.swift",
"Utils/HapticFeedback.swift",
"Utils/ScreenScaleFactor.swift",
"Utils/ScrollWheelModifier.swift",
"Utils/View.swift",
"Utils/WatchOSFillMaterial.swift"
],
"type" : "library"
}
],
"tools_version" : "5.9"
}
{
"workspace" : {
"name" : "spi-builder-workspace",
"schemes" : [
"CompactSlider"
]
}
}
Running build ...
env DEVELOPER_DIR=/Applications/Xcode-16.3.0.app xcrun xcodebuild -IDEClonedSourcePackagesDirPathOverride=$PWD/.dependencies -skipMacroValidation -skipPackagePluginValidation -derivedDataPath $PWD/.derivedData build -scheme CompactSlider -destination generic/platform=tvOS OTHER_SWIFT_FLAGS=-stats-output-dir .stats -strict-concurrency=complete -enable-upcoming-feature StrictConcurrency -enable-upcoming-feature DisableOutwardActorInference -enable-upcoming-feature GlobalActorIsolatedTypesUsability -enable-upcoming-feature InferSendableFromCaptures
Command line invocation:
/Applications/Xcode-16.3.0.app/Contents/Developer/usr/bin/xcodebuild -IDEClonedSourcePackagesDirPathOverride=/Users/admin/builder/spi-builder-workspace/.dependencies -skipMacroValidation -skipPackagePluginValidation -derivedDataPath /Users/admin/builder/spi-builder-workspace/.derivedData build -scheme CompactSlider -destination generic/platform=tvOS "OTHER_SWIFT_FLAGS=-stats-output-dir .stats -strict-concurrency=complete -enable-upcoming-feature StrictConcurrency -enable-upcoming-feature DisableOutwardActorInference -enable-upcoming-feature GlobalActorIsolatedTypesUsability -enable-upcoming-feature InferSendableFromCaptures"
Build settings from command line:
OTHER_SWIFT_FLAGS = -stats-output-dir .stats -strict-concurrency=complete -enable-upcoming-feature StrictConcurrency -enable-upcoming-feature DisableOutwardActorInference -enable-upcoming-feature GlobalActorIsolatedTypesUsability -enable-upcoming-feature InferSendableFromCaptures
Resolve Package Graph
Resolved source packages:
CompactSlider: /Users/admin/builder/spi-builder-workspace
ComputePackagePrebuildTargetDependencyGraph
Prepare packages
CreateBuildRequest
SendProjectDescription
CreateBuildOperation
ComputeTargetDependencyGraph
note: Building targets in dependency order
note: Target dependency graph (3 targets)
Target 'CompactSlider' in project 'CompactSlider'
➜ Explicit dependency on target 'CompactSlider' in project 'CompactSlider'
➜ Explicit dependency on target 'CompactSlider_CompactSlider' in project 'CompactSlider'
Target 'CompactSlider' in project 'CompactSlider'
➜ Explicit dependency on target 'CompactSlider_CompactSlider' in project 'CompactSlider'
Target 'CompactSlider_CompactSlider' in project 'CompactSlider' (no dependencies)
GatherProvisioningInputs
CreateBuildDescription
ExecuteExternalTool /Applications/Xcode-16.3.0.app/Contents/Developer/Toolchains/XcodeDefault.xctoolchain/usr/bin/clang -v -E -dM -isysroot /Applications/Xcode-16.3.0.app/Contents/Developer/Platforms/AppleTVOS.platform/Developer/SDKs/AppleTVOS18.4.sdk -x c -c /dev/null
ExecuteExternalTool /Applications/Xcode-16.3.0.app/Contents/Developer/Toolchains/XcodeDefault.xctoolchain/usr/bin/swiftc --version
ExecuteExternalTool /Applications/Xcode-16.3.0.app/Contents/Developer/Toolchains/XcodeDefault.xctoolchain/usr/bin/ld -version_details
Build description signature: 58ead14d4a0b21a34f57d4ed8204880d
Build description path: /Users/admin/builder/spi-builder-workspace/.derivedData/Build/Intermediates.noindex/XCBuildData/58ead14d4a0b21a34f57d4ed8204880d.xcbuilddata
ClangStatCache /Applications/Xcode-16.3.0.app/Contents/Developer/Toolchains/XcodeDefault.xctoolchain/usr/bin/clang-stat-cache /Applications/Xcode-16.3.0.app/Contents/Developer/Platforms/AppleTVOS.platform/Developer/SDKs/AppleTVOS18.4.sdk /Users/admin/builder/spi-builder-workspace/.derivedData/SDKStatCaches.noindex/appletvos18.4-22L251-271d326055c85f9856fa135c41255102.sdkstatcache
cd /Users/admin/builder/spi-builder-workspace/.swiftpm/xcode
/Applications/Xcode-16.3.0.app/Contents/Developer/Toolchains/XcodeDefault.xctoolchain/usr/bin/clang-stat-cache /Applications/Xcode-16.3.0.app/Contents/Developer/Platforms/AppleTVOS.platform/Developer/SDKs/AppleTVOS18.4.sdk -o /Users/admin/builder/spi-builder-workspace/.derivedData/SDKStatCaches.noindex/appletvos18.4-22L251-271d326055c85f9856fa135c41255102.sdkstatcache
CreateBuildDirectory /Users/admin/builder/spi-builder-workspace/.derivedData/Build/Products
cd /Users/admin/builder/spi-builder-workspace/.swiftpm/xcode
builtin-create-build-directory /Users/admin/builder/spi-builder-workspace/.derivedData/Build/Products
CreateBuildDirectory /Users/admin/builder/spi-builder-workspace/.derivedData/Build/Intermediates.noindex
cd /Users/admin/builder/spi-builder-workspace/.swiftpm/xcode
builtin-create-build-directory /Users/admin/builder/spi-builder-workspace/.derivedData/Build/Intermediates.noindex
CreateBuildDirectory /Users/admin/builder/spi-builder-workspace/.derivedData/Build/Products/Debug-appletvos
cd /Users/admin/builder/spi-builder-workspace/.swiftpm/xcode
builtin-create-build-directory /Users/admin/builder/spi-builder-workspace/.derivedData/Build/Products/Debug-appletvos
CreateBuildDirectory /Users/admin/builder/spi-builder-workspace/.derivedData/Build/Intermediates.noindex/EagerLinkingTBDs/Debug-appletvos
cd /Users/admin/builder/spi-builder-workspace/.swiftpm/xcode
builtin-create-build-directory /Users/admin/builder/spi-builder-workspace/.derivedData/Build/Intermediates.noindex/EagerLinkingTBDs/Debug-appletvos
CreateBuildDirectory /Users/admin/builder/spi-builder-workspace/.derivedData/Build/Products/Debug-appletvos/PackageFrameworks
cd /Users/admin/builder/spi-builder-workspace/.swiftpm/xcode
builtin-create-build-directory /Users/admin/builder/spi-builder-workspace/.derivedData/Build/Products/Debug-appletvos/PackageFrameworks
MkDir /Users/admin/builder/spi-builder-workspace/.derivedData/Build/Products/Debug-appletvos/CompactSlider_CompactSlider.bundle (in target 'CompactSlider_CompactSlider' from project 'CompactSlider')
cd /Users/admin/builder/spi-builder-workspace
/bin/mkdir -p /Users/admin/builder/spi-builder-workspace/.derivedData/Build/Products/Debug-appletvos/CompactSlider_CompactSlider.bundle
WriteAuxiliaryFile /Users/admin/builder/spi-builder-workspace/.derivedData/Build/Intermediates.noindex/CompactSlider.build/Debug-appletvos/CompactSlider_CompactSlider.build/CompactSlider_CompactSlider.DependencyMetadataFileList (in target 'CompactSlider_CompactSlider' from project 'CompactSlider')
cd /Users/admin/builder/spi-builder-workspace
write-file /Users/admin/builder/spi-builder-workspace/.derivedData/Build/Intermediates.noindex/CompactSlider.build/Debug-appletvos/CompactSlider_CompactSlider.build/CompactSlider_CompactSlider.DependencyMetadataFileList
WriteAuxiliaryFile /Users/admin/builder/spi-builder-workspace/.derivedData/Build/Intermediates.noindex/CompactSlider.build/Debug-appletvos/CompactSlider_CompactSlider.build/CompactSlider_CompactSlider.DependencyStaticMetadataFileList (in target 'CompactSlider_CompactSlider' from project 'CompactSlider')
cd /Users/admin/builder/spi-builder-workspace
write-file /Users/admin/builder/spi-builder-workspace/.derivedData/Build/Intermediates.noindex/CompactSlider.build/Debug-appletvos/CompactSlider_CompactSlider.build/CompactSlider_CompactSlider.DependencyStaticMetadataFileList
WriteAuxiliaryFile /Users/admin/builder/spi-builder-workspace/.derivedData/Build/Intermediates.noindex/CompactSlider.build/Debug-appletvos/CompactSlider_CompactSlider.build/empty-CompactSlider_CompactSlider.plist (in target 'CompactSlider_CompactSlider' from project 'CompactSlider')
cd /Users/admin/builder/spi-builder-workspace
write-file /Users/admin/builder/spi-builder-workspace/.derivedData/Build/Intermediates.noindex/CompactSlider.build/Debug-appletvos/CompactSlider_CompactSlider.build/empty-CompactSlider_CompactSlider.plist
WriteAuxiliaryFile /Users/admin/builder/spi-builder-workspace/.derivedData/Build/Intermediates.noindex/CompactSlider.build/Debug-appletvos/CompactSlider.build/Objects-normal/arm64/CompactSlider.LinkFileList (in target 'CompactSlider' from project 'CompactSlider')
cd /Users/admin/builder/spi-builder-workspace
write-file /Users/admin/builder/spi-builder-workspace/.derivedData/Build/Intermediates.noindex/CompactSlider.build/Debug-appletvos/CompactSlider.build/Objects-normal/arm64/CompactSlider.LinkFileList
WriteAuxiliaryFile /Users/admin/builder/spi-builder-workspace/.derivedData/Build/Intermediates.noindex/CompactSlider.build/Debug-appletvos/CompactSlider.build/Objects-normal/arm64/CompactSlider_const_extract_protocols.json (in target 'CompactSlider' from project 'CompactSlider')
cd /Users/admin/builder/spi-builder-workspace
write-file /Users/admin/builder/spi-builder-workspace/.derivedData/Build/Intermediates.noindex/CompactSlider.build/Debug-appletvos/CompactSlider.build/Objects-normal/arm64/CompactSlider_const_extract_protocols.json
WriteAuxiliaryFile /Users/admin/builder/spi-builder-workspace/.derivedData/Build/Intermediates.noindex/CompactSlider.build/Debug-appletvos/CompactSlider.build/Objects-normal/arm64/CompactSlider.SwiftFileList (in target 'CompactSlider' from project 'CompactSlider')
cd /Users/admin/builder/spi-builder-workspace
write-file /Users/admin/builder/spi-builder-workspace/.derivedData/Build/Intermediates.noindex/CompactSlider.build/Debug-appletvos/CompactSlider.build/Objects-normal/arm64/CompactSlider.SwiftFileList
WriteAuxiliaryFile /Users/admin/builder/spi-builder-workspace/.derivedData/Build/Intermediates.noindex/CompactSlider.build/Debug-appletvos/CompactSlider.build/Objects-normal/arm64/CompactSlider-OutputFileMap.json (in target 'CompactSlider' from project 'CompactSlider')
cd /Users/admin/builder/spi-builder-workspace
write-file /Users/admin/builder/spi-builder-workspace/.derivedData/Build/Intermediates.noindex/CompactSlider.build/Debug-appletvos/CompactSlider.build/Objects-normal/arm64/CompactSlider-OutputFileMap.json
WriteAuxiliaryFile /Users/admin/builder/spi-builder-workspace/.derivedData/Build/Intermediates.noindex/CompactSlider.build/Debug-appletvos/CompactSlider.build/Objects-normal/arm64/CompactSlider.SwiftConstValuesFileList (in target 'CompactSlider' from project 'CompactSlider')
cd /Users/admin/builder/spi-builder-workspace
write-file /Users/admin/builder/spi-builder-workspace/.derivedData/Build/Intermediates.noindex/CompactSlider.build/Debug-appletvos/CompactSlider.build/Objects-normal/arm64/CompactSlider.SwiftConstValuesFileList
WriteAuxiliaryFile /Users/admin/builder/spi-builder-workspace/.derivedData/Build/Intermediates.noindex/CompactSlider.build/Debug-appletvos/CompactSlider.build/DerivedSources/resource_bundle_accessor.swift (in target 'CompactSlider' from project 'CompactSlider')
cd /Users/admin/builder/spi-builder-workspace
write-file /Users/admin/builder/spi-builder-workspace/.derivedData/Build/Intermediates.noindex/CompactSlider.build/Debug-appletvos/CompactSlider.build/DerivedSources/resource_bundle_accessor.swift
WriteAuxiliaryFile /Users/admin/builder/spi-builder-workspace/.derivedData/Build/Intermediates.noindex/CompactSlider.build/Debug-appletvos/CompactSlider.build/CompactSlider.modulemap (in target 'CompactSlider' from project 'CompactSlider')
cd /Users/admin/builder/spi-builder-workspace
write-file /Users/admin/builder/spi-builder-workspace/.derivedData/Build/Intermediates.noindex/CompactSlider.build/Debug-appletvos/CompactSlider.build/CompactSlider.modulemap
WriteAuxiliaryFile /Users/admin/builder/spi-builder-workspace/.derivedData/Build/Intermediates.noindex/CompactSlider.build/Debug-appletvos/CompactSlider.build/CompactSlider.DependencyStaticMetadataFileList (in target 'CompactSlider' from project 'CompactSlider')
cd /Users/admin/builder/spi-builder-workspace
write-file /Users/admin/builder/spi-builder-workspace/.derivedData/Build/Intermediates.noindex/CompactSlider.build/Debug-appletvos/CompactSlider.build/CompactSlider.DependencyStaticMetadataFileList
WriteAuxiliaryFile /Users/admin/builder/spi-builder-workspace/.derivedData/Build/Intermediates.noindex/CompactSlider.build/Debug-appletvos/CompactSlider.build/CompactSlider.DependencyMetadataFileList (in target 'CompactSlider' from project 'CompactSlider')
cd /Users/admin/builder/spi-builder-workspace
write-file /Users/admin/builder/spi-builder-workspace/.derivedData/Build/Intermediates.noindex/CompactSlider.build/Debug-appletvos/CompactSlider.build/CompactSlider.DependencyMetadataFileList
ProcessInfoPlistFile /Users/admin/builder/spi-builder-workspace/.derivedData/Build/Products/Debug-appletvos/CompactSlider_CompactSlider.bundle/Info.plist /Users/admin/builder/spi-builder-workspace/.derivedData/Build/Intermediates.noindex/CompactSlider.build/Debug-appletvos/CompactSlider_CompactSlider.build/empty-CompactSlider_CompactSlider.plist (in target 'CompactSlider_CompactSlider' from project 'CompactSlider')
cd /Users/admin/builder/spi-builder-workspace
builtin-infoPlistUtility /Users/admin/builder/spi-builder-workspace/.derivedData/Build/Intermediates.noindex/CompactSlider.build/Debug-appletvos/CompactSlider_CompactSlider.build/empty-CompactSlider_CompactSlider.plist -producttype com.apple.product-type.bundle -expandbuildsettings -format binary -platform appletvos -o /Users/admin/builder/spi-builder-workspace/.derivedData/Build/Products/Debug-appletvos/CompactSlider_CompactSlider.bundle/Info.plist
CpResource /Users/admin/builder/spi-builder-workspace/.derivedData/Build/Products/Debug-appletvos/CompactSlider_CompactSlider.bundle/PrivacyInfo.xcprivacy /Users/admin/builder/spi-builder-workspace/Sources/CompactSlider/PrivacyInfo.xcprivacy (in target 'CompactSlider_CompactSlider' from project 'CompactSlider')
cd /Users/admin/builder/spi-builder-workspace
builtin-copy -exclude .DS_Store -exclude CVS -exclude .svn -exclude .git -exclude .hg -resolve-src-symlinks /Users/admin/builder/spi-builder-workspace/Sources/CompactSlider/PrivacyInfo.xcprivacy /Users/admin/builder/spi-builder-workspace/.derivedData/Build/Products/Debug-appletvos/CompactSlider_CompactSlider.bundle
Copy /Users/admin/builder/spi-builder-workspace/.derivedData/Build/Intermediates.noindex/GeneratedModuleMaps-appletvos/CompactSlider.modulemap /Users/admin/builder/spi-builder-workspace/.derivedData/Build/Intermediates.noindex/CompactSlider.build/Debug-appletvos/CompactSlider.build/CompactSlider.modulemap (in target 'CompactSlider' from project 'CompactSlider')
cd /Users/admin/builder/spi-builder-workspace
builtin-copy -exclude .DS_Store -exclude CVS -exclude .svn -exclude .git -exclude .hg -resolve-src-symlinks /Users/admin/builder/spi-builder-workspace/.derivedData/Build/Intermediates.noindex/CompactSlider.build/Debug-appletvos/CompactSlider.build/CompactSlider.modulemap /Users/admin/builder/spi-builder-workspace/.derivedData/Build/Intermediates.noindex/GeneratedModuleMaps-appletvos
RegisterExecutionPolicyException /Users/admin/builder/spi-builder-workspace/.derivedData/Build/Products/Debug-appletvos/CompactSlider_CompactSlider.bundle (in target 'CompactSlider_CompactSlider' from project 'CompactSlider')
cd /Users/admin/builder/spi-builder-workspace
builtin-RegisterExecutionPolicyException /Users/admin/builder/spi-builder-workspace/.derivedData/Build/Products/Debug-appletvos/CompactSlider_CompactSlider.bundle
Touch /Users/admin/builder/spi-builder-workspace/.derivedData/Build/Products/Debug-appletvos/CompactSlider_CompactSlider.bundle (in target 'CompactSlider_CompactSlider' from project 'CompactSlider')
cd /Users/admin/builder/spi-builder-workspace
/usr/bin/touch -c /Users/admin/builder/spi-builder-workspace/.derivedData/Build/Products/Debug-appletvos/CompactSlider_CompactSlider.bundle
SwiftDriver CompactSlider normal arm64 com.apple.xcode.tools.swift.compiler (in target 'CompactSlider' from project 'CompactSlider')
cd /Users/admin/builder/spi-builder-workspace/.swiftpm/xcode
builtin-SwiftDriver -- /Applications/Xcode-16.3.0.app/Contents/Developer/Toolchains/XcodeDefault.xctoolchain/usr/bin/swiftc -module-name CompactSlider -Onone -enforce-exclusivity\=checked @/Users/admin/builder/spi-builder-workspace/.derivedData/Build/Intermediates.noindex/CompactSlider.build/Debug-appletvos/CompactSlider.build/Objects-normal/arm64/CompactSlider.SwiftFileList -DSWIFT_PACKAGE -DDEBUG -stats-output-dir .stats -strict-concurrency\=complete -enable-upcoming-feature StrictConcurrency -enable-upcoming-feature DisableOutwardActorInference -enable-upcoming-feature GlobalActorIsolatedTypesUsability -enable-upcoming-feature InferSendableFromCaptures -plugin-path /Applications/Xcode-16.3.0.app/Contents/Developer/Toolchains/XcodeDefault.xctoolchain/usr/lib/swift/host/plugins/testing -enable-experimental-feature DebugDescriptionMacro -sdk /Applications/Xcode-16.3.0.app/Contents/Developer/Platforms/AppleTVOS.platform/Developer/SDKs/AppleTVOS18.4.sdk -target arm64-apple-tvos15.0 -g -module-cache-path /Users/admin/builder/spi-builder-workspace/.derivedData/ModuleCache.noindex -Xfrontend -serialize-debugging-options -enable-testing -index-store-path /Users/admin/builder/spi-builder-workspace/.derivedData/Index.noindex/DataStore -swift-version 5 -I /Users/admin/builder/spi-builder-workspace/.derivedData/Build/Products/Debug-appletvos -I /Applications/Xcode-16.3.0.app/Contents/Developer/Platforms/AppleTVOS.platform/Developer/usr/lib -F /Users/admin/builder/spi-builder-workspace/.derivedData/Build/Products/Debug-appletvos -F /Applications/Xcode-16.3.0.app/Contents/Developer/Platforms/AppleTVOS.platform/Developer/Library/Frameworks -F /Applications/Xcode-16.3.0.app/Contents/Developer/Platforms/AppleTVOS.platform/Developer/SDKs/AppleTVOS18.4.sdk/Developer/Library/Frameworks -c -j10 -enable-batch-mode -incremental -Xcc -ivfsstatcache -Xcc /Users/admin/builder/spi-builder-workspace/.derivedData/SDKStatCaches.noindex/appletvos18.4-22L251-271d326055c85f9856fa135c41255102.sdkstatcache -output-file-map /Users/admin/builder/spi-builder-workspace/.derivedData/Build/Intermediates.noindex/CompactSlider.build/Debug-appletvos/CompactSlider.build/Objects-normal/arm64/CompactSlider-OutputFileMap.json -use-frontend-parseable-output -save-temps -no-color-diagnostics -serialize-diagnostics -emit-dependencies -emit-module -emit-module-path /Users/admin/builder/spi-builder-workspace/.derivedData/Build/Intermediates.noindex/CompactSlider.build/Debug-appletvos/CompactSlider.build/Objects-normal/arm64/CompactSlider.swiftmodule -validate-clang-modules-once -clang-build-session-file /Users/admin/builder/spi-builder-workspace/.derivedData/ModuleCache.noindex/Session.modulevalidation -package-name spi_builder_workspace -Xcc -I/Users/admin/builder/spi-builder-workspace/.derivedData/Build/Intermediates.noindex/CompactSlider.build/Debug-appletvos/CompactSlider.build/swift-overrides.hmap -emit-const-values -Xfrontend -const-gather-protocols-file -Xfrontend /Users/admin/builder/spi-builder-workspace/.derivedData/Build/Intermediates.noindex/CompactSlider.build/Debug-appletvos/CompactSlider.build/Objects-normal/arm64/CompactSlider_const_extract_protocols.json -Xcc -I/Users/admin/builder/spi-builder-workspace/.derivedData/Build/Products/Debug-appletvos/include -Xcc -I/Users/admin/builder/spi-builder-workspace/.derivedData/Build/Intermediates.noindex/CompactSlider.build/Debug-appletvos/CompactSlider.build/DerivedSources-normal/arm64 -Xcc -I/Users/admin/builder/spi-builder-workspace/.derivedData/Build/Intermediates.noindex/CompactSlider.build/Debug-appletvos/CompactSlider.build/DerivedSources/arm64 -Xcc -I/Users/admin/builder/spi-builder-workspace/.derivedData/Build/Intermediates.noindex/CompactSlider.build/Debug-appletvos/CompactSlider.build/DerivedSources -Xcc -DSWIFT_PACKAGE -Xcc -DDEBUG\=1 -emit-objc-header -emit-objc-header-path /Users/admin/builder/spi-builder-workspace/.derivedData/Build/Intermediates.noindex/CompactSlider.build/Debug-appletvos/CompactSlider.build/Objects-normal/arm64/CompactSlider-Swift.h -working-directory /Users/admin/builder/spi-builder-workspace/.swiftpm/xcode -experimental-emit-module-separately -disable-cmo
SwiftCompile normal arm64 Compiling\ resource_bundle_accessor.swift,\ CompactSlider+Dragging.swift,\ CompactSlider+OnChange.swift,\ CompactSlider+ScrollWheel.swift,\ CompactSlider.swift,\ CompactSliderAnimations.swift,\ CompactSliderOnChangeAction.swift /Users/admin/builder/spi-builder-workspace/.derivedData/Build/Intermediates.noindex/CompactSlider.build/Debug-appletvos/CompactSlider.build/DerivedSources/resource_bundle_accessor.swift /Users/admin/builder/spi-builder-workspace/Sources/CompactSlider/CompactSlider+Dragging.swift /Users/admin/builder/spi-builder-workspace/Sources/CompactSlider/CompactSlider+OnChange.swift /Users/admin/builder/spi-builder-workspace/Sources/CompactSlider/CompactSlider+ScrollWheel.swift /Users/admin/builder/spi-builder-workspace/Sources/CompactSlider/CompactSlider.swift /Users/admin/builder/spi-builder-workspace/Sources/CompactSlider/CompactSliderAnimations.swift /Users/admin/builder/spi-builder-workspace/Sources/CompactSlider/CompactSliderOnChangeAction.swift (in target 'CompactSlider' from project 'CompactSlider')
SwiftCompile normal arm64 /Users/admin/builder/spi-builder-workspace/.derivedData/Build/Intermediates.noindex/CompactSlider.build/Debug-appletvos/CompactSlider.build/DerivedSources/resource_bundle_accessor.swift (in target 'CompactSlider' from project 'CompactSlider')
cd /Users/admin/builder/spi-builder-workspace/.swiftpm/xcode
SwiftCompile normal arm64 /Users/admin/builder/spi-builder-workspace/Sources/CompactSlider/CompactSlider+Dragging.swift (in target 'CompactSlider' from project 'CompactSlider')
cd /Users/admin/builder/spi-builder-workspace/.swiftpm/xcode
/Users/admin/builder/spi-builder-workspace/Sources/CompactSlider/CompactSlider+Dragging.swift:9:39: error: 'DragGesture' is unavailable in tvOS
func dragGestureOnChange(_ value: DragGesture.Value, size: CGSize) {
^~~~~~~~~~~
SwiftUI.DragGesture:3:42: note: 'DragGesture' has been explicitly marked unavailable here
@MainActor @preconcurrency public struct DragGesture : Gesture {
^
/Users/admin/builder/spi-builder-workspace/Sources/CompactSlider/CompactSlider+Dragging.swift:50:38: error: 'DragGesture' is unavailable in tvOS
func dragGestureOnEnded(_ value: DragGesture.Value, size: CGSize) {
^~~~~~~~~~~
SwiftUI.DragGesture:3:42: note: 'DragGesture' has been explicitly marked unavailable here
@MainActor @preconcurrency public struct DragGesture : Gesture {
^
/Users/admin/builder/spi-builder-workspace/Sources/CompactSlider/CompactSlider+Dragging.swift:437:25: error: 'DragGesture' is unavailable in tvOS
func onTap(_ value: DragGesture.Value, size: CGSize) {
^~~~~~~~~~~
SwiftUI.DragGesture:3:42: note: 'DragGesture' has been explicitly marked unavailable here
@MainActor @preconcurrency public struct DragGesture : Gesture {
^
SwiftCompile normal arm64 /Users/admin/builder/spi-builder-workspace/Sources/CompactSlider/CompactSlider+OnChange.swift (in target 'CompactSlider' from project 'CompactSlider')
cd /Users/admin/builder/spi-builder-workspace/.swiftpm/xcode
SwiftCompile normal arm64 /Users/admin/builder/spi-builder-workspace/Sources/CompactSlider/CompactSlider+ScrollWheel.swift (in target 'CompactSlider' from project 'CompactSlider')
cd /Users/admin/builder/spi-builder-workspace/.swiftpm/xcode
SwiftCompile normal arm64 /Users/admin/builder/spi-builder-workspace/Sources/CompactSlider/CompactSlider.swift (in target 'CompactSlider' from project 'CompactSlider')
cd /Users/admin/builder/spi-builder-workspace/.swiftpm/xcode
SwiftCompile normal arm64 /Users/admin/builder/spi-builder-workspace/Sources/CompactSlider/CompactSliderAnimations.swift (in target 'CompactSlider' from project 'CompactSlider')
cd /Users/admin/builder/spi-builder-workspace/.swiftpm/xcode
/Users/admin/builder/spi-builder-workspace/Sources/CompactSlider/CompactSliderAnimations.swift:20:16: warning: static property 'defaultValue' is not concurrency-safe because non-'Sendable' type '[CompactSliderAnimationEvent : Animation]' may have shared mutable state; this is an error in the Swift 6 language mode
static let defaultValue: [CompactSliderAnimationEvent: Animation] = [:]
^
/Users/admin/builder/spi-builder-workspace/Sources/CompactSlider/CompactSliderAnimations.swift:9:13: note: consider making enum 'CompactSliderAnimationEvent' conform to the 'Sendable' protocol
public enum CompactSliderAnimationEvent {
^
: Sendable
/Users/admin/builder/spi-builder-workspace/Sources/CompactSlider/CompactSliderAnimations.swift:20:16: note: add '@MainActor' to make static property 'defaultValue' part of global actor 'MainActor'
static let defaultValue: [CompactSliderAnimationEvent: Animation] = [:]
^
@MainActor
/Users/admin/builder/spi-builder-workspace/Sources/CompactSlider/CompactSliderAnimations.swift:20:16: note: disable concurrency-safety checks if accesses are protected by an external synchronization mechanism
static let defaultValue: [CompactSliderAnimationEvent: Animation] = [:]
^
nonisolated(unsafe)
SwiftCompile normal arm64 /Users/admin/builder/spi-builder-workspace/Sources/CompactSlider/CompactSliderOnChangeAction.swift (in target 'CompactSlider' from project 'CompactSlider')
cd /Users/admin/builder/spi-builder-workspace/.swiftpm/xcode
/Users/admin/builder/spi-builder-workspace/Sources/CompactSlider/CompactSliderOnChangeAction.swift:9:16: warning: static property 'defaultValue' is not concurrency-safe because non-'Sendable' type '((CompactSliderStyleConfiguration) -> Void)?' may have shared mutable state; this is an error in the Swift 6 language mode
static let defaultValue: ((CompactSliderStyleConfiguration) -> Void)? = nil
^
<unknown>:0: note: a function type must be marked '@Sendable' to conform to 'Sendable'
/Users/admin/builder/spi-builder-workspace/Sources/CompactSlider/CompactSliderOnChangeAction.swift:9:16: note: add '@MainActor' to make static property 'defaultValue' part of global actor 'MainActor'
static let defaultValue: ((CompactSliderStyleConfiguration) -> Void)? = nil
^
@MainActor
/Users/admin/builder/spi-builder-workspace/Sources/CompactSlider/CompactSliderOnChangeAction.swift:9:16: note: disable concurrency-safety checks if accesses are protected by an external synchronization mechanism
static let defaultValue: ((CompactSliderStyleConfiguration) -> Void)? = nil
^
nonisolated(unsafe)
SwiftCompile normal arm64 Compiling\ Grid.swift,\ EnvironmentHandleStyleKey.swift,\ EnvironmentHandleViewKey.swift,\ HandleStyle.swift,\ HandleView.swift,\ HandleViewContainerView.swift,\ EnvironmentProgressViewKey.swift /Users/admin/builder/spi-builder-workspace/Sources/CompactSlider/Components/Grid/Grid.swift /Users/admin/builder/spi-builder-workspace/Sources/CompactSlider/Components/Handle/EnvironmentHandleStyleKey.swift /Users/admin/builder/spi-builder-workspace/Sources/CompactSlider/Components/Handle/EnvironmentHandleViewKey.swift /Users/admin/builder/spi-builder-workspace/Sources/CompactSlider/Components/Handle/HandleStyle.swift /Users/admin/builder/spi-builder-workspace/Sources/CompactSlider/Components/Handle/HandleView.swift /Users/admin/builder/spi-builder-workspace/Sources/CompactSlider/Components/Handle/HandleViewContainerView.swift /Users/admin/builder/spi-builder-workspace/Sources/CompactSlider/Components/Progress/EnvironmentProgressViewKey.swift (in target 'CompactSlider' from project 'CompactSlider')
SwiftCompile normal arm64 /Users/admin/builder/spi-builder-workspace/Sources/CompactSlider/Components/Grid/Grid.swift (in target 'CompactSlider' from project 'CompactSlider')
cd /Users/admin/builder/spi-builder-workspace/.swiftpm/xcode
SwiftCompile normal arm64 /Users/admin/builder/spi-builder-workspace/Sources/CompactSlider/Components/Handle/EnvironmentHandleStyleKey.swift (in target 'CompactSlider' from project 'CompactSlider')
cd /Users/admin/builder/spi-builder-workspace/.swiftpm/xcode
/Users/admin/builder/spi-builder-workspace/Sources/CompactSlider/Components/Handle/EnvironmentHandleStyleKey.swift:9:16: warning: static property 'defaultValue' is not concurrency-safe because non-'Sendable' type 'HandleStyle' may have shared mutable state; this is an error in the Swift 6 language mode
static let defaultValue = HandleStyle.default()
^
/Users/admin/builder/spi-builder-workspace/Sources/CompactSlider/Components/Handle/HandleStyle.swift:28:15: note: consider making struct 'HandleStyle' conform to the 'Sendable' protocol
public struct HandleStyle: Equatable {
^
, Sendable
/Users/admin/builder/spi-builder-workspace/Sources/CompactSlider/Components/Handle/EnvironmentHandleStyleKey.swift:9:16: note: add '@MainActor' to make static property 'defaultValue' part of global actor 'MainActor'
static let defaultValue = HandleStyle.default()
^
@MainActor
/Users/admin/builder/spi-builder-workspace/Sources/CompactSlider/Components/Handle/EnvironmentHandleStyleKey.swift:9:16: note: disable concurrency-safety checks if accesses are protected by an external synchronization mechanism
static let defaultValue = HandleStyle.default()
^
nonisolated(unsafe)
SwiftCompile normal arm64 /Users/admin/builder/spi-builder-workspace/Sources/CompactSlider/Components/Handle/EnvironmentHandleViewKey.swift (in target 'CompactSlider' from project 'CompactSlider')
cd /Users/admin/builder/spi-builder-workspace/.swiftpm/xcode
/Users/admin/builder/spi-builder-workspace/Sources/CompactSlider/Components/Handle/EnvironmentHandleViewKey.swift:9:16: warning: static property 'defaultValue' is not concurrency-safe because non-'Sendable' type 'AnyView' may have shared mutable state; this is an error in the Swift 6 language mode
static let defaultValue: AnyView =
^
SwiftUICore.AnyView:2:23: note: struct 'AnyView' does not conform to the 'Sendable' protocol
@frozen public struct AnyView : View {
^
/Users/admin/builder/spi-builder-workspace/Sources/CompactSlider/Components/Handle/EnvironmentHandleViewKey.swift:9:16: note: add '@MainActor' to make static property 'defaultValue' part of global actor 'MainActor'
static let defaultValue: AnyView =
^
@MainActor
/Users/admin/builder/spi-builder-workspace/Sources/CompactSlider/Components/Handle/EnvironmentHandleViewKey.swift:9:16: note: disable concurrency-safety checks if accesses are protected by an external synchronization mechanism
static let defaultValue: AnyView =
^
nonisolated(unsafe)
/Users/admin/builder/spi-builder-workspace/Sources/CompactSlider/Components/Handle/EnvironmentHandleViewKey.swift:9:16: warning: main actor-isolated default value in a nonisolated context; this is an error in the Swift 6 language mode
static let defaultValue: AnyView =
^
SwiftCompile normal arm64 /Users/admin/builder/spi-builder-workspace/Sources/CompactSlider/Components/Handle/HandleStyle.swift (in target 'CompactSlider' from project 'CompactSlider')
cd /Users/admin/builder/spi-builder-workspace/.swiftpm/xcode
SwiftCompile normal arm64 /Users/admin/builder/spi-builder-workspace/Sources/CompactSlider/Components/Handle/HandleView.swift (in target 'CompactSlider' from project 'CompactSlider')
cd /Users/admin/builder/spi-builder-workspace/.swiftpm/xcode
SwiftCompile normal arm64 /Users/admin/builder/spi-builder-workspace/Sources/CompactSlider/Components/Handle/HandleViewContainerView.swift (in target 'CompactSlider' from project 'CompactSlider')
cd /Users/admin/builder/spi-builder-workspace/.swiftpm/xcode
SwiftCompile normal arm64 /Users/admin/builder/spi-builder-workspace/Sources/CompactSlider/Components/Progress/EnvironmentProgressViewKey.swift (in target 'CompactSlider' from project 'CompactSlider')
cd /Users/admin/builder/spi-builder-workspace/.swiftpm/xcode
/Users/admin/builder/spi-builder-workspace/Sources/CompactSlider/Components/Progress/EnvironmentProgressViewKey.swift:9:16: warning: static property 'defaultValue' is not concurrency-safe because non-'Sendable' type 'AnyView' may have shared mutable state; this is an error in the Swift 6 language mode
static let defaultValue: AnyView =
^
SwiftUICore.AnyView:2:23: note: struct 'AnyView' does not conform to the 'Sendable' protocol
@frozen public struct AnyView : View {
^
/Users/admin/builder/spi-builder-workspace/Sources/CompactSlider/Components/Progress/EnvironmentProgressViewKey.swift:9:16: note: add '@MainActor' to make static property 'defaultValue' part of global actor 'MainActor'
static let defaultValue: AnyView =
^
@MainActor
/Users/admin/builder/spi-builder-workspace/Sources/CompactSlider/Components/Progress/EnvironmentProgressViewKey.swift:9:16: note: disable concurrency-safety checks if accesses are protected by an external synchronization mechanism
static let defaultValue: AnyView =
^
nonisolated(unsafe)
/Users/admin/builder/spi-builder-workspace/Sources/CompactSlider/Components/Progress/EnvironmentProgressViewKey.swift:9:16: warning: main actor-isolated default value in a nonisolated context; this is an error in the Swift 6 language mode
static let defaultValue: AnyView =
^
SwiftCompile normal arm64 Compiling\ Progress.swift,\ ProgressContainerView.swift,\ ProgressView.swift,\ DefaultScaleView.swift,\ EnvironmentScaleViewKey.swift,\ ScaleContainerView.swift,\ ScaleShapeStyle.swift /Users/admin/builder/spi-builder-workspace/Sources/CompactSlider/Components/Progress/Progress.swift /Users/admin/builder/spi-builder-workspace/Sources/CompactSlider/Components/Progress/ProgressContainerView.swift /Users/admin/builder/spi-builder-workspace/Sources/CompactSlider/Components/Progress/ProgressView.swift /Users/admin/builder/spi-builder-workspace/Sources/CompactSlider/Components/Scale/DefaultScaleView.swift /Users/admin/builder/spi-builder-workspace/Sources/CompactSlider/Components/Scale/EnvironmentScaleViewKey.swift /Users/admin/builder/spi-builder-workspace/Sources/CompactSlider/Components/Scale/ScaleContainerView.swift /Users/admin/builder/spi-builder-workspace/Sources/CompactSlider/Components/Scale/ScaleShapeStyle.swift (in target 'CompactSlider' from project 'CompactSlider')
SwiftCompile normal arm64 /Users/admin/builder/spi-builder-workspace/Sources/CompactSlider/Components/Progress/Progress.swift (in target 'CompactSlider' from project 'CompactSlider')
cd /Users/admin/builder/spi-builder-workspace/.swiftpm/xcode
SwiftCompile normal arm64 /Users/admin/builder/spi-builder-workspace/Sources/CompactSlider/Components/Progress/ProgressContainerView.swift (in target 'CompactSlider' from project 'CompactSlider')
cd /Users/admin/builder/spi-builder-workspace/.swiftpm/xcode
SwiftCompile normal arm64 /Users/admin/builder/spi-builder-workspace/Sources/CompactSlider/Components/Progress/ProgressView.swift (in target 'CompactSlider' from project 'CompactSlider')
cd /Users/admin/builder/spi-builder-workspace/.swiftpm/xcode
SwiftCompile normal arm64 /Users/admin/builder/spi-builder-workspace/Sources/CompactSlider/Components/Scale/DefaultScaleView.swift (in target 'CompactSlider' from project 'CompactSlider')
cd /Users/admin/builder/spi-builder-workspace/.swiftpm/xcode
SwiftCompile normal arm64 /Users/admin/builder/spi-builder-workspace/Sources/CompactSlider/Components/Scale/EnvironmentScaleViewKey.swift (in target 'CompactSlider' from project 'CompactSlider')
cd /Users/admin/builder/spi-builder-workspace/.swiftpm/xcode
/Users/admin/builder/spi-builder-workspace/Sources/CompactSlider/Components/Scale/EnvironmentScaleViewKey.swift:9:16: warning: static property 'defaultValue' is not concurrency-safe because non-'Sendable' type 'AnyView?' may have shared mutable state; this is an error in the Swift 6 language mode
static let defaultValue: AnyView? = ScaleContainerView {
^
Swift.Optional:1:21: note: generic enum 'Optional' does not conform to the 'Sendable' protocol
@frozen public enum Optional<Wrapped> : ~Copyable where Wrapped : ~Copyable {
^
/Users/admin/builder/spi-builder-workspace/Sources/CompactSlider/Components/Scale/EnvironmentScaleViewKey.swift:9:16: note: add '@MainActor' to make static property 'defaultValue' part of global actor 'MainActor'
static let defaultValue: AnyView? = ScaleContainerView {
^
@MainActor
/Users/admin/builder/spi-builder-workspace/Sources/CompactSlider/Components/Scale/EnvironmentScaleViewKey.swift:9:16: note: disable concurrency-safety checks if accesses are protected by an external synchronization mechanism
static let defaultValue: AnyView? = ScaleContainerView {
^
nonisolated(unsafe)
/Users/admin/builder/spi-builder-workspace/Sources/CompactSlider/Components/Scale/EnvironmentScaleViewKey.swift:9:16: warning: main actor-isolated default value in a nonisolated context; this is an error in the Swift 6 language mode
static let defaultValue: AnyView? = ScaleContainerView {
^
SwiftCompile normal arm64 /Users/admin/builder/spi-builder-workspace/Sources/CompactSlider/Components/Scale/ScaleContainerView.swift (in target 'CompactSlider' from project 'CompactSlider')
cd /Users/admin/builder/spi-builder-workspace/.swiftpm/xcode
SwiftCompile normal arm64 /Users/admin/builder/spi-builder-workspace/Sources/CompactSlider/Components/Scale/ScaleShapeStyle.swift (in target 'CompactSlider' from project 'CompactSlider')
cd /Users/admin/builder/spi-builder-workspace/.swiftpm/xcode
SwiftCompile normal arm64 Compiling\ DefaultBackgroundView.swift,\ EnvironmentBackgroundViewKey.swift,\ GridBackgroundView.swift,\ GridView.swift,\ CompactSliderVisibility.swift,\ GaugeStyle.swift,\ GaugeView.swift /Users/admin/builder/spi-builder-workspace/Sources/CompactSlider/Components/Background/DefaultBackgroundView.swift /Users/admin/builder/spi-builder-workspace/Sources/CompactSlider/Components/Background/EnvironmentBackgroundViewKey.swift /Users/admin/builder/spi-builder-workspace/Sources/CompactSlider/Components/Background/GridBackgroundView.swift /Users/admin/builder/spi-builder-workspace/Sources/CompactSlider/Components/Background/GridView.swift /Users/admin/builder/spi-builder-workspace/Sources/CompactSlider/Components/CompactSliderVisibility.swift /Users/admin/builder/spi-builder-workspace/Sources/CompactSlider/Components/Gauge/GaugeStyle.swift /Users/admin/builder/spi-builder-workspace/Sources/CompactSlider/Components/Gauge/GaugeView.swift (in target 'CompactSlider' from project 'CompactSlider')
SwiftCompile normal arm64 /Users/admin/builder/spi-builder-workspace/Sources/CompactSlider/Components/Background/DefaultBackgroundView.swift (in target 'CompactSlider' from project 'CompactSlider')
cd /Users/admin/builder/spi-builder-workspace/.swiftpm/xcode
SwiftCompile normal arm64 /Users/admin/builder/spi-builder-workspace/Sources/CompactSlider/Components/Background/EnvironmentBackgroundViewKey.swift (in target 'CompactSlider' from project 'CompactSlider')
cd /Users/admin/builder/spi-builder-workspace/.swiftpm/xcode
/Users/admin/builder/spi-builder-workspace/Sources/CompactSlider/Components/Background/EnvironmentBackgroundViewKey.swift:9:16: warning: static property 'defaultValue' is not concurrency-safe because non-'Sendable' type '(EdgeInsets) -> AnyView' may have shared mutable state; this is an error in the Swift 6 language mode
static let defaultValue: (EdgeInsets) -> AnyView = { padding in
^
<unknown>:0: note: a function type must be marked '@Sendable' to conform to 'Sendable'
/Users/admin/builder/spi-builder-workspace/Sources/CompactSlider/Components/Background/EnvironmentBackgroundViewKey.swift:9:16: note: add '@MainActor' to make static property 'defaultValue' part of global actor 'MainActor'
static let defaultValue: (EdgeInsets) -> AnyView = { padding in
^
@MainActor
/Users/admin/builder/spi-builder-workspace/Sources/CompactSlider/Components/Background/EnvironmentBackgroundViewKey.swift:9:16: note: disable concurrency-safety checks if accesses are protected by an external synchronization mechanism
static let defaultValue: (EdgeInsets) -> AnyView = { padding in
^
nonisolated(unsafe)
/Users/admin/builder/spi-builder-workspace/Sources/CompactSlider/Components/Background/EnvironmentBackgroundViewKey.swift:9:16: warning: main actor-isolated default value in a nonisolated context; this is an error in the Swift 6 language mode
static let defaultValue: (EdgeInsets) -> AnyView = { padding in
^
SwiftCompile normal arm64 /Users/admin/builder/spi-builder-workspace/Sources/CompactSlider/Components/Background/GridBackgroundView.swift (in target 'CompactSlider' from project 'CompactSlider')
cd /Users/admin/builder/spi-builder-workspace/.swiftpm/xcode
SwiftCompile normal arm64 /Users/admin/builder/spi-builder-workspace/Sources/CompactSlider/Components/Background/GridView.swift (in target 'CompactSlider' from project 'CompactSlider')
cd /Users/admin/builder/spi-builder-workspace/.swiftpm/xcode
SwiftCompile normal arm64 /Users/admin/builder/spi-builder-workspace/Sources/CompactSlider/Components/CompactSliderVisibility.swift (in target 'CompactSlider' from project 'CompactSlider')
cd /Users/admin/builder/spi-builder-workspace/.swiftpm/xcode
SwiftCompile normal arm64 /Users/admin/builder/spi-builder-workspace/Sources/CompactSlider/Components/Gauge/GaugeStyle.swift (in target 'CompactSlider' from project 'CompactSlider')
cd /Users/admin/builder/spi-builder-workspace/.swiftpm/xcode
SwiftCompile normal arm64 /Users/admin/builder/spi-builder-workspace/Sources/CompactSlider/Components/Gauge/GaugeView.swift (in target 'CompactSlider' from project 'CompactSlider')
cd /Users/admin/builder/spi-builder-workspace/.swiftpm/xcode
SwiftCompile normal arm64 Compiling\ CompactSliderOption.swift,\ CompactSliderPoint.swift,\ CompactSliderPolarPoint.swift,\ CompactSliderStep.swift,\ CompactSliderStyleConfiguration.swift,\ CompactSliderType.swift,\ BackgroundContainerView.swift /Users/admin/builder/spi-builder-workspace/Sources/CompactSlider/CompactSliderOption.swift /Users/admin/builder/spi-builder-workspace/Sources/CompactSlider/CompactSliderPoint.swift /Users/admin/builder/spi-builder-workspace/Sources/CompactSlider/CompactSliderPolarPoint.swift /Users/admin/builder/spi-builder-workspace/Sources/CompactSlider/CompactSliderStep.swift /Users/admin/builder/spi-builder-workspace/Sources/CompactSlider/CompactSliderStyleConfiguration.swift /Users/admin/builder/spi-builder-workspace/Sources/CompactSlider/CompactSliderType.swift /Users/admin/builder/spi-builder-workspace/Sources/CompactSlider/Components/Background/BackgroundContainerView.swift (in target 'CompactSlider' from project 'CompactSlider')
SwiftCompile normal arm64 /Users/admin/builder/spi-builder-workspace/Sources/CompactSlider/CompactSliderOption.swift (in target 'CompactSlider' from project 'CompactSlider')
cd /Users/admin/builder/spi-builder-workspace/.swiftpm/xcode
/Users/admin/builder/spi-builder-workspace/Sources/CompactSlider/CompactSliderOption.swift:91:31: error: 'DragGesture' is unavailable in tvOS
onChanged: @escaping (DragGesture.Value) -> Void,
^~~~~~~~~~~
SwiftUI.DragGesture:3:42: note: 'DragGesture' has been explicitly marked unavailable here
@MainActor @preconcurrency public struct DragGesture : Gesture {
^
/Users/admin/builder/spi-builder-workspace/Sources/CompactSlider/CompactSliderOption.swift:92:29: error: 'DragGesture' is unavailable in tvOS
onEnded: @escaping (DragGesture.Value) -> Void
^~~~~~~~~~~
SwiftUI.DragGesture:3:42: note: 'DragGesture' has been explicitly marked unavailable here
@MainActor @preconcurrency public struct DragGesture : Gesture {
^
/Users/admin/builder/spi-builder-workspace/Sources/CompactSlider/CompactSliderOption.swift:130:16: warning: static property 'defaultValue' is not concurrency-safe because non-'Sendable' type 'Set<CompactSliderOption>' may have shared mutable state; this is an error in the Swift 6 language mode
static let defaultValue: Set<CompactSliderOption> = .default
^
/Users/admin/builder/spi-builder-workspace/Sources/CompactSlider/CompactSliderOption.swift:9:13: note: consider making enum 'CompactSliderOption' conform to the 'Sendable' protocol
public enum CompactSliderOption: Hashable {
^
, Sendable
/Users/admin/builder/spi-builder-workspace/Sources/CompactSlider/CompactSliderOption.swift:130:16: note: add '@MainActor' to make static property 'defaultValue' part of global actor 'MainActor'
static let defaultValue: Set<CompactSliderOption> = .default
^
@MainActor
/Users/admin/builder/spi-builder-workspace/Sources/CompactSlider/CompactSliderOption.swift:130:16: note: disable concurrency-safety checks if accesses are protected by an external synchronization mechanism
static let defaultValue: Set<CompactSliderOption> = .default
^
nonisolated(unsafe)
/Users/admin/builder/spi-builder-workspace/Sources/CompactSlider/CompactSliderOption.swift:96:17: error: 'DragGesture' is unavailable in tvOS
DragGesture(minimumDistance: options.dragGestureMinimumDistanceValue)
^~~~~~~~~~~
SwiftUI.DragGesture:3:42: note: 'DragGesture' has been explicitly marked unavailable here
@MainActor @preconcurrency public struct DragGesture : Gesture {
^
/Users/admin/builder/spi-builder-workspace/Sources/CompactSlider/CompactSliderOption.swift:96:17: error: 'init(minimumDistance:coordinateSpace:)' is unavailable in tvOS
DragGesture(minimumDistance: options.dragGestureMinimumDistanceValue)
^~~~~~~~~~~
SwiftUI.DragGesture.init:4:37: note: 'init(minimumDistance:coordinateSpace:)' has been explicitly marked unavailable here
@MainActor @preconcurrency public init(minimumDistance: CGFloat = 10, coordinateSpace: some CoordinateSpaceProtocol = .local)}
^
/Users/admin/builder/spi-builder-workspace/Sources/CompactSlider/CompactSliderOption.swift:106:13: error: 'onTapGesture(count:perform:)' is only available in tvOS 16.0 or newer
onTapGesture {}
^
/Users/admin/builder/spi-builder-workspace/Sources/CompactSlider/CompactSliderOption.swift:106:13: note: add 'if #available' version check
onTapGesture {}
^
/Users/admin/builder/spi-builder-workspace/Sources/CompactSlider/CompactSliderOption.swift:104:18: note: add @available attribute to enclosing instance method
private func delayedGesture(options: Set<CompactSliderOption>) -> some View {
^
/Users/admin/builder/spi-builder-workspace/Sources/CompactSlider/CompactSliderOption.swift:87:1: note: add @available attribute to enclosing extension
extension View {
^
SwiftCompile normal arm64 /Users/admin/builder/spi-builder-workspace/Sources/CompactSlider/CompactSliderPoint.swift (in target 'CompactSlider' from project 'CompactSlider')
cd /Users/admin/builder/spi-builder-workspace/.swiftpm/xcode
SwiftCompile normal arm64 /Users/admin/builder/spi-builder-workspace/Sources/CompactSlider/CompactSliderPolarPoint.swift (in target 'CompactSlider' from project 'CompactSlider')
cd /Users/admin/builder/spi-builder-workspace/.swiftpm/xcode
/Users/admin/builder/spi-builder-workspace/Sources/CompactSlider/CompactSliderPolarPoint.swift:51:23: warning: static property 'zero' is not concurrency-safe because non-'Sendable' type 'CompactSliderPolarPoint' may have shared mutable state; this is an error in the Swift 6 language mode
public static let zero = CompactSliderPolarPoint(angle: .zero, normalizedRadius: 0)
^
/Users/admin/builder/spi-builder-workspace/Sources/CompactSlider/CompactSliderPolarPoint.swift:13:15: note: consider making struct 'CompactSliderPolarPoint' conform to the 'Sendable' protocol
public struct CompactSliderPolarPoint: Hashable {
^
, Sendable
/Users/admin/builder/spi-builder-workspace/Sources/CompactSlider/CompactSliderPolarPoint.swift:51:23: note: add '@MainActor' to make static property 'zero' part of global actor 'MainActor'
public static let zero = CompactSliderPolarPoint(angle: .zero, normalizedRadius: 0)
^
@MainActor
/Users/admin/builder/spi-builder-workspace/Sources/CompactSlider/CompactSliderPolarPoint.swift:51:23: note: disable concurrency-safety checks if accesses are protected by an external synchronization mechanism
public static let zero = CompactSliderPolarPoint(angle: .zero, normalizedRadius: 0)
^
nonisolated(unsafe)
/Users/admin/builder/spi-builder-workspace/Sources/CompactSlider/CompactSliderPolarPoint.swift:53:23: warning: static property 'full' is not concurrency-safe because non-'Sendable' type 'CompactSliderPolarPoint' may have shared mutable state; this is an error in the Swift 6 language mode
public static let full = CompactSliderPolarPoint(angle: .zero, normalizedRadius: 1)
^
/Users/admin/builder/spi-builder-workspace/Sources/CompactSlider/CompactSliderPolarPoint.swift:13:15: note: consider making struct 'CompactSliderPolarPoint' conform to the 'Sendable' protocol
public struct CompactSliderPolarPoint: Hashable {
^
, Sendable
/Users/admin/builder/spi-builder-workspace/Sources/CompactSlider/CompactSliderPolarPoint.swift:53:23: note: add '@MainActor' to make static property 'full' part of global actor 'MainActor'
public static let full = CompactSliderPolarPoint(angle: .zero, normalizedRadius: 1)
^
@MainActor
/Users/admin/builder/spi-builder-workspace/Sources/CompactSlider/CompactSliderPolarPoint.swift:53:23: note: disable concurrency-safety checks if accesses are protected by an external synchronization mechanism
public static let full = CompactSliderPolarPoint(angle: .zero, normalizedRadius: 1)
^
nonisolated(unsafe)
SwiftCompile normal arm64 /Users/admin/builder/spi-builder-workspace/Sources/CompactSlider/CompactSliderStep.swift (in target 'CompactSlider' from project 'CompactSlider')
cd /Users/admin/builder/spi-builder-workspace/.swiftpm/xcode
SwiftCompile normal arm64 /Users/admin/builder/spi-builder-workspace/Sources/CompactSlider/CompactSliderStyleConfiguration.swift (in target 'CompactSlider' from project 'CompactSlider')
cd /Users/admin/builder/spi-builder-workspace/.swiftpm/xcode
/Users/admin/builder/spi-builder-workspace/Sources/CompactSlider/CompactSliderStyleConfiguration.swift:72:20: warning: static property 'none' is not concurrency-safe because it is nonisolated global shared mutable state; this is an error in the Swift 6 language mode
static var none = FocusState(isHovering: false, isDragging: false, isWheelScrolling: false)
^
/Users/admin/builder/spi-builder-workspace/Sources/CompactSlider/CompactSliderStyleConfiguration.swift:72:20: note: convert 'none' to a 'let' constant to make 'Sendable' shared state immutable
static var none = FocusState(isHovering: false, isDragging: false, isWheelScrolling: false)
~~~ ^
let
/Users/admin/builder/spi-builder-workspace/Sources/CompactSlider/CompactSliderStyleConfiguration.swift:72:20: note: add '@MainActor' to make static property 'none' part of global actor 'MainActor'
static var none = FocusState(isHovering: false, isDragging: false, isWheelScrolling: false)
^
@MainActor
/Users/admin/builder/spi-builder-workspace/Sources/CompactSlider/CompactSliderStyleConfiguration.swift:72:20: note: disable concurrency-safety checks if accesses are protected by an external synchronization mechanism
static var none = FocusState(isHovering: false, isDragging: false, isWheelScrolling: false)
^
nonisolated(unsafe)
/Users/admin/builder/spi-builder-workspace/Sources/CompactSlider/CompactSliderStyleConfiguration.swift:393:16: warning: static property 'defaultValue' is not concurrency-safe because non-'Sendable' type 'CompactSliderStyleConfiguration' may have shared mutable state; this is an error in the Swift 6 language mode
static let defaultValue: CompactSliderStyleConfiguration = CompactSliderStyleConfiguration(
^
/Users/admin/builder/spi-builder-workspace/Sources/CompactSlider/CompactSliderStyleConfiguration.swift:18:15: note: consider making struct 'CompactSliderStyleConfiguration' conform to the 'Sendable' protocol
public struct CompactSliderStyleConfiguration: Equatable {
^
, Sendable
/Users/admin/builder/spi-builder-workspace/Sources/CompactSlider/CompactSliderStyleConfiguration.swift:393:16: note: add '@MainActor' to make static property 'defaultValue' part of global actor 'MainActor'
static let defaultValue: CompactSliderStyleConfiguration = CompactSliderStyleConfiguration(
^
@MainActor
/Users/admin/builder/spi-builder-workspace/Sources/CompactSlider/CompactSliderStyleConfiguration.swift:393:16: note: disable concurrency-safety checks if accesses are protected by an external synchronization mechanism
static let defaultValue: CompactSliderStyleConfiguration = CompactSliderStyleConfiguration(
^
nonisolated(unsafe)
SwiftCompile normal arm64 /Users/admin/builder/spi-builder-workspace/Sources/CompactSlider/CompactSliderType.swift (in target 'CompactSlider' from project 'CompactSlider')
cd /Users/admin/builder/spi-builder-workspace/.swiftpm/xcode
SwiftCompile normal arm64 /Users/admin/builder/spi-builder-workspace/Sources/CompactSlider/Components/Background/BackgroundContainerView.swift (in target 'CompactSlider' from project 'CompactSlider')
cd /Users/admin/builder/spi-builder-workspace/.swiftpm/xcode
SwiftCompile normal arm64 Compiling\ EdgeInsets.swift,\ GradientMask.swift,\ OptionalCGSize.swift,\ ReversedMask.swift,\ EnvironmentSystemSliderStyleKey.swift,\ HandleStyle+SystemSlider.swift,\ SystemSlider+ViewFrame.swift /Users/admin/builder/spi-builder-workspace/Sources/CompactSlider/Treats/EdgeInsets.swift /Users/admin/builder/spi-builder-workspace/Sources/CompactSlider/Treats/GradientMask.swift /Users/admin/builder/spi-builder-workspace/Sources/CompactSlider/Treats/OptionalCGSize.swift /Users/admin/builder/spi-builder-workspace/Sources/CompactSlider/Treats/ReversedMask.swift /Users/admin/builder/spi-builder-workspace/Sources/CompactSlider/Treats/SystemSlider/EnvironmentSystemSliderStyleKey.swift /Users/admin/builder/spi-builder-workspace/Sources/CompactSlider/Treats/SystemSlider/HandleStyle+SystemSlider.swift /Users/admin/builder/spi-builder-workspace/Sources/CompactSlider/Treats/SystemSlider/SystemSlider+ViewFrame.swift (in target 'CompactSlider' from project 'CompactSlider')
SwiftCompile normal arm64 /Users/admin/builder/spi-builder-workspace/Sources/CompactSlider/Treats/EdgeInsets.swift (in target 'CompactSlider' from project 'CompactSlider')
cd /Users/admin/builder/spi-builder-workspace/.swiftpm/xcode
SwiftCompile normal arm64 /Users/admin/builder/spi-builder-workspace/Sources/CompactSlider/Treats/GradientMask.swift (in target 'CompactSlider' from project 'CompactSlider')
cd /Users/admin/builder/spi-builder-workspace/.swiftpm/xcode
SwiftCompile normal arm64 /Users/admin/builder/spi-builder-workspace/Sources/CompactSlider/Treats/OptionalCGSize.swift (in target 'CompactSlider' from project 'CompactSlider')
cd /Users/admin/builder/spi-builder-workspace/.swiftpm/xcode
SwiftCompile normal arm64 /Users/admin/builder/spi-builder-workspace/Sources/CompactSlider/Treats/ReversedMask.swift (in target 'CompactSlider' from project 'CompactSlider')
cd /Users/admin/builder/spi-builder-workspace/.swiftpm/xcode
SwiftCompile normal arm64 /Users/admin/builder/spi-builder-workspace/Sources/CompactSlider/Treats/SystemSlider/EnvironmentSystemSliderStyleKey.swift (in target 'CompactSlider' from project 'CompactSlider')
cd /Users/admin/builder/spi-builder-workspace/.swiftpm/xcode
/Users/admin/builder/spi-builder-workspace/Sources/CompactSlider/Treats/SystemSlider/EnvironmentSystemSliderStyleKey.swift:9:16: warning: static property 'defaultValue' is not concurrency-safe because non-'Sendable' type '(slider: DefaultCompactSliderStyle, handle: HandleStyle?)' may have shared mutable state; this is an error in the Swift 6 language mode
static let defaultValue: (slider: DefaultCompactSliderStyle, handle: HandleStyle?) = (
^
/Users/admin/builder/spi-builder-workspace/Sources/CompactSlider/Styles/DefaultCompactSliderStyle.swift:26:15: note: consider making struct 'DefaultCompactSliderStyle' conform to the 'Sendable' protocol
public struct DefaultCompactSliderStyle: CompactSliderStyle {
^
, Sendable
/Users/admin/builder/spi-builder-workspace/Sources/CompactSlider/Components/Handle/HandleStyle.swift:28:15: note: consider making struct 'HandleStyle' conform to the 'Sendable' protocol
public struct HandleStyle: Equatable {
^
, Sendable
/Users/admin/builder/spi-builder-workspace/Sources/CompactSlider/Treats/SystemSlider/EnvironmentSystemSliderStyleKey.swift:9:16: note: add '@MainActor' to make static property 'defaultValue' part of global actor 'MainActor'
static let defaultValue: (slider: DefaultCompactSliderStyle, handle: HandleStyle?) = (
^
@MainActor
/Users/admin/builder/spi-builder-workspace/Sources/CompactSlider/Treats/SystemSlider/EnvironmentSystemSliderStyleKey.swift:9:16: note: disable concurrency-safety checks if accesses are protected by an external synchronization mechanism
static let defaultValue: (slider: DefaultCompactSliderStyle, handle: HandleStyle?) = (
^
nonisolated(unsafe)
SwiftCompile normal arm64 /Users/admin/builder/spi-builder-workspace/Sources/CompactSlider/Treats/SystemSlider/HandleStyle+SystemSlider.swift (in target 'CompactSlider' from project 'CompactSlider')
cd /Users/admin/builder/spi-builder-workspace/.swiftpm/xcode
SwiftCompile normal arm64 /Users/admin/builder/spi-builder-workspace/Sources/CompactSlider/Treats/SystemSlider/SystemSlider+ViewFrame.swift (in target 'CompactSlider' from project 'CompactSlider')
cd /Users/admin/builder/spi-builder-workspace/.swiftpm/xcode
SwiftCompile normal arm64 Compiling\ CompactSliderStyle.swift,\ DefaultCompactSliderStyle+Init.swift,\ DefaultCompactSliderStyle.swift,\ HandleViewWrapper.swift,\ ProgressViewWrapper.swift,\ ScaleViewWrapper.swift,\ Convertor.swift /Users/admin/builder/spi-builder-workspace/Sources/CompactSlider/Styles/CompactSliderStyle.swift /Users/admin/builder/spi-builder-workspace/Sources/CompactSlider/Styles/DefaultCompactSliderStyle+Init.swift /Users/admin/builder/spi-builder-workspace/Sources/CompactSlider/Styles/DefaultCompactSliderStyle.swift /Users/admin/builder/spi-builder-workspace/Sources/CompactSlider/Styles/HandleViewWrapper.swift /Users/admin/builder/spi-builder-workspace/Sources/CompactSlider/Styles/ProgressViewWrapper.swift /Users/admin/builder/spi-builder-workspace/Sources/CompactSlider/Styles/ScaleViewWrapper.swift /Users/admin/builder/spi-builder-workspace/Sources/CompactSlider/Treats/Convertor.swift (in target 'CompactSlider' from project 'CompactSlider')
SwiftCompile normal arm64 /Users/admin/builder/spi-builder-workspace/Sources/CompactSlider/Styles/CompactSliderStyle.swift (in target 'CompactSlider' from project 'CompactSlider')
cd /Users/admin/builder/spi-builder-workspace/.swiftpm/xcode
/Users/admin/builder/spi-builder-workspace/Sources/CompactSlider/Styles/CompactSliderStyle.swift:57:16: warning: static property 'defaultValue' is not concurrency-safe because non-'Sendable' type 'AnyCompactSliderStyle' may have shared mutable state; this is an error in the Swift 6 language mode
static let defaultValue = AnyCompactSliderStyle(DefaultCompactSliderStyle())
^
/Users/admin/builder/spi-builder-workspace/Sources/CompactSlider/Styles/CompactSliderStyle.swift:85:8: note: consider making struct 'AnyCompactSliderStyle' conform to the 'Sendable' protocol
struct AnyCompactSliderStyle: CompactSliderStyle {
^
, Sendable
/Users/admin/builder/spi-builder-workspace/Sources/CompactSlider/Styles/CompactSliderStyle.swift:57:16: note: add '@MainActor' to make static property 'defaultValue' part of global actor 'MainActor'
static let defaultValue = AnyCompactSliderStyle(DefaultCompactSliderStyle())
^
@MainActor
/Users/admin/builder/spi-builder-workspace/Sources/CompactSlider/Styles/CompactSliderStyle.swift:57:16: note: disable concurrency-safety checks if accesses are protected by an external synchronization mechanism
static let defaultValue = AnyCompactSliderStyle(DefaultCompactSliderStyle())
^
nonisolated(unsafe)
/Users/admin/builder/spi-builder-workspace/Sources/CompactSlider/Styles/CompactSliderStyle.swift:61:16: warning: static property 'defaultValue' is not concurrency-safe because non-'Sendable' type 'AnyCompactSliderStyle' may have shared mutable state; this is an error in the Swift 6 language mode
static let defaultValue = AnyCompactSliderStyle(DefaultCompactSliderStyle.grid())
^
/Users/admin/builder/spi-builder-workspace/Sources/CompactSlider/Styles/CompactSliderStyle.swift:85:8: note: consider making struct 'AnyCompactSliderStyle' conform to the 'Sendable' protocol
struct AnyCompactSliderStyle: CompactSliderStyle {
^
, Sendable
/Users/admin/builder/spi-builder-workspace/Sources/CompactSlider/Styles/CompactSliderStyle.swift:61:16: note: add '@MainActor' to make static property 'defaultValue' part of global actor 'MainActor'
static let defaultValue = AnyCompactSliderStyle(DefaultCompactSliderStyle.grid())
^
@MainActor
/Users/admin/builder/spi-builder-workspace/Sources/CompactSlider/Styles/CompactSliderStyle.swift:61:16: note: disable concurrency-safety checks if accesses are protected by an external synchronization mechanism
static let defaultValue = AnyCompactSliderStyle(DefaultCompactSliderStyle.grid())
^
nonisolated(unsafe)
/Users/admin/builder/spi-builder-workspace/Sources/CompactSlider/Styles/CompactSliderStyle.swift:65:16: warning: static property 'defaultValue' is not concurrency-safe because non-'Sendable' type 'AnyCompactSliderStyle' may have shared mutable state; this is an error in the Swift 6 language mode
static let defaultValue = AnyCompactSliderStyle(DefaultCompactSliderStyle.circularGrid())
^
/Users/admin/builder/spi-builder-workspace/Sources/CompactSlider/Styles/CompactSliderStyle.swift:85:8: note: consider making struct 'AnyCompactSliderStyle' conform to the 'Sendable' protocol
struct AnyCompactSliderStyle: CompactSliderStyle {
^
, Sendable
/Users/admin/builder/spi-builder-workspace/Sources/CompactSlider/Styles/CompactSliderStyle.swift:65:16: note: add '@MainActor' to make static property 'defaultValue' part of global actor 'MainActor'
static let defaultValue = AnyCompactSliderStyle(DefaultCompactSliderStyle.circularGrid())
^
@MainActor
/Users/admin/builder/spi-builder-workspace/Sources/CompactSlider/Styles/CompactSliderStyle.swift:65:16: note: disable concurrency-safety checks if accesses are protected by an external synchronization mechanism
static let defaultValue = AnyCompactSliderStyle(DefaultCompactSliderStyle.circularGrid())
^
nonisolated(unsafe)
SwiftCompile normal arm64 /Users/admin/builder/spi-builder-workspace/Sources/CompactSlider/Styles/DefaultCompactSliderStyle+Init.swift (in target 'CompactSlider' from project 'CompactSlider')
cd /Users/admin/builder/spi-builder-workspace/.swiftpm/xcode
SwiftCompile normal arm64 /Users/admin/builder/spi-builder-workspace/Sources/CompactSlider/Styles/DefaultCompactSliderStyle.swift (in target 'CompactSlider' from project 'CompactSlider')
cd /Users/admin/builder/spi-builder-workspace/.swiftpm/xcode
/Users/admin/builder/spi-builder-workspace/Sources/CompactSlider/Styles/DefaultCompactSliderStyle.swift:75:10: warning: call to main actor-isolated instance method 'clipShapeStyleIf(_:shape:)' in a synchronous nonisolated context; this is an error in the Swift 6 language mode
.clipShapeStyleIf(clipShapeStyle.options.contains(.all), shape: clipShapeStyle.shape)
^
/Users/admin/builder/spi-builder-workspace/Sources/CompactSlider/Styles/ClipShapeStyle.swift:93:10: note: calls to instance method 'clipShapeStyleIf(_:shape:)' from outside of its actor context are implicitly asynchronous
func clipShapeStyleIf(_ condition: Bool, shape: ClipShapeStyle.Shape?) -> some View {
^
/Users/admin/builder/spi-builder-workspace/Sources/CompactSlider/Styles/DefaultCompactSliderStyle.swift:43:17: note: add '@MainActor' to make instance method 'makeBody(configuration:)' part of global actor 'MainActor'
public func makeBody(configuration: Configuration) -> some View {
^
@MainActor
/Users/admin/builder/spi-builder-workspace/Sources/CompactSlider/Styles/DefaultCompactSliderStyle.swift:74:10: warning: call to main actor-isolated instance method 'contentShape' in a synchronous nonisolated context; this is an error in the Swift 6 language mode
.contentShape(ClipShapeStyle.default(for: configuration.type).shape)
^
/Users/admin/builder/spi-builder-workspace/Sources/CompactSlider/Styles/ClipShapeStyle.swift:111:10: note: calls to instance method 'contentShape' from outside of its actor context are implicitly asynchronous
func contentShape(_ clipShape: ClipShapeStyle.Shape?) -> some View {
^
/Users/admin/builder/spi-builder-workspace/Sources/CompactSlider/Styles/DefaultCompactSliderStyle.swift:43:17: note: add '@MainActor' to make instance method 'makeBody(configuration:)' part of global actor 'MainActor'
public func makeBody(configuration: Configuration) -> some View {
^
@MainActor
/Users/admin/builder/spi-builder-workspace/Sources/CompactSlider/Styles/DefaultCompactSliderStyle.swift:50:22: warning: call to main actor-isolated instance method 'clipShapeStyleIf(_:shape:)' in a synchronous nonisolated context; this is an error in the Swift 6 language mode
.clipShapeStyleIf(
^
/Users/admin/builder/spi-builder-workspace/Sources/CompactSlider/Styles/ClipShapeStyle.swift:93:10: note: calls to instance method 'clipShapeStyleIf(_:shape:)' from outside of its actor context are implicitly asynchronous
func clipShapeStyleIf(_ condition: Bool, shape: ClipShapeStyle.Shape?) -> some View {
^
/Users/admin/builder/spi-builder-workspace/Sources/CompactSlider/Styles/DefaultCompactSliderStyle.swift:49:17: warning: call to main actor-isolated initializer 'init(sliderOptions:progressView:configuration:)' in a synchronous nonisolated context; this is an error in the Swift 6 language mode
ProgressViewWrapper(configuration: configuration)
^
/Users/admin/builder/spi-builder-workspace/Sources/CompactSlider/Styles/ProgressViewWrapper.swift:8:8: note: calls to initializer 'init(sliderOptions:progressView:configuration:)' from outside of its actor context are implicitly asynchronous
struct ProgressViewWrapper: View {
^
/Users/admin/builder/spi-builder-workspace/Sources/CompactSlider/Styles/ProgressViewWrapper.swift:8:8: note: main actor isolation inferred from conformance to protocol 'View'
struct ProgressViewWrapper: View {
^
/Users/admin/builder/spi-builder-workspace/Sources/CompactSlider/Styles/DefaultCompactSliderStyle.swift:57:18: warning: call to main actor-isolated instance method 'clipShapeStyleIf(_:shape:)' in a synchronous nonisolated context; this is an error in the Swift 6 language mode
.clipShapeStyleIf(
^
/Users/admin/builder/spi-builder-workspace/Sources/CompactSlider/Styles/ClipShapeStyle.swift:93:10: note: calls to instance method 'clipShapeStyleIf(_:shape:)' from outside of its actor context are implicitly asynchronous
func clipShapeStyleIf(_ condition: Bool, shape: ClipShapeStyle.Shape?) -> some View {
^
/Users/admin/builder/spi-builder-workspace/Sources/CompactSlider/Styles/DefaultCompactSliderStyle.swift:56:13: warning: call to main actor-isolated initializer 'init(scaleView:configuration:)' in a synchronous nonisolated context; this is an error in the Swift 6 language mode
ScaleViewWrapper(configuration: configuration)
^
/Users/admin/builder/spi-builder-workspace/Sources/CompactSlider/Styles/ScaleViewWrapper.swift:8:8: note: calls to initializer 'init(scaleView:configuration:)' from outside of its actor context are implicitly asynchronous
struct ScaleViewWrapper: View {
^
/Users/admin/builder/spi-builder-workspace/Sources/CompactSlider/Styles/ScaleViewWrapper.swift:8:8: note: main actor isolation inferred from conformance to protocol 'View'
struct ScaleViewWrapper: View {
^
/Users/admin/builder/spi-builder-workspace/Sources/CompactSlider/Styles/DefaultCompactSliderStyle.swift:62:13: warning: call to main actor-isolated initializer 'init(environmentHandleStyle:handleView:configuration:)' in a synchronous nonisolated context; this is an error in the Swift 6 language mode
HandleViewWrapper(configuration: configuration)
^
/Users/admin/builder/spi-builder-workspace/Sources/CompactSlider/Styles/HandleViewWrapper.swift:8:8: note: calls to initializer 'init(environmentHandleStyle:handleView:configuration:)' from outside of its actor context are implicitly asynchronous
struct HandleViewWrapper: View {
^
/Users/admin/builder/spi-builder-workspace/Sources/CompactSlider/Styles/HandleViewWrapper.swift:8:8: note: main actor isolation inferred from conformance to protocol 'View'
struct HandleViewWrapper: View {
^
/Users/admin/builder/spi-builder-workspace/Sources/CompactSlider/Styles/DefaultCompactSliderStyle.swift:68:18: warning: call to main actor-isolated instance method 'clipShapeStyleIf(_:shape:)' in a synchronous nonisolated context; this is an error in the Swift 6 language mode
.clipShapeStyleIf(
^
/Users/admin/builder/spi-builder-workspace/Sources/CompactSlider/Styles/ClipShapeStyle.swift:93:10: note: calls to instance method 'clipShapeStyleIf(_:shape:)' from outside of its actor context are implicitly asynchronous
func clipShapeStyleIf(_ condition: Bool, shape: ClipShapeStyle.Shape?) -> some View {
^
/Users/admin/builder/spi-builder-workspace/Sources/CompactSlider/Styles/DefaultCompactSliderStyle.swift:43:17: note: add '@MainActor' to make instance method 'makeBody(configuration:)' part of global actor 'MainActor'
public func makeBody(configuration: Configuration) -> some View {
^
@MainActor
/Users/admin/builder/spi-builder-workspace/Sources/CompactSlider/Styles/DefaultCompactSliderStyle.swift:67:13: warning: call to main actor-isolated initializer 'init(configuration:padding:)' in a synchronous nonisolated context; this is an error in the Swift 6 language mode
BackgroundViewWrapper(configuration: configuration, padding: padding)
^
/Users/admin/builder/spi-builder-workspace/Sources/CompactSlider/Styles/BackgroundViewWrapper.swift:14:5: note: calls to initializer 'init(configuration:padding:)' from outside of its actor context are implicitly asynchronous
init(configuration: CompactSliderStyleConfiguration, padding: EdgeInsets = .zero) {
^
/Users/admin/builder/spi-builder-workspace/Sources/CompactSlider/Styles/BackgroundViewWrapper.swift:14:5: note: main actor isolation inferred from conformance to protocol 'View'
init(configuration: CompactSliderStyleConfiguration, padding: EdgeInsets = .zero) {
^
/Users/admin/builder/spi-builder-workspace/Sources/CompactSlider/Styles/DefaultCompactSliderStyle.swift:43:17: note: add '@MainActor' to make instance method 'makeBody(configuration:)' part of global actor 'MainActor'
public func makeBody(configuration: Configuration) -> some View {
^
@MainActor
/Users/admin/builder/spi-builder-workspace/Sources/CompactSlider/Styles/DefaultCompactSliderStyle.swift:74:10: warning: sending value of non-Sendable type 'ClipShapeStyle.Shape?' risks causing data races; this is an error in the Swift 6 language mode
.contentShape(ClipShapeStyle.default(for: configuration.type).shape)
~~~~~~~~~^~~~~~~~~~~~~~~~~~~~~~~~~~~~~~~~~~~~~~~~~~~~~~~~~~~~~~~~~~~~~~~~~~~
/Users/admin/builder/spi-builder-workspace/Sources/CompactSlider/Styles/DefaultCompactSliderStyle.swift:74:10: note: sending value of non-Sendable type 'ClipShapeStyle.Shape?' to main actor-isolated callee risks causing data races between main actor-isolated and local nonisolated uses
.contentShape(ClipShapeStyle.default(for: configuration.type).shape)
^
/Users/admin/builder/spi-builder-workspace/Sources/CompactSlider/Styles/DefaultCompactSliderStyle.swift:75:27: note: access can happen concurrently
.clipShapeStyleIf(clipShapeStyle.options.contains(.all), shape: clipShapeStyle.shape)
^~~~~~~~~~~~~~
/Users/admin/builder/spi-builder-workspace/Sources/CompactSlider/Styles/DefaultCompactSliderStyle.swift:74:10: warning: sending value of non-Sendable type 'some View' risks causing data races; this is an error in the Swift 6 language mode
.contentShape(ClipShapeStyle.default(for: configuration.type).shape)
~~~~~~~~~^~~~~~~~~~~~~~~~~~~~~~~~~~~~~~~~~~~~~~~~~~~~~~~~~~~~~~~~~~~~~~~~~~~
/Users/admin/builder/spi-builder-workspace/Sources/CompactSlider/Styles/DefaultCompactSliderStyle.swift:74:10: note: sending value of non-Sendable type 'some View' to main actor-isolated callee risks causing data races between main actor-isolated and local nonisolated uses
.contentShape(ClipShapeStyle.default(for: configuration.type).shape)
^
/Users/admin/builder/spi-builder-workspace/Sources/CompactSlider/Styles/DefaultCompactSliderStyle.swift:75:27: note: access can happen concurrently
.clipShapeStyleIf(clipShapeStyle.options.contains(.all), shape: clipShapeStyle.shape)
^~~~~~~~~~~~~~
/Users/admin/builder/spi-builder-workspace/Sources/CompactSlider/Styles/DefaultCompactSliderStyle.swift:75:10: warning: sending 'self.clipShapeStyle.shape' risks causing data races; this is an error in the Swift 6 language mode
.clipShapeStyleIf(clipShapeStyle.options.contains(.all), shape: clipShapeStyle.shape)
~~~~~~~~~^~~~~~~~~~~~~~~~~~~~~~~~~~~~~~~~~~~~~~~~~~~~~~~~~~~~~~~~~~~~~~~~~~~~~~~~~~~~~~~~~~~~
/Users/admin/builder/spi-builder-workspace/Sources/CompactSlider/Styles/DefaultCompactSliderStyle.swift:75:10: note: sending main actor-isolated 'self.clipShapeStyle.shape' to main actor-isolated callee risks causing data races between main actor-isolated and local nonisolated uses
.clipShapeStyleIf(clipShapeStyle.options.contains(.all), shape: clipShapeStyle.shape)
^
/Users/admin/builder/spi-builder-workspace/Sources/CompactSlider/Styles/DefaultCompactSliderStyle.swift:76:10: note: access can happen concurrently
.environment(\.compactSliderStyleConfiguration, configuration)
~~~~~~~~~^~~~~~~~~~~~~~~~~~~~~~~~~~~~~~~~~~~~~~~~~~~~~~~~~~~~~~~~~~~~~
/Users/admin/builder/spi-builder-workspace/Sources/CompactSlider/Styles/DefaultCompactSliderStyle.swift:67:13: warning: sending 'configuration' risks causing data races; this is an error in the Swift 6 language mode
BackgroundViewWrapper(configuration: configuration, padding: padding)
^~~~~~~~~~~~~~~~~~~~~~~~~~~~~~~~~~~~~~~~~~~~~~~~~~~~~~~~~~~~~~~~~~~~~
/Users/admin/builder/spi-builder-workspace/Sources/CompactSlider/Styles/DefaultCompactSliderStyle.swift:67:13: note: sending task-isolated 'configuration' to main actor-isolated callee risks causing data races between main actor-isolated and task-isolated uses
BackgroundViewWrapper(configuration: configuration, padding: padding)
^
/Users/admin/builder/spi-builder-workspace/Sources/CompactSlider/Styles/DefaultCompactSliderStyle.swift:68:18: warning: sending 'self.clipShapeStyle.shape' risks causing data races; this is an error in the Swift 6 language mode
.clipShapeStyleIf(
~~~~~~~~~~~~~~~~~^~~~~~~~~~~~~~~~~
/Users/admin/builder/spi-builder-workspace/Sources/CompactSlider/Styles/DefaultCompactSliderStyle.swift:68:18: note: sending task-isolated 'self.clipShapeStyle.shape' to main actor-isolated callee risks causing data races between main actor-isolated and task-isolated uses
.clipShapeStyleIf(
^
/Users/admin/builder/spi-builder-workspace/Sources/CompactSlider/Styles/DefaultCompactSliderStyle.swift:49:17: warning: sending 'configuration' risks causing data races; this is an error in the Swift 6 language mode
ProgressViewWrapper(configuration: configuration)
^~~~~~~~~~~~~~~~~~~~~~~~~~~~~~~~~~~~~~~~~~~~~~~~~
/Users/admin/builder/spi-builder-workspace/Sources/CompactSlider/Styles/DefaultCompactSliderStyle.swift:49:17: note: sending task-isolated 'configuration' to main actor-isolated callee risks causing data races between main actor-isolated and task-isolated uses
ProgressViewWrapper(configuration: configuration)
^
/Users/admin/builder/spi-builder-workspace/Sources/CompactSlider/Styles/DefaultCompactSliderStyle.swift:50:22: warning: sending 'self.clipShapeStyle.shape' risks causing data races; this is an error in the Swift 6 language mode
.clipShapeStyleIf(
~~~~~~~~~~~~~~~~~~~~~^~~~~~~~~~~~~~~~~
/Users/admin/builder/spi-builder-workspace/Sources/CompactSlider/Styles/DefaultCompactSliderStyle.swift:50:22: note: sending task-isolated 'self.clipShapeStyle.shape' to main actor-isolated callee risks causing data races between main actor-isolated and task-isolated uses
.clipShapeStyleIf(
^
/Users/admin/builder/spi-builder-workspace/Sources/CompactSlider/Styles/DefaultCompactSliderStyle.swift:56:13: warning: sending 'configuration' risks causing data races; this is an error in the Swift 6 language mode
ScaleViewWrapper(configuration: configuration)
^~~~~~~~~~~~~~~~~~~~~~~~~~~~~~~~~~~~~~~~~~~~~~
/Users/admin/builder/spi-builder-workspace/Sources/CompactSlider/Styles/DefaultCompactSliderStyle.swift:56:13: note: sending task-isolated 'configuration' to main actor-isolated callee risks causing data races between main actor-isolated and task-isolated uses
ScaleViewWrapper(configuration: configuration)
^
/Users/admin/builder/spi-builder-workspace/Sources/CompactSlider/Styles/DefaultCompactSliderStyle.swift:57:18: warning: sending 'self.clipShapeStyle.shape' risks causing data races; this is an error in the Swift 6 language mode
.clipShapeStyleIf(
~~~~~~~~~~~~~~~~~^~~~~~~~~~~~~~~~~
/Users/admin/builder/spi-builder-workspace/Sources/CompactSlider/Styles/DefaultCompactSliderStyle.swift:57:18: note: sending task-isolated 'self.clipShapeStyle.shape' to main actor-isolated callee risks causing data races between main actor-isolated and task-isolated uses
.clipShapeStyleIf(
^
/Users/admin/builder/spi-builder-workspace/Sources/CompactSlider/Styles/DefaultCompactSliderStyle.swift:62:13: warning: sending 'configuration' risks causing data races; this is an error in the Swift 6 language mode
HandleViewWrapper(configuration: configuration)
^~~~~~~~~~~~~~~~~~~~~~~~~~~~~~~~~~~~~~~~~~~~~~~
/Users/admin/builder/spi-builder-workspace/Sources/CompactSlider/Styles/DefaultCompactSliderStyle.swift:62:13: note: sending task-isolated 'configuration' to main actor-isolated callee risks causing data races between main actor-isolated and task-isolated uses
HandleViewWrapper(configuration: configuration)
^
SwiftCompile normal arm64 /Users/admin/builder/spi-builder-workspace/Sources/CompactSlider/Styles/HandleViewWrapper.swift (in target 'CompactSlider' from project 'CompactSlider')
cd /Users/admin/builder/spi-builder-workspace/.swiftpm/xcode
SwiftCompile normal arm64 /Users/admin/builder/spi-builder-workspace/Sources/CompactSlider/Styles/ProgressViewWrapper.swift (in target 'CompactSlider' from project 'CompactSlider')
cd /Users/admin/builder/spi-builder-workspace/.swiftpm/xcode
SwiftCompile normal arm64 /Users/admin/builder/spi-builder-workspace/Sources/CompactSlider/Styles/ScaleViewWrapper.swift (in target 'CompactSlider' from project 'CompactSlider')
cd /Users/admin/builder/spi-builder-workspace/.swiftpm/xcode
SwiftCompile normal arm64 /Users/admin/builder/spi-builder-workspace/Sources/CompactSlider/Treats/Convertor.swift (in target 'CompactSlider' from project 'CompactSlider')
cd /Users/admin/builder/spi-builder-workspace/.swiftpm/xcode
SwiftCompile normal arm64 Compiling\ SystemSlider.swift,\ SystemSliderBackgroundView.swift,\ SystemSliderHandleView.swift,\ SystemSliderProgressView.swift,\ SystemSliderType.swift,\ ClosedRange.swift,\ CoreGraphics.swift /Users/admin/builder/spi-builder-workspace/Sources/CompactSlider/Treats/SystemSlider/SystemSlider.swift /Users/admin/builder/spi-builder-workspace/Sources/CompactSlider/Treats/SystemSlider/SystemSliderBackgroundView.swift /Users/admin/builder/spi-builder-workspace/Sources/CompactSlider/Treats/SystemSlider/SystemSliderHandleView.swift /Users/admin/builder/spi-builder-workspace/Sources/CompactSlider/Treats/SystemSlider/SystemSliderProgressView.swift /Users/admin/builder/spi-builder-workspace/Sources/CompactSlider/Treats/SystemSlider/SystemSliderType.swift /Users/admin/builder/spi-builder-workspace/Sources/CompactSlider/Utils/ClosedRange.swift /Users/admin/builder/spi-builder-workspace/Sources/CompactSlider/Utils/CoreGraphics.swift (in target 'CompactSlider' from project 'CompactSlider')
Failed frontend command:
/Applications/Xcode-16.3.0.app/Contents/Developer/Toolchains/XcodeDefault.xctoolchain/usr/bin/swift-frontend -frontend -c /Users/admin/builder/spi-builder-workspace/.derivedData/Build/Intermediates.noindex/CompactSlider.build/Debug-appletvos/CompactSlider.build/DerivedSources/resource_bundle_accessor.swift /Users/admin/builder/spi-builder-workspace/Sources/CompactSlider/CompactSlider+Dragging.swift /Users/admin/builder/spi-builder-workspace/Sources/CompactSlider/CompactSlider+OnChange.swift /Users/admin/builder/spi-builder-workspace/Sources/CompactSlider/CompactSlider+ScrollWheel.swift /Users/admin/builder/spi-builder-workspace/Sources/CompactSlider/CompactSlider.swift /Users/admin/builder/spi-builder-workspace/Sources/CompactSlider/CompactSliderAnimations.swift /Users/admin/builder/spi-builder-workspace/Sources/CompactSlider/CompactSliderOnChangeAction.swift /Users/admin/builder/spi-builder-workspace/Sources/CompactSlider/CompactSliderOption.swift /Users/admin/builder/spi-builder-workspace/Sources/CompactSlider/CompactSliderPoint.swift /Users/admin/builder/spi-builder-workspace/Sources/CompactSlider/CompactSliderPolarPoint.swift /Users/admin/builder/spi-builder-workspace/Sources/CompactSlider/CompactSliderStep.swift /Users/admin/builder/spi-builder-workspace/Sources/CompactSlider/CompactSliderStyleConfiguration.swift /Users/admin/builder/spi-builder-workspace/Sources/CompactSlider/CompactSliderType.swift /Users/admin/builder/spi-builder-workspace/Sources/CompactSlider/Components/Background/BackgroundContainerView.swift /Users/admin/builder/spi-builder-workspace/Sources/CompactSlider/Components/Background/DefaultBackgroundView.swift /Users/admin/builder/spi-builder-workspace/Sources/CompactSlider/Components/Background/EnvironmentBackgroundViewKey.swift /Users/admin/builder/spi-builder-workspace/Sources/CompactSlider/Components/Background/GridBackgroundView.swift /Users/admin/builder/spi-builder-workspace/Sources/CompactSlider/Components/Background/GridView.swift /Users/admin/builder/spi-builder-workspace/Sources/CompactSlider/Components/CompactSliderVisibility.swift /Users/admin/builder/spi-builder-workspace/Sources/CompactSlider/Components/Gauge/GaugeStyle.swift /Users/admin/builder/spi-builder-workspace/Sources/CompactSlider/Components/Gauge/GaugeView.swift /Users/admin/builder/spi-builder-workspace/Sources/CompactSlider/Components/Grid/Grid.swift /Users/admin/builder/spi-builder-workspace/Sources/CompactSlider/Components/Handle/EnvironmentHandleStyleKey.swift /Users/admin/builder/spi-builder-workspace/Sources/CompactSlider/Components/Handle/EnvironmentHandleViewKey.swift /Users/admin/builder/spi-builder-workspace/Sources/CompactSlider/Components/Handle/HandleStyle.swift /Users/admin/builder/spi-builder-workspace/Sources/CompactSlider/Components/Handle/HandleView.swift /Users/admin/builder/spi-builder-workspace/Sources/CompactSlider/Components/Handle/HandleViewContainerView.swift /Users/admin/builder/spi-builder-workspace/Sources/CompactSlider/Components/Progress/EnvironmentProgressViewKey.swift /Users/admin/builder/spi-builder-workspace/Sources/CompactSlider/Components/Progress/Progress.swift /Users/admin/builder/spi-builder-workspace/Sources/CompactSlider/Components/Progress/ProgressContainerView.swift /Users/admin/builder/spi-builder-workspace/Sources/CompactSlider/Components/Progress/ProgressView.swift /Users/admin/builder/spi-builder-workspace/Sources/CompactSlider/Components/Scale/DefaultScaleView.swift /Users/admin/builder/spi-builder-workspace/Sources/CompactSlider/Components/Scale/EnvironmentScaleViewKey.swift /Users/admin/builder/spi-builder-workspace/Sources/CompactSlider/Components/Scale/ScaleContainerView.swift /Users/admin/builder/spi-builder-workspace/Sources/CompactSlider/Components/Scale/ScaleShapeStyle.swift /Users/admin/builder/spi-builder-workspace/Sources/CompactSlider/Components/Scale/ScaleView.swift /Users/admin/builder/spi-builder-workspace/Sources/CompactSlider/Components/Scale/ScaleZStackView.swift /Users/admin/builder/spi-builder-workspace/Sources/CompactSlider/Components/Scale/Scales/CircularScaleShape.swift /Users/admin/builder/spi-builder-workspace/Sources/CompactSlider/Components/Scale/Scales/LinearScaleShape.swift /Users/admin/builder/spi-builder-workspace/Sources/CompactSlider/Components/Scale/Scales/ScaleLabels.swift /Users/admin/builder/spi-builder-workspace/Sources/CompactSlider/Styles/BackgroundViewWrapper.swift /Users/admin/builder/spi-builder-workspace/Sources/CompactSlider/Styles/ClipShapeStyle.swift /Users/admin/builder/spi-builder-workspace/Sources/CompactSlider/Styles/CompactSliderStyle.swift /Users/admin/builder/spi-builder-workspace/Sources/CompactSlider/Styles/DefaultCompactSliderStyle+Init.swift /Users/admin/builder/spi-builder-workspace/Sources/CompactSlider/Styles/DefaultCompactSliderStyle.swift /Users/admin/builder/spi-builder-workspace/Sources/CompactSlider/Styles/HandleViewWrapper.swift /Users/admin/builder/spi-builder-workspace/Sources/CompactSlider/Styles/ProgressViewWrapper.swift /Users/admin/builder/spi-builder-workspace/Sources/CompactSlider/Styles/ScaleViewWrapper.swift /Users/admin/builder/spi-builder-workspace/Sources/CompactSlider/Treats/Convertor.swift /Users/admin/builder/spi-builder-workspace/Sources/CompactSlider/Treats/EdgeInsets.swift /Users/admin/builder/spi-builder-workspace/Sources/CompactSlider/Treats/GradientMask.swift /Users/admin/builder/spi-builder-workspace/Sources/CompactSlider/Treats/OptionalCGSize.swift /Users/admin/builder/spi-builder-workspace/Sources/CompactSlider/Treats/ReversedMask.swift /Users/admin/builder/spi-builder-workspace/Sources/CompactSlider/Treats/SystemSlider/EnvironmentSystemSliderStyleKey.swift /Users/admin/builder/spi-builder-workspace/Sources/CompactSlider/Treats/SystemSlider/HandleStyle+SystemSlider.swift /Users/admin/builder/spi-builder-workspace/Sources/CompactSlider/Treats/SystemSlider/SystemSlider+ViewFrame.swift -primary-file /Users/admin/builder/spi-builder-workspace/Sources/CompactSlider/Treats/SystemSlider/SystemSlider.swift -primary-file /Users/admin/builder/spi-builder-workspace/Sources/CompactSlider/Treats/SystemSlider/SystemSliderBackgroundView.swift -primary-file /Users/admin/builder/spi-builder-workspace/Sources/CompactSlider/Treats/SystemSlider/SystemSliderHandleView.swift -primary-file /Users/admin/builder/spi-builder-workspace/Sources/CompactSlider/Treats/SystemSlider/SystemSliderProgressView.swift -primary-file /Users/admin/builder/spi-builder-workspace/Sources/CompactSlider/Treats/SystemSlider/SystemSliderType.swift -primary-file /Users/admin/builder/spi-builder-workspace/Sources/CompactSlider/Utils/ClosedRange.swift -primary-file /Users/admin/builder/spi-builder-workspace/Sources/CompactSlider/Utils/CoreGraphics.swift /Users/admin/builder/spi-builder-workspace/Sources/CompactSlider/Utils/Defaults.swift /Users/admin/builder/spi-builder-workspace/Sources/CompactSlider/Utils/Functions.swift /Users/admin/builder/spi-builder-workspace/Sources/CompactSlider/Utils/HapticFeedback.swift /Users/admin/builder/spi-builder-workspace/Sources/CompactSlider/Utils/ScreenScaleFactor.swift /Users/admin/builder/spi-builder-workspace/Sources/CompactSlider/Utils/ScrollWheelModifier.swift /Users/admin/builder/spi-builder-workspace/Sources/CompactSlider/Utils/View.swift /Users/admin/builder/spi-builder-workspace/Sources/CompactSlider/Utils/WatchOSFillMaterial.swift -supplementary-output-file-map /Users/admin/builder/spi-builder-workspace/.derivedData/Build/Intermediates.noindex/CompactSlider.build/Debug-appletvos/CompactSlider.build/Objects-normal/arm64/supplementaryOutputs-9 -target arm64-apple-tvos15.0 -Xllvm -aarch64-use-tbi -enable-objc-interop -stack-check -sdk /Applications/Xcode-16.3.0.app/Contents/Developer/Platforms/AppleTVOS.platform/Developer/SDKs/AppleTVOS18.4.sdk -I /Users/admin/builder/spi-builder-workspace/.derivedData/Build/Products/Debug-appletvos -I /Applications/Xcode-16.3.0.app/Contents/Developer/Platforms/AppleTVOS.platform/Developer/usr/lib -F /Users/admin/builder/spi-builder-workspace/.derivedData/Build/Products/Debug-appletvos -F /Applications/Xcode-16.3.0.app/Contents/Developer/Platforms/AppleTVOS.platform/Developer/Library/Frameworks -F /Applications/Xcode-16.3.0.app/Contents/Developer/Platforms/AppleTVOS.platform/Developer/SDKs/AppleTVOS18.4.sdk/Developer/Library/Frameworks -no-color-diagnostics -enable-testing -g -debug-info-format\=dwarf -dwarf-version\=4 -module-cache-path /Users/admin/builder/spi-builder-workspace/.derivedData/ModuleCache.noindex -swift-version 5 -enforce-exclusivity\=checked -stats-output-dir /Users/admin/builder/spi-builder-workspace/.swiftpm/xcode/.stats -Onone -D SWIFT_PACKAGE -D DEBUG -serialize-debugging-options -const-gather-protocols-file /Users/admin/builder/spi-builder-workspace/.derivedData/Build/Intermediates.noindex/CompactSlider.build/Debug-appletvos/CompactSlider.build/Objects-normal/arm64/CompactSlider_const_extract_protocols.json -enable-upcoming-feature StrictConcurrency -enable-upcoming-feature DisableOutwardActorInference -enable-upcoming-feature GlobalActorIsolatedTypesUsability -enable-upcoming-feature InferSendableFromCaptures -enable-experimental-feature DebugDescriptionMacro -strict-concurrency\=complete -empty-abi-descriptor -plugin-path /Applications/Xcode-16.3.0.app/Contents/Developer/Toolchains/XcodeDefault.xctoolchain/usr/lib/swift/host/plugins/testing -validate-clang-modules-once -clang-build-session-file /Users/admin/builder/spi-builder-workspace/.derivedData/ModuleCache.noindex/Session.modulevalidation -Xcc -working-directory -Xcc /Users/admin/builder/spi-builder-workspace/.swiftpm/xcode -resource-dir /Applications/Xcode-16.3.0.app/Contents/Developer/Toolchains/XcodeDefault.xctoolchain/usr/lib/swift -enable-anonymous-context-mangled-names -file-compilation-dir /Users/admin/builder/spi-builder-workspace/.swiftpm/xcode -Xcc -ivfsstatcache -Xcc /Users/admin/builder/spi-builder-workspace/.derivedData/SDKStatCaches.noindex/appletvos18.4-22L251-271d326055c85f9856fa135c41255102.sdkstatcache -Xcc -I/Users/admin/builder/spi-builder-workspace/.derivedData/Build/Intermediates.noindex/CompactSlider.build/Debug-appletvos/CompactSlider.build/swift-overrides.hmap -Xcc -I/Users/admin/builder/spi-builder-workspace/.derivedData/Build/Products/Debug-appletvos/include -Xcc -I/Users/admin/builder/spi-builder-workspace/.derivedData/Build/Intermediates.noindex/CompactSlider.build/Debug-appletvos/CompactSlider.build/DerivedSources-normal/arm64 -Xcc -I/Users/admin/builder/spi-builder-workspace/.derivedData/Build/Intermediates.noindex/CompactSlider.build/Debug-appletvos/CompactSlider.build/DerivedSources/arm64 -Xcc -I/Users/admin/builder/spi-builder-workspace/.derivedData/Build/Intermediates.noindex/CompactSlider.build/Debug-appletvos/CompactSlider.build/DerivedSources -Xcc -DSWIFT_PACKAGE -Xcc -DDEBUG\=1 -module-name CompactSlider -package-name spi_builder_workspace -frontend-parseable-output -disable-clang-spi -target-sdk-version 18.4 -target-sdk-name appletvos18.4 -external-plugin-path /Applications/Xcode-16.3.0.app/Contents/Developer/Platforms/AppleTVOS.platform/Developer/usr/lib/swift/host/plugins\#/Applications/Xcode-16.3.0.app/Contents/Developer/Platforms/AppleTVOS.platform/Developer/usr/bin/swift-plugin-server -external-plugin-path /Applications/Xcode-16.3.0.app/Contents/Developer/Platforms/AppleTVOS.platform/Developer/usr/local/lib/swift/host/plugins\#/Applications/Xcode-16.3.0.app/Contents/Developer/Platforms/AppleTVOS.platform/Developer/usr/bin/swift-plugin-server -in-process-plugin-server-path /Applications/Xcode-16.3.0.app/Contents/Developer/Toolchains/XcodeDefault.xctoolchain/usr/lib/swift/host/libSwiftInProcPluginServer.dylib -plugin-path /Applications/Xcode-16.3.0.app/Contents/Developer/Toolchains/XcodeDefault.xctoolchain/usr/lib/swift/host/plugins -plugin-path /Applications/Xcode-16.3.0.app/Contents/Developer/Toolchains/XcodeDefault.xctoolchain/usr/local/lib/swift/host/plugins -o /Users/admin/builder/spi-builder-workspace/.derivedData/Build/Intermediates.noindex/CompactSlider.build/Debug-appletvos/CompactSlider.build/Objects-normal/arm64/SystemSlider.o -o /Users/admin/builder/spi-builder-workspace/.derivedData/Build/Intermediates.noindex/CompactSlider.build/Debug-appletvos/CompactSlider.build/Objects-normal/arm64/SystemSliderBackgroundView.o -o /Users/admin/builder/spi-builder-workspace/.derivedData/Build/Intermediates.noindex/CompactSlider.build/Debug-appletvos/CompactSlider.build/Objects-normal/arm64/SystemSliderHandleView.o -o /Users/admin/builder/spi-builder-workspace/.derivedData/Build/Intermediates.noindex/CompactSlider.build/Debug-appletvos/CompactSlider.build/Objects-normal/arm64/SystemSliderProgressView.o -o /Users/admin/builder/spi-builder-workspace/.derivedData/Build/Intermediates.noindex/CompactSlider.build/Debug-appletvos/CompactSlider.build/Objects-normal/arm64/SystemSliderType.o -o /Users/admin/builder/spi-builder-workspace/.derivedData/Build/Intermediates.noindex/CompactSlider.build/Debug-appletvos/CompactSlider.build/Objects-normal/arm64/ClosedRange.o -o /Users/admin/builder/spi-builder-workspace/.derivedData/Build/Intermediates.noindex/CompactSlider.build/Debug-appletvos/CompactSlider.build/Objects-normal/arm64/CoreGraphics.o -index-unit-output-path /CompactSlider.build/Debug-appletvos/CompactSlider.build/Objects-normal/arm64/SystemSlider.o -index-unit-output-path /CompactSlider.build/Debug-appletvos/CompactSlider.build/Objects-normal/arm64/SystemSliderBackgroundView.o -index-unit-output-path /CompactSlider.build/Debug-appletvos/CompactSlider.build/Objects-normal/arm64/SystemSliderHandleView.o -index-unit-output-path /CompactSlider.build/Debug-appletvos/CompactSlider.build/Objects-normal/arm64/SystemSliderProgressView.o -index-unit-output-path /CompactSlider.build/Debug-appletvos/CompactSlider.build/Objects-normal/arm64/SystemSliderType.o -index-unit-output-path /CompactSlider.build/Debug-appletvos/CompactSlider.build/Objects-normal/arm64/ClosedRange.o -index-unit-output-path /CompactSlider.build/Debug-appletvos/CompactSlider.build/Objects-normal/arm64/CoreGraphics.o -index-store-path /Users/admin/builder/spi-builder-workspace/.derivedData/Index.noindex/DataStore -index-system-modules
SwiftCompile normal arm64 /Users/admin/builder/spi-builder-workspace/Sources/CompactSlider/Treats/SystemSlider/SystemSlider.swift (in target 'CompactSlider' from project 'CompactSlider')
cd /Users/admin/builder/spi-builder-workspace/.swiftpm/xcode
SwiftCompile normal arm64 /Users/admin/builder/spi-builder-workspace/Sources/CompactSlider/Treats/SystemSlider/SystemSliderBackgroundView.swift (in target 'CompactSlider' from project 'CompactSlider')
cd /Users/admin/builder/spi-builder-workspace/.swiftpm/xcode
SwiftCompile normal arm64 /Users/admin/builder/spi-builder-workspace/Sources/CompactSlider/Treats/SystemSlider/SystemSliderHandleView.swift (in target 'CompactSlider' from project 'CompactSlider')
cd /Users/admin/builder/spi-builder-workspace/.swiftpm/xcode
SwiftCompile normal arm64 /Users/admin/builder/spi-builder-workspace/Sources/CompactSlider/Treats/SystemSlider/SystemSliderProgressView.swift (in target 'CompactSlider' from project 'CompactSlider')
cd /Users/admin/builder/spi-builder-workspace/.swiftpm/xcode
/Users/admin/builder/spi-builder-workspace/Sources/CompactSlider/Treats/SystemSlider/SystemSliderProgressView.swift:21:46: error: 'gradient' is only available in tvOS 16.0 or newer
Capsule().fill(Color.accentColor.gradient.opacity(0.8))
^
/Users/admin/builder/spi-builder-workspace/Sources/CompactSlider/Treats/SystemSlider/SystemSliderProgressView.swift:21:46: note: add 'if #available' version check
Capsule().fill(Color.accentColor.gradient.opacity(0.8))
^
/Users/admin/builder/spi-builder-workspace/Sources/CompactSlider/Treats/SystemSlider/SystemSliderProgressView.swift:19:16: note: add @available attribute to enclosing property
public var body: some View {
^
/Users/admin/builder/spi-builder-workspace/Sources/CompactSlider/Treats/SystemSlider/SystemSliderProgressView.swift:9:15: note: add @available attribute to enclosing struct
public struct SystemSliderProgressView: View {
^
SwiftCompile normal arm64 /Users/admin/builder/spi-builder-workspace/Sources/CompactSlider/Treats/SystemSlider/SystemSliderType.swift (in target 'CompactSlider' from project 'CompactSlider')
cd /Users/admin/builder/spi-builder-workspace/.swiftpm/xcode
SwiftCompile normal arm64 /Users/admin/builder/spi-builder-workspace/Sources/CompactSlider/Utils/ClosedRange.swift (in target 'CompactSlider' from project 'CompactSlider')
cd /Users/admin/builder/spi-builder-workspace/.swiftpm/xcode
SwiftCompile normal arm64 /Users/admin/builder/spi-builder-workspace/Sources/CompactSlider/Utils/CoreGraphics.swift (in target 'CompactSlider' from project 'CompactSlider')
cd /Users/admin/builder/spi-builder-workspace/.swiftpm/xcode
SwiftCompile normal arm64 Compiling\ Defaults.swift,\ Functions.swift,\ HapticFeedback.swift,\ ScreenScaleFactor.swift,\ ScrollWheelModifier.swift,\ View.swift,\ WatchOSFillMaterial.swift /Users/admin/builder/spi-builder-workspace/Sources/CompactSlider/Utils/Defaults.swift /Users/admin/builder/spi-builder-workspace/Sources/CompactSlider/Utils/Functions.swift /Users/admin/builder/spi-builder-workspace/Sources/CompactSlider/Utils/HapticFeedback.swift /Users/admin/builder/spi-builder-workspace/Sources/CompactSlider/Utils/ScreenScaleFactor.swift /Users/admin/builder/spi-builder-workspace/Sources/CompactSlider/Utils/ScrollWheelModifier.swift /Users/admin/builder/spi-builder-workspace/Sources/CompactSlider/Utils/View.swift /Users/admin/builder/spi-builder-workspace/Sources/CompactSlider/Utils/WatchOSFillMaterial.swift (in target 'CompactSlider' from project 'CompactSlider')
SwiftCompile normal arm64 /Users/admin/builder/spi-builder-workspace/Sources/CompactSlider/Utils/Defaults.swift (in target 'CompactSlider' from project 'CompactSlider')
cd /Users/admin/builder/spi-builder-workspace/.swiftpm/xcode
SwiftCompile normal arm64 /Users/admin/builder/spi-builder-workspace/Sources/CompactSlider/Utils/Functions.swift (in target 'CompactSlider' from project 'CompactSlider')
cd /Users/admin/builder/spi-builder-workspace/.swiftpm/xcode
SwiftCompile normal arm64 /Users/admin/builder/spi-builder-workspace/Sources/CompactSlider/Utils/HapticFeedback.swift (in target 'CompactSlider' from project 'CompactSlider')
cd /Users/admin/builder/spi-builder-workspace/.swiftpm/xcode
SwiftCompile normal arm64 /Users/admin/builder/spi-builder-workspace/Sources/CompactSlider/Utils/ScreenScaleFactor.swift (in target 'CompactSlider' from project 'CompactSlider')
cd /Users/admin/builder/spi-builder-workspace/.swiftpm/xcode
/Users/admin/builder/spi-builder-workspace/Sources/CompactSlider/Utils/ScreenScaleFactor.swift:21:20: warning: main actor-isolated default value in a nonisolated context; this is an error in the Swift 6 language mode
static let scale = UIScreen.main.scale
^
SwiftCompile normal arm64 /Users/admin/builder/spi-builder-workspace/Sources/CompactSlider/Utils/ScrollWheelModifier.swift (in target 'CompactSlider' from project 'CompactSlider')
cd /Users/admin/builder/spi-builder-workspace/.swiftpm/xcode
SwiftCompile normal arm64 /Users/admin/builder/spi-builder-workspace/Sources/CompactSlider/Utils/View.swift (in target 'CompactSlider' from project 'CompactSlider')
cd /Users/admin/builder/spi-builder-workspace/.swiftpm/xcode
SwiftCompile normal arm64 /Users/admin/builder/spi-builder-workspace/Sources/CompactSlider/Utils/WatchOSFillMaterial.swift (in target 'CompactSlider' from project 'CompactSlider')
cd /Users/admin/builder/spi-builder-workspace/.swiftpm/xcode
SwiftCompile normal arm64 Compiling\ ScaleView.swift,\ ScaleZStackView.swift,\ CircularScaleShape.swift,\ LinearScaleShape.swift,\ ScaleLabels.swift,\ BackgroundViewWrapper.swift,\ ClipShapeStyle.swift /Users/admin/builder/spi-builder-workspace/Sources/CompactSlider/Components/Scale/ScaleView.swift /Users/admin/builder/spi-builder-workspace/Sources/CompactSlider/Components/Scale/ScaleZStackView.swift /Users/admin/builder/spi-builder-workspace/Sources/CompactSlider/Components/Scale/Scales/CircularScaleShape.swift /Users/admin/builder/spi-builder-workspace/Sources/CompactSlider/Components/Scale/Scales/LinearScaleShape.swift /Users/admin/builder/spi-builder-workspace/Sources/CompactSlider/Components/Scale/Scales/ScaleLabels.swift /Users/admin/builder/spi-builder-workspace/Sources/CompactSlider/Styles/BackgroundViewWrapper.swift /Users/admin/builder/spi-builder-workspace/Sources/CompactSlider/Styles/ClipShapeStyle.swift (in target 'CompactSlider' from project 'CompactSlider')
SwiftCompile normal arm64 /Users/admin/builder/spi-builder-workspace/Sources/CompactSlider/Components/Scale/ScaleView.swift (in target 'CompactSlider' from project 'CompactSlider')
cd /Users/admin/builder/spi-builder-workspace/.swiftpm/xcode
SwiftCompile normal arm64 /Users/admin/builder/spi-builder-workspace/Sources/CompactSlider/Components/Scale/ScaleZStackView.swift (in target 'CompactSlider' from project 'CompactSlider')
cd /Users/admin/builder/spi-builder-workspace/.swiftpm/xcode
SwiftCompile normal arm64 /Users/admin/builder/spi-builder-workspace/Sources/CompactSlider/Components/Scale/Scales/CircularScaleShape.swift (in target 'CompactSlider' from project 'CompactSlider')
cd /Users/admin/builder/spi-builder-workspace/.swiftpm/xcode
SwiftCompile normal arm64 /Users/admin/builder/spi-builder-workspace/Sources/CompactSlider/Components/Scale/Scales/LinearScaleShape.swift (in target 'CompactSlider' from project 'CompactSlider')
cd /Users/admin/builder/spi-builder-workspace/.swiftpm/xcode
SwiftCompile normal arm64 /Users/admin/builder/spi-builder-workspace/Sources/CompactSlider/Components/Scale/Scales/ScaleLabels.swift (in target 'CompactSlider' from project 'CompactSlider')
cd /Users/admin/builder/spi-builder-workspace/.swiftpm/xcode
SwiftCompile normal arm64 /Users/admin/builder/spi-builder-workspace/Sources/CompactSlider/Styles/BackgroundViewWrapper.swift (in target 'CompactSlider' from project 'CompactSlider')
cd /Users/admin/builder/spi-builder-workspace/.swiftpm/xcode
SwiftCompile normal arm64 /Users/admin/builder/spi-builder-workspace/Sources/CompactSlider/Styles/ClipShapeStyle.swift (in target 'CompactSlider' from project 'CompactSlider')
cd /Users/admin/builder/spi-builder-workspace/.swiftpm/xcode
/Users/admin/builder/spi-builder-workspace/Sources/CompactSlider/Styles/ClipShapeStyle.swift:73:23: warning: static property 'none' is not concurrency-safe because non-'Sendable' type 'ClipShapeStyle' may have shared mutable state; this is an error in the Swift 6 language mode
public static let none = ClipShapeStyle(shape: nil)
^
/Users/admin/builder/spi-builder-workspace/Sources/CompactSlider/Styles/ClipShapeStyle.swift:9:15: note: consider making struct 'ClipShapeStyle' conform to the 'Sendable' protocol
public struct ClipShapeStyle {
^
: Sendable
/Users/admin/builder/spi-builder-workspace/Sources/CompactSlider/Styles/ClipShapeStyle.swift:73:23: note: add '@MainActor' to make static property 'none' part of global actor 'MainActor'
public static let none = ClipShapeStyle(shape: nil)
^
@MainActor
/Users/admin/builder/spi-builder-workspace/Sources/CompactSlider/Styles/ClipShapeStyle.swift:73:23: note: disable concurrency-safety checks if accesses are protected by an external synchronization mechanism
public static let none = ClipShapeStyle(shape: nil)
^
nonisolated(unsafe)
SwiftEmitModule normal arm64 Emitting\ module\ for\ CompactSlider (in target 'CompactSlider' from project 'CompactSlider')
Command SwiftEmitModule failed with a nonzero exit code
** BUILD FAILED **
The following build commands failed:
SwiftCompile normal arm64 /Users/admin/builder/spi-builder-workspace/Sources/CompactSlider/CompactSlider+Dragging.swift (in target 'CompactSlider' from project 'CompactSlider')
SwiftCompile normal arm64 /Users/admin/builder/spi-builder-workspace/Sources/CompactSlider/CompactSliderOption.swift (in target 'CompactSlider' from project 'CompactSlider')
SwiftCompile normal arm64 Compiling\ SystemSlider.swift,\ SystemSliderBackgroundView.swift,\ SystemSliderHandleView.swift,\ SystemSliderProgressView.swift,\ SystemSliderType.swift,\ ClosedRange.swift,\ CoreGraphics.swift /Users/admin/builder/spi-builder-workspace/Sources/CompactSlider/Treats/SystemSlider/SystemSlider.swift /Users/admin/builder/spi-builder-workspace/Sources/CompactSlider/Treats/SystemSlider/SystemSliderBackgroundView.swift /Users/admin/builder/spi-builder-workspace/Sources/CompactSlider/Treats/SystemSlider/SystemSliderHandleView.swift /Users/admin/builder/spi-builder-workspace/Sources/CompactSlider/Treats/SystemSlider/SystemSliderProgressView.swift /Users/admin/builder/spi-builder-workspace/Sources/CompactSlider/Treats/SystemSlider/SystemSliderType.swift /Users/admin/builder/spi-builder-workspace/Sources/CompactSlider/Utils/ClosedRange.swift /Users/admin/builder/spi-builder-workspace/Sources/CompactSlider/Utils/CoreGraphics.swift (in target 'CompactSlider' from project 'CompactSlider')
SwiftCompile normal arm64 /Users/admin/builder/spi-builder-workspace/Sources/CompactSlider/Treats/SystemSlider/SystemSliderProgressView.swift (in target 'CompactSlider' from project 'CompactSlider')
SwiftEmitModule normal arm64 Emitting\ module\ for\ CompactSlider (in target 'CompactSlider' from project 'CompactSlider')
Building workspace spi-builder-workspace with scheme CompactSlider
(6 failures)
Command line invocation:
/Applications/Xcode-16.3.0.app/Contents/Developer/usr/bin/xcodebuild -IDEClonedSourcePackagesDirPathOverride=/Users/admin/builder/spi-builder-workspace/.dependencies -resolvePackageDependencies
Resolve Package Graph
Resolved source packages:
CompactSlider: /Users/admin/builder/spi-builder-workspace
resolved source packages: CompactSlider
{
"dependencies" : [
],
"manifest_display_name" : "CompactSlider",
"name" : "CompactSlider",
"path" : "/Users/admin/builder/spi-builder-workspace",
"platforms" : [
{
"name" : "macos",
"version" : "12.0"
},
{
"name" : "ios",
"version" : "15.0"
},
{
"name" : "watchos",
"version" : "8.0"
},
{
"name" : "visionos",
"version" : "1.0"
}
],
"products" : [
{
"name" : "CompactSlider",
"targets" : [
"CompactSlider"
],
"type" : {
"library" : [
"automatic"
]
}
}
],
"swift_languages_versions" : [
"5"
],
"targets" : [
{
"c99name" : "CompactSlider",
"module_type" : "SwiftTarget",
"name" : "CompactSlider",
"path" : "Sources/CompactSlider",
"product_memberships" : [
"CompactSlider"
],
"resources" : [
{
"path" : "/Users/admin/builder/spi-builder-workspace/Sources/CompactSlider/PrivacyInfo.xcprivacy",
"rule" : {
"process" : {
}
}
}
],
"sources" : [
"CompactSlider+Dragging.swift",
"CompactSlider+OnChange.swift",
"CompactSlider+ScrollWheel.swift",
"CompactSlider.swift",
"CompactSliderAnimations.swift",
"CompactSliderOnChangeAction.swift",
"CompactSliderOption.swift",
"CompactSliderPoint.swift",
"CompactSliderPolarPoint.swift",
"CompactSliderStep.swift",
"CompactSliderStyleConfiguration.swift",
"CompactSliderType.swift",
"Components/Background/BackgroundContainerView.swift",
"Components/Background/DefaultBackgroundView.swift",
"Components/Background/EnvironmentBackgroundViewKey.swift",
"Components/Background/GridBackgroundView.swift",
"Components/Background/GridView.swift",
"Components/CompactSliderVisibility.swift",
"Components/Gauge/GaugeStyle.swift",
"Components/Gauge/GaugeView.swift",
"Components/Grid/Grid.swift",
"Components/Handle/EnvironmentHandleStyleKey.swift",
"Components/Handle/EnvironmentHandleViewKey.swift",
"Components/Handle/HandleStyle.swift",
"Components/Handle/HandleView.swift",
"Components/Handle/HandleViewContainerView.swift",
"Components/Progress/EnvironmentProgressViewKey.swift",
"Components/Progress/Progress.swift",
"Components/Progress/ProgressContainerView.swift",
"Components/Progress/ProgressView.swift",
"Components/Scale/DefaultScaleView.swift",
"Components/Scale/EnvironmentScaleViewKey.swift",
"Components/Scale/ScaleContainerView.swift",
"Components/Scale/ScaleShapeStyle.swift",
"Components/Scale/ScaleView.swift",
"Components/Scale/ScaleZStackView.swift",
"Components/Scale/Scales/CircularScaleShape.swift",
"Components/Scale/Scales/LinearScaleShape.swift",
"Components/Scale/Scales/ScaleLabels.swift",
"Styles/BackgroundViewWrapper.swift",
"Styles/ClipShapeStyle.swift",
"Styles/CompactSliderStyle.swift",
"Styles/DefaultCompactSliderStyle+Init.swift",
"Styles/DefaultCompactSliderStyle.swift",
"Styles/HandleViewWrapper.swift",
"Styles/ProgressViewWrapper.swift",
"Styles/ScaleViewWrapper.swift",
"Treats/Convertor.swift",
"Treats/EdgeInsets.swift",
"Treats/GradientMask.swift",
"Treats/OptionalCGSize.swift",
"Treats/ReversedMask.swift",
"Treats/SystemSlider/EnvironmentSystemSliderStyleKey.swift",
"Treats/SystemSlider/HandleStyle+SystemSlider.swift",
"Treats/SystemSlider/SystemSlider+ViewFrame.swift",
"Treats/SystemSlider/SystemSlider.swift",
"Treats/SystemSlider/SystemSliderBackgroundView.swift",
"Treats/SystemSlider/SystemSliderHandleView.swift",
"Treats/SystemSlider/SystemSliderProgressView.swift",
"Treats/SystemSlider/SystemSliderType.swift",
"Utils/ClosedRange.swift",
"Utils/CoreGraphics.swift",
"Utils/Defaults.swift",
"Utils/Functions.swift",
"Utils/HapticFeedback.swift",
"Utils/ScreenScaleFactor.swift",
"Utils/ScrollWheelModifier.swift",
"Utils/View.swift",
"Utils/WatchOSFillMaterial.swift"
],
"type" : "library"
}
],
"tools_version" : "5.9"
}
{
"workspace" : {
"name" : "spi-builder-workspace",
"schemes" : [
"CompactSlider"
]
}
}
Running build ...
env DEVELOPER_DIR=/Applications/Xcode-16.3.0.app xcrun xcodebuild -IDEClonedSourcePackagesDirPathOverride=$PWD/.dependencies -skipMacroValidation -skipPackagePluginValidation -derivedDataPath $PWD/.derivedData build -scheme CompactSlider -destination generic/platform=tvOS
Command line invocation:
/Applications/Xcode-16.3.0.app/Contents/Developer/usr/bin/xcodebuild -IDEClonedSourcePackagesDirPathOverride=/Users/admin/builder/spi-builder-workspace/.dependencies -skipMacroValidation -skipPackagePluginValidation -derivedDataPath /Users/admin/builder/spi-builder-workspace/.derivedData build -scheme CompactSlider -destination generic/platform=tvOS
Resolve Package Graph
Resolved source packages:
CompactSlider: /Users/admin/builder/spi-builder-workspace
ComputePackagePrebuildTargetDependencyGraph
Prepare packages
CreateBuildRequest
SendProjectDescription
CreateBuildOperation
ComputeTargetDependencyGraph
note: Building targets in dependency order
note: Target dependency graph (3 targets)
Target 'CompactSlider' in project 'CompactSlider'
➜ Explicit dependency on target 'CompactSlider' in project 'CompactSlider'
➜ Explicit dependency on target 'CompactSlider_CompactSlider' in project 'CompactSlider'
Target 'CompactSlider' in project 'CompactSlider'
➜ Explicit dependency on target 'CompactSlider_CompactSlider' in project 'CompactSlider'
Target 'CompactSlider_CompactSlider' in project 'CompactSlider' (no dependencies)
GatherProvisioningInputs
CreateBuildDescription
ExecuteExternalTool /Applications/Xcode-16.3.0.app/Contents/Developer/Toolchains/XcodeDefault.xctoolchain/usr/bin/clang -v -E -dM -isysroot /Applications/Xcode-16.3.0.app/Contents/Developer/Platforms/AppleTVOS.platform/Developer/SDKs/AppleTVOS18.4.sdk -x c -c /dev/null
ExecuteExternalTool /Applications/Xcode-16.3.0.app/Contents/Developer/Toolchains/XcodeDefault.xctoolchain/usr/bin/swiftc --version
ExecuteExternalTool /Applications/Xcode-16.3.0.app/Contents/Developer/Toolchains/XcodeDefault.xctoolchain/usr/bin/ld -version_details
Build description signature: 68e56f6dee5c713ef9d645326816d4d9
Build description path: /Users/admin/builder/spi-builder-workspace/.derivedData/Build/Intermediates.noindex/XCBuildData/68e56f6dee5c713ef9d645326816d4d9.xcbuilddata
ClangStatCache /Applications/Xcode-16.3.0.app/Contents/Developer/Toolchains/XcodeDefault.xctoolchain/usr/bin/clang-stat-cache /Applications/Xcode-16.3.0.app/Contents/Developer/Platforms/AppleTVOS.platform/Developer/SDKs/AppleTVOS18.4.sdk /Users/admin/builder/spi-builder-workspace/.derivedData/SDKStatCaches.noindex/appletvos18.4-22L251-271d326055c85f9856fa135c41255102.sdkstatcache
cd /Users/admin/builder/spi-builder-workspace/.swiftpm/xcode
/Applications/Xcode-16.3.0.app/Contents/Developer/Toolchains/XcodeDefault.xctoolchain/usr/bin/clang-stat-cache /Applications/Xcode-16.3.0.app/Contents/Developer/Platforms/AppleTVOS.platform/Developer/SDKs/AppleTVOS18.4.sdk -o /Users/admin/builder/spi-builder-workspace/.derivedData/SDKStatCaches.noindex/appletvos18.4-22L251-271d326055c85f9856fa135c41255102.sdkstatcache
ProcessInfoPlistFile /Users/admin/builder/spi-builder-workspace/.derivedData/Build/Products/Debug-appletvos/CompactSlider_CompactSlider.bundle/Info.plist /Users/admin/builder/spi-builder-workspace/.derivedData/Build/Intermediates.noindex/CompactSlider.build/Debug-appletvos/CompactSlider_CompactSlider.build/empty-CompactSlider_CompactSlider.plist (in target 'CompactSlider_CompactSlider' from project 'CompactSlider')
cd /Users/admin/builder/spi-builder-workspace
builtin-infoPlistUtility /Users/admin/builder/spi-builder-workspace/.derivedData/Build/Intermediates.noindex/CompactSlider.build/Debug-appletvos/CompactSlider_CompactSlider.build/empty-CompactSlider_CompactSlider.plist -producttype com.apple.product-type.bundle -expandbuildsettings -format binary -platform appletvos -o /Users/admin/builder/spi-builder-workspace/.derivedData/Build/Products/Debug-appletvos/CompactSlider_CompactSlider.bundle/Info.plist
SwiftDriver CompactSlider normal arm64 com.apple.xcode.tools.swift.compiler (in target 'CompactSlider' from project 'CompactSlider')
cd /Users/admin/builder/spi-builder-workspace/.swiftpm/xcode
builtin-SwiftDriver -- /Applications/Xcode-16.3.0.app/Contents/Developer/Toolchains/XcodeDefault.xctoolchain/usr/bin/swiftc -module-name CompactSlider -Onone -enforce-exclusivity\=checked @/Users/admin/builder/spi-builder-workspace/.derivedData/Build/Intermediates.noindex/CompactSlider.build/Debug-appletvos/CompactSlider.build/Objects-normal/arm64/CompactSlider.SwiftFileList -DSWIFT_PACKAGE -DDEBUG -DXcode -plugin-path /Applications/Xcode-16.3.0.app/Contents/Developer/Toolchains/XcodeDefault.xctoolchain/usr/lib/swift/host/plugins/testing -enable-experimental-feature DebugDescriptionMacro -sdk /Applications/Xcode-16.3.0.app/Contents/Developer/Platforms/AppleTVOS.platform/Developer/SDKs/AppleTVOS18.4.sdk -target arm64-apple-tvos15.0 -g -module-cache-path /Users/admin/builder/spi-builder-workspace/.derivedData/ModuleCache.noindex -Xfrontend -serialize-debugging-options -enable-testing -index-store-path /Users/admin/builder/spi-builder-workspace/.derivedData/Index.noindex/DataStore -swift-version 5 -I /Users/admin/builder/spi-builder-workspace/.derivedData/Build/Products/Debug-appletvos -I /Applications/Xcode-16.3.0.app/Contents/Developer/Platforms/AppleTVOS.platform/Developer/usr/lib -F /Users/admin/builder/spi-builder-workspace/.derivedData/Build/Products/Debug-appletvos -F /Applications/Xcode-16.3.0.app/Contents/Developer/Platforms/AppleTVOS.platform/Developer/Library/Frameworks -F /Applications/Xcode-16.3.0.app/Contents/Developer/Platforms/AppleTVOS.platform/Developer/SDKs/AppleTVOS18.4.sdk/Developer/Library/Frameworks -c -j10 -enable-batch-mode -incremental -Xcc -ivfsstatcache -Xcc /Users/admin/builder/spi-builder-workspace/.derivedData/SDKStatCaches.noindex/appletvos18.4-22L251-271d326055c85f9856fa135c41255102.sdkstatcache -output-file-map /Users/admin/builder/spi-builder-workspace/.derivedData/Build/Intermediates.noindex/CompactSlider.build/Debug-appletvos/CompactSlider.build/Objects-normal/arm64/CompactSlider-OutputFileMap.json -use-frontend-parseable-output -save-temps -no-color-diagnostics -serialize-diagnostics -emit-dependencies -emit-module -emit-module-path /Users/admin/builder/spi-builder-workspace/.derivedData/Build/Intermediates.noindex/CompactSlider.build/Debug-appletvos/CompactSlider.build/Objects-normal/arm64/CompactSlider.swiftmodule -validate-clang-modules-once -clang-build-session-file /Users/admin/builder/spi-builder-workspace/.derivedData/ModuleCache.noindex/Session.modulevalidation -package-name spi_builder_workspace -Xcc -I/Users/admin/builder/spi-builder-workspace/.derivedData/Build/Intermediates.noindex/CompactSlider.build/Debug-appletvos/CompactSlider.build/swift-overrides.hmap -emit-const-values -Xfrontend -const-gather-protocols-file -Xfrontend /Users/admin/builder/spi-builder-workspace/.derivedData/Build/Intermediates.noindex/CompactSlider.build/Debug-appletvos/CompactSlider.build/Objects-normal/arm64/CompactSlider_const_extract_protocols.json -Xcc -I/Users/admin/builder/spi-builder-workspace/.derivedData/Build/Products/Debug-appletvos/include -Xcc -I/Users/admin/builder/spi-builder-workspace/.derivedData/Build/Intermediates.noindex/CompactSlider.build/Debug-appletvos/CompactSlider.build/DerivedSources-normal/arm64 -Xcc -I/Users/admin/builder/spi-builder-workspace/.derivedData/Build/Intermediates.noindex/CompactSlider.build/Debug-appletvos/CompactSlider.build/DerivedSources/arm64 -Xcc -I/Users/admin/builder/spi-builder-workspace/.derivedData/Build/Intermediates.noindex/CompactSlider.build/Debug-appletvos/CompactSlider.build/DerivedSources -Xcc -DSWIFT_PACKAGE -Xcc -DDEBUG\=1 -emit-objc-header -emit-objc-header-path /Users/admin/builder/spi-builder-workspace/.derivedData/Build/Intermediates.noindex/CompactSlider.build/Debug-appletvos/CompactSlider.build/Objects-normal/arm64/CompactSlider-Swift.h -working-directory /Users/admin/builder/spi-builder-workspace/.swiftpm/xcode -experimental-emit-module-separately -disable-cmo
SwiftCompile normal arm64 Compiling\ DefaultBackgroundView.swift,\ EnvironmentBackgroundViewKey.swift,\ GridBackgroundView.swift,\ GridView.swift,\ CompactSliderVisibility.swift,\ GaugeStyle.swift,\ GaugeView.swift /Users/admin/builder/spi-builder-workspace/Sources/CompactSlider/Components/Background/DefaultBackgroundView.swift /Users/admin/builder/spi-builder-workspace/Sources/CompactSlider/Components/Background/EnvironmentBackgroundViewKey.swift /Users/admin/builder/spi-builder-workspace/Sources/CompactSlider/Components/Background/GridBackgroundView.swift /Users/admin/builder/spi-builder-workspace/Sources/CompactSlider/Components/Background/GridView.swift /Users/admin/builder/spi-builder-workspace/Sources/CompactSlider/Components/CompactSliderVisibility.swift /Users/admin/builder/spi-builder-workspace/Sources/CompactSlider/Components/Gauge/GaugeStyle.swift /Users/admin/builder/spi-builder-workspace/Sources/CompactSlider/Components/Gauge/GaugeView.swift (in target 'CompactSlider' from project 'CompactSlider')
SwiftCompile normal arm64 /Users/admin/builder/spi-builder-workspace/Sources/CompactSlider/Components/Background/DefaultBackgroundView.swift (in target 'CompactSlider' from project 'CompactSlider')
cd /Users/admin/builder/spi-builder-workspace/.swiftpm/xcode
SwiftCompile normal arm64 /Users/admin/builder/spi-builder-workspace/Sources/CompactSlider/Components/Background/EnvironmentBackgroundViewKey.swift (in target 'CompactSlider' from project 'CompactSlider')
cd /Users/admin/builder/spi-builder-workspace/.swiftpm/xcode
SwiftCompile normal arm64 /Users/admin/builder/spi-builder-workspace/Sources/CompactSlider/Components/Background/GridBackgroundView.swift (in target 'CompactSlider' from project 'CompactSlider')
cd /Users/admin/builder/spi-builder-workspace/.swiftpm/xcode
SwiftCompile normal arm64 /Users/admin/builder/spi-builder-workspace/Sources/CompactSlider/Components/Background/GridView.swift (in target 'CompactSlider' from project 'CompactSlider')
cd /Users/admin/builder/spi-builder-workspace/.swiftpm/xcode
SwiftCompile normal arm64 /Users/admin/builder/spi-builder-workspace/Sources/CompactSlider/Components/CompactSliderVisibility.swift (in target 'CompactSlider' from project 'CompactSlider')
cd /Users/admin/builder/spi-builder-workspace/.swiftpm/xcode
SwiftCompile normal arm64 /Users/admin/builder/spi-builder-workspace/Sources/CompactSlider/Components/Gauge/GaugeStyle.swift (in target 'CompactSlider' from project 'CompactSlider')
cd /Users/admin/builder/spi-builder-workspace/.swiftpm/xcode
SwiftCompile normal arm64 /Users/admin/builder/spi-builder-workspace/Sources/CompactSlider/Components/Gauge/GaugeView.swift (in target 'CompactSlider' from project 'CompactSlider')
cd /Users/admin/builder/spi-builder-workspace/.swiftpm/xcode
SwiftCompile normal arm64 Compiling\ resource_bundle_accessor.swift,\ CompactSlider+Dragging.swift,\ CompactSlider+OnChange.swift,\ CompactSlider+ScrollWheel.swift,\ CompactSlider.swift,\ CompactSliderAnimations.swift,\ CompactSliderOnChangeAction.swift /Users/admin/builder/spi-builder-workspace/.derivedData/Build/Intermediates.noindex/CompactSlider.build/Debug-appletvos/CompactSlider.build/DerivedSources/resource_bundle_accessor.swift /Users/admin/builder/spi-builder-workspace/Sources/CompactSlider/CompactSlider+Dragging.swift /Users/admin/builder/spi-builder-workspace/Sources/CompactSlider/CompactSlider+OnChange.swift /Users/admin/builder/spi-builder-workspace/Sources/CompactSlider/CompactSlider+ScrollWheel.swift /Users/admin/builder/spi-builder-workspace/Sources/CompactSlider/CompactSlider.swift /Users/admin/builder/spi-builder-workspace/Sources/CompactSlider/CompactSliderAnimations.swift /Users/admin/builder/spi-builder-workspace/Sources/CompactSlider/CompactSliderOnChangeAction.swift (in target 'CompactSlider' from project 'CompactSlider')
SwiftCompile normal arm64 /Users/admin/builder/spi-builder-workspace/.derivedData/Build/Intermediates.noindex/CompactSlider.build/Debug-appletvos/CompactSlider.build/DerivedSources/resource_bundle_accessor.swift (in target 'CompactSlider' from project 'CompactSlider')
cd /Users/admin/builder/spi-builder-workspace/.swiftpm/xcode
SwiftCompile normal arm64 /Users/admin/builder/spi-builder-workspace/Sources/CompactSlider/CompactSlider+Dragging.swift (in target 'CompactSlider' from project 'CompactSlider')
cd /Users/admin/builder/spi-builder-workspace/.swiftpm/xcode
SwiftCompile normal arm64 /Users/admin/builder/spi-builder-workspace/Sources/CompactSlider/CompactSlider+OnChange.swift (in target 'CompactSlider' from project 'CompactSlider')
cd /Users/admin/builder/spi-builder-workspace/.swiftpm/xcode
SwiftCompile normal arm64 /Users/admin/builder/spi-builder-workspace/Sources/CompactSlider/CompactSlider+ScrollWheel.swift (in target 'CompactSlider' from project 'CompactSlider')
cd /Users/admin/builder/spi-builder-workspace/.swiftpm/xcode
SwiftCompile normal arm64 /Users/admin/builder/spi-builder-workspace/Sources/CompactSlider/CompactSlider.swift (in target 'CompactSlider' from project 'CompactSlider')
cd /Users/admin/builder/spi-builder-workspace/.swiftpm/xcode
SwiftCompile normal arm64 /Users/admin/builder/spi-builder-workspace/Sources/CompactSlider/CompactSliderAnimations.swift (in target 'CompactSlider' from project 'CompactSlider')
cd /Users/admin/builder/spi-builder-workspace/.swiftpm/xcode
SwiftCompile normal arm64 /Users/admin/builder/spi-builder-workspace/Sources/CompactSlider/CompactSliderOnChangeAction.swift (in target 'CompactSlider' from project 'CompactSlider')
cd /Users/admin/builder/spi-builder-workspace/.swiftpm/xcode
SwiftCompile normal arm64 Compiling\ Grid.swift,\ EnvironmentHandleStyleKey.swift,\ EnvironmentHandleViewKey.swift,\ HandleStyle.swift,\ HandleView.swift,\ HandleViewContainerView.swift,\ EnvironmentProgressViewKey.swift /Users/admin/builder/spi-builder-workspace/Sources/CompactSlider/Components/Grid/Grid.swift /Users/admin/builder/spi-builder-workspace/Sources/CompactSlider/Components/Handle/EnvironmentHandleStyleKey.swift /Users/admin/builder/spi-builder-workspace/Sources/CompactSlider/Components/Handle/EnvironmentHandleViewKey.swift /Users/admin/builder/spi-builder-workspace/Sources/CompactSlider/Components/Handle/HandleStyle.swift /Users/admin/builder/spi-builder-workspace/Sources/CompactSlider/Components/Handle/HandleView.swift /Users/admin/builder/spi-builder-workspace/Sources/CompactSlider/Components/Handle/HandleViewContainerView.swift /Users/admin/builder/spi-builder-workspace/Sources/CompactSlider/Components/Progress/EnvironmentProgressViewKey.swift (in target 'CompactSlider' from project 'CompactSlider')
SwiftCompile normal arm64 /Users/admin/builder/spi-builder-workspace/Sources/CompactSlider/Components/Grid/Grid.swift (in target 'CompactSlider' from project 'CompactSlider')
cd /Users/admin/builder/spi-builder-workspace/.swiftpm/xcode
SwiftCompile normal arm64 /Users/admin/builder/spi-builder-workspace/Sources/CompactSlider/Components/Handle/EnvironmentHandleStyleKey.swift (in target 'CompactSlider' from project 'CompactSlider')
cd /Users/admin/builder/spi-builder-workspace/.swiftpm/xcode
SwiftCompile normal arm64 /Users/admin/builder/spi-builder-workspace/Sources/CompactSlider/Components/Handle/EnvironmentHandleViewKey.swift (in target 'CompactSlider' from project 'CompactSlider')
cd /Users/admin/builder/spi-builder-workspace/.swiftpm/xcode
SwiftCompile normal arm64 /Users/admin/builder/spi-builder-workspace/Sources/CompactSlider/Components/Handle/HandleStyle.swift (in target 'CompactSlider' from project 'CompactSlider')
cd /Users/admin/builder/spi-builder-workspace/.swiftpm/xcode
SwiftCompile normal arm64 /Users/admin/builder/spi-builder-workspace/Sources/CompactSlider/Components/Handle/HandleView.swift (in target 'CompactSlider' from project 'CompactSlider')
cd /Users/admin/builder/spi-builder-workspace/.swiftpm/xcode
SwiftCompile normal arm64 /Users/admin/builder/spi-builder-workspace/Sources/CompactSlider/Components/Handle/HandleViewContainerView.swift (in target 'CompactSlider' from project 'CompactSlider')
cd /Users/admin/builder/spi-builder-workspace/.swiftpm/xcode
SwiftCompile normal arm64 /Users/admin/builder/spi-builder-workspace/Sources/CompactSlider/Components/Progress/EnvironmentProgressViewKey.swift (in target 'CompactSlider' from project 'CompactSlider')
cd /Users/admin/builder/spi-builder-workspace/.swiftpm/xcode
SwiftCompile normal arm64 Compiling\ CompactSliderOption.swift,\ CompactSliderPoint.swift,\ CompactSliderPolarPoint.swift,\ CompactSliderStep.swift,\ CompactSliderStyleConfiguration.swift,\ CompactSliderType.swift,\ BackgroundContainerView.swift /Users/admin/builder/spi-builder-workspace/Sources/CompactSlider/CompactSliderOption.swift /Users/admin/builder/spi-builder-workspace/Sources/CompactSlider/CompactSliderPoint.swift /Users/admin/builder/spi-builder-workspace/Sources/CompactSlider/CompactSliderPolarPoint.swift /Users/admin/builder/spi-builder-workspace/Sources/CompactSlider/CompactSliderStep.swift /Users/admin/builder/spi-builder-workspace/Sources/CompactSlider/CompactSliderStyleConfiguration.swift /Users/admin/builder/spi-builder-workspace/Sources/CompactSlider/CompactSliderType.swift /Users/admin/builder/spi-builder-workspace/Sources/CompactSlider/Components/Background/BackgroundContainerView.swift (in target 'CompactSlider' from project 'CompactSlider')
SwiftCompile normal arm64 /Users/admin/builder/spi-builder-workspace/Sources/CompactSlider/CompactSliderOption.swift (in target 'CompactSlider' from project 'CompactSlider')
cd /Users/admin/builder/spi-builder-workspace/.swiftpm/xcode
SwiftCompile normal arm64 /Users/admin/builder/spi-builder-workspace/Sources/CompactSlider/CompactSliderPoint.swift (in target 'CompactSlider' from project 'CompactSlider')
cd /Users/admin/builder/spi-builder-workspace/.swiftpm/xcode
SwiftCompile normal arm64 /Users/admin/builder/spi-builder-workspace/Sources/CompactSlider/CompactSliderPolarPoint.swift (in target 'CompactSlider' from project 'CompactSlider')
cd /Users/admin/builder/spi-builder-workspace/.swiftpm/xcode
SwiftCompile normal arm64 /Users/admin/builder/spi-builder-workspace/Sources/CompactSlider/CompactSliderStep.swift (in target 'CompactSlider' from project 'CompactSlider')
cd /Users/admin/builder/spi-builder-workspace/.swiftpm/xcode
SwiftCompile normal arm64 /Users/admin/builder/spi-builder-workspace/Sources/CompactSlider/CompactSliderStyleConfiguration.swift (in target 'CompactSlider' from project 'CompactSlider')
cd /Users/admin/builder/spi-builder-workspace/.swiftpm/xcode
SwiftCompile normal arm64 /Users/admin/builder/spi-builder-workspace/Sources/CompactSlider/CompactSliderType.swift (in target 'CompactSlider' from project 'CompactSlider')
cd /Users/admin/builder/spi-builder-workspace/.swiftpm/xcode
SwiftCompile normal arm64 /Users/admin/builder/spi-builder-workspace/Sources/CompactSlider/Components/Background/BackgroundContainerView.swift (in target 'CompactSlider' from project 'CompactSlider')
cd /Users/admin/builder/spi-builder-workspace/.swiftpm/xcode
SwiftCompile normal arm64 Compiling\ CompactSliderStyle.swift,\ DefaultCompactSliderStyle+Init.swift,\ DefaultCompactSliderStyle.swift,\ HandleViewWrapper.swift,\ ProgressViewWrapper.swift,\ ScaleViewWrapper.swift,\ Convertor.swift /Users/admin/builder/spi-builder-workspace/Sources/CompactSlider/Styles/CompactSliderStyle.swift /Users/admin/builder/spi-builder-workspace/Sources/CompactSlider/Styles/DefaultCompactSliderStyle+Init.swift /Users/admin/builder/spi-builder-workspace/Sources/CompactSlider/Styles/DefaultCompactSliderStyle.swift /Users/admin/builder/spi-builder-workspace/Sources/CompactSlider/Styles/HandleViewWrapper.swift /Users/admin/builder/spi-builder-workspace/Sources/CompactSlider/Styles/ProgressViewWrapper.swift /Users/admin/builder/spi-builder-workspace/Sources/CompactSlider/Styles/ScaleViewWrapper.swift /Users/admin/builder/spi-builder-workspace/Sources/CompactSlider/Treats/Convertor.swift (in target 'CompactSlider' from project 'CompactSlider')
SwiftCompile normal arm64 /Users/admin/builder/spi-builder-workspace/Sources/CompactSlider/Styles/CompactSliderStyle.swift (in target 'CompactSlider' from project 'CompactSlider')
cd /Users/admin/builder/spi-builder-workspace/.swiftpm/xcode
SwiftCompile normal arm64 /Users/admin/builder/spi-builder-workspace/Sources/CompactSlider/Styles/DefaultCompactSliderStyle+Init.swift (in target 'CompactSlider' from project 'CompactSlider')
cd /Users/admin/builder/spi-builder-workspace/.swiftpm/xcode
SwiftCompile normal arm64 /Users/admin/builder/spi-builder-workspace/Sources/CompactSlider/Styles/DefaultCompactSliderStyle.swift (in target 'CompactSlider' from project 'CompactSlider')
cd /Users/admin/builder/spi-builder-workspace/.swiftpm/xcode
SwiftCompile normal arm64 /Users/admin/builder/spi-builder-workspace/Sources/CompactSlider/Styles/HandleViewWrapper.swift (in target 'CompactSlider' from project 'CompactSlider')
cd /Users/admin/builder/spi-builder-workspace/.swiftpm/xcode
SwiftCompile normal arm64 /Users/admin/builder/spi-builder-workspace/Sources/CompactSlider/Styles/ProgressViewWrapper.swift (in target 'CompactSlider' from project 'CompactSlider')
cd /Users/admin/builder/spi-builder-workspace/.swiftpm/xcode
SwiftCompile normal arm64 /Users/admin/builder/spi-builder-workspace/Sources/CompactSlider/Styles/ScaleViewWrapper.swift (in target 'CompactSlider' from project 'CompactSlider')
cd /Users/admin/builder/spi-builder-workspace/.swiftpm/xcode
SwiftCompile normal arm64 /Users/admin/builder/spi-builder-workspace/Sources/CompactSlider/Treats/Convertor.swift (in target 'CompactSlider' from project 'CompactSlider')
cd /Users/admin/builder/spi-builder-workspace/.swiftpm/xcode
SwiftCompile normal arm64 Compiling\ ScaleView.swift,\ ScaleZStackView.swift,\ CircularScaleShape.swift,\ LinearScaleShape.swift,\ ScaleLabels.swift,\ BackgroundViewWrapper.swift,\ ClipShapeStyle.swift /Users/admin/builder/spi-builder-workspace/Sources/CompactSlider/Components/Scale/ScaleView.swift /Users/admin/builder/spi-builder-workspace/Sources/CompactSlider/Components/Scale/ScaleZStackView.swift /Users/admin/builder/spi-builder-workspace/Sources/CompactSlider/Components/Scale/Scales/CircularScaleShape.swift /Users/admin/builder/spi-builder-workspace/Sources/CompactSlider/Components/Scale/Scales/LinearScaleShape.swift /Users/admin/builder/spi-builder-workspace/Sources/CompactSlider/Components/Scale/Scales/ScaleLabels.swift /Users/admin/builder/spi-builder-workspace/Sources/CompactSlider/Styles/BackgroundViewWrapper.swift /Users/admin/builder/spi-builder-workspace/Sources/CompactSlider/Styles/ClipShapeStyle.swift (in target 'CompactSlider' from project 'CompactSlider')
SwiftCompile normal arm64 /Users/admin/builder/spi-builder-workspace/Sources/CompactSlider/Components/Scale/ScaleView.swift (in target 'CompactSlider' from project 'CompactSlider')
cd /Users/admin/builder/spi-builder-workspace/.swiftpm/xcode
SwiftCompile normal arm64 /Users/admin/builder/spi-builder-workspace/Sources/CompactSlider/Components/Scale/ScaleZStackView.swift (in target 'CompactSlider' from project 'CompactSlider')
cd /Users/admin/builder/spi-builder-workspace/.swiftpm/xcode
SwiftCompile normal arm64 /Users/admin/builder/spi-builder-workspace/Sources/CompactSlider/Components/Scale/Scales/CircularScaleShape.swift (in target 'CompactSlider' from project 'CompactSlider')
cd /Users/admin/builder/spi-builder-workspace/.swiftpm/xcode
SwiftCompile normal arm64 /Users/admin/builder/spi-builder-workspace/Sources/CompactSlider/Components/Scale/Scales/LinearScaleShape.swift (in target 'CompactSlider' from project 'CompactSlider')
cd /Users/admin/builder/spi-builder-workspace/.swiftpm/xcode
SwiftCompile normal arm64 /Users/admin/builder/spi-builder-workspace/Sources/CompactSlider/Components/Scale/Scales/ScaleLabels.swift (in target 'CompactSlider' from project 'CompactSlider')
cd /Users/admin/builder/spi-builder-workspace/.swiftpm/xcode
SwiftCompile normal arm64 /Users/admin/builder/spi-builder-workspace/Sources/CompactSlider/Styles/BackgroundViewWrapper.swift (in target 'CompactSlider' from project 'CompactSlider')
cd /Users/admin/builder/spi-builder-workspace/.swiftpm/xcode
SwiftCompile normal arm64 /Users/admin/builder/spi-builder-workspace/Sources/CompactSlider/Styles/ClipShapeStyle.swift (in target 'CompactSlider' from project 'CompactSlider')
cd /Users/admin/builder/spi-builder-workspace/.swiftpm/xcode
SwiftCompile normal arm64 Compiling\ Progress.swift,\ ProgressContainerView.swift,\ ProgressView.swift,\ DefaultScaleView.swift,\ EnvironmentScaleViewKey.swift,\ ScaleContainerView.swift,\ ScaleShapeStyle.swift /Users/admin/builder/spi-builder-workspace/Sources/CompactSlider/Components/Progress/Progress.swift /Users/admin/builder/spi-builder-workspace/Sources/CompactSlider/Components/Progress/ProgressContainerView.swift /Users/admin/builder/spi-builder-workspace/Sources/CompactSlider/Components/Progress/ProgressView.swift /Users/admin/builder/spi-builder-workspace/Sources/CompactSlider/Components/Scale/DefaultScaleView.swift /Users/admin/builder/spi-builder-workspace/Sources/CompactSlider/Components/Scale/EnvironmentScaleViewKey.swift /Users/admin/builder/spi-builder-workspace/Sources/CompactSlider/Components/Scale/ScaleContainerView.swift /Users/admin/builder/spi-builder-workspace/Sources/CompactSlider/Components/Scale/ScaleShapeStyle.swift (in target 'CompactSlider' from project 'CompactSlider')
SwiftCompile normal arm64 /Users/admin/builder/spi-builder-workspace/Sources/CompactSlider/Components/Progress/Progress.swift (in target 'CompactSlider' from project 'CompactSlider')
cd /Users/admin/builder/spi-builder-workspace/.swiftpm/xcode
SwiftCompile normal arm64 /Users/admin/builder/spi-builder-workspace/Sources/CompactSlider/Components/Progress/ProgressContainerView.swift (in target 'CompactSlider' from project 'CompactSlider')
cd /Users/admin/builder/spi-builder-workspace/.swiftpm/xcode
SwiftCompile normal arm64 /Users/admin/builder/spi-builder-workspace/Sources/CompactSlider/Components/Progress/ProgressView.swift (in target 'CompactSlider' from project 'CompactSlider')
cd /Users/admin/builder/spi-builder-workspace/.swiftpm/xcode
SwiftCompile normal arm64 /Users/admin/builder/spi-builder-workspace/Sources/CompactSlider/Components/Scale/DefaultScaleView.swift (in target 'CompactSlider' from project 'CompactSlider')
cd /Users/admin/builder/spi-builder-workspace/.swiftpm/xcode
SwiftCompile normal arm64 /Users/admin/builder/spi-builder-workspace/Sources/CompactSlider/Components/Scale/EnvironmentScaleViewKey.swift (in target 'CompactSlider' from project 'CompactSlider')
cd /Users/admin/builder/spi-builder-workspace/.swiftpm/xcode
SwiftCompile normal arm64 /Users/admin/builder/spi-builder-workspace/Sources/CompactSlider/Components/Scale/ScaleContainerView.swift (in target 'CompactSlider' from project 'CompactSlider')
cd /Users/admin/builder/spi-builder-workspace/.swiftpm/xcode
SwiftCompile normal arm64 /Users/admin/builder/spi-builder-workspace/Sources/CompactSlider/Components/Scale/ScaleShapeStyle.swift (in target 'CompactSlider' from project 'CompactSlider')
cd /Users/admin/builder/spi-builder-workspace/.swiftpm/xcode
SwiftCompile normal arm64 Compiling\ SystemSlider.swift,\ SystemSliderBackgroundView.swift,\ SystemSliderHandleView.swift,\ SystemSliderProgressView.swift,\ SystemSliderType.swift,\ ClosedRange.swift,\ CoreGraphics.swift /Users/admin/builder/spi-builder-workspace/Sources/CompactSlider/Treats/SystemSlider/SystemSlider.swift /Users/admin/builder/spi-builder-workspace/Sources/CompactSlider/Treats/SystemSlider/SystemSliderBackgroundView.swift /Users/admin/builder/spi-builder-workspace/Sources/CompactSlider/Treats/SystemSlider/SystemSliderHandleView.swift /Users/admin/builder/spi-builder-workspace/Sources/CompactSlider/Treats/SystemSlider/SystemSliderProgressView.swift /Users/admin/builder/spi-builder-workspace/Sources/CompactSlider/Treats/SystemSlider/SystemSliderType.swift /Users/admin/builder/spi-builder-workspace/Sources/CompactSlider/Utils/ClosedRange.swift /Users/admin/builder/spi-builder-workspace/Sources/CompactSlider/Utils/CoreGraphics.swift (in target 'CompactSlider' from project 'CompactSlider')
Failed frontend command:
/Applications/Xcode-16.3.0.app/Contents/Developer/Toolchains/XcodeDefault.xctoolchain/usr/bin/swift-frontend -frontend -c /Users/admin/builder/spi-builder-workspace/.derivedData/Build/Intermediates.noindex/CompactSlider.build/Debug-appletvos/CompactSlider.build/DerivedSources/resource_bundle_accessor.swift /Users/admin/builder/spi-builder-workspace/Sources/CompactSlider/CompactSlider+Dragging.swift /Users/admin/builder/spi-builder-workspace/Sources/CompactSlider/CompactSlider+OnChange.swift /Users/admin/builder/spi-builder-workspace/Sources/CompactSlider/CompactSlider+ScrollWheel.swift /Users/admin/builder/spi-builder-workspace/Sources/CompactSlider/CompactSlider.swift /Users/admin/builder/spi-builder-workspace/Sources/CompactSlider/CompactSliderAnimations.swift /Users/admin/builder/spi-builder-workspace/Sources/CompactSlider/CompactSliderOnChangeAction.swift /Users/admin/builder/spi-builder-workspace/Sources/CompactSlider/CompactSliderOption.swift /Users/admin/builder/spi-builder-workspace/Sources/CompactSlider/CompactSliderPoint.swift /Users/admin/builder/spi-builder-workspace/Sources/CompactSlider/CompactSliderPolarPoint.swift /Users/admin/builder/spi-builder-workspace/Sources/CompactSlider/CompactSliderStep.swift /Users/admin/builder/spi-builder-workspace/Sources/CompactSlider/CompactSliderStyleConfiguration.swift /Users/admin/builder/spi-builder-workspace/Sources/CompactSlider/CompactSliderType.swift /Users/admin/builder/spi-builder-workspace/Sources/CompactSlider/Components/Background/BackgroundContainerView.swift /Users/admin/builder/spi-builder-workspace/Sources/CompactSlider/Components/Background/DefaultBackgroundView.swift /Users/admin/builder/spi-builder-workspace/Sources/CompactSlider/Components/Background/EnvironmentBackgroundViewKey.swift /Users/admin/builder/spi-builder-workspace/Sources/CompactSlider/Components/Background/GridBackgroundView.swift /Users/admin/builder/spi-builder-workspace/Sources/CompactSlider/Components/Background/GridView.swift /Users/admin/builder/spi-builder-workspace/Sources/CompactSlider/Components/CompactSliderVisibility.swift /Users/admin/builder/spi-builder-workspace/Sources/CompactSlider/Components/Gauge/GaugeStyle.swift /Users/admin/builder/spi-builder-workspace/Sources/CompactSlider/Components/Gauge/GaugeView.swift /Users/admin/builder/spi-builder-workspace/Sources/CompactSlider/Components/Grid/Grid.swift /Users/admin/builder/spi-builder-workspace/Sources/CompactSlider/Components/Handle/EnvironmentHandleStyleKey.swift /Users/admin/builder/spi-builder-workspace/Sources/CompactSlider/Components/Handle/EnvironmentHandleViewKey.swift /Users/admin/builder/spi-builder-workspace/Sources/CompactSlider/Components/Handle/HandleStyle.swift /Users/admin/builder/spi-builder-workspace/Sources/CompactSlider/Components/Handle/HandleView.swift /Users/admin/builder/spi-builder-workspace/Sources/CompactSlider/Components/Handle/HandleViewContainerView.swift /Users/admin/builder/spi-builder-workspace/Sources/CompactSlider/Components/Progress/EnvironmentProgressViewKey.swift /Users/admin/builder/spi-builder-workspace/Sources/CompactSlider/Components/Progress/Progress.swift /Users/admin/builder/spi-builder-workspace/Sources/CompactSlider/Components/Progress/ProgressContainerView.swift /Users/admin/builder/spi-builder-workspace/Sources/CompactSlider/Components/Progress/ProgressView.swift /Users/admin/builder/spi-builder-workspace/Sources/CompactSlider/Components/Scale/DefaultScaleView.swift /Users/admin/builder/spi-builder-workspace/Sources/CompactSlider/Components/Scale/EnvironmentScaleViewKey.swift /Users/admin/builder/spi-builder-workspace/Sources/CompactSlider/Components/Scale/ScaleContainerView.swift /Users/admin/builder/spi-builder-workspace/Sources/CompactSlider/Components/Scale/ScaleShapeStyle.swift /Users/admin/builder/spi-builder-workspace/Sources/CompactSlider/Components/Scale/ScaleView.swift /Users/admin/builder/spi-builder-workspace/Sources/CompactSlider/Components/Scale/ScaleZStackView.swift /Users/admin/builder/spi-builder-workspace/Sources/CompactSlider/Components/Scale/Scales/CircularScaleShape.swift /Users/admin/builder/spi-builder-workspace/Sources/CompactSlider/Components/Scale/Scales/LinearScaleShape.swift /Users/admin/builder/spi-builder-workspace/Sources/CompactSlider/Components/Scale/Scales/ScaleLabels.swift /Users/admin/builder/spi-builder-workspace/Sources/CompactSlider/Styles/BackgroundViewWrapper.swift /Users/admin/builder/spi-builder-workspace/Sources/CompactSlider/Styles/ClipShapeStyle.swift /Users/admin/builder/spi-builder-workspace/Sources/CompactSlider/Styles/CompactSliderStyle.swift /Users/admin/builder/spi-builder-workspace/Sources/CompactSlider/Styles/DefaultCompactSliderStyle+Init.swift /Users/admin/builder/spi-builder-workspace/Sources/CompactSlider/Styles/DefaultCompactSliderStyle.swift /Users/admin/builder/spi-builder-workspace/Sources/CompactSlider/Styles/HandleViewWrapper.swift /Users/admin/builder/spi-builder-workspace/Sources/CompactSlider/Styles/ProgressViewWrapper.swift /Users/admin/builder/spi-builder-workspace/Sources/CompactSlider/Styles/ScaleViewWrapper.swift /Users/admin/builder/spi-builder-workspace/Sources/CompactSlider/Treats/Convertor.swift /Users/admin/builder/spi-builder-workspace/Sources/CompactSlider/Treats/EdgeInsets.swift /Users/admin/builder/spi-builder-workspace/Sources/CompactSlider/Treats/GradientMask.swift /Users/admin/builder/spi-builder-workspace/Sources/CompactSlider/Treats/OptionalCGSize.swift /Users/admin/builder/spi-builder-workspace/Sources/CompactSlider/Treats/ReversedMask.swift /Users/admin/builder/spi-builder-workspace/Sources/CompactSlider/Treats/SystemSlider/EnvironmentSystemSliderStyleKey.swift /Users/admin/builder/spi-builder-workspace/Sources/CompactSlider/Treats/SystemSlider/HandleStyle+SystemSlider.swift /Users/admin/builder/spi-builder-workspace/Sources/CompactSlider/Treats/SystemSlider/SystemSlider+ViewFrame.swift -primary-file /Users/admin/builder/spi-builder-workspace/Sources/CompactSlider/Treats/SystemSlider/SystemSlider.swift -primary-file /Users/admin/builder/spi-builder-workspace/Sources/CompactSlider/Treats/SystemSlider/SystemSliderBackgroundView.swift -primary-file /Users/admin/builder/spi-builder-workspace/Sources/CompactSlider/Treats/SystemSlider/SystemSliderHandleView.swift -primary-file /Users/admin/builder/spi-builder-workspace/Sources/CompactSlider/Treats/SystemSlider/SystemSliderProgressView.swift -primary-file /Users/admin/builder/spi-builder-workspace/Sources/CompactSlider/Treats/SystemSlider/SystemSliderType.swift -primary-file /Users/admin/builder/spi-builder-workspace/Sources/CompactSlider/Utils/ClosedRange.swift -primary-file /Users/admin/builder/spi-builder-workspace/Sources/CompactSlider/Utils/CoreGraphics.swift /Users/admin/builder/spi-builder-workspace/Sources/CompactSlider/Utils/Defaults.swift /Users/admin/builder/spi-builder-workspace/Sources/CompactSlider/Utils/Functions.swift /Users/admin/builder/spi-builder-workspace/Sources/CompactSlider/Utils/HapticFeedback.swift /Users/admin/builder/spi-builder-workspace/Sources/CompactSlider/Utils/ScreenScaleFactor.swift /Users/admin/builder/spi-builder-workspace/Sources/CompactSlider/Utils/ScrollWheelModifier.swift /Users/admin/builder/spi-builder-workspace/Sources/CompactSlider/Utils/View.swift /Users/admin/builder/spi-builder-workspace/Sources/CompactSlider/Utils/WatchOSFillMaterial.swift -supplementary-output-file-map /Users/admin/builder/spi-builder-workspace/.derivedData/Build/Intermediates.noindex/CompactSlider.build/Debug-appletvos/CompactSlider.build/Objects-normal/arm64/supplementaryOutputs-9 -target arm64-apple-tvos15.0 -Xllvm -aarch64-use-tbi -enable-objc-interop -stack-check -sdk /Applications/Xcode-16.3.0.app/Contents/Developer/Platforms/AppleTVOS.platform/Developer/SDKs/AppleTVOS18.4.sdk -I /Users/admin/builder/spi-builder-workspace/.derivedData/Build/Products/Debug-appletvos -I /Applications/Xcode-16.3.0.app/Contents/Developer/Platforms/AppleTVOS.platform/Developer/usr/lib -F /Users/admin/builder/spi-builder-workspace/.derivedData/Build/Products/Debug-appletvos -F /Applications/Xcode-16.3.0.app/Contents/Developer/Platforms/AppleTVOS.platform/Developer/Library/Frameworks -F /Applications/Xcode-16.3.0.app/Contents/Developer/Platforms/AppleTVOS.platform/Developer/SDKs/AppleTVOS18.4.sdk/Developer/Library/Frameworks -no-color-diagnostics -enable-testing -g -debug-info-format\=dwarf -dwarf-version\=4 -module-cache-path /Users/admin/builder/spi-builder-workspace/.derivedData/ModuleCache.noindex -swift-version 5 -enforce-exclusivity\=checked -Onone -D SWIFT_PACKAGE -D DEBUG -D Xcode -serialize-debugging-options -const-gather-protocols-file /Users/admin/builder/spi-builder-workspace/.derivedData/Build/Intermediates.noindex/CompactSlider.build/Debug-appletvos/CompactSlider.build/Objects-normal/arm64/CompactSlider_const_extract_protocols.json -enable-experimental-feature DebugDescriptionMacro -empty-abi-descriptor -plugin-path /Applications/Xcode-16.3.0.app/Contents/Developer/Toolchains/XcodeDefault.xctoolchain/usr/lib/swift/host/plugins/testing -validate-clang-modules-once -clang-build-session-file /Users/admin/builder/spi-builder-workspace/.derivedData/ModuleCache.noindex/Session.modulevalidation -Xcc -working-directory -Xcc /Users/admin/builder/spi-builder-workspace/.swiftpm/xcode -resource-dir /Applications/Xcode-16.3.0.app/Contents/Developer/Toolchains/XcodeDefault.xctoolchain/usr/lib/swift -enable-anonymous-context-mangled-names -file-compilation-dir /Users/admin/builder/spi-builder-workspace/.swiftpm/xcode -Xcc -ivfsstatcache -Xcc /Users/admin/builder/spi-builder-workspace/.derivedData/SDKStatCaches.noindex/appletvos18.4-22L251-271d326055c85f9856fa135c41255102.sdkstatcache -Xcc -I/Users/admin/builder/spi-builder-workspace/.derivedData/Build/Intermediates.noindex/CompactSlider.build/Debug-appletvos/CompactSlider.build/swift-overrides.hmap -Xcc -I/Users/admin/builder/spi-builder-workspace/.derivedData/Build/Products/Debug-appletvos/include -Xcc -I/Users/admin/builder/spi-builder-workspace/.derivedData/Build/Intermediates.noindex/CompactSlider.build/Debug-appletvos/CompactSlider.build/DerivedSources-normal/arm64 -Xcc -I/Users/admin/builder/spi-builder-workspace/.derivedData/Build/Intermediates.noindex/CompactSlider.build/Debug-appletvos/CompactSlider.build/DerivedSources/arm64 -Xcc -I/Users/admin/builder/spi-builder-workspace/.derivedData/Build/Intermediates.noindex/CompactSlider.build/Debug-appletvos/CompactSlider.build/DerivedSources -Xcc -DSWIFT_PACKAGE -Xcc -DDEBUG\=1 -module-name CompactSlider -package-name spi_builder_workspace -frontend-parseable-output -disable-clang-spi -target-sdk-version 18.4 -target-sdk-name appletvos18.4 -external-plugin-path /Applications/Xcode-16.3.0.app/Contents/Developer/Platforms/AppleTVOS.platform/Developer/usr/lib/swift/host/plugins\#/Applications/Xcode-16.3.0.app/Contents/Developer/Platforms/AppleTVOS.platform/Developer/usr/bin/swift-plugin-server -external-plugin-path /Applications/Xcode-16.3.0.app/Contents/Developer/Platforms/AppleTVOS.platform/Developer/usr/local/lib/swift/host/plugins\#/Applications/Xcode-16.3.0.app/Contents/Developer/Platforms/AppleTVOS.platform/Developer/usr/bin/swift-plugin-server -in-process-plugin-server-path /Applications/Xcode-16.3.0.app/Contents/Developer/Toolchains/XcodeDefault.xctoolchain/usr/lib/swift/host/libSwiftInProcPluginServer.dylib -plugin-path /Applications/Xcode-16.3.0.app/Contents/Developer/Toolchains/XcodeDefault.xctoolchain/usr/lib/swift/host/plugins -plugin-path /Applications/Xcode-16.3.0.app/Contents/Developer/Toolchains/XcodeDefault.xctoolchain/usr/local/lib/swift/host/plugins -o /Users/admin/builder/spi-builder-workspace/.derivedData/Build/Intermediates.noindex/CompactSlider.build/Debug-appletvos/CompactSlider.build/Objects-normal/arm64/SystemSlider.o -o /Users/admin/builder/spi-builder-workspace/.derivedData/Build/Intermediates.noindex/CompactSlider.build/Debug-appletvos/CompactSlider.build/Objects-normal/arm64/SystemSliderBackgroundView.o -o /Users/admin/builder/spi-builder-workspace/.derivedData/Build/Intermediates.noindex/CompactSlider.build/Debug-appletvos/CompactSlider.build/Objects-normal/arm64/SystemSliderHandleView.o -o /Users/admin/builder/spi-builder-workspace/.derivedData/Build/Intermediates.noindex/CompactSlider.build/Debug-appletvos/CompactSlider.build/Objects-normal/arm64/SystemSliderProgressView.o -o /Users/admin/builder/spi-builder-workspace/.derivedData/Build/Intermediates.noindex/CompactSlider.build/Debug-appletvos/CompactSlider.build/Objects-normal/arm64/SystemSliderType.o -o /Users/admin/builder/spi-builder-workspace/.derivedData/Build/Intermediates.noindex/CompactSlider.build/Debug-appletvos/CompactSlider.build/Objects-normal/arm64/ClosedRange.o -o /Users/admin/builder/spi-builder-workspace/.derivedData/Build/Intermediates.noindex/CompactSlider.build/Debug-appletvos/CompactSlider.build/Objects-normal/arm64/CoreGraphics.o -index-unit-output-path /CompactSlider.build/Debug-appletvos/CompactSlider.build/Objects-normal/arm64/SystemSlider.o -index-unit-output-path /CompactSlider.build/Debug-appletvos/CompactSlider.build/Objects-normal/arm64/SystemSliderBackgroundView.o -index-unit-output-path /CompactSlider.build/Debug-appletvos/CompactSlider.build/Objects-normal/arm64/SystemSliderHandleView.o -index-unit-output-path /CompactSlider.build/Debug-appletvos/CompactSlider.build/Objects-normal/arm64/SystemSliderProgressView.o -index-unit-output-path /CompactSlider.build/Debug-appletvos/CompactSlider.build/Objects-normal/arm64/SystemSliderType.o -index-unit-output-path /CompactSlider.build/Debug-appletvos/CompactSlider.build/Objects-normal/arm64/ClosedRange.o -index-unit-output-path /CompactSlider.build/Debug-appletvos/CompactSlider.build/Objects-normal/arm64/CoreGraphics.o -index-store-path /Users/admin/builder/spi-builder-workspace/.derivedData/Index.noindex/DataStore -index-system-modules
SwiftCompile normal arm64 /Users/admin/builder/spi-builder-workspace/Sources/CompactSlider/Treats/SystemSlider/SystemSlider.swift (in target 'CompactSlider' from project 'CompactSlider')
cd /Users/admin/builder/spi-builder-workspace/.swiftpm/xcode
SwiftCompile normal arm64 /Users/admin/builder/spi-builder-workspace/Sources/CompactSlider/Treats/SystemSlider/SystemSliderBackgroundView.swift (in target 'CompactSlider' from project 'CompactSlider')
cd /Users/admin/builder/spi-builder-workspace/.swiftpm/xcode
SwiftCompile normal arm64 /Users/admin/builder/spi-builder-workspace/Sources/CompactSlider/Treats/SystemSlider/SystemSliderHandleView.swift (in target 'CompactSlider' from project 'CompactSlider')
cd /Users/admin/builder/spi-builder-workspace/.swiftpm/xcode
SwiftCompile normal arm64 /Users/admin/builder/spi-builder-workspace/Sources/CompactSlider/Treats/SystemSlider/SystemSliderProgressView.swift (in target 'CompactSlider' from project 'CompactSlider')
cd /Users/admin/builder/spi-builder-workspace/.swiftpm/xcode
/Users/admin/builder/spi-builder-workspace/Sources/CompactSlider/Treats/SystemSlider/SystemSliderProgressView.swift:21:46: error: 'gradient' is only available in tvOS 16.0 or newer
Capsule().fill(Color.accentColor.gradient.opacity(0.8))
^
/Users/admin/builder/spi-builder-workspace/Sources/CompactSlider/Treats/SystemSlider/SystemSliderProgressView.swift:21:46: note: add 'if #available' version check
Capsule().fill(Color.accentColor.gradient.opacity(0.8))
^
/Users/admin/builder/spi-builder-workspace/Sources/CompactSlider/Treats/SystemSlider/SystemSliderProgressView.swift:19:16: note: add @available attribute to enclosing property
public var body: some View {
^
/Users/admin/builder/spi-builder-workspace/Sources/CompactSlider/Treats/SystemSlider/SystemSliderProgressView.swift:9:15: note: add @available attribute to enclosing struct
public struct SystemSliderProgressView: View {
^
SwiftCompile normal arm64 /Users/admin/builder/spi-builder-workspace/Sources/CompactSlider/Treats/SystemSlider/SystemSliderType.swift (in target 'CompactSlider' from project 'CompactSlider')
cd /Users/admin/builder/spi-builder-workspace/.swiftpm/xcode
SwiftCompile normal arm64 /Users/admin/builder/spi-builder-workspace/Sources/CompactSlider/Utils/ClosedRange.swift (in target 'CompactSlider' from project 'CompactSlider')
cd /Users/admin/builder/spi-builder-workspace/.swiftpm/xcode
SwiftCompile normal arm64 /Users/admin/builder/spi-builder-workspace/Sources/CompactSlider/Utils/CoreGraphics.swift (in target 'CompactSlider' from project 'CompactSlider')
cd /Users/admin/builder/spi-builder-workspace/.swiftpm/xcode
SwiftEmitModule normal arm64 Emitting\ module\ for\ CompactSlider (in target 'CompactSlider' from project 'CompactSlider')
EmitSwiftModule normal arm64 (in target 'CompactSlider' from project 'CompactSlider')
cd /Users/admin/builder/spi-builder-workspace/.swiftpm/xcode
SwiftCompile normal arm64 Compiling\ Defaults.swift,\ Functions.swift,\ HapticFeedback.swift,\ ScreenScaleFactor.swift,\ ScrollWheelModifier.swift,\ View.swift,\ WatchOSFillMaterial.swift /Users/admin/builder/spi-builder-workspace/Sources/CompactSlider/Utils/Defaults.swift /Users/admin/builder/spi-builder-workspace/Sources/CompactSlider/Utils/Functions.swift /Users/admin/builder/spi-builder-workspace/Sources/CompactSlider/Utils/HapticFeedback.swift /Users/admin/builder/spi-builder-workspace/Sources/CompactSlider/Utils/ScreenScaleFactor.swift /Users/admin/builder/spi-builder-workspace/Sources/CompactSlider/Utils/ScrollWheelModifier.swift /Users/admin/builder/spi-builder-workspace/Sources/CompactSlider/Utils/View.swift /Users/admin/builder/spi-builder-workspace/Sources/CompactSlider/Utils/WatchOSFillMaterial.swift (in target 'CompactSlider' from project 'CompactSlider')
SwiftCompile normal arm64 /Users/admin/builder/spi-builder-workspace/Sources/CompactSlider/Utils/Defaults.swift (in target 'CompactSlider' from project 'CompactSlider')
cd /Users/admin/builder/spi-builder-workspace/.swiftpm/xcode
SwiftCompile normal arm64 /Users/admin/builder/spi-builder-workspace/Sources/CompactSlider/Utils/Functions.swift (in target 'CompactSlider' from project 'CompactSlider')
cd /Users/admin/builder/spi-builder-workspace/.swiftpm/xcode
SwiftCompile normal arm64 /Users/admin/builder/spi-builder-workspace/Sources/CompactSlider/Utils/HapticFeedback.swift (in target 'CompactSlider' from project 'CompactSlider')
cd /Users/admin/builder/spi-builder-workspace/.swiftpm/xcode
SwiftCompile normal arm64 /Users/admin/builder/spi-builder-workspace/Sources/CompactSlider/Utils/ScreenScaleFactor.swift (in target 'CompactSlider' from project 'CompactSlider')
cd /Users/admin/builder/spi-builder-workspace/.swiftpm/xcode
SwiftCompile normal arm64 /Users/admin/builder/spi-builder-workspace/Sources/CompactSlider/Utils/ScrollWheelModifier.swift (in target 'CompactSlider' from project 'CompactSlider')
cd /Users/admin/builder/spi-builder-workspace/.swiftpm/xcode
SwiftCompile normal arm64 /Users/admin/builder/spi-builder-workspace/Sources/CompactSlider/Utils/View.swift (in target 'CompactSlider' from project 'CompactSlider')
cd /Users/admin/builder/spi-builder-workspace/.swiftpm/xcode
SwiftCompile normal arm64 /Users/admin/builder/spi-builder-workspace/Sources/CompactSlider/Utils/WatchOSFillMaterial.swift (in target 'CompactSlider' from project 'CompactSlider')
cd /Users/admin/builder/spi-builder-workspace/.swiftpm/xcode
SwiftCompile normal arm64 Compiling\ EdgeInsets.swift,\ GradientMask.swift,\ OptionalCGSize.swift,\ ReversedMask.swift,\ EnvironmentSystemSliderStyleKey.swift,\ HandleStyle+SystemSlider.swift,\ SystemSlider+ViewFrame.swift /Users/admin/builder/spi-builder-workspace/Sources/CompactSlider/Treats/EdgeInsets.swift /Users/admin/builder/spi-builder-workspace/Sources/CompactSlider/Treats/GradientMask.swift /Users/admin/builder/spi-builder-workspace/Sources/CompactSlider/Treats/OptionalCGSize.swift /Users/admin/builder/spi-builder-workspace/Sources/CompactSlider/Treats/ReversedMask.swift /Users/admin/builder/spi-builder-workspace/Sources/CompactSlider/Treats/SystemSlider/EnvironmentSystemSliderStyleKey.swift /Users/admin/builder/spi-builder-workspace/Sources/CompactSlider/Treats/SystemSlider/HandleStyle+SystemSlider.swift /Users/admin/builder/spi-builder-workspace/Sources/CompactSlider/Treats/SystemSlider/SystemSlider+ViewFrame.swift (in target 'CompactSlider' from project 'CompactSlider')
SwiftCompile normal arm64 /Users/admin/builder/spi-builder-workspace/Sources/CompactSlider/Treats/EdgeInsets.swift (in target 'CompactSlider' from project 'CompactSlider')
cd /Users/admin/builder/spi-builder-workspace/.swiftpm/xcode
SwiftCompile normal arm64 /Users/admin/builder/spi-builder-workspace/Sources/CompactSlider/Treats/GradientMask.swift (in target 'CompactSlider' from project 'CompactSlider')
cd /Users/admin/builder/spi-builder-workspace/.swiftpm/xcode
SwiftCompile normal arm64 /Users/admin/builder/spi-builder-workspace/Sources/CompactSlider/Treats/OptionalCGSize.swift (in target 'CompactSlider' from project 'CompactSlider')
cd /Users/admin/builder/spi-builder-workspace/.swiftpm/xcode
SwiftCompile normal arm64 /Users/admin/builder/spi-builder-workspace/Sources/CompactSlider/Treats/ReversedMask.swift (in target 'CompactSlider' from project 'CompactSlider')
cd /Users/admin/builder/spi-builder-workspace/.swiftpm/xcode
SwiftCompile normal arm64 /Users/admin/builder/spi-builder-workspace/Sources/CompactSlider/Treats/SystemSlider/EnvironmentSystemSliderStyleKey.swift (in target 'CompactSlider' from project 'CompactSlider')
cd /Users/admin/builder/spi-builder-workspace/.swiftpm/xcode
SwiftCompile normal arm64 /Users/admin/builder/spi-builder-workspace/Sources/CompactSlider/Treats/SystemSlider/HandleStyle+SystemSlider.swift (in target 'CompactSlider' from project 'CompactSlider')
cd /Users/admin/builder/spi-builder-workspace/.swiftpm/xcode
SwiftCompile normal arm64 /Users/admin/builder/spi-builder-workspace/Sources/CompactSlider/Treats/SystemSlider/SystemSlider+ViewFrame.swift (in target 'CompactSlider' from project 'CompactSlider')
cd /Users/admin/builder/spi-builder-workspace/.swiftpm/xcode
SwiftDriverJobDiscovery normal arm64 Compiling Defaults.swift, Functions.swift, HapticFeedback.swift, ScreenScaleFactor.swift, ScrollWheelModifier.swift, View.swift, WatchOSFillMaterial.swift (in target 'CompactSlider' from project 'CompactSlider')
SwiftDriverJobDiscovery normal arm64 Compiling CompactSliderStyle.swift, DefaultCompactSliderStyle+Init.swift, DefaultCompactSliderStyle.swift, HandleViewWrapper.swift, ProgressViewWrapper.swift, ScaleViewWrapper.swift, Convertor.swift (in target 'CompactSlider' from project 'CompactSlider')
SwiftDriverJobDiscovery normal arm64 Compiling EdgeInsets.swift, GradientMask.swift, OptionalCGSize.swift, ReversedMask.swift, EnvironmentSystemSliderStyleKey.swift, HandleStyle+SystemSlider.swift, SystemSlider+ViewFrame.swift (in target 'CompactSlider' from project 'CompactSlider')
** BUILD FAILED **
The following build commands failed:
SwiftCompile normal arm64 Compiling\ SystemSlider.swift,\ SystemSliderBackgroundView.swift,\ SystemSliderHandleView.swift,\ SystemSliderProgressView.swift,\ SystemSliderType.swift,\ ClosedRange.swift,\ CoreGraphics.swift /Users/admin/builder/spi-builder-workspace/Sources/CompactSlider/Treats/SystemSlider/SystemSlider.swift /Users/admin/builder/spi-builder-workspace/Sources/CompactSlider/Treats/SystemSlider/SystemSliderBackgroundView.swift /Users/admin/builder/spi-builder-workspace/Sources/CompactSlider/Treats/SystemSlider/SystemSliderHandleView.swift /Users/admin/builder/spi-builder-workspace/Sources/CompactSlider/Treats/SystemSlider/SystemSliderProgressView.swift /Users/admin/builder/spi-builder-workspace/Sources/CompactSlider/Treats/SystemSlider/SystemSliderType.swift /Users/admin/builder/spi-builder-workspace/Sources/CompactSlider/Utils/ClosedRange.swift /Users/admin/builder/spi-builder-workspace/Sources/CompactSlider/Utils/CoreGraphics.swift (in target 'CompactSlider' from project 'CompactSlider')
SwiftCompile normal arm64 /Users/admin/builder/spi-builder-workspace/Sources/CompactSlider/Treats/SystemSlider/SystemSliderProgressView.swift (in target 'CompactSlider' from project 'CompactSlider')
Building workspace spi-builder-workspace with scheme CompactSlider
(3 failures)
BUILD FAILURE 6.1 tvOS