The Swift Package Index logo.Swift Package Index

Build Information

Failed to build SongSprout with Swift 5.9 for watchOS using Xcode 15.2 at main.

Build Command

env DEVELOPER_DIR=/Applications/Xcode-15.2.0.app xcrun xcodebuild -IDEClonedSourcePackagesDirPathOverride=$PWD/checkout/.dependencies -skipMacroValidation -skipPackagePluginValidation -derivedDataPath $PWD/checkout/.derivedData build -scheme SongSprout -destination generic/platform=watchos

Build Log

CompileC /Users/admin/builds/J1XnyXFH/0/finestructure/swiftpackageindex-builder/spi-builder-workspace/.derivedData/Build/Intermediates.noindex/SoundpipeAudioKit.build/Debug-watchos/Soundpipe.build/Objects-normal/arm64/bal.o /Users/admin/builds/J1XnyXFH/0/finestructure/swiftpackageindex-builder/spi-builder-workspace/.dependencies/checkouts/SoundpipeAudioKit/Sources/Soundpipe/modules/bal.c normal arm64 c com.apple.compilers.llvm.clang.1_0.compiler (in target 'Soundpipe' from project 'SoundpipeAudioKit')
    cd /Users/admin/builds/J1XnyXFH/0/finestructure/swiftpackageindex-builder/spi-builder-workspace/.dependencies/checkouts/SoundpipeAudioKit
    /Applications/Xcode-15.2.0.app/Contents/Developer/Toolchains/XcodeDefault.xctoolchain/usr/bin/clang -x c -ivfsstatcache /Users/admin/builds/J1XnyXFH/0/finestructure/swiftpackageindex-builder/spi-builder-workspace/.derivedData/SDKStatCaches.noindex/watchos10.2-21S355-1a03c8d25fc3596eb74c01d649b42752.sdkstatcache -target arm64-apple-watchos6.0 -fmessage-length\=0 -fdiagnostics-show-note-include-stack -fmacro-backtrace-limit\=0 -fno-color-diagnostics -fmodules -gmodules -fmodules-cache-path\=/Users/admin/builds/J1XnyXFH/0/finestructure/swiftpackageindex-builder/spi-builder-workspace/.derivedData/ModuleCache.noindex -fmodules-prune-interval\=86400 -fmodules-prune-after\=345600 -fbuild-session-file\=/Users/admin/builds/J1XnyXFH/0/finestructure/swiftpackageindex-builder/spi-builder-workspace/.derivedData/ModuleCache.noindex/Session.modulevalidation -fmodules-validate-once-per-build-session -Wnon-modular-include-in-framework-module -Werror\=non-modular-include-in-framework-module -fmodule-name\=Soundpipe -Wno-trigraphs -fpascal-strings -O0 -Wno-missing-field-initializers -Wno-missing-prototypes -Wno-return-type -Wno-missing-braces -Wparentheses -Wswitch -Wno-unused-function -Wno-unused-label -Wno-unused-parameter -Wno-unused-variable -Wunused-value -Wno-empty-body -Wno-uninitialized -Wno-unknown-pragmas -w -Wno-shadow -Wno-four-char-constants -Wno-conversion -Wno-constant-conversion -Wno-int-conversion -Wno-bool-conversion -Wno-enum-conversion -Wno-float-conversion -Wno-non-literal-null-conversion -Wno-objc-literal-conversion -Wshorten-64-to-32 -Wpointer-sign -Wno-newline-eof -Wno-implicit-fallthrough -DSWIFT_PACKAGE -DDEBUG\=1 -isysroot /Applications/Xcode-15.2.0.app/Contents/Developer/Platforms/WatchOS.platform/Developer/SDKs/WatchOS10.2.sdk -fstrict-aliasing -Wdeprecated-declarations -g -Wno-sign-conversion -Wno-infinite-recursion -Wno-comma -Wno-block-capture-autoreleasing -Wno-strict-prototypes -Wno-semicolon-before-method-body -fprofile-instr-generate -fcoverage-mapping -index-store-path /Users/admin/builds/J1XnyXFH/0/finestructure/swiftpackageindex-builder/spi-builder-workspace/.derivedData/Index.noindex/DataStore -I/Users/admin/builds/J1XnyXFH/0/finestructure/swiftpackageindex-builder/spi-builder-workspace/.dependencies/checkouts/KissFFT/Sources/KissFFT/include -I/Users/admin/builds/J1XnyXFH/0/finestructure/swiftpackageindex-builder/spi-builder-workspace/.derivedData/Build/Products/Debug-watchos/include -I/Users/admin/builds/J1XnyXFH/0/finestructure/swiftpackageindex-builder/spi-builder-workspace/.dependencies/checkouts/SoundpipeAudioKit/Sources/Soundpipe/include -I/Users/admin/builds/J1XnyXFH/0/finestructure/swiftpackageindex-builder/spi-builder-workspace/.dependencies/checkouts/SoundpipeAudioKit/Sources/Soundpipe/lib/inih -I/Users/admin/builds/J1XnyXFH/0/finestructure/swiftpackageindex-builder/spi-builder-workspace/.dependencies/checkouts/SoundpipeAudioKit/Sources/Soundpipe/Sources/soundpipe/lib/inih -I/Users/admin/builds/J1XnyXFH/0/finestructure/swiftpackageindex-builder/spi-builder-workspace/.dependencies/checkouts/SoundpipeAudioKit/Sources/Soundpipe/modules -I/Users/admin/builds/J1XnyXFH/0/finestructure/swiftpackageindex-builder/spi-builder-workspace/.dependencies/checkouts/SoundpipeAudioKit/Sources/Soundpipe/external -I/Users/admin/builds/J1XnyXFH/0/finestructure/swiftpackageindex-builder/spi-builder-workspace/.derivedData/Build/Intermediates.noindex/SoundpipeAudioKit.build/Debug-watchos/Soundpipe.build/DerivedSources-normal/arm64 -I/Users/admin/builds/J1XnyXFH/0/finestructure/swiftpackageindex-builder/spi-builder-workspace/.derivedData/Build/Intermediates.noindex/SoundpipeAudioKit.build/Debug-watchos/Soundpipe.build/DerivedSources/arm64 -I/Users/admin/builds/J1XnyXFH/0/finestructure/swiftpackageindex-builder/spi-builder-workspace/.derivedData/Build/Intermediates.noindex/SoundpipeAudioKit.build/Debug-watchos/Soundpipe.build/DerivedSources -F/Users/admin/builds/J1XnyXFH/0/finestructure/swiftpackageindex-builder/spi-builder-workspace/.derivedData/Build/Products/Debug-watchos/PackageFrameworks -F/Users/admin/builds/J1XnyXFH/0/finestructure/swiftpackageindex-builder/spi-builder-workspace/.derivedData/Build/Products/Debug-watchos -iframework /Applications/Xcode-15.2.0.app/Contents/Developer/Platforms/WatchOS.platform/Developer/Library/Frameworks -iframework /Applications/Xcode-15.2.0.app/Contents/Developer/Platforms/WatchOS.platform/Developer/SDKs/WatchOS10.2.sdk/Developer/Library/Frameworks -fmodule-map-file\=/Users/admin/builds/J1XnyXFH/0/finestructure/swiftpackageindex-builder/spi-builder-workspace/.derivedData/Build/Intermediates.noindex/GeneratedModuleMaps-watchos/KissFFT.modulemap -DXcode -MMD -MT dependencies -MF /Users/admin/builds/J1XnyXFH/0/finestructure/swiftpackageindex-builder/spi-builder-workspace/.derivedData/Build/Intermediates.noindex/SoundpipeAudioKit.build/Debug-watchos/Soundpipe.build/Objects-normal/arm64/bal.d --serialize-diagnostics /Users/admin/builds/J1XnyXFH/0/finestructure/swiftpackageindex-builder/spi-builder-workspace/.derivedData/Build/Intermediates.noindex/SoundpipeAudioKit.build/Debug-watchos/Soundpipe.build/Objects-normal/arm64/bal.dia -c /Users/admin/builds/J1XnyXFH/0/finestructure/swiftpackageindex-builder/spi-builder-workspace/.dependencies/checkouts/SoundpipeAudioKit/Sources/Soundpipe/modules/bal.c -o /Users/admin/builds/J1XnyXFH/0/finestructure/swiftpackageindex-builder/spi-builder-workspace/.derivedData/Build/Intermediates.noindex/SoundpipeAudioKit.build/Debug-watchos/Soundpipe.build/Objects-normal/arm64/bal.o -index-unit-output-path /SoundpipeAudioKit.build/Debug-watchos/Soundpipe.build/Objects-normal/arm64/bal.o
CompileC /Users/admin/builds/J1XnyXFH/0/finestructure/swiftpackageindex-builder/spi-builder-workspace/.derivedData/Build/Intermediates.noindex/SoundpipeAudioKit.build/Debug-watchos/Soundpipe.build/Objects-normal/arm64/autowah.o /Users/admin/builds/J1XnyXFH/0/finestructure/swiftpackageindex-builder/spi-builder-workspace/.dependencies/checkouts/SoundpipeAudioKit/Sources/Soundpipe/modules/autowah.c normal arm64 c com.apple.compilers.llvm.clang.1_0.compiler (in target 'Soundpipe' from project 'SoundpipeAudioKit')
    cd /Users/admin/builds/J1XnyXFH/0/finestructure/swiftpackageindex-builder/spi-builder-workspace/.dependencies/checkouts/SoundpipeAudioKit
    /Applications/Xcode-15.2.0.app/Contents/Developer/Toolchains/XcodeDefault.xctoolchain/usr/bin/clang -x c -ivfsstatcache /Users/admin/builds/J1XnyXFH/0/finestructure/swiftpackageindex-builder/spi-builder-workspace/.derivedData/SDKStatCaches.noindex/watchos10.2-21S355-1a03c8d25fc3596eb74c01d649b42752.sdkstatcache -target arm64-apple-watchos6.0 -fmessage-length\=0 -fdiagnostics-show-note-include-stack -fmacro-backtrace-limit\=0 -fno-color-diagnostics -fmodules -gmodules -fmodules-cache-path\=/Users/admin/builds/J1XnyXFH/0/finestructure/swiftpackageindex-builder/spi-builder-workspace/.derivedData/ModuleCache.noindex -fmodules-prune-interval\=86400 -fmodules-prune-after\=345600 -fbuild-session-file\=/Users/admin/builds/J1XnyXFH/0/finestructure/swiftpackageindex-builder/spi-builder-workspace/.derivedData/ModuleCache.noindex/Session.modulevalidation -fmodules-validate-once-per-build-session -Wnon-modular-include-in-framework-module -Werror\=non-modular-include-in-framework-module -fmodule-name\=Soundpipe -Wno-trigraphs -fpascal-strings -O0 -Wno-missing-field-initializers -Wno-missing-prototypes -Wno-return-type -Wno-missing-braces -Wparentheses -Wswitch -Wno-unused-function -Wno-unused-label -Wno-unused-parameter -Wno-unused-variable -Wunused-value -Wno-empty-body -Wno-uninitialized -Wno-unknown-pragmas -w -Wno-shadow -Wno-four-char-constants -Wno-conversion -Wno-constant-conversion -Wno-int-conversion -Wno-bool-conversion -Wno-enum-conversion -Wno-float-conversion -Wno-non-literal-null-conversion -Wno-objc-literal-conversion -Wshorten-64-to-32 -Wpointer-sign -Wno-newline-eof -Wno-implicit-fallthrough -DSWIFT_PACKAGE -DDEBUG\=1 -isysroot /Applications/Xcode-15.2.0.app/Contents/Developer/Platforms/WatchOS.platform/Developer/SDKs/WatchOS10.2.sdk -fstrict-aliasing -Wdeprecated-declarations -g -Wno-sign-conversion -Wno-infinite-recursion -Wno-comma -Wno-block-capture-autoreleasing -Wno-strict-prototypes -Wno-semicolon-before-method-body -fprofile-instr-generate -fcoverage-mapping -index-store-path /Users/admin/builds/J1XnyXFH/0/finestructure/swiftpackageindex-builder/spi-builder-workspace/.derivedData/Index.noindex/DataStore -I/Users/admin/builds/J1XnyXFH/0/finestructure/swiftpackageindex-builder/spi-builder-workspace/.dependencies/checkouts/KissFFT/Sources/KissFFT/include -I/Users/admin/builds/J1XnyXFH/0/finestructure/swiftpackageindex-builder/spi-builder-workspace/.derivedData/Build/Products/Debug-watchos/include -I/Users/admin/builds/J1XnyXFH/0/finestructure/swiftpackageindex-builder/spi-builder-workspace/.dependencies/checkouts/SoundpipeAudioKit/Sources/Soundpipe/include -I/Users/admin/builds/J1XnyXFH/0/finestructure/swiftpackageindex-builder/spi-builder-workspace/.dependencies/checkouts/SoundpipeAudioKit/Sources/Soundpipe/lib/inih -I/Users/admin/builds/J1XnyXFH/0/finestructure/swiftpackageindex-builder/spi-builder-workspace/.dependencies/checkouts/SoundpipeAudioKit/Sources/Soundpipe/Sources/soundpipe/lib/inih -I/Users/admin/builds/J1XnyXFH/0/finestructure/swiftpackageindex-builder/spi-builder-workspace/.dependencies/checkouts/SoundpipeAudioKit/Sources/Soundpipe/modules -I/Users/admin/builds/J1XnyXFH/0/finestructure/swiftpackageindex-builder/spi-builder-workspace/.dependencies/checkouts/SoundpipeAudioKit/Sources/Soundpipe/external -I/Users/admin/builds/J1XnyXFH/0/finestructure/swiftpackageindex-builder/spi-builder-workspace/.derivedData/Build/Intermediates.noindex/SoundpipeAudioKit.build/Debug-watchos/Soundpipe.build/DerivedSources-normal/arm64 -I/Users/admin/builds/J1XnyXFH/0/finestructure/swiftpackageindex-builder/spi-builder-workspace/.derivedData/Build/Intermediates.noindex/SoundpipeAudioKit.build/Debug-watchos/Soundpipe.build/DerivedSources/arm64 -I/Users/admin/builds/J1XnyXFH/0/finestructure/swiftpackageindex-builder/spi-builder-workspace/.derivedData/Build/Intermediates.noindex/SoundpipeAudioKit.build/Debug-watchos/Soundpipe.build/DerivedSources -F/Users/admin/builds/J1XnyXFH/0/finestructure/swiftpackageindex-builder/spi-builder-workspace/.derivedData/Build/Products/Debug-watchos/PackageFrameworks -F/Users/admin/builds/J1XnyXFH/0/finestructure/swiftpackageindex-builder/spi-builder-workspace/.derivedData/Build/Products/Debug-watchos -iframework /Applications/Xcode-15.2.0.app/Contents/Developer/Platforms/WatchOS.platform/Developer/Library/Frameworks -iframework /Applications/Xcode-15.2.0.app/Contents/Developer/Platforms/WatchOS.platform/Developer/SDKs/WatchOS10.2.sdk/Developer/Library/Frameworks -fmodule-map-file\=/Users/admin/builds/J1XnyXFH/0/finestructure/swiftpackageindex-builder/spi-builder-workspace/.derivedData/Build/Intermediates.noindex/GeneratedModuleMaps-watchos/KissFFT.modulemap -DXcode -MMD -MT dependencies -MF /Users/admin/builds/J1XnyXFH/0/finestructure/swiftpackageindex-builder/spi-builder-workspace/.derivedData/Build/Intermediates.noindex/SoundpipeAudioKit.build/Debug-watchos/Soundpipe.build/Objects-normal/arm64/autowah.d --serialize-diagnostics /Users/admin/builds/J1XnyXFH/0/finestructure/swiftpackageindex-builder/spi-builder-workspace/.derivedData/Build/Intermediates.noindex/SoundpipeAudioKit.build/Debug-watchos/Soundpipe.build/Objects-normal/arm64/autowah.dia -c /Users/admin/builds/J1XnyXFH/0/finestructure/swiftpackageindex-builder/spi-builder-workspace/.dependencies/checkouts/SoundpipeAudioKit/Sources/Soundpipe/modules/autowah.c -o /Users/admin/builds/J1XnyXFH/0/finestructure/swiftpackageindex-builder/spi-builder-workspace/.derivedData/Build/Intermediates.noindex/SoundpipeAudioKit.build/Debug-watchos/Soundpipe.build/Objects-normal/arm64/autowah.o -index-unit-output-path /SoundpipeAudioKit.build/Debug-watchos/Soundpipe.build/Objects-normal/arm64/autowah.o
CompileC /Users/admin/builds/J1XnyXFH/0/finestructure/swiftpackageindex-builder/spi-builder-workspace/.derivedData/Build/Intermediates.noindex/SoundpipeAudioKit.build/Debug-watchos/Soundpipe.build/Objects-normal/arm64/atone.o /Users/admin/builds/J1XnyXFH/0/finestructure/swiftpackageindex-builder/spi-builder-workspace/.dependencies/checkouts/SoundpipeAudioKit/Sources/Soundpipe/modules/atone.c normal arm64 c com.apple.compilers.llvm.clang.1_0.compiler (in target 'Soundpipe' from project 'SoundpipeAudioKit')
    cd /Users/admin/builds/J1XnyXFH/0/finestructure/swiftpackageindex-builder/spi-builder-workspace/.dependencies/checkouts/SoundpipeAudioKit
    /Applications/Xcode-15.2.0.app/Contents/Developer/Toolchains/XcodeDefault.xctoolchain/usr/bin/clang -x c -ivfsstatcache /Users/admin/builds/J1XnyXFH/0/finestructure/swiftpackageindex-builder/spi-builder-workspace/.derivedData/SDKStatCaches.noindex/watchos10.2-21S355-1a03c8d25fc3596eb74c01d649b42752.sdkstatcache -target arm64-apple-watchos6.0 -fmessage-length\=0 -fdiagnostics-show-note-include-stack -fmacro-backtrace-limit\=0 -fno-color-diagnostics -fmodules -gmodules -fmodules-cache-path\=/Users/admin/builds/J1XnyXFH/0/finestructure/swiftpackageindex-builder/spi-builder-workspace/.derivedData/ModuleCache.noindex -fmodules-prune-interval\=86400 -fmodules-prune-after\=345600 -fbuild-session-file\=/Users/admin/builds/J1XnyXFH/0/finestructure/swiftpackageindex-builder/spi-builder-workspace/.derivedData/ModuleCache.noindex/Session.modulevalidation -fmodules-validate-once-per-build-session -Wnon-modular-include-in-framework-module -Werror\=non-modular-include-in-framework-module -fmodule-name\=Soundpipe -Wno-trigraphs -fpascal-strings -O0 -Wno-missing-field-initializers -Wno-missing-prototypes -Wno-return-type -Wno-missing-braces -Wparentheses -Wswitch -Wno-unused-function -Wno-unused-label -Wno-unused-parameter -Wno-unused-variable -Wunused-value -Wno-empty-body -Wno-uninitialized -Wno-unknown-pragmas -w -Wno-shadow -Wno-four-char-constants -Wno-conversion -Wno-constant-conversion -Wno-int-conversion -Wno-bool-conversion -Wno-enum-conversion -Wno-float-conversion -Wno-non-literal-null-conversion -Wno-objc-literal-conversion -Wshorten-64-to-32 -Wpointer-sign -Wno-newline-eof -Wno-implicit-fallthrough -DSWIFT_PACKAGE -DDEBUG\=1 -isysroot /Applications/Xcode-15.2.0.app/Contents/Developer/Platforms/WatchOS.platform/Developer/SDKs/WatchOS10.2.sdk -fstrict-aliasing -Wdeprecated-declarations -g -Wno-sign-conversion -Wno-infinite-recursion -Wno-comma -Wno-block-capture-autoreleasing -Wno-strict-prototypes -Wno-semicolon-before-method-body -fprofile-instr-generate -fcoverage-mapping -index-store-path /Users/admin/builds/J1XnyXFH/0/finestructure/swiftpackageindex-builder/spi-builder-workspace/.derivedData/Index.noindex/DataStore -I/Users/admin/builds/J1XnyXFH/0/finestructure/swiftpackageindex-builder/spi-builder-workspace/.dependencies/checkouts/KissFFT/Sources/KissFFT/include -I/Users/admin/builds/J1XnyXFH/0/finestructure/swiftpackageindex-builder/spi-builder-workspace/.derivedData/Build/Products/Debug-watchos/include -I/Users/admin/builds/J1XnyXFH/0/finestructure/swiftpackageindex-builder/spi-builder-workspace/.dependencies/checkouts/SoundpipeAudioKit/Sources/Soundpipe/include -I/Users/admin/builds/J1XnyXFH/0/finestructure/swiftpackageindex-builder/spi-builder-workspace/.dependencies/checkouts/SoundpipeAudioKit/Sources/Soundpipe/lib/inih -I/Users/admin/builds/J1XnyXFH/0/finestructure/swiftpackageindex-builder/spi-builder-workspace/.dependencies/checkouts/SoundpipeAudioKit/Sources/Soundpipe/Sources/soundpipe/lib/inih -I/Users/admin/builds/J1XnyXFH/0/finestructure/swiftpackageindex-builder/spi-builder-workspace/.dependencies/checkouts/SoundpipeAudioKit/Sources/Soundpipe/modules -I/Users/admin/builds/J1XnyXFH/0/finestructure/swiftpackageindex-builder/spi-builder-workspace/.dependencies/checkouts/SoundpipeAudioKit/Sources/Soundpipe/external -I/Users/admin/builds/J1XnyXFH/0/finestructure/swiftpackageindex-builder/spi-builder-workspace/.derivedData/Build/Intermediates.noindex/SoundpipeAudioKit.build/Debug-watchos/Soundpipe.build/DerivedSources-normal/arm64 -I/Users/admin/builds/J1XnyXFH/0/finestructure/swiftpackageindex-builder/spi-builder-workspace/.derivedData/Build/Intermediates.noindex/SoundpipeAudioKit.build/Debug-watchos/Soundpipe.build/DerivedSources/arm64 -I/Users/admin/builds/J1XnyXFH/0/finestructure/swiftpackageindex-builder/spi-builder-workspace/.derivedData/Build/Intermediates.noindex/SoundpipeAudioKit.build/Debug-watchos/Soundpipe.build/DerivedSources -F/Users/admin/builds/J1XnyXFH/0/finestructure/swiftpackageindex-builder/spi-builder-workspace/.derivedData/Build/Products/Debug-watchos/PackageFrameworks -F/Users/admin/builds/J1XnyXFH/0/finestructure/swiftpackageindex-builder/spi-builder-workspace/.derivedData/Build/Products/Debug-watchos -iframework /Applications/Xcode-15.2.0.app/Contents/Developer/Platforms/WatchOS.platform/Developer/Library/Frameworks -iframework /Applications/Xcode-15.2.0.app/Contents/Developer/Platforms/WatchOS.platform/Developer/SDKs/WatchOS10.2.sdk/Developer/Library/Frameworks -fmodule-map-file\=/Users/admin/builds/J1XnyXFH/0/finestructure/swiftpackageindex-builder/spi-builder-workspace/.derivedData/Build/Intermediates.noindex/GeneratedModuleMaps-watchos/KissFFT.modulemap -DXcode -MMD -MT dependencies -MF /Users/admin/builds/J1XnyXFH/0/finestructure/swiftpackageindex-builder/spi-builder-workspace/.derivedData/Build/Intermediates.noindex/SoundpipeAudioKit.build/Debug-watchos/Soundpipe.build/Objects-normal/arm64/atone.d --serialize-diagnostics /Users/admin/builds/J1XnyXFH/0/finestructure/swiftpackageindex-builder/spi-builder-workspace/.derivedData/Build/Intermediates.noindex/SoundpipeAudioKit.build/Debug-watchos/Soundpipe.build/Objects-normal/arm64/atone.dia -c /Users/admin/builds/J1XnyXFH/0/finestructure/swiftpackageindex-builder/spi-builder-workspace/.dependencies/checkouts/SoundpipeAudioKit/Sources/Soundpipe/modules/atone.c -o /Users/admin/builds/J1XnyXFH/0/finestructure/swiftpackageindex-builder/spi-builder-workspace/.derivedData/Build/Intermediates.noindex/SoundpipeAudioKit.build/Debug-watchos/Soundpipe.build/Objects-normal/arm64/atone.o -index-unit-output-path /SoundpipeAudioKit.build/Debug-watchos/Soundpipe.build/Objects-normal/arm64/atone.o
CompileC /Users/admin/builds/J1XnyXFH/0/finestructure/swiftpackageindex-builder/spi-builder-workspace/.derivedData/Build/Intermediates.noindex/SoundpipeAudioKit.build/Debug-watchos/Soundpipe.build/Objects-normal/arm64/allpass.o /Users/admin/builds/J1XnyXFH/0/finestructure/swiftpackageindex-builder/spi-builder-workspace/.dependencies/checkouts/SoundpipeAudioKit/Sources/Soundpipe/modules/allpass.c normal arm64 c com.apple.compilers.llvm.clang.1_0.compiler (in target 'Soundpipe' from project 'SoundpipeAudioKit')
    cd /Users/admin/builds/J1XnyXFH/0/finestructure/swiftpackageindex-builder/spi-builder-workspace/.dependencies/checkouts/SoundpipeAudioKit
    /Applications/Xcode-15.2.0.app/Contents/Developer/Toolchains/XcodeDefault.xctoolchain/usr/bin/clang -x c -ivfsstatcache /Users/admin/builds/J1XnyXFH/0/finestructure/swiftpackageindex-builder/spi-builder-workspace/.derivedData/SDKStatCaches.noindex/watchos10.2-21S355-1a03c8d25fc3596eb74c01d649b42752.sdkstatcache -target arm64-apple-watchos6.0 -fmessage-length\=0 -fdiagnostics-show-note-include-stack -fmacro-backtrace-limit\=0 -fno-color-diagnostics -fmodules -gmodules -fmodules-cache-path\=/Users/admin/builds/J1XnyXFH/0/finestructure/swiftpackageindex-builder/spi-builder-workspace/.derivedData/ModuleCache.noindex -fmodules-prune-interval\=86400 -fmodules-prune-after\=345600 -fbuild-session-file\=/Users/admin/builds/J1XnyXFH/0/finestructure/swiftpackageindex-builder/spi-builder-workspace/.derivedData/ModuleCache.noindex/Session.modulevalidation -fmodules-validate-once-per-build-session -Wnon-modular-include-in-framework-module -Werror\=non-modular-include-in-framework-module -fmodule-name\=Soundpipe -Wno-trigraphs -fpascal-strings -O0 -Wno-missing-field-initializers -Wno-missing-prototypes -Wno-return-type -Wno-missing-braces -Wparentheses -Wswitch -Wno-unused-function -Wno-unused-label -Wno-unused-parameter -Wno-unused-variable -Wunused-value -Wno-empty-body -Wno-uninitialized -Wno-unknown-pragmas -w -Wno-shadow -Wno-four-char-constants -Wno-conversion -Wno-constant-conversion -Wno-int-conversion -Wno-bool-conversion -Wno-enum-conversion -Wno-float-conversion -Wno-non-literal-null-conversion -Wno-objc-literal-conversion -Wshorten-64-to-32 -Wpointer-sign -Wno-newline-eof -Wno-implicit-fallthrough -DSWIFT_PACKAGE -DDEBUG\=1 -isysroot /Applications/Xcode-15.2.0.app/Contents/Developer/Platforms/WatchOS.platform/Developer/SDKs/WatchOS10.2.sdk -fstrict-aliasing -Wdeprecated-declarations -g -Wno-sign-conversion -Wno-infinite-recursion -Wno-comma -Wno-block-capture-autoreleasing -Wno-strict-prototypes -Wno-semicolon-before-method-body -fprofile-instr-generate -fcoverage-mapping -index-store-path /Users/admin/builds/J1XnyXFH/0/finestructure/swiftpackageindex-builder/spi-builder-workspace/.derivedData/Index.noindex/DataStore -I/Users/admin/builds/J1XnyXFH/0/finestructure/swiftpackageindex-builder/spi-builder-workspace/.dependencies/checkouts/KissFFT/Sources/KissFFT/include -I/Users/admin/builds/J1XnyXFH/0/finestructure/swiftpackageindex-builder/spi-builder-workspace/.derivedData/Build/Products/Debug-watchos/include -I/Users/admin/builds/J1XnyXFH/0/finestructure/swiftpackageindex-builder/spi-builder-workspace/.dependencies/checkouts/SoundpipeAudioKit/Sources/Soundpipe/include -I/Users/admin/builds/J1XnyXFH/0/finestructure/swiftpackageindex-builder/spi-builder-workspace/.dependencies/checkouts/SoundpipeAudioKit/Sources/Soundpipe/lib/inih -I/Users/admin/builds/J1XnyXFH/0/finestructure/swiftpackageindex-builder/spi-builder-workspace/.dependencies/checkouts/SoundpipeAudioKit/Sources/Soundpipe/Sources/soundpipe/lib/inih -I/Users/admin/builds/J1XnyXFH/0/finestructure/swiftpackageindex-builder/spi-builder-workspace/.dependencies/checkouts/SoundpipeAudioKit/Sources/Soundpipe/modules -I/Users/admin/builds/J1XnyXFH/0/finestructure/swiftpackageindex-builder/spi-builder-workspace/.dependencies/checkouts/SoundpipeAudioKit/Sources/Soundpipe/external -I/Users/admin/builds/J1XnyXFH/0/finestructure/swiftpackageindex-builder/spi-builder-workspace/.derivedData/Build/Intermediates.noindex/SoundpipeAudioKit.build/Debug-watchos/Soundpipe.build/DerivedSources-normal/arm64 -I/Users/admin/builds/J1XnyXFH/0/finestructure/swiftpackageindex-builder/spi-builder-workspace/.derivedData/Build/Intermediates.noindex/SoundpipeAudioKit.build/Debug-watchos/Soundpipe.build/DerivedSources/arm64 -I/Users/admin/builds/J1XnyXFH/0/finestructure/swiftpackageindex-builder/spi-builder-workspace/.derivedData/Build/Intermediates.noindex/SoundpipeAudioKit.build/Debug-watchos/Soundpipe.build/DerivedSources -F/Users/admin/builds/J1XnyXFH/0/finestructure/swiftpackageindex-builder/spi-builder-workspace/.derivedData/Build/Products/Debug-watchos/PackageFrameworks -F/Users/admin/builds/J1XnyXFH/0/finestructure/swiftpackageindex-builder/spi-builder-workspace/.derivedData/Build/Products/Debug-watchos -iframework /Applications/Xcode-15.2.0.app/Contents/Developer/Platforms/WatchOS.platform/Developer/Library/Frameworks -iframework /Applications/Xcode-15.2.0.app/Contents/Developer/Platforms/WatchOS.platform/Developer/SDKs/WatchOS10.2.sdk/Developer/Library/Frameworks -fmodule-map-file\=/Users/admin/builds/J1XnyXFH/0/finestructure/swiftpackageindex-builder/spi-builder-workspace/.derivedData/Build/Intermediates.noindex/GeneratedModuleMaps-watchos/KissFFT.modulemap -DXcode -MMD -MT dependencies -MF /Users/admin/builds/J1XnyXFH/0/finestructure/swiftpackageindex-builder/spi-builder-workspace/.derivedData/Build/Intermediates.noindex/SoundpipeAudioKit.build/Debug-watchos/Soundpipe.build/Objects-normal/arm64/allpass.d --serialize-diagnostics /Users/admin/builds/J1XnyXFH/0/finestructure/swiftpackageindex-builder/spi-builder-workspace/.derivedData/Build/Intermediates.noindex/SoundpipeAudioKit.build/Debug-watchos/Soundpipe.build/Objects-normal/arm64/allpass.dia -c /Users/admin/builds/J1XnyXFH/0/finestructure/swiftpackageindex-builder/spi-builder-workspace/.dependencies/checkouts/SoundpipeAudioKit/Sources/Soundpipe/modules/allpass.c -o /Users/admin/builds/J1XnyXFH/0/finestructure/swiftpackageindex-builder/spi-builder-workspace/.derivedData/Build/Intermediates.noindex/SoundpipeAudioKit.build/Debug-watchos/Soundpipe.build/Objects-normal/arm64/allpass.o -index-unit-output-path /SoundpipeAudioKit.build/Debug-watchos/Soundpipe.build/Objects-normal/arm64/allpass.o
CompileC /Users/admin/builds/J1XnyXFH/0/finestructure/swiftpackageindex-builder/spi-builder-workspace/.derivedData/Build/Intermediates.noindex/SoundpipeAudioKit.build/Debug-watchos/Soundpipe.build/Objects-normal/arm64/adsr.o /Users/admin/builds/J1XnyXFH/0/finestructure/swiftpackageindex-builder/spi-builder-workspace/.dependencies/checkouts/SoundpipeAudioKit/Sources/Soundpipe/modules/adsr.c normal arm64 c com.apple.compilers.llvm.clang.1_0.compiler (in target 'Soundpipe' from project 'SoundpipeAudioKit')
    cd /Users/admin/builds/J1XnyXFH/0/finestructure/swiftpackageindex-builder/spi-builder-workspace/.dependencies/checkouts/SoundpipeAudioKit
    /Applications/Xcode-15.2.0.app/Contents/Developer/Toolchains/XcodeDefault.xctoolchain/usr/bin/clang -x c -ivfsstatcache /Users/admin/builds/J1XnyXFH/0/finestructure/swiftpackageindex-builder/spi-builder-workspace/.derivedData/SDKStatCaches.noindex/watchos10.2-21S355-1a03c8d25fc3596eb74c01d649b42752.sdkstatcache -target arm64-apple-watchos6.0 -fmessage-length\=0 -fdiagnostics-show-note-include-stack -fmacro-backtrace-limit\=0 -fno-color-diagnostics -fmodules -gmodules -fmodules-cache-path\=/Users/admin/builds/J1XnyXFH/0/finestructure/swiftpackageindex-builder/spi-builder-workspace/.derivedData/ModuleCache.noindex -fmodules-prune-interval\=86400 -fmodules-prune-after\=345600 -fbuild-session-file\=/Users/admin/builds/J1XnyXFH/0/finestructure/swiftpackageindex-builder/spi-builder-workspace/.derivedData/ModuleCache.noindex/Session.modulevalidation -fmodules-validate-once-per-build-session -Wnon-modular-include-in-framework-module -Werror\=non-modular-include-in-framework-module -fmodule-name\=Soundpipe -Wno-trigraphs -fpascal-strings -O0 -Wno-missing-field-initializers -Wno-missing-prototypes -Wno-return-type -Wno-missing-braces -Wparentheses -Wswitch -Wno-unused-function -Wno-unused-label -Wno-unused-parameter -Wno-unused-variable -Wunused-value -Wno-empty-body -Wno-uninitialized -Wno-unknown-pragmas -w -Wno-shadow -Wno-four-char-constants -Wno-conversion -Wno-constant-conversion -Wno-int-conversion -Wno-bool-conversion -Wno-enum-conversion -Wno-float-conversion -Wno-non-literal-null-conversion -Wno-objc-literal-conversion -Wshorten-64-to-32 -Wpointer-sign -Wno-newline-eof -Wno-implicit-fallthrough -DSWIFT_PACKAGE -DDEBUG\=1 -isysroot /Applications/Xcode-15.2.0.app/Contents/Developer/Platforms/WatchOS.platform/Developer/SDKs/WatchOS10.2.sdk -fstrict-aliasing -Wdeprecated-declarations -g -Wno-sign-conversion -Wno-infinite-recursion -Wno-comma -Wno-block-capture-autoreleasing -Wno-strict-prototypes -Wno-semicolon-before-method-body -fprofile-instr-generate -fcoverage-mapping -index-store-path /Users/admin/builds/J1XnyXFH/0/finestructure/swiftpackageindex-builder/spi-builder-workspace/.derivedData/Index.noindex/DataStore -I/Users/admin/builds/J1XnyXFH/0/finestructure/swiftpackageindex-builder/spi-builder-workspace/.dependencies/checkouts/KissFFT/Sources/KissFFT/include -I/Users/admin/builds/J1XnyXFH/0/finestructure/swiftpackageindex-builder/spi-builder-workspace/.derivedData/Build/Products/Debug-watchos/include -I/Users/admin/builds/J1XnyXFH/0/finestructure/swiftpackageindex-builder/spi-builder-workspace/.dependencies/checkouts/SoundpipeAudioKit/Sources/Soundpipe/include -I/Users/admin/builds/J1XnyXFH/0/finestructure/swiftpackageindex-builder/spi-builder-workspace/.dependencies/checkouts/SoundpipeAudioKit/Sources/Soundpipe/lib/inih -I/Users/admin/builds/J1XnyXFH/0/finestructure/swiftpackageindex-builder/spi-builder-workspace/.dependencies/checkouts/SoundpipeAudioKit/Sources/Soundpipe/Sources/soundpipe/lib/inih -I/Users/admin/builds/J1XnyXFH/0/finestructure/swiftpackageindex-builder/spi-builder-workspace/.dependencies/checkouts/SoundpipeAudioKit/Sources/Soundpipe/modules -I/Users/admin/builds/J1XnyXFH/0/finestructure/swiftpackageindex-builder/spi-builder-workspace/.dependencies/checkouts/SoundpipeAudioKit/Sources/Soundpipe/external -I/Users/admin/builds/J1XnyXFH/0/finestructure/swiftpackageindex-builder/spi-builder-workspace/.derivedData/Build/Intermediates.noindex/SoundpipeAudioKit.build/Debug-watchos/Soundpipe.build/DerivedSources-normal/arm64 -I/Users/admin/builds/J1XnyXFH/0/finestructure/swiftpackageindex-builder/spi-builder-workspace/.derivedData/Build/Intermediates.noindex/SoundpipeAudioKit.build/Debug-watchos/Soundpipe.build/DerivedSources/arm64 -I/Users/admin/builds/J1XnyXFH/0/finestructure/swiftpackageindex-builder/spi-builder-workspace/.derivedData/Build/Intermediates.noindex/SoundpipeAudioKit.build/Debug-watchos/Soundpipe.build/DerivedSources -F/Users/admin/builds/J1XnyXFH/0/finestructure/swiftpackageindex-builder/spi-builder-workspace/.derivedData/Build/Products/Debug-watchos/PackageFrameworks -F/Users/admin/builds/J1XnyXFH/0/finestructure/swiftpackageindex-builder/spi-builder-workspace/.derivedData/Build/Products/Debug-watchos -iframework /Applications/Xcode-15.2.0.app/Contents/Developer/Platforms/WatchOS.platform/Developer/Library/Frameworks -iframework /Applications/Xcode-15.2.0.app/Contents/Developer/Platforms/WatchOS.platform/Developer/SDKs/WatchOS10.2.sdk/Developer/Library/Frameworks -fmodule-map-file\=/Users/admin/builds/J1XnyXFH/0/finestructure/swiftpackageindex-builder/spi-builder-workspace/.derivedData/Build/Intermediates.noindex/GeneratedModuleMaps-watchos/KissFFT.modulemap -DXcode -MMD -MT dependencies -MF /Users/admin/builds/J1XnyXFH/0/finestructure/swiftpackageindex-builder/spi-builder-workspace/.derivedData/Build/Intermediates.noindex/SoundpipeAudioKit.build/Debug-watchos/Soundpipe.build/Objects-normal/arm64/adsr.d --serialize-diagnostics /Users/admin/builds/J1XnyXFH/0/finestructure/swiftpackageindex-builder/spi-builder-workspace/.derivedData/Build/Intermediates.noindex/SoundpipeAudioKit.build/Debug-watchos/Soundpipe.build/Objects-normal/arm64/adsr.dia -c /Users/admin/builds/J1XnyXFH/0/finestructure/swiftpackageindex-builder/spi-builder-workspace/.dependencies/checkouts/SoundpipeAudioKit/Sources/Soundpipe/modules/adsr.c -o /Users/admin/builds/J1XnyXFH/0/finestructure/swiftpackageindex-builder/spi-builder-workspace/.derivedData/Build/Intermediates.noindex/SoundpipeAudioKit.build/Debug-watchos/Soundpipe.build/Objects-normal/arm64/adsr.o -index-unit-output-path /SoundpipeAudioKit.build/Debug-watchos/Soundpipe.build/Objects-normal/arm64/adsr.o
CompileC /Users/admin/builds/J1XnyXFH/0/finestructure/swiftpackageindex-builder/spi-builder-workspace/.derivedData/Build/Intermediates.noindex/KissFFT.build/Debug-watchos/KissFFT.build/Objects-normal/armv7k/kiss_fftr.o /Users/admin/builds/J1XnyXFH/0/finestructure/swiftpackageindex-builder/spi-builder-workspace/.dependencies/checkouts/KissFFT/Sources/KissFFT/kiss_fftr.c normal armv7k c com.apple.compilers.llvm.clang.1_0.compiler (in target 'KissFFT' from project 'KissFFT')
    cd /Users/admin/builds/J1XnyXFH/0/finestructure/swiftpackageindex-builder/spi-builder-workspace/.dependencies/checkouts/KissFFT
    /Applications/Xcode-15.2.0.app/Contents/Developer/Toolchains/XcodeDefault.xctoolchain/usr/bin/clang -x c -ivfsstatcache /Users/admin/builds/J1XnyXFH/0/finestructure/swiftpackageindex-builder/spi-builder-workspace/.derivedData/SDKStatCaches.noindex/watchos10.2-21S355-1a03c8d25fc3596eb74c01d649b42752.sdkstatcache -target armv7k-apple-watchos5.0 -fmessage-length\=0 -fdiagnostics-show-note-include-stack -fmacro-backtrace-limit\=0 -fno-color-diagnostics -fmodules -gmodules -fmodules-cache-path\=/Users/admin/builds/J1XnyXFH/0/finestructure/swiftpackageindex-builder/spi-builder-workspace/.derivedData/ModuleCache.noindex -fmodules-prune-interval\=86400 -fmodules-prune-after\=345600 -fbuild-session-file\=/Users/admin/builds/J1XnyXFH/0/finestructure/swiftpackageindex-builder/spi-builder-workspace/.derivedData/ModuleCache.noindex/Session.modulevalidation -fmodules-validate-once-per-build-session -Wnon-modular-include-in-framework-module -Werror\=non-modular-include-in-framework-module -fmodule-name\=KissFFT -Wno-trigraphs -fpascal-strings -O0 -Wno-missing-field-initializers -Wno-missing-prototypes -Wno-return-type -Wno-missing-braces -Wparentheses -Wswitch -Wno-unused-function -Wno-unused-label -Wno-unused-parameter -Wno-unused-variable -Wunused-value -Wno-empty-body -Wno-uninitialized -Wno-unknown-pragmas -w -Wno-shadow -Wno-four-char-constants -Wno-conversion -Wno-constant-conversion -Wno-int-conversion -Wno-bool-conversion -Wno-enum-conversion -Wno-float-conversion -Wno-non-literal-null-conversion -Wno-objc-literal-conversion -Wno-shorten-64-to-32 -Wpointer-sign -Wno-newline-eof -Wno-implicit-fallthrough -DSWIFT_PACKAGE -DDEBUG\=1 -isysroot /Applications/Xcode-15.2.0.app/Contents/Developer/Platforms/WatchOS.platform/Developer/SDKs/WatchOS10.2.sdk -fstrict-aliasing -Wdeprecated-declarations -g -Wno-sign-conversion -Wno-infinite-recursion -Wno-comma -Wno-block-capture-autoreleasing -Wno-strict-prototypes -Wno-semicolon-before-method-body -fprofile-instr-generate -fcoverage-mapping -index-store-path /Users/admin/builds/J1XnyXFH/0/finestructure/swiftpackageindex-builder/spi-builder-workspace/.derivedData/Index.noindex/DataStore -I/Users/admin/builds/J1XnyXFH/0/finestructure/swiftpackageindex-builder/spi-builder-workspace/.derivedData/Build/Products/Debug-watchos/include -I/Users/admin/builds/J1XnyXFH/0/finestructure/swiftpackageindex-builder/spi-builder-workspace/.dependencies/checkouts/KissFFT/Sources/KissFFT/include -I/Users/admin/builds/J1XnyXFH/0/finestructure/swiftpackageindex-builder/spi-builder-workspace/.derivedData/Build/Intermediates.noindex/KissFFT.build/Debug-watchos/KissFFT.build/DerivedSources-normal/armv7k -I/Users/admin/builds/J1XnyXFH/0/finestructure/swiftpackageindex-builder/spi-builder-workspace/.derivedData/Build/Intermediates.noindex/KissFFT.build/Debug-watchos/KissFFT.build/DerivedSources/armv7k -I/Users/admin/builds/J1XnyXFH/0/finestructure/swiftpackageindex-builder/spi-builder-workspace/.derivedData/Build/Intermediates.noindex/KissFFT.build/Debug-watchos/KissFFT.build/DerivedSources -F/Users/admin/builds/J1XnyXFH/0/finestructure/swiftpackageindex-builder/spi-builder-workspace/.derivedData/Build/Products/Debug-watchos -iframework /Applications/Xcode-15.2.0.app/Contents/Developer/Platforms/WatchOS.platform/Developer/Library/Frameworks -iframework /Applications/Xcode-15.2.0.app/Contents/Developer/Platforms/WatchOS.platform/Developer/SDKs/WatchOS10.2.sdk/Developer/Library/Frameworks -DXcode -MMD -MT dependencies -MF /Users/admin/builds/J1XnyXFH/0/finestructure/swiftpackageindex-builder/spi-builder-workspace/.derivedData/Build/Intermediates.noindex/KissFFT.build/Debug-watchos/KissFFT.build/Objects-normal/armv7k/kiss_fftr.d --serialize-diagnostics /Users/admin/builds/J1XnyXFH/0/finestructure/swiftpackageindex-builder/spi-builder-workspace/.derivedData/Build/Intermediates.noindex/KissFFT.build/Debug-watchos/KissFFT.build/Objects-normal/armv7k/kiss_fftr.dia -c /Users/admin/builds/J1XnyXFH/0/finestructure/swiftpackageindex-builder/spi-builder-workspace/.dependencies/checkouts/KissFFT/Sources/KissFFT/kiss_fftr.c -o /Users/admin/builds/J1XnyXFH/0/finestructure/swiftpackageindex-builder/spi-builder-workspace/.derivedData/Build/Intermediates.noindex/KissFFT.build/Debug-watchos/KissFFT.build/Objects-normal/armv7k/kiss_fftr.o -index-unit-output-path /KissFFT.build/Debug-watchos/KissFFT.build/Objects-normal/armv7k/kiss_fftr.o
CompileC /Users/admin/builds/J1XnyXFH/0/finestructure/swiftpackageindex-builder/spi-builder-workspace/.derivedData/Build/Intermediates.noindex/KissFFT.build/Debug-watchos/KissFFT.build/Objects-normal/armv7k/kiss_fft.o /Users/admin/builds/J1XnyXFH/0/finestructure/swiftpackageindex-builder/spi-builder-workspace/.dependencies/checkouts/KissFFT/Sources/KissFFT/kiss_fft.c normal armv7k c com.apple.compilers.llvm.clang.1_0.compiler (in target 'KissFFT' from project 'KissFFT')
    cd /Users/admin/builds/J1XnyXFH/0/finestructure/swiftpackageindex-builder/spi-builder-workspace/.dependencies/checkouts/KissFFT
    /Applications/Xcode-15.2.0.app/Contents/Developer/Toolchains/XcodeDefault.xctoolchain/usr/bin/clang -x c -ivfsstatcache /Users/admin/builds/J1XnyXFH/0/finestructure/swiftpackageindex-builder/spi-builder-workspace/.derivedData/SDKStatCaches.noindex/watchos10.2-21S355-1a03c8d25fc3596eb74c01d649b42752.sdkstatcache -target armv7k-apple-watchos5.0 -fmessage-length\=0 -fdiagnostics-show-note-include-stack -fmacro-backtrace-limit\=0 -fno-color-diagnostics -fmodules -gmodules -fmodules-cache-path\=/Users/admin/builds/J1XnyXFH/0/finestructure/swiftpackageindex-builder/spi-builder-workspace/.derivedData/ModuleCache.noindex -fmodules-prune-interval\=86400 -fmodules-prune-after\=345600 -fbuild-session-file\=/Users/admin/builds/J1XnyXFH/0/finestructure/swiftpackageindex-builder/spi-builder-workspace/.derivedData/ModuleCache.noindex/Session.modulevalidation -fmodules-validate-once-per-build-session -Wnon-modular-include-in-framework-module -Werror\=non-modular-include-in-framework-module -fmodule-name\=KissFFT -Wno-trigraphs -fpascal-strings -O0 -Wno-missing-field-initializers -Wno-missing-prototypes -Wno-return-type -Wno-missing-braces -Wparentheses -Wswitch -Wno-unused-function -Wno-unused-label -Wno-unused-parameter -Wno-unused-variable -Wunused-value -Wno-empty-body -Wno-uninitialized -Wno-unknown-pragmas -w -Wno-shadow -Wno-four-char-constants -Wno-conversion -Wno-constant-conversion -Wno-int-conversion -Wno-bool-conversion -Wno-enum-conversion -Wno-float-conversion -Wno-non-literal-null-conversion -Wno-objc-literal-conversion -Wno-shorten-64-to-32 -Wpointer-sign -Wno-newline-eof -Wno-implicit-fallthrough -DSWIFT_PACKAGE -DDEBUG\=1 -isysroot /Applications/Xcode-15.2.0.app/Contents/Developer/Platforms/WatchOS.platform/Developer/SDKs/WatchOS10.2.sdk -fstrict-aliasing -Wdeprecated-declarations -g -Wno-sign-conversion -Wno-infinite-recursion -Wno-comma -Wno-block-capture-autoreleasing -Wno-strict-prototypes -Wno-semicolon-before-method-body -fprofile-instr-generate -fcoverage-mapping -index-store-path /Users/admin/builds/J1XnyXFH/0/finestructure/swiftpackageindex-builder/spi-builder-workspace/.derivedData/Index.noindex/DataStore -I/Users/admin/builds/J1XnyXFH/0/finestructure/swiftpackageindex-builder/spi-builder-workspace/.derivedData/Build/Products/Debug-watchos/include -I/Users/admin/builds/J1XnyXFH/0/finestructure/swiftpackageindex-builder/spi-builder-workspace/.dependencies/checkouts/KissFFT/Sources/KissFFT/include -I/Users/admin/builds/J1XnyXFH/0/finestructure/swiftpackageindex-builder/spi-builder-workspace/.derivedData/Build/Intermediates.noindex/KissFFT.build/Debug-watchos/KissFFT.build/DerivedSources-normal/armv7k -I/Users/admin/builds/J1XnyXFH/0/finestructure/swiftpackageindex-builder/spi-builder-workspace/.derivedData/Build/Intermediates.noindex/KissFFT.build/Debug-watchos/KissFFT.build/DerivedSources/armv7k -I/Users/admin/builds/J1XnyXFH/0/finestructure/swiftpackageindex-builder/spi-builder-workspace/.derivedData/Build/Intermediates.noindex/KissFFT.build/Debug-watchos/KissFFT.build/DerivedSources -F/Users/admin/builds/J1XnyXFH/0/finestructure/swiftpackageindex-builder/spi-builder-workspace/.derivedData/Build/Products/Debug-watchos -iframework /Applications/Xcode-15.2.0.app/Contents/Developer/Platforms/WatchOS.platform/Developer/Library/Frameworks -iframework /Applications/Xcode-15.2.0.app/Contents/Developer/Platforms/WatchOS.platform/Developer/SDKs/WatchOS10.2.sdk/Developer/Library/Frameworks -DXcode -MMD -MT dependencies -MF /Users/admin/builds/J1XnyXFH/0/finestructure/swiftpackageindex-builder/spi-builder-workspace/.derivedData/Build/Intermediates.noindex/KissFFT.build/Debug-watchos/KissFFT.build/Objects-normal/armv7k/kiss_fft.d --serialize-diagnostics /Users/admin/builds/J1XnyXFH/0/finestructure/swiftpackageindex-builder/spi-builder-workspace/.derivedData/Build/Intermediates.noindex/KissFFT.build/Debug-watchos/KissFFT.build/Objects-normal/armv7k/kiss_fft.dia -c /Users/admin/builds/J1XnyXFH/0/finestructure/swiftpackageindex-builder/spi-builder-workspace/.dependencies/checkouts/KissFFT/Sources/KissFFT/kiss_fft.c -o /Users/admin/builds/J1XnyXFH/0/finestructure/swiftpackageindex-builder/spi-builder-workspace/.derivedData/Build/Intermediates.noindex/KissFFT.build/Debug-watchos/KissFFT.build/Objects-normal/armv7k/kiss_fft.o -index-unit-output-path /KissFFT.build/Debug-watchos/KissFFT.build/Objects-normal/armv7k/kiss_fft.o
CompileC /Users/admin/builds/J1XnyXFH/0/finestructure/swiftpackageindex-builder/spi-builder-workspace/.derivedData/Build/Intermediates.noindex/KissFFT.build/Debug-watchos/KissFFT.build/Objects-normal/arm64_32/kiss_fftr.o /Users/admin/builds/J1XnyXFH/0/finestructure/swiftpackageindex-builder/spi-builder-workspace/.dependencies/checkouts/KissFFT/Sources/KissFFT/kiss_fftr.c normal arm64_32 c com.apple.compilers.llvm.clang.1_0.compiler (in target 'KissFFT' from project 'KissFFT')
    cd /Users/admin/builds/J1XnyXFH/0/finestructure/swiftpackageindex-builder/spi-builder-workspace/.dependencies/checkouts/KissFFT
    /Applications/Xcode-15.2.0.app/Contents/Developer/Toolchains/XcodeDefault.xctoolchain/usr/bin/clang -x c -ivfsstatcache /Users/admin/builds/J1XnyXFH/0/finestructure/swiftpackageindex-builder/spi-builder-workspace/.derivedData/SDKStatCaches.noindex/watchos10.2-21S355-1a03c8d25fc3596eb74c01d649b42752.sdkstatcache -target arm64_32-apple-watchos5.0 -fmessage-length\=0 -fdiagnostics-show-note-include-stack -fmacro-backtrace-limit\=0 -fno-color-diagnostics -fmodules -gmodules -fmodules-cache-path\=/Users/admin/builds/J1XnyXFH/0/finestructure/swiftpackageindex-builder/spi-builder-workspace/.derivedData/ModuleCache.noindex -fmodules-prune-interval\=86400 -fmodules-prune-after\=345600 -fbuild-session-file\=/Users/admin/builds/J1XnyXFH/0/finestructure/swiftpackageindex-builder/spi-builder-workspace/.derivedData/ModuleCache.noindex/Session.modulevalidation -fmodules-validate-once-per-build-session -Wnon-modular-include-in-framework-module -Werror\=non-modular-include-in-framework-module -fmodule-name\=KissFFT -Wno-trigraphs -fpascal-strings -O0 -Wno-missing-field-initializers -Wno-missing-prototypes -Wno-return-type -Wno-missing-braces -Wparentheses -Wswitch -Wno-unused-function -Wno-unused-label -Wno-unused-parameter -Wno-unused-variable -Wunused-value -Wno-empty-body -Wno-uninitialized -Wno-unknown-pragmas -w -Wno-shadow -Wno-four-char-constants -Wno-conversion -Wno-constant-conversion -Wno-int-conversion -Wno-bool-conversion -Wno-enum-conversion -Wno-float-conversion -Wno-non-literal-null-conversion -Wno-objc-literal-conversion -Wno-shorten-64-to-32 -Wpointer-sign -Wno-newline-eof -Wno-implicit-fallthrough -DSWIFT_PACKAGE -DDEBUG\=1 -isysroot /Applications/Xcode-15.2.0.app/Contents/Developer/Platforms/WatchOS.platform/Developer/SDKs/WatchOS10.2.sdk -fstrict-aliasing -Wdeprecated-declarations -g -Wno-sign-conversion -Wno-infinite-recursion -Wno-comma -Wno-block-capture-autoreleasing -Wno-strict-prototypes -Wno-semicolon-before-method-body -fprofile-instr-generate -fcoverage-mapping -index-store-path /Users/admin/builds/J1XnyXFH/0/finestructure/swiftpackageindex-builder/spi-builder-workspace/.derivedData/Index.noindex/DataStore -I/Users/admin/builds/J1XnyXFH/0/finestructure/swiftpackageindex-builder/spi-builder-workspace/.derivedData/Build/Products/Debug-watchos/include -I/Users/admin/builds/J1XnyXFH/0/finestructure/swiftpackageindex-builder/spi-builder-workspace/.dependencies/checkouts/KissFFT/Sources/KissFFT/include -I/Users/admin/builds/J1XnyXFH/0/finestructure/swiftpackageindex-builder/spi-builder-workspace/.derivedData/Build/Intermediates.noindex/KissFFT.build/Debug-watchos/KissFFT.build/DerivedSources-normal/arm64_32 -I/Users/admin/builds/J1XnyXFH/0/finestructure/swiftpackageindex-builder/spi-builder-workspace/.derivedData/Build/Intermediates.noindex/KissFFT.build/Debug-watchos/KissFFT.build/DerivedSources/arm64_32 -I/Users/admin/builds/J1XnyXFH/0/finestructure/swiftpackageindex-builder/spi-builder-workspace/.derivedData/Build/Intermediates.noindex/KissFFT.build/Debug-watchos/KissFFT.build/DerivedSources -F/Users/admin/builds/J1XnyXFH/0/finestructure/swiftpackageindex-builder/spi-builder-workspace/.derivedData/Build/Products/Debug-watchos -iframework /Applications/Xcode-15.2.0.app/Contents/Developer/Platforms/WatchOS.platform/Developer/Library/Frameworks -iframework /Applications/Xcode-15.2.0.app/Contents/Developer/Platforms/WatchOS.platform/Developer/SDKs/WatchOS10.2.sdk/Developer/Library/Frameworks -DXcode -MMD -MT dependencies -MF /Users/admin/builds/J1XnyXFH/0/finestructure/swiftpackageindex-builder/spi-builder-workspace/.derivedData/Build/Intermediates.noindex/KissFFT.build/Debug-watchos/KissFFT.build/Objects-normal/arm64_32/kiss_fftr.d --serialize-diagnostics /Users/admin/builds/J1XnyXFH/0/finestructure/swiftpackageindex-builder/spi-builder-workspace/.derivedData/Build/Intermediates.noindex/KissFFT.build/Debug-watchos/KissFFT.build/Objects-normal/arm64_32/kiss_fftr.dia -c /Users/admin/builds/J1XnyXFH/0/finestructure/swiftpackageindex-builder/spi-builder-workspace/.dependencies/checkouts/KissFFT/Sources/KissFFT/kiss_fftr.c -o /Users/admin/builds/J1XnyXFH/0/finestructure/swiftpackageindex-builder/spi-builder-workspace/.derivedData/Build/Intermediates.noindex/KissFFT.build/Debug-watchos/KissFFT.build/Objects-normal/arm64_32/kiss_fftr.o -index-unit-output-path /KissFFT.build/Debug-watchos/KissFFT.build/Objects-normal/arm64_32/kiss_fftr.o
CompileC /Users/admin/builds/J1XnyXFH/0/finestructure/swiftpackageindex-builder/spi-builder-workspace/.derivedData/Build/Intermediates.noindex/KissFFT.build/Debug-watchos/KissFFT.build/Objects-normal/arm64_32/kiss_fft.o /Users/admin/builds/J1XnyXFH/0/finestructure/swiftpackageindex-builder/spi-builder-workspace/.dependencies/checkouts/KissFFT/Sources/KissFFT/kiss_fft.c normal arm64_32 c com.apple.compilers.llvm.clang.1_0.compiler (in target 'KissFFT' from project 'KissFFT')
    cd /Users/admin/builds/J1XnyXFH/0/finestructure/swiftpackageindex-builder/spi-builder-workspace/.dependencies/checkouts/KissFFT
    /Applications/Xcode-15.2.0.app/Contents/Developer/Toolchains/XcodeDefault.xctoolchain/usr/bin/clang -x c -ivfsstatcache /Users/admin/builds/J1XnyXFH/0/finestructure/swiftpackageindex-builder/spi-builder-workspace/.derivedData/SDKStatCaches.noindex/watchos10.2-21S355-1a03c8d25fc3596eb74c01d649b42752.sdkstatcache -target arm64_32-apple-watchos5.0 -fmessage-length\=0 -fdiagnostics-show-note-include-stack -fmacro-backtrace-limit\=0 -fno-color-diagnostics -fmodules -gmodules -fmodules-cache-path\=/Users/admin/builds/J1XnyXFH/0/finestructure/swiftpackageindex-builder/spi-builder-workspace/.derivedData/ModuleCache.noindex -fmodules-prune-interval\=86400 -fmodules-prune-after\=345600 -fbuild-session-file\=/Users/admin/builds/J1XnyXFH/0/finestructure/swiftpackageindex-builder/spi-builder-workspace/.derivedData/ModuleCache.noindex/Session.modulevalidation -fmodules-validate-once-per-build-session -Wnon-modular-include-in-framework-module -Werror\=non-modular-include-in-framework-module -fmodule-name\=KissFFT -Wno-trigraphs -fpascal-strings -O0 -Wno-missing-field-initializers -Wno-missing-prototypes -Wno-return-type -Wno-missing-braces -Wparentheses -Wswitch -Wno-unused-function -Wno-unused-label -Wno-unused-parameter -Wno-unused-variable -Wunused-value -Wno-empty-body -Wno-uninitialized -Wno-unknown-pragmas -w -Wno-shadow -Wno-four-char-constants -Wno-conversion -Wno-constant-conversion -Wno-int-conversion -Wno-bool-conversion -Wno-enum-conversion -Wno-float-conversion -Wno-non-literal-null-conversion -Wno-objc-literal-conversion -Wno-shorten-64-to-32 -Wpointer-sign -Wno-newline-eof -Wno-implicit-fallthrough -DSWIFT_PACKAGE -DDEBUG\=1 -isysroot /Applications/Xcode-15.2.0.app/Contents/Developer/Platforms/WatchOS.platform/Developer/SDKs/WatchOS10.2.sdk -fstrict-aliasing -Wdeprecated-declarations -g -Wno-sign-conversion -Wno-infinite-recursion -Wno-comma -Wno-block-capture-autoreleasing -Wno-strict-prototypes -Wno-semicolon-before-method-body -fprofile-instr-generate -fcoverage-mapping -index-store-path /Users/admin/builds/J1XnyXFH/0/finestructure/swiftpackageindex-builder/spi-builder-workspace/.derivedData/Index.noindex/DataStore -I/Users/admin/builds/J1XnyXFH/0/finestructure/swiftpackageindex-builder/spi-builder-workspace/.derivedData/Build/Products/Debug-watchos/include -I/Users/admin/builds/J1XnyXFH/0/finestructure/swiftpackageindex-builder/spi-builder-workspace/.dependencies/checkouts/KissFFT/Sources/KissFFT/include -I/Users/admin/builds/J1XnyXFH/0/finestructure/swiftpackageindex-builder/spi-builder-workspace/.derivedData/Build/Intermediates.noindex/KissFFT.build/Debug-watchos/KissFFT.build/DerivedSources-normal/arm64_32 -I/Users/admin/builds/J1XnyXFH/0/finestructure/swiftpackageindex-builder/spi-builder-workspace/.derivedData/Build/Intermediates.noindex/KissFFT.build/Debug-watchos/KissFFT.build/DerivedSources/arm64_32 -I/Users/admin/builds/J1XnyXFH/0/finestructure/swiftpackageindex-builder/spi-builder-workspace/.derivedData/Build/Intermediates.noindex/KissFFT.build/Debug-watchos/KissFFT.build/DerivedSources -F/Users/admin/builds/J1XnyXFH/0/finestructure/swiftpackageindex-builder/spi-builder-workspace/.derivedData/Build/Products/Debug-watchos -iframework /Applications/Xcode-15.2.0.app/Contents/Developer/Platforms/WatchOS.platform/Developer/Library/Frameworks -iframework /Applications/Xcode-15.2.0.app/Contents/Developer/Platforms/WatchOS.platform/Developer/SDKs/WatchOS10.2.sdk/Developer/Library/Frameworks -DXcode -MMD -MT dependencies -MF /Users/admin/builds/J1XnyXFH/0/finestructure/swiftpackageindex-builder/spi-builder-workspace/.derivedData/Build/Intermediates.noindex/KissFFT.build/Debug-watchos/KissFFT.build/Objects-normal/arm64_32/kiss_fft.d --serialize-diagnostics /Users/admin/builds/J1XnyXFH/0/finestructure/swiftpackageindex-builder/spi-builder-workspace/.derivedData/Build/Intermediates.noindex/KissFFT.build/Debug-watchos/KissFFT.build/Objects-normal/arm64_32/kiss_fft.dia -c /Users/admin/builds/J1XnyXFH/0/finestructure/swiftpackageindex-builder/spi-builder-workspace/.dependencies/checkouts/KissFFT/Sources/KissFFT/kiss_fft.c -o /Users/admin/builds/J1XnyXFH/0/finestructure/swiftpackageindex-builder/spi-builder-workspace/.derivedData/Build/Intermediates.noindex/KissFFT.build/Debug-watchos/KissFFT.build/Objects-normal/arm64_32/kiss_fft.o -index-unit-output-path /KissFFT.build/Debug-watchos/KissFFT.build/Objects-normal/arm64_32/kiss_fft.o
CompileC /Users/admin/builds/J1XnyXFH/0/finestructure/swiftpackageindex-builder/spi-builder-workspace/.derivedData/Build/Intermediates.noindex/KissFFT.build/Debug-watchos/KissFFT.build/Objects-normal/arm64/kiss_fftr.o /Users/admin/builds/J1XnyXFH/0/finestructure/swiftpackageindex-builder/spi-builder-workspace/.dependencies/checkouts/KissFFT/Sources/KissFFT/kiss_fftr.c normal arm64 c com.apple.compilers.llvm.clang.1_0.compiler (in target 'KissFFT' from project 'KissFFT')
    cd /Users/admin/builds/J1XnyXFH/0/finestructure/swiftpackageindex-builder/spi-builder-workspace/.dependencies/checkouts/KissFFT
    /Applications/Xcode-15.2.0.app/Contents/Developer/Toolchains/XcodeDefault.xctoolchain/usr/bin/clang -x c -ivfsstatcache /Users/admin/builds/J1XnyXFH/0/finestructure/swiftpackageindex-builder/spi-builder-workspace/.derivedData/SDKStatCaches.noindex/watchos10.2-21S355-1a03c8d25fc3596eb74c01d649b42752.sdkstatcache -target arm64-apple-watchos5.0 -fmessage-length\=0 -fdiagnostics-show-note-include-stack -fmacro-backtrace-limit\=0 -fno-color-diagnostics -fmodules -gmodules -fmodules-cache-path\=/Users/admin/builds/J1XnyXFH/0/finestructure/swiftpackageindex-builder/spi-builder-workspace/.derivedData/ModuleCache.noindex -fmodules-prune-interval\=86400 -fmodules-prune-after\=345600 -fbuild-session-file\=/Users/admin/builds/J1XnyXFH/0/finestructure/swiftpackageindex-builder/spi-builder-workspace/.derivedData/ModuleCache.noindex/Session.modulevalidation -fmodules-validate-once-per-build-session -Wnon-modular-include-in-framework-module -Werror\=non-modular-include-in-framework-module -fmodule-name\=KissFFT -Wno-trigraphs -fpascal-strings -O0 -Wno-missing-field-initializers -Wno-missing-prototypes -Wno-return-type -Wno-missing-braces -Wparentheses -Wswitch -Wno-unused-function -Wno-unused-label -Wno-unused-parameter -Wno-unused-variable -Wunused-value -Wno-empty-body -Wno-uninitialized -Wno-unknown-pragmas -w -Wno-shadow -Wno-four-char-constants -Wno-conversion -Wno-constant-conversion -Wno-int-conversion -Wno-bool-conversion -Wno-enum-conversion -Wno-float-conversion -Wno-non-literal-null-conversion -Wno-objc-literal-conversion -Wshorten-64-to-32 -Wpointer-sign -Wno-newline-eof -Wno-implicit-fallthrough -DSWIFT_PACKAGE -DDEBUG\=1 -isysroot /Applications/Xcode-15.2.0.app/Contents/Developer/Platforms/WatchOS.platform/Developer/SDKs/WatchOS10.2.sdk -fstrict-aliasing -Wdeprecated-declarations -g -Wno-sign-conversion -Wno-infinite-recursion -Wno-comma -Wno-block-capture-autoreleasing -Wno-strict-prototypes -Wno-semicolon-before-method-body -fprofile-instr-generate -fcoverage-mapping -index-store-path /Users/admin/builds/J1XnyXFH/0/finestructure/swiftpackageindex-builder/spi-builder-workspace/.derivedData/Index.noindex/DataStore -I/Users/admin/builds/J1XnyXFH/0/finestructure/swiftpackageindex-builder/spi-builder-workspace/.derivedData/Build/Products/Debug-watchos/include -I/Users/admin/builds/J1XnyXFH/0/finestructure/swiftpackageindex-builder/spi-builder-workspace/.dependencies/checkouts/KissFFT/Sources/KissFFT/include -I/Users/admin/builds/J1XnyXFH/0/finestructure/swiftpackageindex-builder/spi-builder-workspace/.derivedData/Build/Intermediates.noindex/KissFFT.build/Debug-watchos/KissFFT.build/DerivedSources-normal/arm64 -I/Users/admin/builds/J1XnyXFH/0/finestructure/swiftpackageindex-builder/spi-builder-workspace/.derivedData/Build/Intermediates.noindex/KissFFT.build/Debug-watchos/KissFFT.build/DerivedSources/arm64 -I/Users/admin/builds/J1XnyXFH/0/finestructure/swiftpackageindex-builder/spi-builder-workspace/.derivedData/Build/Intermediates.noindex/KissFFT.build/Debug-watchos/KissFFT.build/DerivedSources -F/Users/admin/builds/J1XnyXFH/0/finestructure/swiftpackageindex-builder/spi-builder-workspace/.derivedData/Build/Products/Debug-watchos -iframework /Applications/Xcode-15.2.0.app/Contents/Developer/Platforms/WatchOS.platform/Developer/Library/Frameworks -iframework /Applications/Xcode-15.2.0.app/Contents/Developer/Platforms/WatchOS.platform/Developer/SDKs/WatchOS10.2.sdk/Developer/Library/Frameworks -DXcode -MMD -MT dependencies -MF /Users/admin/builds/J1XnyXFH/0/finestructure/swiftpackageindex-builder/spi-builder-workspace/.derivedData/Build/Intermediates.noindex/KissFFT.build/Debug-watchos/KissFFT.build/Objects-normal/arm64/kiss_fftr.d --serialize-diagnostics /Users/admin/builds/J1XnyXFH/0/finestructure/swiftpackageindex-builder/spi-builder-workspace/.derivedData/Build/Intermediates.noindex/KissFFT.build/Debug-watchos/KissFFT.build/Objects-normal/arm64/kiss_fftr.dia -c /Users/admin/builds/J1XnyXFH/0/finestructure/swiftpackageindex-builder/spi-builder-workspace/.dependencies/checkouts/KissFFT/Sources/KissFFT/kiss_fftr.c -o /Users/admin/builds/J1XnyXFH/0/finestructure/swiftpackageindex-builder/spi-builder-workspace/.derivedData/Build/Intermediates.noindex/KissFFT.build/Debug-watchos/KissFFT.build/Objects-normal/arm64/kiss_fftr.o -index-unit-output-path /KissFFT.build/Debug-watchos/KissFFT.build/Objects-normal/arm64/kiss_fftr.o
CompileC /Users/admin/builds/J1XnyXFH/0/finestructure/swiftpackageindex-builder/spi-builder-workspace/.derivedData/Build/Intermediates.noindex/KissFFT.build/Debug-watchos/KissFFT.build/Objects-normal/arm64/kiss_fft.o /Users/admin/builds/J1XnyXFH/0/finestructure/swiftpackageindex-builder/spi-builder-workspace/.dependencies/checkouts/KissFFT/Sources/KissFFT/kiss_fft.c normal arm64 c com.apple.compilers.llvm.clang.1_0.compiler (in target 'KissFFT' from project 'KissFFT')
    cd /Users/admin/builds/J1XnyXFH/0/finestructure/swiftpackageindex-builder/spi-builder-workspace/.dependencies/checkouts/KissFFT
    /Applications/Xcode-15.2.0.app/Contents/Developer/Toolchains/XcodeDefault.xctoolchain/usr/bin/clang -x c -ivfsstatcache /Users/admin/builds/J1XnyXFH/0/finestructure/swiftpackageindex-builder/spi-builder-workspace/.derivedData/SDKStatCaches.noindex/watchos10.2-21S355-1a03c8d25fc3596eb74c01d649b42752.sdkstatcache -target arm64-apple-watchos5.0 -fmessage-length\=0 -fdiagnostics-show-note-include-stack -fmacro-backtrace-limit\=0 -fno-color-diagnostics -fmodules -gmodules -fmodules-cache-path\=/Users/admin/builds/J1XnyXFH/0/finestructure/swiftpackageindex-builder/spi-builder-workspace/.derivedData/ModuleCache.noindex -fmodules-prune-interval\=86400 -fmodules-prune-after\=345600 -fbuild-session-file\=/Users/admin/builds/J1XnyXFH/0/finestructure/swiftpackageindex-builder/spi-builder-workspace/.derivedData/ModuleCache.noindex/Session.modulevalidation -fmodules-validate-once-per-build-session -Wnon-modular-include-in-framework-module -Werror\=non-modular-include-in-framework-module -fmodule-name\=KissFFT -Wno-trigraphs -fpascal-strings -O0 -Wno-missing-field-initializers -Wno-missing-prototypes -Wno-return-type -Wno-missing-braces -Wparentheses -Wswitch -Wno-unused-function -Wno-unused-label -Wno-unused-parameter -Wno-unused-variable -Wunused-value -Wno-empty-body -Wno-uninitialized -Wno-unknown-pragmas -w -Wno-shadow -Wno-four-char-constants -Wno-conversion -Wno-constant-conversion -Wno-int-conversion -Wno-bool-conversion -Wno-enum-conversion -Wno-float-conversion -Wno-non-literal-null-conversion -Wno-objc-literal-conversion -Wshorten-64-to-32 -Wpointer-sign -Wno-newline-eof -Wno-implicit-fallthrough -DSWIFT_PACKAGE -DDEBUG\=1 -isysroot /Applications/Xcode-15.2.0.app/Contents/Developer/Platforms/WatchOS.platform/Developer/SDKs/WatchOS10.2.sdk -fstrict-aliasing -Wdeprecated-declarations -g -Wno-sign-conversion -Wno-infinite-recursion -Wno-comma -Wno-block-capture-autoreleasing -Wno-strict-prototypes -Wno-semicolon-before-method-body -fprofile-instr-generate -fcoverage-mapping -index-store-path /Users/admin/builds/J1XnyXFH/0/finestructure/swiftpackageindex-builder/spi-builder-workspace/.derivedData/Index.noindex/DataStore -I/Users/admin/builds/J1XnyXFH/0/finestructure/swiftpackageindex-builder/spi-builder-workspace/.derivedData/Build/Products/Debug-watchos/include -I/Users/admin/builds/J1XnyXFH/0/finestructure/swiftpackageindex-builder/spi-builder-workspace/.dependencies/checkouts/KissFFT/Sources/KissFFT/include -I/Users/admin/builds/J1XnyXFH/0/finestructure/swiftpackageindex-builder/spi-builder-workspace/.derivedData/Build/Intermediates.noindex/KissFFT.build/Debug-watchos/KissFFT.build/DerivedSources-normal/arm64 -I/Users/admin/builds/J1XnyXFH/0/finestructure/swiftpackageindex-builder/spi-builder-workspace/.derivedData/Build/Intermediates.noindex/KissFFT.build/Debug-watchos/KissFFT.build/DerivedSources/arm64 -I/Users/admin/builds/J1XnyXFH/0/finestructure/swiftpackageindex-builder/spi-builder-workspace/.derivedData/Build/Intermediates.noindex/KissFFT.build/Debug-watchos/KissFFT.build/DerivedSources -F/Users/admin/builds/J1XnyXFH/0/finestructure/swiftpackageindex-builder/spi-builder-workspace/.derivedData/Build/Products/Debug-watchos -iframework /Applications/Xcode-15.2.0.app/Contents/Developer/Platforms/WatchOS.platform/Developer/Library/Frameworks -iframework /Applications/Xcode-15.2.0.app/Contents/Developer/Platforms/WatchOS.platform/Developer/SDKs/WatchOS10.2.sdk/Developer/Library/Frameworks -DXcode -MMD -MT dependencies -MF /Users/admin/builds/J1XnyXFH/0/finestructure/swiftpackageindex-builder/spi-builder-workspace/.derivedData/Build/Intermediates.noindex/KissFFT.build/Debug-watchos/KissFFT.build/Objects-normal/arm64/kiss_fft.d --serialize-diagnostics /Users/admin/builds/J1XnyXFH/0/finestructure/swiftpackageindex-builder/spi-builder-workspace/.derivedData/Build/Intermediates.noindex/KissFFT.build/Debug-watchos/KissFFT.build/Objects-normal/arm64/kiss_fft.dia -c /Users/admin/builds/J1XnyXFH/0/finestructure/swiftpackageindex-builder/spi-builder-workspace/.dependencies/checkouts/KissFFT/Sources/KissFFT/kiss_fft.c -o /Users/admin/builds/J1XnyXFH/0/finestructure/swiftpackageindex-builder/spi-builder-workspace/.derivedData/Build/Intermediates.noindex/KissFFT.build/Debug-watchos/KissFFT.build/Objects-normal/arm64/kiss_fft.o -index-unit-output-path /KissFFT.build/Debug-watchos/KissFFT.build/Objects-normal/arm64/kiss_fft.o
CompileC /Users/admin/builds/J1XnyXFH/0/finestructure/swiftpackageindex-builder/spi-builder-workspace/.derivedData/Build/Intermediates.noindex/AudioKitEX.build/Debug-watchos/CAudioKitEX.build/Objects-normal/armv7k/StereoFieldLimiterDSP.o /Users/admin/builds/J1XnyXFH/0/finestructure/swiftpackageindex-builder/spi-builder-workspace/.dependencies/checkouts/AudioKitEX/Sources/CAudioKitEX/Nodes/StereoFieldLimiterDSP.mm normal armv7k objective-c++ com.apple.compilers.llvm.clang.1_0.compiler (in target 'CAudioKitEX' from project 'AudioKitEX')
    cd /Users/admin/builds/J1XnyXFH/0/finestructure/swiftpackageindex-builder/spi-builder-workspace/.dependencies/checkouts/AudioKitEX
    /Applications/Xcode-15.2.0.app/Contents/Developer/Toolchains/XcodeDefault.xctoolchain/usr/bin/clang -x objective-c++ -ivfsstatcache /Users/admin/builds/J1XnyXFH/0/finestructure/swiftpackageindex-builder/spi-builder-workspace/.derivedData/SDKStatCaches.noindex/watchos10.2-21S355-1a03c8d25fc3596eb74c01d649b42752.sdkstatcache -target armv7k-apple-watchos6.0 -fmessage-length\=0 -fdiagnostics-show-note-include-stack -fmacro-backtrace-limit\=0 -fno-color-diagnostics -std\=c++14 -fobjc-arc -fmodules -gmodules -fmodules-cache-path\=/Users/admin/builds/J1XnyXFH/0/finestructure/swiftpackageindex-builder/spi-builder-workspace/.derivedData/ModuleCache.noindex -fmodules-prune-interval\=86400 -fmodules-prune-after\=345600 -fbuild-session-file\=/Users/admin/builds/J1XnyXFH/0/finestructure/swiftpackageindex-builder/spi-builder-workspace/.derivedData/ModuleCache.noindex/Session.modulevalidation -fmodules-validate-once-per-build-session -Wnon-modular-include-in-framework-module -Werror\=non-modular-include-in-framework-module -fmodule-name\=CAudioKitEX -Wno-trigraphs -fpascal-strings -O0 -Wno-missing-field-initializers -Wno-missing-prototypes -Wno-return-type -Wno-implicit-atomic-properties -Wno-objc-interface-ivars -Wno-arc-repeated-use-of-weak -Wno-non-virtual-dtor -Wno-overloaded-virtual -Wno-exit-time-destructors -Wno-missing-braces -Wparentheses -Wswitch -Wno-unused-function -Wno-unused-label -Wno-unused-parameter -Wno-unused-variable -Wunused-value -Wno-empty-body -Wno-uninitialized -Wno-unknown-pragmas -w -Wno-shadow -Wno-four-char-constants -Wno-conversion -Wno-constant-conversion -Wno-int-conversion -Wno-bool-conversion -Wno-enum-conversion -Wno-float-conversion -Wno-non-literal-null-conversion -Wno-objc-literal-conversion -Wno-shorten-64-to-32 -Wno-newline-eof -Wno-selector -Wno-strict-selector-match -Wno-undeclared-selector -Wno-deprecated-implementations -Wno-c++11-extensions -Wno-implicit-fallthrough -DSWIFT_PACKAGE -DDEBUG\=1 -DOBJC_OLD_DISPATCH_PROTOTYPES\=1 -isysroot /Applications/Xcode-15.2.0.app/Contents/Developer/Platforms/WatchOS.platform/Developer/SDKs/WatchOS10.2.sdk -fstrict-aliasing -Wprotocol -Wdeprecated-declarations -Winvalid-offsetof -g -fvisibility-inlines-hidden -Wno-sign-conversion -Wno-infinite-recursion -Wno-move -Wno-comma -Wno-block-capture-autoreleasing -Wno-strict-prototypes -Wno-range-loop-analysis -Wno-semicolon-before-method-body -fprofile-instr-generate -fcoverage-mapping -index-store-path /Users/admin/builds/J1XnyXFH/0/finestructure/swiftpackageindex-builder/spi-builder-workspace/.derivedData/Index.noindex/DataStore -I/Users/admin/builds/J1XnyXFH/0/finestructure/swiftpackageindex-builder/spi-builder-workspace/.derivedData/Build/Products/Debug-watchos/include -I/Users/admin/builds/J1XnyXFH/0/finestructure/swiftpackageindex-builder/spi-builder-workspace/.dependencies/checkouts/AudioKitEX/Sources/CAudioKitEX/include -I/Users/admin/builds/J1XnyXFH/0/finestructure/swiftpackageindex-builder/spi-builder-workspace/.dependencies/checkouts/AudioKitEX/Sources/CAudioKitEX -I/Users/admin/builds/J1XnyXFH/0/finestructure/swiftpackageindex-builder/spi-builder-workspace/.derivedData/Build/Intermediates.noindex/AudioKitEX.build/Debug-watchos/CAudioKitEX.build/DerivedSources-normal/armv7k -I/Users/admin/builds/J1XnyXFH/0/finestructure/swiftpackageindex-builder/spi-builder-workspace/.derivedData/Build/Intermediates.noindex/AudioKitEX.build/Debug-watchos/CAudioKitEX.build/DerivedSources/armv7k -I/Users/admin/builds/J1XnyXFH/0/finestructure/swiftpackageindex-builder/spi-builder-workspace/.derivedData/Build/Intermediates.noindex/AudioKitEX.build/Debug-watchos/CAudioKitEX.build/DerivedSources -F/Users/admin/builds/J1XnyXFH/0/finestructure/swiftpackageindex-builder/spi-builder-workspace/.derivedData/Build/Products/Debug-watchos -iframework /Applications/Xcode-15.2.0.app/Contents/Developer/Platforms/WatchOS.platform/Developer/Library/Frameworks -iframework /Applications/Xcode-15.2.0.app/Contents/Developer/Platforms/WatchOS.platform/Developer/SDKs/WatchOS10.2.sdk/Developer/Library/Frameworks -DXcode -MMD -MT dependencies -MF /Users/admin/builds/J1XnyXFH/0/finestructure/swiftpackageindex-builder/spi-builder-workspace/.derivedData/Build/Intermediates.noindex/AudioKitEX.build/Debug-watchos/CAudioKitEX.build/Objects-normal/armv7k/StereoFieldLimiterDSP.d --serialize-diagnostics /Users/admin/builds/J1XnyXFH/0/finestructure/swiftpackageindex-builder/spi-builder-workspace/.derivedData/Build/Intermediates.noindex/AudioKitEX.build/Debug-watchos/CAudioKitEX.build/Objects-normal/armv7k/StereoFieldLimiterDSP.dia -c /Users/admin/builds/J1XnyXFH/0/finestructure/swiftpackageindex-builder/spi-builder-workspace/.dependencies/checkouts/AudioKitEX/Sources/CAudioKitEX/Nodes/StereoFieldLimiterDSP.mm -o /Users/admin/builds/J1XnyXFH/0/finestructure/swiftpackageindex-builder/spi-builder-workspace/.derivedData/Build/Intermediates.noindex/AudioKitEX.build/Debug-watchos/CAudioKitEX.build/Objects-normal/armv7k/StereoFieldLimiterDSP.o -index-unit-output-path /AudioKitEX.build/Debug-watchos/CAudioKitEX.build/Objects-normal/armv7k/StereoFieldLimiterDSP.o
In file included from /Users/admin/builds/J1XnyXFH/0/finestructure/swiftpackageindex-builder/spi-builder-workspace/.dependencies/checkouts/AudioKitEX/Sources/CAudioKitEX/Nodes/StereoFieldLimiterDSP.mm:3:
/Users/admin/builds/J1XnyXFH/0/finestructure/swiftpackageindex-builder/spi-builder-workspace/.dependencies/checkouts/AudioKitEX/Sources/CAudioKitEX/include/DSPBase.h:6:9: fatal error: 'AudioToolbox/AudioToolbox.h' file not found
#import <AudioToolbox/AudioToolbox.h>
        ^~~~~~~~~~~~~~~~~~~~~~~~~~~~~
Ld /Users/admin/builds/J1XnyXFH/0/finestructure/swiftpackageindex-builder/spi-builder-workspace/.derivedData/Build/Intermediates.noindex/KissFFT.build/Debug-watchos/KissFFT.build/Objects-normal/armv7k/Binary/KissFFT.o normal armv7k (in target 'KissFFT' from project 'KissFFT')
    cd /Users/admin/builds/J1XnyXFH/0/finestructure/swiftpackageindex-builder/spi-builder-workspace/.dependencies/checkouts/KissFFT
    /Applications/Xcode-15.2.0.app/Contents/Developer/Toolchains/XcodeDefault.xctoolchain/usr/bin/clang -Xlinker -reproducible -target armv7k-apple-watchos5.0 -r -isysroot /Applications/Xcode-15.2.0.app/Contents/Developer/Platforms/WatchOS.platform/Developer/SDKs/WatchOS10.2.sdk -O0 -w -L/Users/admin/builds/J1XnyXFH/0/finestructure/swiftpackageindex-builder/spi-builder-workspace/.derivedData/Build/Intermediates.noindex/EagerLinkingTBDs/Debug-watchos -L/Users/admin/builds/J1XnyXFH/0/finestructure/swiftpackageindex-builder/spi-builder-workspace/.derivedData/Build/Products/Debug-watchos -L/Applications/Xcode-15.2.0.app/Contents/Developer/Platforms/WatchOS.platform/Developer/usr/lib -F/Users/admin/builds/J1XnyXFH/0/finestructure/swiftpackageindex-builder/spi-builder-workspace/.derivedData/Build/Intermediates.noindex/EagerLinkingTBDs/Debug-watchos -F/Users/admin/builds/J1XnyXFH/0/finestructure/swiftpackageindex-builder/spi-builder-workspace/.derivedData/Build/Products/Debug-watchos -iframework /Applications/Xcode-15.2.0.app/Contents/Developer/Platforms/WatchOS.platform/Developer/Library/Frameworks -iframework /Applications/Xcode-15.2.0.app/Contents/Developer/Platforms/WatchOS.platform/Developer/SDKs/WatchOS10.2.sdk/Developer/Library/Frameworks -filelist /Users/admin/builds/J1XnyXFH/0/finestructure/swiftpackageindex-builder/spi-builder-workspace/.derivedData/Build/Intermediates.noindex/KissFFT.build/Debug-watchos/KissFFT.build/Objects-normal/armv7k/KissFFT.LinkFileList -nostdlib -Xlinker -object_path_lto -Xlinker /Users/admin/builds/J1XnyXFH/0/finestructure/swiftpackageindex-builder/spi-builder-workspace/.derivedData/Build/Intermediates.noindex/KissFFT.build/Debug-watchos/KissFFT.build/Objects-normal/armv7k/KissFFT_lto.o -Xlinker -export_dynamic -Xlinker -no_deduplicate -Xlinker -debug_variant -Xlinker -dependency_info -Xlinker /Users/admin/builds/J1XnyXFH/0/finestructure/swiftpackageindex-builder/spi-builder-workspace/.derivedData/Build/Intermediates.noindex/KissFFT.build/Debug-watchos/KissFFT.build/Objects-normal/armv7k/KissFFT_dependency_info.dat -o /Users/admin/builds/J1XnyXFH/0/finestructure/swiftpackageindex-builder/spi-builder-workspace/.derivedData/Build/Intermediates.noindex/KissFFT.build/Debug-watchos/KissFFT.build/Objects-normal/armv7k/Binary/KissFFT.o
CompileC /Users/admin/builds/J1XnyXFH/0/finestructure/swiftpackageindex-builder/spi-builder-workspace/.derivedData/Build/Intermediates.noindex/AudioKitEX.build/Debug-watchos/CAudioKitEX.build/Objects-normal/armv7k/SequencerEngine.o /Users/admin/builds/J1XnyXFH/0/finestructure/swiftpackageindex-builder/spi-builder-workspace/.dependencies/checkouts/AudioKitEX/Sources/CAudioKitEX/Sequencing/SequencerEngine.mm normal armv7k objective-c++ com.apple.compilers.llvm.clang.1_0.compiler (in target 'CAudioKitEX' from project 'AudioKitEX')
    cd /Users/admin/builds/J1XnyXFH/0/finestructure/swiftpackageindex-builder/spi-builder-workspace/.dependencies/checkouts/AudioKitEX
    /Applications/Xcode-15.2.0.app/Contents/Developer/Toolchains/XcodeDefault.xctoolchain/usr/bin/clang -x objective-c++ -ivfsstatcache /Users/admin/builds/J1XnyXFH/0/finestructure/swiftpackageindex-builder/spi-builder-workspace/.derivedData/SDKStatCaches.noindex/watchos10.2-21S355-1a03c8d25fc3596eb74c01d649b42752.sdkstatcache -target armv7k-apple-watchos6.0 -fmessage-length\=0 -fdiagnostics-show-note-include-stack -fmacro-backtrace-limit\=0 -fno-color-diagnostics -std\=c++14 -fobjc-arc -fmodules -gmodules -fmodules-cache-path\=/Users/admin/builds/J1XnyXFH/0/finestructure/swiftpackageindex-builder/spi-builder-workspace/.derivedData/ModuleCache.noindex -fmodules-prune-interval\=86400 -fmodules-prune-after\=345600 -fbuild-session-file\=/Users/admin/builds/J1XnyXFH/0/finestructure/swiftpackageindex-builder/spi-builder-workspace/.derivedData/ModuleCache.noindex/Session.modulevalidation -fmodules-validate-once-per-build-session -Wnon-modular-include-in-framework-module -Werror\=non-modular-include-in-framework-module -fmodule-name\=CAudioKitEX -Wno-trigraphs -fpascal-strings -O0 -Wno-missing-field-initializers -Wno-missing-prototypes -Wno-return-type -Wno-implicit-atomic-properties -Wno-objc-interface-ivars -Wno-arc-repeated-use-of-weak -Wno-non-virtual-dtor -Wno-overloaded-virtual -Wno-exit-time-destructors -Wno-missing-braces -Wparentheses -Wswitch -Wno-unused-function -Wno-unused-label -Wno-unused-parameter -Wno-unused-variable -Wunused-value -Wno-empty-body -Wno-uninitialized -Wno-unknown-pragmas -w -Wno-shadow -Wno-four-char-constants -Wno-conversion -Wno-constant-conversion -Wno-int-conversion -Wno-bool-conversion -Wno-enum-conversion -Wno-float-conversion -Wno-non-literal-null-conversion -Wno-objc-literal-conversion -Wno-shorten-64-to-32 -Wno-newline-eof -Wno-selector -Wno-strict-selector-match -Wno-undeclared-selector -Wno-deprecated-implementations -Wno-c++11-extensions -Wno-implicit-fallthrough -DSWIFT_PACKAGE -DDEBUG\=1 -DOBJC_OLD_DISPATCH_PROTOTYPES\=1 -isysroot /Applications/Xcode-15.2.0.app/Contents/Developer/Platforms/WatchOS.platform/Developer/SDKs/WatchOS10.2.sdk -fstrict-aliasing -Wprotocol -Wdeprecated-declarations -Winvalid-offsetof -g -fvisibility-inlines-hidden -Wno-sign-conversion -Wno-infinite-recursion -Wno-move -Wno-comma -Wno-block-capture-autoreleasing -Wno-strict-prototypes -Wno-range-loop-analysis -Wno-semicolon-before-method-body -fprofile-instr-generate -fcoverage-mapping -index-store-path /Users/admin/builds/J1XnyXFH/0/finestructure/swiftpackageindex-builder/spi-builder-workspace/.derivedData/Index.noindex/DataStore -I/Users/admin/builds/J1XnyXFH/0/finestructure/swiftpackageindex-builder/spi-builder-workspace/.derivedData/Build/Products/Debug-watchos/include -I/Users/admin/builds/J1XnyXFH/0/finestructure/swiftpackageindex-builder/spi-builder-workspace/.dependencies/checkouts/AudioKitEX/Sources/CAudioKitEX/include -I/Users/admin/builds/J1XnyXFH/0/finestructure/swiftpackageindex-builder/spi-builder-workspace/.dependencies/checkouts/AudioKitEX/Sources/CAudioKitEX -I/Users/admin/builds/J1XnyXFH/0/finestructure/swiftpackageindex-builder/spi-builder-workspace/.derivedData/Build/Intermediates.noindex/AudioKitEX.build/Debug-watchos/CAudioKitEX.build/DerivedSources-normal/armv7k -I/Users/admin/builds/J1XnyXFH/0/finestructure/swiftpackageindex-builder/spi-builder-workspace/.derivedData/Build/Intermediates.noindex/AudioKitEX.build/Debug-watchos/CAudioKitEX.build/DerivedSources/armv7k -I/Users/admin/builds/J1XnyXFH/0/finestructure/swiftpackageindex-builder/spi-builder-workspace/.derivedData/Build/Intermediates.noindex/AudioKitEX.build/Debug-watchos/CAudioKitEX.build/DerivedSources -F/Users/admin/builds/J1XnyXFH/0/finestructure/swiftpackageindex-builder/spi-builder-workspace/.derivedData/Build/Products/Debug-watchos -iframework /Applications/Xcode-15.2.0.app/Contents/Developer/Platforms/WatchOS.platform/Developer/Library/Frameworks -iframework /Applications/Xcode-15.2.0.app/Contents/Developer/Platforms/WatchOS.platform/Developer/SDKs/WatchOS10.2.sdk/Developer/Library/Frameworks -DXcode -MMD -MT dependencies -MF /Users/admin/builds/J1XnyXFH/0/finestructure/swiftpackageindex-builder/spi-builder-workspace/.derivedData/Build/Intermediates.noindex/AudioKitEX.build/Debug-watchos/CAudioKitEX.build/Objects-normal/armv7k/SequencerEngine.d --serialize-diagnostics /Users/admin/builds/J1XnyXFH/0/finestructure/swiftpackageindex-builder/spi-builder-workspace/.derivedData/Build/Intermediates.noindex/AudioKitEX.build/Debug-watchos/CAudioKitEX.build/Objects-normal/armv7k/SequencerEngine.dia -c /Users/admin/builds/J1XnyXFH/0/finestructure/swiftpackageindex-builder/spi-builder-workspace/.dependencies/checkouts/AudioKitEX/Sources/CAudioKitEX/Sequencing/SequencerEngine.mm -o /Users/admin/builds/J1XnyXFH/0/finestructure/swiftpackageindex-builder/spi-builder-workspace/.derivedData/Build/Intermediates.noindex/AudioKitEX.build/Debug-watchos/CAudioKitEX.build/Objects-normal/armv7k/SequencerEngine.o -index-unit-output-path /AudioKitEX.build/Debug-watchos/CAudioKitEX.build/Objects-normal/armv7k/SequencerEngine.o
Ld /Users/admin/builds/J1XnyXFH/0/finestructure/swiftpackageindex-builder/spi-builder-workspace/.derivedData/Build/Intermediates.noindex/KissFFT.build/Debug-watchos/KissFFT.build/Objects-normal/arm64_32/Binary/KissFFT.o normal arm64_32 (in target 'KissFFT' from project 'KissFFT')
    cd /Users/admin/builds/J1XnyXFH/0/finestructure/swiftpackageindex-builder/spi-builder-workspace/.dependencies/checkouts/KissFFT
    /Applications/Xcode-15.2.0.app/Contents/Developer/Toolchains/XcodeDefault.xctoolchain/usr/bin/clang -Xlinker -reproducible -target arm64_32-apple-watchos5.0 -r -isysroot /Applications/Xcode-15.2.0.app/Contents/Developer/Platforms/WatchOS.platform/Developer/SDKs/WatchOS10.2.sdk -O0 -w -L/Users/admin/builds/J1XnyXFH/0/finestructure/swiftpackageindex-builder/spi-builder-workspace/.derivedData/Build/Intermediates.noindex/EagerLinkingTBDs/Debug-watchos -L/Users/admin/builds/J1XnyXFH/0/finestructure/swiftpackageindex-builder/spi-builder-workspace/.derivedData/Build/Products/Debug-watchos -L/Applications/Xcode-15.2.0.app/Contents/Developer/Platforms/WatchOS.platform/Developer/usr/lib -F/Users/admin/builds/J1XnyXFH/0/finestructure/swiftpackageindex-builder/spi-builder-workspace/.derivedData/Build/Intermediates.noindex/EagerLinkingTBDs/Debug-watchos -F/Users/admin/builds/J1XnyXFH/0/finestructure/swiftpackageindex-builder/spi-builder-workspace/.derivedData/Build/Products/Debug-watchos -iframework /Applications/Xcode-15.2.0.app/Contents/Developer/Platforms/WatchOS.platform/Developer/Library/Frameworks -iframework /Applications/Xcode-15.2.0.app/Contents/Developer/Platforms/WatchOS.platform/Developer/SDKs/WatchOS10.2.sdk/Developer/Library/Frameworks -filelist /Users/admin/builds/J1XnyXFH/0/finestructure/swiftpackageindex-builder/spi-builder-workspace/.derivedData/Build/Intermediates.noindex/KissFFT.build/Debug-watchos/KissFFT.build/Objects-normal/arm64_32/KissFFT.LinkFileList -nostdlib -Xlinker -object_path_lto -Xlinker /Users/admin/builds/J1XnyXFH/0/finestructure/swiftpackageindex-builder/spi-builder-workspace/.derivedData/Build/Intermediates.noindex/KissFFT.build/Debug-watchos/KissFFT.build/Objects-normal/arm64_32/KissFFT_lto.o -Xlinker -export_dynamic -Xlinker -no_deduplicate -Xlinker -debug_variant -Xlinker -dependency_info -Xlinker /Users/admin/builds/J1XnyXFH/0/finestructure/swiftpackageindex-builder/spi-builder-workspace/.derivedData/Build/Intermediates.noindex/KissFFT.build/Debug-watchos/KissFFT.build/Objects-normal/arm64_32/KissFFT_dependency_info.dat -o /Users/admin/builds/J1XnyXFH/0/finestructure/swiftpackageindex-builder/spi-builder-workspace/.derivedData/Build/Intermediates.noindex/KissFFT.build/Debug-watchos/KissFFT.build/Objects-normal/arm64_32/Binary/KissFFT.o
CompileC /Users/admin/builds/J1XnyXFH/0/finestructure/swiftpackageindex-builder/spi-builder-workspace/.derivedData/Build/Intermediates.noindex/AudioKitEX.build/Debug-watchos/CAudioKitEX.build/Objects-normal/armv7k/ParameterAutomation.o /Users/admin/builds/J1XnyXFH/0/finestructure/swiftpackageindex-builder/spi-builder-workspace/.dependencies/checkouts/AudioKitEX/Sources/CAudioKitEX/Sequencing/ParameterAutomation.mm normal armv7k objective-c++ com.apple.compilers.llvm.clang.1_0.compiler (in target 'CAudioKitEX' from project 'AudioKitEX')
    cd /Users/admin/builds/J1XnyXFH/0/finestructure/swiftpackageindex-builder/spi-builder-workspace/.dependencies/checkouts/AudioKitEX
    /Applications/Xcode-15.2.0.app/Contents/Developer/Toolchains/XcodeDefault.xctoolchain/usr/bin/clang -x objective-c++ -ivfsstatcache /Users/admin/builds/J1XnyXFH/0/finestructure/swiftpackageindex-builder/spi-builder-workspace/.derivedData/SDKStatCaches.noindex/watchos10.2-21S355-1a03c8d25fc3596eb74c01d649b42752.sdkstatcache -target armv7k-apple-watchos6.0 -fmessage-length\=0 -fdiagnostics-show-note-include-stack -fmacro-backtrace-limit\=0 -fno-color-diagnostics -std\=c++14 -fobjc-arc -fmodules -gmodules -fmodules-cache-path\=/Users/admin/builds/J1XnyXFH/0/finestructure/swiftpackageindex-builder/spi-builder-workspace/.derivedData/ModuleCache.noindex -fmodules-prune-interval\=86400 -fmodules-prune-after\=345600 -fbuild-session-file\=/Users/admin/builds/J1XnyXFH/0/finestructure/swiftpackageindex-builder/spi-builder-workspace/.derivedData/ModuleCache.noindex/Session.modulevalidation -fmodules-validate-once-per-build-session -Wnon-modular-include-in-framework-module -Werror\=non-modular-include-in-framework-module -fmodule-name\=CAudioKitEX -Wno-trigraphs -fpascal-strings -O0 -Wno-missing-field-initializers -Wno-missing-prototypes -Wno-return-type -Wno-implicit-atomic-properties -Wno-objc-interface-ivars -Wno-arc-repeated-use-of-weak -Wno-non-virtual-dtor -Wno-overloaded-virtual -Wno-exit-time-destructors -Wno-missing-braces -Wparentheses -Wswitch -Wno-unused-function -Wno-unused-label -Wno-unused-parameter -Wno-unused-variable -Wunused-value -Wno-empty-body -Wno-uninitialized -Wno-unknown-pragmas -w -Wno-shadow -Wno-four-char-constants -Wno-conversion -Wno-constant-conversion -Wno-int-conversion -Wno-bool-conversion -Wno-enum-conversion -Wno-float-conversion -Wno-non-literal-null-conversion -Wno-objc-literal-conversion -Wno-shorten-64-to-32 -Wno-newline-eof -Wno-selector -Wno-strict-selector-match -Wno-undeclared-selector -Wno-deprecated-implementations -Wno-c++11-extensions -Wno-implicit-fallthrough -DSWIFT_PACKAGE -DDEBUG\=1 -DOBJC_OLD_DISPATCH_PROTOTYPES\=1 -isysroot /Applications/Xcode-15.2.0.app/Contents/Developer/Platforms/WatchOS.platform/Developer/SDKs/WatchOS10.2.sdk -fstrict-aliasing -Wprotocol -Wdeprecated-declarations -Winvalid-offsetof -g -fvisibility-inlines-hidden -Wno-sign-conversion -Wno-infinite-recursion -Wno-move -Wno-comma -Wno-block-capture-autoreleasing -Wno-strict-prototypes -Wno-range-loop-analysis -Wno-semicolon-before-method-body -fprofile-instr-generate -fcoverage-mapping -index-store-path /Users/admin/builds/J1XnyXFH/0/finestructure/swiftpackageindex-builder/spi-builder-workspace/.derivedData/Index.noindex/DataStore -I/Users/admin/builds/J1XnyXFH/0/finestructure/swiftpackageindex-builder/spi-builder-workspace/.derivedData/Build/Products/Debug-watchos/include -I/Users/admin/builds/J1XnyXFH/0/finestructure/swiftpackageindex-builder/spi-builder-workspace/.dependencies/checkouts/AudioKitEX/Sources/CAudioKitEX/include -I/Users/admin/builds/J1XnyXFH/0/finestructure/swiftpackageindex-builder/spi-builder-workspace/.dependencies/checkouts/AudioKitEX/Sources/CAudioKitEX -I/Users/admin/builds/J1XnyXFH/0/finestructure/swiftpackageindex-builder/spi-builder-workspace/.derivedData/Build/Intermediates.noindex/AudioKitEX.build/Debug-watchos/CAudioKitEX.build/DerivedSources-normal/armv7k -I/Users/admin/builds/J1XnyXFH/0/finestructure/swiftpackageindex-builder/spi-builder-workspace/.derivedData/Build/Intermediates.noindex/AudioKitEX.build/Debug-watchos/CAudioKitEX.build/DerivedSources/armv7k -I/Users/admin/builds/J1XnyXFH/0/finestructure/swiftpackageindex-builder/spi-builder-workspace/.derivedData/Build/Intermediates.noindex/AudioKitEX.build/Debug-watchos/CAudioKitEX.build/DerivedSources -F/Users/admin/builds/J1XnyXFH/0/finestructure/swiftpackageindex-builder/spi-builder-workspace/.derivedData/Build/Products/Debug-watchos -iframework /Applications/Xcode-15.2.0.app/Contents/Developer/Platforms/WatchOS.platform/Developer/Library/Frameworks -iframework /Applications/Xcode-15.2.0.app/Contents/Developer/Platforms/WatchOS.platform/Developer/SDKs/WatchOS10.2.sdk/Developer/Library/Frameworks -DXcode -MMD -MT dependencies -MF /Users/admin/builds/J1XnyXFH/0/finestructure/swiftpackageindex-builder/spi-builder-workspace/.derivedData/Build/Intermediates.noindex/AudioKitEX.build/Debug-watchos/CAudioKitEX.build/Objects-normal/armv7k/ParameterAutomation.d --serialize-diagnostics /Users/admin/builds/J1XnyXFH/0/finestructure/swiftpackageindex-builder/spi-builder-workspace/.derivedData/Build/Intermediates.noindex/AudioKitEX.build/Debug-watchos/CAudioKitEX.build/Objects-normal/armv7k/ParameterAutomation.dia -c /Users/admin/builds/J1XnyXFH/0/finestructure/swiftpackageindex-builder/spi-builder-workspace/.dependencies/checkouts/AudioKitEX/Sources/CAudioKitEX/Sequencing/ParameterAutomation.mm -o /Users/admin/builds/J1XnyXFH/0/finestructure/swiftpackageindex-builder/spi-builder-workspace/.derivedData/Build/Intermediates.noindex/AudioKitEX.build/Debug-watchos/CAudioKitEX.build/Objects-normal/armv7k/ParameterAutomation.o -index-unit-output-path /AudioKitEX.build/Debug-watchos/CAudioKitEX.build/Objects-normal/armv7k/ParameterAutomation.o
In file included from /Users/admin/builds/J1XnyXFH/0/finestructure/swiftpackageindex-builder/spi-builder-workspace/.dependencies/checkouts/AudioKitEX/Sources/CAudioKitEX/Sequencing/ParameterAutomation.mm:3:
/Users/admin/builds/J1XnyXFH/0/finestructure/swiftpackageindex-builder/spi-builder-workspace/.dependencies/checkouts/AudioKitEX/Sources/CAudioKitEX/include/ParameterAutomation.h:5:10: fatal error: 'AudioToolbox/AudioToolbox.h' file not found
#include <AudioToolbox/AudioToolbox.h>
         ^~~~~~~~~~~~~~~~~~~~~~~~~~~~~
CompileC /Users/admin/builds/J1XnyXFH/0/finestructure/swiftpackageindex-builder/spi-builder-workspace/.derivedData/Build/Intermediates.noindex/AudioKitEX.build/Debug-watchos/CAudioKitEX.build/Objects-normal/armv7k/FaderDSP.o /Users/admin/builds/J1XnyXFH/0/finestructure/swiftpackageindex-builder/spi-builder-workspace/.dependencies/checkouts/AudioKitEX/Sources/CAudioKitEX/Nodes/FaderDSP.mm normal armv7k objective-c++ com.apple.compilers.llvm.clang.1_0.compiler (in target 'CAudioKitEX' from project 'AudioKitEX')
    cd /Users/admin/builds/J1XnyXFH/0/finestructure/swiftpackageindex-builder/spi-builder-workspace/.dependencies/checkouts/AudioKitEX
    /Applications/Xcode-15.2.0.app/Contents/Developer/Toolchains/XcodeDefault.xctoolchain/usr/bin/clang -x objective-c++ -ivfsstatcache /Users/admin/builds/J1XnyXFH/0/finestructure/swiftpackageindex-builder/spi-builder-workspace/.derivedData/SDKStatCaches.noindex/watchos10.2-21S355-1a03c8d25fc3596eb74c01d649b42752.sdkstatcache -target armv7k-apple-watchos6.0 -fmessage-length\=0 -fdiagnostics-show-note-include-stack -fmacro-backtrace-limit\=0 -fno-color-diagnostics -std\=c++14 -fobjc-arc -fmodules -gmodules -fmodules-cache-path\=/Users/admin/builds/J1XnyXFH/0/finestructure/swiftpackageindex-builder/spi-builder-workspace/.derivedData/ModuleCache.noindex -fmodules-prune-interval\=86400 -fmodules-prune-after\=345600 -fbuild-session-file\=/Users/admin/builds/J1XnyXFH/0/finestructure/swiftpackageindex-builder/spi-builder-workspace/.derivedData/ModuleCache.noindex/Session.modulevalidation -fmodules-validate-once-per-build-session -Wnon-modular-include-in-framework-module -Werror\=non-modular-include-in-framework-module -fmodule-name\=CAudioKitEX -Wno-trigraphs -fpascal-strings -O0 -Wno-missing-field-initializers -Wno-missing-prototypes -Wno-return-type -Wno-implicit-atomic-properties -Wno-objc-interface-ivars -Wno-arc-repeated-use-of-weak -Wno-non-virtual-dtor -Wno-overloaded-virtual -Wno-exit-time-destructors -Wno-missing-braces -Wparentheses -Wswitch -Wno-unused-function -Wno-unused-label -Wno-unused-parameter -Wno-unused-variable -Wunused-value -Wno-empty-body -Wno-uninitialized -Wno-unknown-pragmas -w -Wno-shadow -Wno-four-char-constants -Wno-conversion -Wno-constant-conversion -Wno-int-conversion -Wno-bool-conversion -Wno-enum-conversion -Wno-float-conversion -Wno-non-literal-null-conversion -Wno-objc-literal-conversion -Wno-shorten-64-to-32 -Wno-newline-eof -Wno-selector -Wno-strict-selector-match -Wno-undeclared-selector -Wno-deprecated-implementations -Wno-c++11-extensions -Wno-implicit-fallthrough -DSWIFT_PACKAGE -DDEBUG\=1 -DOBJC_OLD_DISPATCH_PROTOTYPES\=1 -isysroot /Applications/Xcode-15.2.0.app/Contents/Developer/Platforms/WatchOS.platform/Developer/SDKs/WatchOS10.2.sdk -fstrict-aliasing -Wprotocol -Wdeprecated-declarations -Winvalid-offsetof -g -fvisibility-inlines-hidden -Wno-sign-conversion -Wno-infinite-recursion -Wno-move -Wno-comma -Wno-block-capture-autoreleasing -Wno-strict-prototypes -Wno-range-loop-analysis -Wno-semicolon-before-method-body -fprofile-instr-generate -fcoverage-mapping -index-store-path /Users/admin/builds/J1XnyXFH/0/finestructure/swiftpackageindex-builder/spi-builder-workspace/.derivedData/Index.noindex/DataStore -I/Users/admin/builds/J1XnyXFH/0/finestructure/swiftpackageindex-builder/spi-builder-workspace/.derivedData/Build/Products/Debug-watchos/include -I/Users/admin/builds/J1XnyXFH/0/finestructure/swiftpackageindex-builder/spi-builder-workspace/.dependencies/checkouts/AudioKitEX/Sources/CAudioKitEX/include -I/Users/admin/builds/J1XnyXFH/0/finestructure/swiftpackageindex-builder/spi-builder-workspace/.dependencies/checkouts/AudioKitEX/Sources/CAudioKitEX -I/Users/admin/builds/J1XnyXFH/0/finestructure/swiftpackageindex-builder/spi-builder-workspace/.derivedData/Build/Intermediates.noindex/AudioKitEX.build/Debug-watchos/CAudioKitEX.build/DerivedSources-normal/armv7k -I/Users/admin/builds/J1XnyXFH/0/finestructure/swiftpackageindex-builder/spi-builder-workspace/.derivedData/Build/Intermediates.noindex/AudioKitEX.build/Debug-watchos/CAudioKitEX.build/DerivedSources/armv7k -I/Users/admin/builds/J1XnyXFH/0/finestructure/swiftpackageindex-builder/spi-builder-workspace/.derivedData/Build/Intermediates.noindex/AudioKitEX.build/Debug-watchos/CAudioKitEX.build/DerivedSources -F/Users/admin/builds/J1XnyXFH/0/finestructure/swiftpackageindex-builder/spi-builder-workspace/.derivedData/Build/Products/Debug-watchos -iframework /Applications/Xcode-15.2.0.app/Contents/Developer/Platforms/WatchOS.platform/Developer/Library/Frameworks -iframework /Applications/Xcode-15.2.0.app/Contents/Developer/Platforms/WatchOS.platform/Developer/SDKs/WatchOS10.2.sdk/Developer/Library/Frameworks -DXcode -MMD -MT dependencies -MF /Users/admin/builds/J1XnyXFH/0/finestructure/swiftpackageindex-builder/spi-builder-workspace/.derivedData/Build/Intermediates.noindex/AudioKitEX.build/Debug-watchos/CAudioKitEX.build/Objects-normal/armv7k/FaderDSP.d --serialize-diagnostics /Users/admin/builds/J1XnyXFH/0/finestructure/swiftpackageindex-builder/spi-builder-workspace/.derivedData/Build/Intermediates.noindex/AudioKitEX.build/Debug-watchos/CAudioKitEX.build/Objects-normal/armv7k/FaderDSP.dia -c /Users/admin/builds/J1XnyXFH/0/finestructure/swiftpackageindex-builder/spi-builder-workspace/.dependencies/checkouts/AudioKitEX/Sources/CAudioKitEX/Nodes/FaderDSP.mm -o /Users/admin/builds/J1XnyXFH/0/finestructure/swiftpackageindex-builder/spi-builder-workspace/.derivedData/Build/Intermediates.noindex/AudioKitEX.build/Debug-watchos/CAudioKitEX.build/Objects-normal/armv7k/FaderDSP.o -index-unit-output-path /AudioKitEX.build/Debug-watchos/CAudioKitEX.build/Objects-normal/armv7k/FaderDSP.o
In file included from /Users/admin/builds/J1XnyXFH/0/finestructure/swiftpackageindex-builder/spi-builder-workspace/.dependencies/checkouts/AudioKitEX/Sources/CAudioKitEX/Nodes/FaderDSP.mm:3:
/Users/admin/builds/J1XnyXFH/0/finestructure/swiftpackageindex-builder/spi-builder-workspace/.dependencies/checkouts/AudioKitEX/Sources/CAudioKitEX/include/DSPBase.h:6:9: fatal error: 'AudioToolbox/AudioToolbox.h' file not found
#import <AudioToolbox/AudioToolbox.h>
        ^~~~~~~~~~~~~~~~~~~~~~~~~~~~~
CompileC /Users/admin/builds/J1XnyXFH/0/finestructure/swiftpackageindex-builder/spi-builder-workspace/.derivedData/Build/Intermediates.noindex/AudioKitEX.build/Debug-watchos/CAudioKitEX.build/Objects-normal/armv7k/ExceptionCatcher.o /Users/admin/builds/J1XnyXFH/0/finestructure/swiftpackageindex-builder/spi-builder-workspace/.dependencies/checkouts/AudioKitEX/Sources/CAudioKitEX/Internals/ExceptionCatcher.m normal armv7k objective-c com.apple.compilers.llvm.clang.1_0.compiler (in target 'CAudioKitEX' from project 'AudioKitEX')
    cd /Users/admin/builds/J1XnyXFH/0/finestructure/swiftpackageindex-builder/spi-builder-workspace/.dependencies/checkouts/AudioKitEX
    /Applications/Xcode-15.2.0.app/Contents/Developer/Toolchains/XcodeDefault.xctoolchain/usr/bin/clang -x objective-c -ivfsstatcache /Users/admin/builds/J1XnyXFH/0/finestructure/swiftpackageindex-builder/spi-builder-workspace/.derivedData/SDKStatCaches.noindex/watchos10.2-21S355-1a03c8d25fc3596eb74c01d649b42752.sdkstatcache -target armv7k-apple-watchos6.0 -fmessage-length\=0 -fdiagnostics-show-note-include-stack -fmacro-backtrace-limit\=0 -fno-color-diagnostics -fobjc-arc -fmodules -gmodules -fmodules-cache-path\=/Users/admin/builds/J1XnyXFH/0/finestructure/swiftpackageindex-builder/spi-builder-workspace/.derivedData/ModuleCache.noindex -fmodules-prune-interval\=86400 -fmodules-prune-after\=345600 -fbuild-session-file\=/Users/admin/builds/J1XnyXFH/0/finestructure/swiftpackageindex-builder/spi-builder-workspace/.derivedData/ModuleCache.noindex/Session.modulevalidation -fmodules-validate-once-per-build-session -Wnon-modular-include-in-framework-module -Werror\=non-modular-include-in-framework-module -fmodule-name\=CAudioKitEX -Wno-trigraphs -fpascal-strings -O0 -Wno-missing-field-initializers -Wno-missing-prototypes -Wno-return-type -Wno-implicit-atomic-properties -Wno-objc-interface-ivars -Wno-arc-repeated-use-of-weak -Wno-missing-braces -Wparentheses -Wswitch -Wno-unused-function -Wno-unused-label -Wno-unused-parameter -Wno-unused-variable -Wunused-value -Wno-empty-body -Wno-uninitialized -Wno-unknown-pragmas -w -Wno-shadow -Wno-four-char-constants -Wno-conversion -Wno-constant-conversion -Wno-int-conversion -Wno-bool-conversion -Wno-enum-conversion -Wno-float-conversion -Wno-non-literal-null-conversion -Wno-objc-literal-conversion -Wno-shorten-64-to-32 -Wpointer-sign -Wno-newline-eof -Wno-selector -Wno-strict-selector-match -Wno-undeclared-selector -Wno-deprecated-implementations -Wno-implicit-fallthrough -DSWIFT_PACKAGE -DDEBUG\=1 -DOBJC_OLD_DISPATCH_PROTOTYPES\=1 -isysroot /Applications/Xcode-15.2.0.app/Contents/Developer/Platforms/WatchOS.platform/Developer/SDKs/WatchOS10.2.sdk -fstrict-aliasing -Wprotocol -Wdeprecated-declarations -g -Wno-sign-conversion -Wno-infinite-recursion -Wno-comma -Wno-block-capture-autoreleasing -Wno-strict-prototypes -Wno-semicolon-before-method-body -fprofile-instr-generate -fcoverage-mapping -index-store-path /Users/admin/builds/J1XnyXFH/0/finestructure/swiftpackageindex-builder/spi-builder-workspace/.derivedData/Index.noindex/DataStore -I/Users/admin/builds/J1XnyXFH/0/finestructure/swiftpackageindex-builder/spi-builder-workspace/.derivedData/Build/Products/Debug-watchos/include -I/Users/admin/builds/J1XnyXFH/0/finestructure/swiftpackageindex-builder/spi-builder-workspace/.dependencies/checkouts/AudioKitEX/Sources/CAudioKitEX/include -I/Users/admin/builds/J1XnyXFH/0/finestructure/swiftpackageindex-builder/spi-builder-workspace/.dependencies/checkouts/AudioKitEX/Sources/CAudioKitEX -I/Users/admin/builds/J1XnyXFH/0/finestructure/swiftpackageindex-builder/spi-builder-workspace/.derivedData/Build/Intermediates.noindex/AudioKitEX.build/Debug-watchos/CAudioKitEX.build/DerivedSources-normal/armv7k -I/Users/admin/builds/J1XnyXFH/0/finestructure/swiftpackageindex-builder/spi-builder-workspace/.derivedData/Build/Intermediates.noindex/AudioKitEX.build/Debug-watchos/CAudioKitEX.build/DerivedSources/armv7k -I/Users/admin/builds/J1XnyXFH/0/finestructure/swiftpackageindex-builder/spi-builder-workspace/.derivedData/Build/Intermediates.noindex/AudioKitEX.build/Debug-watchos/CAudioKitEX.build/DerivedSources -F/Users/admin/builds/J1XnyXFH/0/finestructure/swiftpackageindex-builder/spi-builder-workspace/.derivedData/Build/Products/Debug-watchos -iframework /Applications/Xcode-15.2.0.app/Contents/Developer/Platforms/WatchOS.platform/Developer/Library/Frameworks -iframework /Applications/Xcode-15.2.0.app/Contents/Developer/Platforms/WatchOS.platform/Developer/SDKs/WatchOS10.2.sdk/Developer/Library/Frameworks -DXcode -MMD -MT dependencies -MF /Users/admin/builds/J1XnyXFH/0/finestructure/swiftpackageindex-builder/spi-builder-workspace/.derivedData/Build/Intermediates.noindex/AudioKitEX.build/Debug-watchos/CAudioKitEX.build/Objects-normal/armv7k/ExceptionCatcher.d --serialize-diagnostics /Users/admin/builds/J1XnyXFH/0/finestructure/swiftpackageindex-builder/spi-builder-workspace/.derivedData/Build/Intermediates.noindex/AudioKitEX.build/Debug-watchos/CAudioKitEX.build/Objects-normal/armv7k/ExceptionCatcher.dia -c /Users/admin/builds/J1XnyXFH/0/finestructure/swiftpackageindex-builder/spi-builder-workspace/.dependencies/checkouts/AudioKitEX/Sources/CAudioKitEX/Internals/ExceptionCatcher.m -o /Users/admin/builds/J1XnyXFH/0/finestructure/swiftpackageindex-builder/spi-builder-workspace/.derivedData/Build/Intermediates.noindex/AudioKitEX.build/Debug-watchos/CAudioKitEX.build/Objects-normal/armv7k/ExceptionCatcher.o -index-unit-output-path /AudioKitEX.build/Debug-watchos/CAudioKitEX.build/Objects-normal/armv7k/ExceptionCatcher.o
Ld /Users/admin/builds/J1XnyXFH/0/finestructure/swiftpackageindex-builder/spi-builder-workspace/.derivedData/Build/Intermediates.noindex/KissFFT.build/Debug-watchos/KissFFT.build/Objects-normal/arm64/Binary/KissFFT.o normal arm64 (in target 'KissFFT' from project 'KissFFT')
    cd /Users/admin/builds/J1XnyXFH/0/finestructure/swiftpackageindex-builder/spi-builder-workspace/.dependencies/checkouts/KissFFT
    /Applications/Xcode-15.2.0.app/Contents/Developer/Toolchains/XcodeDefault.xctoolchain/usr/bin/clang -Xlinker -reproducible -target arm64-apple-watchos5.0 -r -isysroot /Applications/Xcode-15.2.0.app/Contents/Developer/Platforms/WatchOS.platform/Developer/SDKs/WatchOS10.2.sdk -O0 -w -L/Users/admin/builds/J1XnyXFH/0/finestructure/swiftpackageindex-builder/spi-builder-workspace/.derivedData/Build/Intermediates.noindex/EagerLinkingTBDs/Debug-watchos -L/Users/admin/builds/J1XnyXFH/0/finestructure/swiftpackageindex-builder/spi-builder-workspace/.derivedData/Build/Products/Debug-watchos -L/Applications/Xcode-15.2.0.app/Contents/Developer/Platforms/WatchOS.platform/Developer/usr/lib -F/Users/admin/builds/J1XnyXFH/0/finestructure/swiftpackageindex-builder/spi-builder-workspace/.derivedData/Build/Intermediates.noindex/EagerLinkingTBDs/Debug-watchos -F/Users/admin/builds/J1XnyXFH/0/finestructure/swiftpackageindex-builder/spi-builder-workspace/.derivedData/Build/Products/Debug-watchos -iframework /Applications/Xcode-15.2.0.app/Contents/Developer/Platforms/WatchOS.platform/Developer/Library/Frameworks -iframework /Applications/Xcode-15.2.0.app/Contents/Developer/Platforms/WatchOS.platform/Developer/SDKs/WatchOS10.2.sdk/Developer/Library/Frameworks -filelist /Users/admin/builds/J1XnyXFH/0/finestructure/swiftpackageindex-builder/spi-builder-workspace/.derivedData/Build/Intermediates.noindex/KissFFT.build/Debug-watchos/KissFFT.build/Objects-normal/arm64/KissFFT.LinkFileList -nostdlib -Xlinker -object_path_lto -Xlinker /Users/admin/builds/J1XnyXFH/0/finestructure/swiftpackageindex-builder/spi-builder-workspace/.derivedData/Build/Intermediates.noindex/KissFFT.build/Debug-watchos/KissFFT.build/Objects-normal/arm64/KissFFT_lto.o -Xlinker -export_dynamic -Xlinker -no_deduplicate -Xlinker -debug_variant -Xlinker -dependency_info -Xlinker /Users/admin/builds/J1XnyXFH/0/finestructure/swiftpackageindex-builder/spi-builder-workspace/.derivedData/Build/Intermediates.noindex/KissFFT.build/Debug-watchos/KissFFT.build/Objects-normal/arm64/KissFFT_dependency_info.dat -o /Users/admin/builds/J1XnyXFH/0/finestructure/swiftpackageindex-builder/spi-builder-workspace/.derivedData/Build/Intermediates.noindex/KissFFT.build/Debug-watchos/KissFFT.build/Objects-normal/arm64/Binary/KissFFT.o
Resolve Package Graph
** BUILD FAILED **
The following build commands failed:
	SwiftEmitModule normal armv7k Emitting\ module\ for\ AudioKit (in target 'AudioKit' from project 'AudioKit')
(1 failure)
Command line invocation:
    /Applications/Xcode-15.2.0.app/Contents/Developer/usr/bin/xcodebuild -IDEClonedSourcePackagesDirPathOverride=/Users/admin/builds/J1XnyXFH/0/finestructure/swiftpackageindex-builder/spi-builder-workspace/.dependencies -skipMacroValidation -skipPackagePluginValidation -derivedDataPath /Users/admin/builds/J1XnyXFH/0/finestructure/swiftpackageindex-builder/spi-builder-workspace/.derivedData build -scheme SongSprout -destination generic/platform=watchos
User defaults from command line:
    IDEClonedSourcePackagesDirPathOverride = /Users/admin/builds/J1XnyXFH/0/finestructure/swiftpackageindex-builder/spi-builder-workspace/.dependencies
    IDEDerivedDataPathOverride = /Users/admin/builds/J1XnyXFH/0/finestructure/swiftpackageindex-builder/spi-builder-workspace/.derivedData
    IDEPackageSupportUseBuiltinSCM = YES
Resolve Package Graph
Resolved source packages:
  ControlledChaos: https://github.com/btfranklin/ControlledChaos.git @ 1.3.2
  AudioKit: https://github.com/AudioKit/AudioKit.git @ 5.6.2
  AudioKitEX: https://github.com/AudioKit/AudioKitEX @ 5.6.0
  KissFFT: https://github.com/AudioKit/KissFFT @ 1.0.0
  SoundpipeAudioKit: https://github.com/AudioKit/SoundpipeAudioKit.git @ 5.6.1
  SongSprout: /Users/admin/builds/J1XnyXFH/0/finestructure/swiftpackageindex-builder/spi-builder-workspace
Prepare packages
ComputeTargetDependencyGraph
note: Building targets in dependency order
note: Target dependency graph (17 targets)
    Target 'SongSproutTests' in project 'SongSprout'
        ➜ Explicit dependency on target 'SongSprout' in project 'SongSprout'
        ➜ Explicit dependency on target 'ControlledChaos' in project 'ControlledChaos'
        ➜ Explicit dependency on target 'AudioKit' in project 'AudioKit'
        ➜ Explicit dependency on target 'AudioKitEX' in project 'AudioKitEX'
        ➜ Explicit dependency on target 'SoundpipeAudioKit' in project 'SoundpipeAudioKit'
    Target 'SongSprout' in project 'SongSprout'
        ➜ Explicit dependency on target 'SongSprout' in project 'SongSprout'
        ➜ Explicit dependency on target 'SongSprout_SongSprout' in project 'SongSprout'
        ➜ Explicit dependency on target 'ControlledChaos' in project 'ControlledChaos'
        ➜ Explicit dependency on target 'AudioKit' in project 'AudioKit'
        ➜ Explicit dependency on target 'AudioKitEX' in project 'AudioKitEX'
        ➜ Explicit dependency on target 'SoundpipeAudioKit' in project 'SoundpipeAudioKit'
    Target 'SongSprout' in project 'SongSprout'
        ➜ Explicit dependency on target 'SongSprout_SongSprout' in project 'SongSprout'
        ➜ Explicit dependency on target 'ControlledChaos' in project 'ControlledChaos'
        ➜ Explicit dependency on target 'AudioKit' in project 'AudioKit'
        ➜ Explicit dependency on target 'AudioKitEX' in project 'AudioKitEX'
        ➜ Explicit dependency on target 'SoundpipeAudioKit' in project 'SoundpipeAudioKit'
    Target 'SoundpipeAudioKit' in project 'SoundpipeAudioKit'
        ➜ Explicit dependency on target 'SoundpipeAudioKit' in project 'SoundpipeAudioKit'
        ➜ Explicit dependency on target 'Soundpipe' in project 'SoundpipeAudioKit'
        ➜ Explicit dependency on target 'CSoundpipeAudioKit' in project 'SoundpipeAudioKit'
        ➜ Explicit dependency on target 'KissFFT' in project 'KissFFT'
        ➜ Explicit dependency on target 'AudioKit' in project 'AudioKit'
        ➜ Explicit dependency on target 'AudioKitEX' in project 'AudioKitEX'
    Target 'SoundpipeAudioKit' in project 'SoundpipeAudioKit'
        ➜ Explicit dependency on target 'Soundpipe' in project 'SoundpipeAudioKit'
        ➜ Explicit dependency on target 'CSoundpipeAudioKit' in project 'SoundpipeAudioKit'
        ➜ Explicit dependency on target 'KissFFT' in project 'KissFFT'
        ➜ Explicit dependency on target 'AudioKit' in project 'AudioKit'
        ➜ Explicit dependency on target 'AudioKitEX' in project 'AudioKitEX'
    Target 'CSoundpipeAudioKit' in project 'SoundpipeAudioKit'
        ➜ Explicit dependency on target 'Soundpipe' in project 'SoundpipeAudioKit'
        ➜ Explicit dependency on target 'KissFFT' in project 'KissFFT'
        ➜ Explicit dependency on target 'AudioKit' in project 'AudioKit'
        ➜ Explicit dependency on target 'AudioKitEX' in project 'AudioKitEX'
    Target 'Soundpipe' in project 'SoundpipeAudioKit'
        ➜ Explicit dependency on target 'KissFFT' in project 'KissFFT'
    Target 'KissFFT' in project 'KissFFT'
        ➜ Explicit dependency on target 'KissFFT' in project 'KissFFT'
    Target 'KissFFT' in project 'KissFFT' (no dependencies)
    Target 'AudioKitEX' in project 'AudioKitEX'
        ➜ Explicit dependency on target 'AudioKitEX' in project 'AudioKitEX'
        ➜ Explicit dependency on target 'CAudioKitEX' in project 'AudioKitEX'
        ➜ Explicit dependency on target 'AudioKit' in project 'AudioKit'
    Target 'AudioKitEX' in project 'AudioKitEX'
        ➜ Explicit dependency on target 'CAudioKitEX' in project 'AudioKitEX'
        ➜ Explicit dependency on target 'AudioKit' in project 'AudioKit'
    Target 'CAudioKitEX' in project 'AudioKitEX' (no dependencies)
    Target 'AudioKit' in project 'AudioKit'
        ➜ Explicit dependency on target 'AudioKit' in project 'AudioKit'
    Target 'AudioKit' in project 'AudioKit' (no dependencies)
    Target 'ControlledChaos' in project 'ControlledChaos'
        ➜ Explicit dependency on target 'ControlledChaos' in project 'ControlledChaos'
    Target 'ControlledChaos' in project 'ControlledChaos' (no dependencies)
    Target 'SongSprout_SongSprout' in project 'SongSprout' (no dependencies)
GatherProvisioningInputs
CreateBuildDescription
ClangStatCache /Applications/Xcode-15.2.0.app/Contents/Developer/Toolchains/XcodeDefault.xctoolchain/usr/bin/clang-stat-cache /Applications/Xcode-15.2.0.app/Contents/Developer/Platforms/WatchOS.platform/Developer/SDKs/WatchOS10.2.sdk /Users/admin/builds/J1XnyXFH/0/finestructure/swiftpackageindex-builder/spi-builder-workspace/.derivedData/SDKStatCaches.noindex/watchos10.2-21S355-1a03c8d25fc3596eb74c01d649b42752.sdkstatcache
    cd /Users/admin/builds/J1XnyXFH/0/finestructure/swiftpackageindex-builder/spi-builder-workspace/.swiftpm/xcode
    /Applications/Xcode-15.2.0.app/Contents/Developer/Toolchains/XcodeDefault.xctoolchain/usr/bin/clang-stat-cache /Applications/Xcode-15.2.0.app/Contents/Developer/Platforms/WatchOS.platform/Developer/SDKs/WatchOS10.2.sdk -o /Users/admin/builds/J1XnyXFH/0/finestructure/swiftpackageindex-builder/spi-builder-workspace/.derivedData/SDKStatCaches.noindex/watchos10.2-21S355-1a03c8d25fc3596eb74c01d649b42752.sdkstatcache
Ld /Users/admin/builds/J1XnyXFH/0/finestructure/swiftpackageindex-builder/spi-builder-workspace/.derivedData/Build/Intermediates.noindex/KissFFT.build/Debug-watchos/KissFFT.build/Objects-normal/arm64/Binary/KissFFT.o normal arm64 (in target 'KissFFT' from project 'KissFFT')
    cd /Users/admin/builds/J1XnyXFH/0/finestructure/swiftpackageindex-builder/spi-builder-workspace/.dependencies/checkouts/KissFFT
    /Applications/Xcode-15.2.0.app/Contents/Developer/Toolchains/XcodeDefault.xctoolchain/usr/bin/clang -Xlinker -reproducible -target arm64-apple-watchos5.0 -r -isysroot /Applications/Xcode-15.2.0.app/Contents/Developer/Platforms/WatchOS.platform/Developer/SDKs/WatchOS10.2.sdk -O0 -w -L/Users/admin/builds/J1XnyXFH/0/finestructure/swiftpackageindex-builder/spi-builder-workspace/.derivedData/Build/Intermediates.noindex/EagerLinkingTBDs/Debug-watchos -L/Users/admin/builds/J1XnyXFH/0/finestructure/swiftpackageindex-builder/spi-builder-workspace/.derivedData/Build/Products/Debug-watchos -L/Applications/Xcode-15.2.0.app/Contents/Developer/Platforms/WatchOS.platform/Developer/usr/lib -F/Users/admin/builds/J1XnyXFH/0/finestructure/swiftpackageindex-builder/spi-builder-workspace/.derivedData/Build/Intermediates.noindex/EagerLinkingTBDs/Debug-watchos -F/Users/admin/builds/J1XnyXFH/0/finestructure/swiftpackageindex-builder/spi-builder-workspace/.derivedData/Build/Products/Debug-watchos -iframework /Applications/Xcode-15.2.0.app/Contents/Developer/Platforms/WatchOS.platform/Developer/Library/Frameworks -iframework /Applications/Xcode-15.2.0.app/Contents/Developer/Platforms/WatchOS.platform/Developer/SDKs/WatchOS10.2.sdk/Developer/Library/Frameworks -filelist /Users/admin/builds/J1XnyXFH/0/finestructure/swiftpackageindex-builder/spi-builder-workspace/.derivedData/Build/Intermediates.noindex/KissFFT.build/Debug-watchos/KissFFT.build/Objects-normal/arm64/KissFFT.LinkFileList -nostdlib -Xlinker -object_path_lto -Xlinker /Users/admin/builds/J1XnyXFH/0/finestructure/swiftpackageindex-builder/spi-builder-workspace/.derivedData/Build/Intermediates.noindex/KissFFT.build/Debug-watchos/KissFFT.build/Objects-normal/arm64/KissFFT_lto.o -Xlinker -export_dynamic -Xlinker -no_deduplicate -Xlinker -debug_variant -Xlinker -dependency_info -Xlinker /Users/admin/builds/J1XnyXFH/0/finestructure/swiftpackageindex-builder/spi-builder-workspace/.derivedData/Build/Intermediates.noindex/KissFFT.build/Debug-watchos/KissFFT.build/Objects-normal/arm64/KissFFT_dependency_info.dat -o /Users/admin/builds/J1XnyXFH/0/finestructure/swiftpackageindex-builder/spi-builder-workspace/.derivedData/Build/Intermediates.noindex/KissFFT.build/Debug-watchos/KissFFT.build/Objects-normal/arm64/Binary/KissFFT.o
CompileC /Users/admin/builds/J1XnyXFH/0/finestructure/swiftpackageindex-builder/spi-builder-workspace/.derivedData/Build/Intermediates.noindex/AudioKitEX.build/Debug-watchos/CAudioKitEX.build/Objects-normal/armv7k/SequencerEngine.o /Users/admin/builds/J1XnyXFH/0/finestructure/swiftpackageindex-builder/spi-builder-workspace/.dependencies/checkouts/AudioKitEX/Sources/CAudioKitEX/Sequencing/SequencerEngine.mm normal armv7k objective-c++ com.apple.compilers.llvm.clang.1_0.compiler (in target 'CAudioKitEX' from project 'AudioKitEX')
    cd /Users/admin/builds/J1XnyXFH/0/finestructure/swiftpackageindex-builder/spi-builder-workspace/.dependencies/checkouts/AudioKitEX
    /Applications/Xcode-15.2.0.app/Contents/Developer/Toolchains/XcodeDefault.xctoolchain/usr/bin/clang -x objective-c++ -ivfsstatcache /Users/admin/builds/J1XnyXFH/0/finestructure/swiftpackageindex-builder/spi-builder-workspace/.derivedData/SDKStatCaches.noindex/watchos10.2-21S355-1a03c8d25fc3596eb74c01d649b42752.sdkstatcache -target armv7k-apple-watchos6.0 -fmessage-length\=0 -fdiagnostics-show-note-include-stack -fmacro-backtrace-limit\=0 -fno-color-diagnostics -std\=c++14 -fobjc-arc -fmodules -gmodules -fmodules-cache-path\=/Users/admin/builds/J1XnyXFH/0/finestructure/swiftpackageindex-builder/spi-builder-workspace/.derivedData/ModuleCache.noindex -fmodules-prune-interval\=86400 -fmodules-prune-after\=345600 -fbuild-session-file\=/Users/admin/builds/J1XnyXFH/0/finestructure/swiftpackageindex-builder/spi-builder-workspace/.derivedData/ModuleCache.noindex/Session.modulevalidation -fmodules-validate-once-per-build-session -Wnon-modular-include-in-framework-module -Werror\=non-modular-include-in-framework-module -fmodule-name\=CAudioKitEX -Wno-trigraphs -fpascal-strings -O0 -Wno-missing-field-initializers -Wno-missing-prototypes -Wno-return-type -Wno-implicit-atomic-properties -Wno-objc-interface-ivars -Wno-arc-repeated-use-of-weak -Wno-non-virtual-dtor -Wno-overloaded-virtual -Wno-exit-time-destructors -Wno-missing-braces -Wparentheses -Wswitch -Wno-unused-function -Wno-unused-label -Wno-unused-parameter -Wno-unused-variable -Wunused-value -Wno-empty-body -Wno-uninitialized -Wno-unknown-pragmas -w -Wno-shadow -Wno-four-char-constants -Wno-conversion -Wno-constant-conversion -Wno-int-conversion -Wno-bool-conversion -Wno-enum-conversion -Wno-float-conversion -Wno-non-literal-null-conversion -Wno-objc-literal-conversion -Wno-shorten-64-to-32 -Wno-newline-eof -Wno-selector -Wno-strict-selector-match -Wno-undeclared-selector -Wno-deprecated-implementations -Wno-c++11-extensions -Wno-implicit-fallthrough -DSWIFT_PACKAGE -DDEBUG\=1 -DOBJC_OLD_DISPATCH_PROTOTYPES\=1 -isysroot /Applications/Xcode-15.2.0.app/Contents/Developer/Platforms/WatchOS.platform/Developer/SDKs/WatchOS10.2.sdk -fstrict-aliasing -Wprotocol -Wdeprecated-declarations -Winvalid-offsetof -g -fvisibility-inlines-hidden -Wno-sign-conversion -Wno-infinite-recursion -Wno-move -Wno-comma -Wno-block-capture-autoreleasing -Wno-strict-prototypes -Wno-range-loop-analysis -Wno-semicolon-before-method-body -fprofile-instr-generate -fcoverage-mapping -index-store-path /Users/admin/builds/J1XnyXFH/0/finestructure/swiftpackageindex-builder/spi-builder-workspace/.derivedData/Index.noindex/DataStore -I/Users/admin/builds/J1XnyXFH/0/finestructure/swiftpackageindex-builder/spi-builder-workspace/.derivedData/Build/Products/Debug-watchos/include -I/Users/admin/builds/J1XnyXFH/0/finestructure/swiftpackageindex-builder/spi-builder-workspace/.dependencies/checkouts/AudioKitEX/Sources/CAudioKitEX/include -I/Users/admin/builds/J1XnyXFH/0/finestructure/swiftpackageindex-builder/spi-builder-workspace/.dependencies/checkouts/AudioKitEX/Sources/CAudioKitEX -I/Users/admin/builds/J1XnyXFH/0/finestructure/swiftpackageindex-builder/spi-builder-workspace/.derivedData/Build/Intermediates.noindex/AudioKitEX.build/Debug-watchos/CAudioKitEX.build/DerivedSources-normal/armv7k -I/Users/admin/builds/J1XnyXFH/0/finestructure/swiftpackageindex-builder/spi-builder-workspace/.derivedData/Build/Intermediates.noindex/AudioKitEX.build/Debug-watchos/CAudioKitEX.build/DerivedSources/armv7k -I/Users/admin/builds/J1XnyXFH/0/finestructure/swiftpackageindex-builder/spi-builder-workspace/.derivedData/Build/Intermediates.noindex/AudioKitEX.build/Debug-watchos/CAudioKitEX.build/DerivedSources -F/Users/admin/builds/J1XnyXFH/0/finestructure/swiftpackageindex-builder/spi-builder-workspace/.derivedData/Build/Products/Debug-watchos -iframework /Applications/Xcode-15.2.0.app/Contents/Developer/Platforms/WatchOS.platform/Developer/Library/Frameworks -iframework /Applications/Xcode-15.2.0.app/Contents/Developer/Platforms/WatchOS.platform/Developer/SDKs/WatchOS10.2.sdk/Developer/Library/Frameworks -DXcode -MMD -MT dependencies -MF /Users/admin/builds/J1XnyXFH/0/finestructure/swiftpackageindex-builder/spi-builder-workspace/.derivedData/Build/Intermediates.noindex/AudioKitEX.build/Debug-watchos/CAudioKitEX.build/Objects-normal/armv7k/SequencerEngine.d --serialize-diagnostics /Users/admin/builds/J1XnyXFH/0/finestructure/swiftpackageindex-builder/spi-builder-workspace/.derivedData/Build/Intermediates.noindex/AudioKitEX.build/Debug-watchos/CAudioKitEX.build/Objects-normal/armv7k/SequencerEngine.dia -c /Users/admin/builds/J1XnyXFH/0/finestructure/swiftpackageindex-builder/spi-builder-workspace/.dependencies/checkouts/AudioKitEX/Sources/CAudioKitEX/Sequencing/SequencerEngine.mm -o /Users/admin/builds/J1XnyXFH/0/finestructure/swiftpackageindex-builder/spi-builder-workspace/.derivedData/Build/Intermediates.noindex/AudioKitEX.build/Debug-watchos/CAudioKitEX.build/Objects-normal/armv7k/SequencerEngine.o -index-unit-output-path /AudioKitEX.build/Debug-watchos/CAudioKitEX.build/Objects-normal/armv7k/SequencerEngine.o
CompileC /Users/admin/builds/J1XnyXFH/0/finestructure/swiftpackageindex-builder/spi-builder-workspace/.derivedData/Build/Intermediates.noindex/AudioKitEX.build/Debug-watchos/CAudioKitEX.build/Objects-normal/armv7k/StereoFieldLimiterDSP.o /Users/admin/builds/J1XnyXFH/0/finestructure/swiftpackageindex-builder/spi-builder-workspace/.dependencies/checkouts/AudioKitEX/Sources/CAudioKitEX/Nodes/StereoFieldLimiterDSP.mm normal armv7k objective-c++ com.apple.compilers.llvm.clang.1_0.compiler (in target 'CAudioKitEX' from project 'AudioKitEX')
    cd /Users/admin/builds/J1XnyXFH/0/finestructure/swiftpackageindex-builder/spi-builder-workspace/.dependencies/checkouts/AudioKitEX
    /Applications/Xcode-15.2.0.app/Contents/Developer/Toolchains/XcodeDefault.xctoolchain/usr/bin/clang -x objective-c++ -ivfsstatcache /Users/admin/builds/J1XnyXFH/0/finestructure/swiftpackageindex-builder/spi-builder-workspace/.derivedData/SDKStatCaches.noindex/watchos10.2-21S355-1a03c8d25fc3596eb74c01d649b42752.sdkstatcache -target armv7k-apple-watchos6.0 -fmessage-length\=0 -fdiagnostics-show-note-include-stack -fmacro-backtrace-limit\=0 -fno-color-diagnostics -std\=c++14 -fobjc-arc -fmodules -gmodules -fmodules-cache-path\=/Users/admin/builds/J1XnyXFH/0/finestructure/swiftpackageindex-builder/spi-builder-workspace/.derivedData/ModuleCache.noindex -fmodules-prune-interval\=86400 -fmodules-prune-after\=345600 -fbuild-session-file\=/Users/admin/builds/J1XnyXFH/0/finestructure/swiftpackageindex-builder/spi-builder-workspace/.derivedData/ModuleCache.noindex/Session.modulevalidation -fmodules-validate-once-per-build-session -Wnon-modular-include-in-framework-module -Werror\=non-modular-include-in-framework-module -fmodule-name\=CAudioKitEX -Wno-trigraphs -fpascal-strings -O0 -Wno-missing-field-initializers -Wno-missing-prototypes -Wno-return-type -Wno-implicit-atomic-properties -Wno-objc-interface-ivars -Wno-arc-repeated-use-of-weak -Wno-non-virtual-dtor -Wno-overloaded-virtual -Wno-exit-time-destructors -Wno-missing-braces -Wparentheses -Wswitch -Wno-unused-function -Wno-unused-label -Wno-unused-parameter -Wno-unused-variable -Wunused-value -Wno-empty-body -Wno-uninitialized -Wno-unknown-pragmas -w -Wno-shadow -Wno-four-char-constants -Wno-conversion -Wno-constant-conversion -Wno-int-conversion -Wno-bool-conversion -Wno-enum-conversion -Wno-float-conversion -Wno-non-literal-null-conversion -Wno-objc-literal-conversion -Wno-shorten-64-to-32 -Wno-newline-eof -Wno-selector -Wno-strict-selector-match -Wno-undeclared-selector -Wno-deprecated-implementations -Wno-c++11-extensions -Wno-implicit-fallthrough -DSWIFT_PACKAGE -DDEBUG\=1 -DOBJC_OLD_DISPATCH_PROTOTYPES\=1 -isysroot /Applications/Xcode-15.2.0.app/Contents/Developer/Platforms/WatchOS.platform/Developer/SDKs/WatchOS10.2.sdk -fstrict-aliasing -Wprotocol -Wdeprecated-declarations -Winvalid-offsetof -g -fvisibility-inlines-hidden -Wno-sign-conversion -Wno-infinite-recursion -Wno-move -Wno-comma -Wno-block-capture-autoreleasing -Wno-strict-prototypes -Wno-range-loop-analysis -Wno-semicolon-before-method-body -fprofile-instr-generate -fcoverage-mapping -index-store-path /Users/admin/builds/J1XnyXFH/0/finestructure/swiftpackageindex-builder/spi-builder-workspace/.derivedData/Index.noindex/DataStore -I/Users/admin/builds/J1XnyXFH/0/finestructure/swiftpackageindex-builder/spi-builder-workspace/.derivedData/Build/Products/Debug-watchos/include -I/Users/admin/builds/J1XnyXFH/0/finestructure/swiftpackageindex-builder/spi-builder-workspace/.dependencies/checkouts/AudioKitEX/Sources/CAudioKitEX/include -I/Users/admin/builds/J1XnyXFH/0/finestructure/swiftpackageindex-builder/spi-builder-workspace/.dependencies/checkouts/AudioKitEX/Sources/CAudioKitEX -I/Users/admin/builds/J1XnyXFH/0/finestructure/swiftpackageindex-builder/spi-builder-workspace/.derivedData/Build/Intermediates.noindex/AudioKitEX.build/Debug-watchos/CAudioKitEX.build/DerivedSources-normal/armv7k -I/Users/admin/builds/J1XnyXFH/0/finestructure/swiftpackageindex-builder/spi-builder-workspace/.derivedData/Build/Intermediates.noindex/AudioKitEX.build/Debug-watchos/CAudioKitEX.build/DerivedSources/armv7k -I/Users/admin/builds/J1XnyXFH/0/finestructure/swiftpackageindex-builder/spi-builder-workspace/.derivedData/Build/Intermediates.noindex/AudioKitEX.build/Debug-watchos/CAudioKitEX.build/DerivedSources -F/Users/admin/builds/J1XnyXFH/0/finestructure/swiftpackageindex-builder/spi-builder-workspace/.derivedData/Build/Products/Debug-watchos -iframework /Applications/Xcode-15.2.0.app/Contents/Developer/Platforms/WatchOS.platform/Developer/Library/Frameworks -iframework /Applications/Xcode-15.2.0.app/Contents/Developer/Platforms/WatchOS.platform/Developer/SDKs/WatchOS10.2.sdk/Developer/Library/Frameworks -DXcode -MMD -MT dependencies -MF /Users/admin/builds/J1XnyXFH/0/finestructure/swiftpackageindex-builder/spi-builder-workspace/.derivedData/Build/Intermediates.noindex/AudioKitEX.build/Debug-watchos/CAudioKitEX.build/Objects-normal/armv7k/StereoFieldLimiterDSP.d --serialize-diagnostics /Users/admin/builds/J1XnyXFH/0/finestructure/swiftpackageindex-builder/spi-builder-workspace/.derivedData/Build/Intermediates.noindex/AudioKitEX.build/Debug-watchos/CAudioKitEX.build/Objects-normal/armv7k/StereoFieldLimiterDSP.dia -c /Users/admin/builds/J1XnyXFH/0/finestructure/swiftpackageindex-builder/spi-builder-workspace/.dependencies/checkouts/AudioKitEX/Sources/CAudioKitEX/Nodes/StereoFieldLimiterDSP.mm -o /Users/admin/builds/J1XnyXFH/0/finestructure/swiftpackageindex-builder/spi-builder-workspace/.derivedData/Build/Intermediates.noindex/AudioKitEX.build/Debug-watchos/CAudioKitEX.build/Objects-normal/armv7k/StereoFieldLimiterDSP.o -index-unit-output-path /AudioKitEX.build/Debug-watchos/CAudioKitEX.build/Objects-normal/armv7k/StereoFieldLimiterDSP.o
In file included from /Users/admin/builds/J1XnyXFH/0/finestructure/swiftpackageindex-builder/spi-builder-workspace/.dependencies/checkouts/AudioKitEX/Sources/CAudioKitEX/Nodes/StereoFieldLimiterDSP.mm:3:
/Users/admin/builds/J1XnyXFH/0/finestructure/swiftpackageindex-builder/spi-builder-workspace/.dependencies/checkouts/AudioKitEX/Sources/CAudioKitEX/include/DSPBase.h:6:9: fatal error: 'AudioToolbox/AudioToolbox.h' file not found
#import <AudioToolbox/AudioToolbox.h>
        ^~~~~~~~~~~~~~~~~~~~~~~~~~~~~
1 error generated.
CompileC /Users/admin/builds/J1XnyXFH/0/finestructure/swiftpackageindex-builder/spi-builder-workspace/.derivedData/Build/Intermediates.noindex/AudioKitEX.build/Debug-watchos/CAudioKitEX.build/Objects-normal/armv7k/FaderDSP.o /Users/admin/builds/J1XnyXFH/0/finestructure/swiftpackageindex-builder/spi-builder-workspace/.dependencies/checkouts/AudioKitEX/Sources/CAudioKitEX/Nodes/FaderDSP.mm normal armv7k objective-c++ com.apple.compilers.llvm.clang.1_0.compiler (in target 'CAudioKitEX' from project 'AudioKitEX')
    cd /Users/admin/builds/J1XnyXFH/0/finestructure/swiftpackageindex-builder/spi-builder-workspace/.dependencies/checkouts/AudioKitEX
    /Applications/Xcode-15.2.0.app/Contents/Developer/Toolchains/XcodeDefault.xctoolchain/usr/bin/clang -x objective-c++ -ivfsstatcache /Users/admin/builds/J1XnyXFH/0/finestructure/swiftpackageindex-builder/spi-builder-workspace/.derivedData/SDKStatCaches.noindex/watchos10.2-21S355-1a03c8d25fc3596eb74c01d649b42752.sdkstatcache -target armv7k-apple-watchos6.0 -fmessage-length\=0 -fdiagnostics-show-note-include-stack -fmacro-backtrace-limit\=0 -fno-color-diagnostics -std\=c++14 -fobjc-arc -fmodules -gmodules -fmodules-cache-path\=/Users/admin/builds/J1XnyXFH/0/finestructure/swiftpackageindex-builder/spi-builder-workspace/.derivedData/ModuleCache.noindex -fmodules-prune-interval\=86400 -fmodules-prune-after\=345600 -fbuild-session-file\=/Users/admin/builds/J1XnyXFH/0/finestructure/swiftpackageindex-builder/spi-builder-workspace/.derivedData/ModuleCache.noindex/Session.modulevalidation -fmodules-validate-once-per-build-session -Wnon-modular-include-in-framework-module -Werror\=non-modular-include-in-framework-module -fmodule-name\=CAudioKitEX -Wno-trigraphs -fpascal-strings -O0 -Wno-missing-field-initializers -Wno-missing-prototypes -Wno-return-type -Wno-implicit-atomic-properties -Wno-objc-interface-ivars -Wno-arc-repeated-use-of-weak -Wno-non-virtual-dtor -Wno-overloaded-virtual -Wno-exit-time-destructors -Wno-missing-braces -Wparentheses -Wswitch -Wno-unused-function -Wno-unused-label -Wno-unused-parameter -Wno-unused-variable -Wunused-value -Wno-empty-body -Wno-uninitialized -Wno-unknown-pragmas -w -Wno-shadow -Wno-four-char-constants -Wno-conversion -Wno-constant-conversion -Wno-int-conversion -Wno-bool-conversion -Wno-enum-conversion -Wno-float-conversion -Wno-non-literal-null-conversion -Wno-objc-literal-conversion -Wno-shorten-64-to-32 -Wno-newline-eof -Wno-selector -Wno-strict-selector-match -Wno-undeclared-selector -Wno-deprecated-implementations -Wno-c++11-extensions -Wno-implicit-fallthrough -DSWIFT_PACKAGE -DDEBUG\=1 -DOBJC_OLD_DISPATCH_PROTOTYPES\=1 -isysroot /Applications/Xcode-15.2.0.app/Contents/Developer/Platforms/WatchOS.platform/Developer/SDKs/WatchOS10.2.sdk -fstrict-aliasing -Wprotocol -Wdeprecated-declarations -Winvalid-offsetof -g -fvisibility-inlines-hidden -Wno-sign-conversion -Wno-infinite-recursion -Wno-move -Wno-comma -Wno-block-capture-autoreleasing -Wno-strict-prototypes -Wno-range-loop-analysis -Wno-semicolon-before-method-body -fprofile-instr-generate -fcoverage-mapping -index-store-path /Users/admin/builds/J1XnyXFH/0/finestructure/swiftpackageindex-builder/spi-builder-workspace/.derivedData/Index.noindex/DataStore -I/Users/admin/builds/J1XnyXFH/0/finestructure/swiftpackageindex-builder/spi-builder-workspace/.derivedData/Build/Products/Debug-watchos/include -I/Users/admin/builds/J1XnyXFH/0/finestructure/swiftpackageindex-builder/spi-builder-workspace/.dependencies/checkouts/AudioKitEX/Sources/CAudioKitEX/include -I/Users/admin/builds/J1XnyXFH/0/finestructure/swiftpackageindex-builder/spi-builder-workspace/.dependencies/checkouts/AudioKitEX/Sources/CAudioKitEX -I/Users/admin/builds/J1XnyXFH/0/finestructure/swiftpackageindex-builder/spi-builder-workspace/.derivedData/Build/Intermediates.noindex/AudioKitEX.build/Debug-watchos/CAudioKitEX.build/DerivedSources-normal/armv7k -I/Users/admin/builds/J1XnyXFH/0/finestructure/swiftpackageindex-builder/spi-builder-workspace/.derivedData/Build/Intermediates.noindex/AudioKitEX.build/Debug-watchos/CAudioKitEX.build/DerivedSources/armv7k -I/Users/admin/builds/J1XnyXFH/0/finestructure/swiftpackageindex-builder/spi-builder-workspace/.derivedData/Build/Intermediates.noindex/AudioKitEX.build/Debug-watchos/CAudioKitEX.build/DerivedSources -F/Users/admin/builds/J1XnyXFH/0/finestructure/swiftpackageindex-builder/spi-builder-workspace/.derivedData/Build/Products/Debug-watchos -iframework /Applications/Xcode-15.2.0.app/Contents/Developer/Platforms/WatchOS.platform/Developer/Library/Frameworks -iframework /Applications/Xcode-15.2.0.app/Contents/Developer/Platforms/WatchOS.platform/Developer/SDKs/WatchOS10.2.sdk/Developer/Library/Frameworks -DXcode -MMD -MT dependencies -MF /Users/admin/builds/J1XnyXFH/0/finestructure/swiftpackageindex-builder/spi-builder-workspace/.derivedData/Build/Intermediates.noindex/AudioKitEX.build/Debug-watchos/CAudioKitEX.build/Objects-normal/armv7k/FaderDSP.d --serialize-diagnostics /Users/admin/builds/J1XnyXFH/0/finestructure/swiftpackageindex-builder/spi-builder-workspace/.derivedData/Build/Intermediates.noindex/AudioKitEX.build/Debug-watchos/CAudioKitEX.build/Objects-normal/armv7k/FaderDSP.dia -c /Users/admin/builds/J1XnyXFH/0/finestructure/swiftpackageindex-builder/spi-builder-workspace/.dependencies/checkouts/AudioKitEX/Sources/CAudioKitEX/Nodes/FaderDSP.mm -o /Users/admin/builds/J1XnyXFH/0/finestructure/swiftpackageindex-builder/spi-builder-workspace/.derivedData/Build/Intermediates.noindex/AudioKitEX.build/Debug-watchos/CAudioKitEX.build/Objects-normal/armv7k/FaderDSP.o -index-unit-output-path /AudioKitEX.build/Debug-watchos/CAudioKitEX.build/Objects-normal/armv7k/FaderDSP.o
In file included from /Users/admin/builds/J1XnyXFH/0/finestructure/swiftpackageindex-builder/spi-builder-workspace/.dependencies/checkouts/AudioKitEX/Sources/CAudioKitEX/Nodes/FaderDSP.mm:3:
/Users/admin/builds/J1XnyXFH/0/finestructure/swiftpackageindex-builder/spi-builder-workspace/.dependencies/checkouts/AudioKitEX/Sources/CAudioKitEX/include/DSPBase.h:6:9: fatal error: 'AudioToolbox/AudioToolbox.h' file not found
#import <AudioToolbox/AudioToolbox.h>
        ^~~~~~~~~~~~~~~~~~~~~~~~~~~~~
1 error generated.
CompileC /Users/admin/builds/J1XnyXFH/0/finestructure/swiftpackageindex-builder/spi-builder-workspace/.derivedData/Build/Intermediates.noindex/AudioKitEX.build/Debug-watchos/CAudioKitEX.build/Objects-normal/armv7k/ParameterAutomation.o /Users/admin/builds/J1XnyXFH/0/finestructure/swiftpackageindex-builder/spi-builder-workspace/.dependencies/checkouts/AudioKitEX/Sources/CAudioKitEX/Sequencing/ParameterAutomation.mm normal armv7k objective-c++ com.apple.compilers.llvm.clang.1_0.compiler (in target 'CAudioKitEX' from project 'AudioKitEX')
    cd /Users/admin/builds/J1XnyXFH/0/finestructure/swiftpackageindex-builder/spi-builder-workspace/.dependencies/checkouts/AudioKitEX
    /Applications/Xcode-15.2.0.app/Contents/Developer/Toolchains/XcodeDefault.xctoolchain/usr/bin/clang -x objective-c++ -ivfsstatcache /Users/admin/builds/J1XnyXFH/0/finestructure/swiftpackageindex-builder/spi-builder-workspace/.derivedData/SDKStatCaches.noindex/watchos10.2-21S355-1a03c8d25fc3596eb74c01d649b42752.sdkstatcache -target armv7k-apple-watchos6.0 -fmessage-length\=0 -fdiagnostics-show-note-include-stack -fmacro-backtrace-limit\=0 -fno-color-diagnostics -std\=c++14 -fobjc-arc -fmodules -gmodules -fmodules-cache-path\=/Users/admin/builds/J1XnyXFH/0/finestructure/swiftpackageindex-builder/spi-builder-workspace/.derivedData/ModuleCache.noindex -fmodules-prune-interval\=86400 -fmodules-prune-after\=345600 -fbuild-session-file\=/Users/admin/builds/J1XnyXFH/0/finestructure/swiftpackageindex-builder/spi-builder-workspace/.derivedData/ModuleCache.noindex/Session.modulevalidation -fmodules-validate-once-per-build-session -Wnon-modular-include-in-framework-module -Werror\=non-modular-include-in-framework-module -fmodule-name\=CAudioKitEX -Wno-trigraphs -fpascal-strings -O0 -Wno-missing-field-initializers -Wno-missing-prototypes -Wno-return-type -Wno-implicit-atomic-properties -Wno-objc-interface-ivars -Wno-arc-repeated-use-of-weak -Wno-non-virtual-dtor -Wno-overloaded-virtual -Wno-exit-time-destructors -Wno-missing-braces -Wparentheses -Wswitch -Wno-unused-function -Wno-unused-label -Wno-unused-parameter -Wno-unused-variable -Wunused-value -Wno-empty-body -Wno-uninitialized -Wno-unknown-pragmas -w -Wno-shadow -Wno-four-char-constants -Wno-conversion -Wno-constant-conversion -Wno-int-conversion -Wno-bool-conversion -Wno-enum-conversion -Wno-float-conversion -Wno-non-literal-null-conversion -Wno-objc-literal-conversion -Wno-shorten-64-to-32 -Wno-newline-eof -Wno-selector -Wno-strict-selector-match -Wno-undeclared-selector -Wno-deprecated-implementations -Wno-c++11-extensions -Wno-implicit-fallthrough -DSWIFT_PACKAGE -DDEBUG\=1 -DOBJC_OLD_DISPATCH_PROTOTYPES\=1 -isysroot /Applications/Xcode-15.2.0.app/Contents/Developer/Platforms/WatchOS.platform/Developer/SDKs/WatchOS10.2.sdk -fstrict-aliasing -Wprotocol -Wdeprecated-declarations -Winvalid-offsetof -g -fvisibility-inlines-hidden -Wno-sign-conversion -Wno-infinite-recursion -Wno-move -Wno-comma -Wno-block-capture-autoreleasing -Wno-strict-prototypes -Wno-range-loop-analysis -Wno-semicolon-before-method-body -fprofile-instr-generate -fcoverage-mapping -index-store-path /Users/admin/builds/J1XnyXFH/0/finestructure/swiftpackageindex-builder/spi-builder-workspace/.derivedData/Index.noindex/DataStore -I/Users/admin/builds/J1XnyXFH/0/finestructure/swiftpackageindex-builder/spi-builder-workspace/.derivedData/Build/Products/Debug-watchos/include -I/Users/admin/builds/J1XnyXFH/0/finestructure/swiftpackageindex-builder/spi-builder-workspace/.dependencies/checkouts/AudioKitEX/Sources/CAudioKitEX/include -I/Users/admin/builds/J1XnyXFH/0/finestructure/swiftpackageindex-builder/spi-builder-workspace/.dependencies/checkouts/AudioKitEX/Sources/CAudioKitEX -I/Users/admin/builds/J1XnyXFH/0/finestructure/swiftpackageindex-builder/spi-builder-workspace/.derivedData/Build/Intermediates.noindex/AudioKitEX.build/Debug-watchos/CAudioKitEX.build/DerivedSources-normal/armv7k -I/Users/admin/builds/J1XnyXFH/0/finestructure/swiftpackageindex-builder/spi-builder-workspace/.derivedData/Build/Intermediates.noindex/AudioKitEX.build/Debug-watchos/CAudioKitEX.build/DerivedSources/armv7k -I/Users/admin/builds/J1XnyXFH/0/finestructure/swiftpackageindex-builder/spi-builder-workspace/.derivedData/Build/Intermediates.noindex/AudioKitEX.build/Debug-watchos/CAudioKitEX.build/DerivedSources -F/Users/admin/builds/J1XnyXFH/0/finestructure/swiftpackageindex-builder/spi-builder-workspace/.derivedData/Build/Products/Debug-watchos -iframework /Applications/Xcode-15.2.0.app/Contents/Developer/Platforms/WatchOS.platform/Developer/Library/Frameworks -iframework /Applications/Xcode-15.2.0.app/Contents/Developer/Platforms/WatchOS.platform/Developer/SDKs/WatchOS10.2.sdk/Developer/Library/Frameworks -DXcode -MMD -MT dependencies -MF /Users/admin/builds/J1XnyXFH/0/finestructure/swiftpackageindex-builder/spi-builder-workspace/.derivedData/Build/Intermediates.noindex/AudioKitEX.build/Debug-watchos/CAudioKitEX.build/Objects-normal/armv7k/ParameterAutomation.d --serialize-diagnostics /Users/admin/builds/J1XnyXFH/0/finestructure/swiftpackageindex-builder/spi-builder-workspace/.derivedData/Build/Intermediates.noindex/AudioKitEX.build/Debug-watchos/CAudioKitEX.build/Objects-normal/armv7k/ParameterAutomation.dia -c /Users/admin/builds/J1XnyXFH/0/finestructure/swiftpackageindex-builder/spi-builder-workspace/.dependencies/checkouts/AudioKitEX/Sources/CAudioKitEX/Sequencing/ParameterAutomation.mm -o /Users/admin/builds/J1XnyXFH/0/finestructure/swiftpackageindex-builder/spi-builder-workspace/.derivedData/Build/Intermediates.noindex/AudioKitEX.build/Debug-watchos/CAudioKitEX.build/Objects-normal/armv7k/ParameterAutomation.o -index-unit-output-path /AudioKitEX.build/Debug-watchos/CAudioKitEX.build/Objects-normal/armv7k/ParameterAutomation.o
In file included from /Users/admin/builds/J1XnyXFH/0/finestructure/swiftpackageindex-builder/spi-builder-workspace/.dependencies/checkouts/AudioKitEX/Sources/CAudioKitEX/Sequencing/ParameterAutomation.mm:3:
/Users/admin/builds/J1XnyXFH/0/finestructure/swiftpackageindex-builder/spi-builder-workspace/.dependencies/checkouts/AudioKitEX/Sources/CAudioKitEX/include/ParameterAutomation.h:5:10: fatal error: 'AudioToolbox/AudioToolbox.h' file not found
#include <AudioToolbox/AudioToolbox.h>
         ^~~~~~~~~~~~~~~~~~~~~~~~~~~~~
CompileC /Users/admin/builds/J1XnyXFH/0/finestructure/swiftpackageindex-builder/spi-builder-workspace/.derivedData/Build/Intermediates.noindex/AudioKitEX.build/Debug-watchos/CAudioKitEX.build/Objects-normal/armv7k/ExceptionCatcher.o /Users/admin/builds/J1XnyXFH/0/finestructure/swiftpackageindex-builder/spi-builder-workspace/.dependencies/checkouts/AudioKitEX/Sources/CAudioKitEX/Internals/ExceptionCatcher.m normal armv7k objective-c com.apple.compilers.llvm.clang.1_0.compiler (in target 'CAudioKitEX' from project 'AudioKitEX')
    cd /Users/admin/builds/J1XnyXFH/0/finestructure/swiftpackageindex-builder/spi-builder-workspace/.dependencies/checkouts/AudioKitEX
    /Applications/Xcode-15.2.0.app/Contents/Developer/Toolchains/XcodeDefault.xctoolchain/usr/bin/clang -x objective-c -ivfsstatcache /Users/admin/builds/J1XnyXFH/0/finestructure/swiftpackageindex-builder/spi-builder-workspace/.derivedData/SDKStatCaches.noindex/watchos10.2-21S355-1a03c8d25fc3596eb74c01d649b42752.sdkstatcache -target armv7k-apple-watchos6.0 -fmessage-length\=0 -fdiagnostics-show-note-include-stack -fmacro-backtrace-limit\=0 -fno-color-diagnostics -fobjc-arc -fmodules -gmodules -fmodules-cache-path\=/Users/admin/builds/J1XnyXFH/0/finestructure/swiftpackageindex-builder/spi-builder-workspace/.derivedData/ModuleCache.noindex -fmodules-prune-interval\=86400 -fmodules-prune-after\=345600 -fbuild-session-file\=/Users/admin/builds/J1XnyXFH/0/finestructure/swiftpackageindex-builder/spi-builder-workspace/.derivedData/ModuleCache.noindex/Session.modulevalidation -fmodules-validate-once-per-build-session -Wnon-modular-include-in-framework-module -Werror\=non-modular-include-in-framework-module -fmodule-name\=CAudioKitEX -Wno-trigraphs -fpascal-strings -O0 -Wno-missing-field-initializers -Wno-missing-prototypes -Wno-return-type -Wno-implicit-atomic-properties -Wno-objc-interface-ivars -Wno-arc-repeated-use-of-weak -Wno-missing-braces -Wparentheses -Wswitch -Wno-unused-function -Wno-unused-label -Wno-unused-parameter -Wno-unused-variable -Wunused-value -Wno-empty-body -Wno-uninitialized -Wno-unknown-pragmas -w -Wno-shadow -Wno-four-char-constants -Wno-conversion -Wno-constant-conversion -Wno-int-conversion -Wno-bool-conversion -Wno-enum-conversion -Wno-float-conversion -Wno-non-literal-null-conversion -Wno-objc-literal-conversion -Wno-shorten-64-to-32 -Wpointer-sign -Wno-newline-eof -Wno-selector -Wno-strict-selector-match -Wno-undeclared-selector -Wno-deprecated-implementations -Wno-implicit-fallthrough -DSWIFT_PACKAGE -DDEBUG\=1 -DOBJC_OLD_DISPATCH_PROTOTYPES\=1 -isysroot /Applications/Xcode-15.2.0.app/Contents/Developer/Platforms/WatchOS.platform/Developer/SDKs/WatchOS10.2.sdk -fstrict-aliasing -Wprotocol -Wdeprecated-declarations -g -Wno-sign-conversion -Wno-infinite-recursion -Wno-comma -Wno-block-capture-autoreleasing -Wno-strict-prototypes -Wno-semicolon-before-method-body -fprofile-instr-generate -fcoverage-mapping -index-store-path /Users/admin/builds/J1XnyXFH/0/finestructure/swiftpackageindex-builder/spi-builder-workspace/.derivedData/Index.noindex/DataStore -I/Users/admin/builds/J1XnyXFH/0/finestructure/swiftpackageindex-builder/spi-builder-workspace/.derivedData/Build/Products/Debug-watchos/include -I/Users/admin/builds/J1XnyXFH/0/finestructure/swiftpackageindex-builder/spi-builder-workspace/.dependencies/checkouts/AudioKitEX/Sources/CAudioKitEX/include -I/Users/admin/builds/J1XnyXFH/0/finestructure/swiftpackageindex-builder/spi-builder-workspace/.dependencies/checkouts/AudioKitEX/Sources/CAudioKitEX -I/Users/admin/builds/J1XnyXFH/0/finestructure/swiftpackageindex-builder/spi-builder-workspace/.derivedData/Build/Intermediates.noindex/AudioKitEX.build/Debug-watchos/CAudioKitEX.build/DerivedSources-normal/armv7k -I/Users/admin/builds/J1XnyXFH/0/finestructure/swiftpackageindex-builder/spi-builder-workspace/.derivedData/Build/Intermediates.noindex/AudioKitEX.build/Debug-watchos/CAudioKitEX.build/DerivedSources/armv7k -I/Users/admin/builds/J1XnyXFH/0/finestructure/swiftpackageindex-builder/spi-builder-workspace/.derivedData/Build/Intermediates.noindex/AudioKitEX.build/Debug-watchos/CAudioKitEX.build/DerivedSources -F/Users/admin/builds/J1XnyXFH/0/finestructure/swiftpackageindex-builder/spi-builder-workspace/.derivedData/Build/Products/Debug-watchos -iframework /Applications/Xcode-15.2.0.app/Contents/Developer/Platforms/WatchOS.platform/Developer/Library/Frameworks -iframework /Applications/Xcode-15.2.0.app/Contents/Developer/Platforms/WatchOS.platform/Developer/SDKs/WatchOS10.2.sdk/Developer/Library/Frameworks -DXcode -MMD -MT dependencies -MF /Users/admin/builds/J1XnyXFH/0/finestructure/swiftpackageindex-builder/spi-builder-workspace/.derivedData/Build/Intermediates.noindex/AudioKitEX.build/Debug-watchos/CAudioKitEX.build/Objects-normal/armv7k/ExceptionCatcher.d --serialize-diagnostics /Users/admin/builds/J1XnyXFH/0/finestructure/swiftpackageindex-builder/spi-builder-workspace/.derivedData/Build/Intermediates.noindex/AudioKitEX.build/Debug-watchos/CAudioKitEX.build/Objects-normal/armv7k/ExceptionCatcher.dia -c /Users/admin/builds/J1XnyXFH/0/finestructure/swiftpackageindex-builder/spi-builder-workspace/.dependencies/checkouts/AudioKitEX/Sources/CAudioKitEX/Internals/ExceptionCatcher.m -o /Users/admin/builds/J1XnyXFH/0/finestructure/swiftpackageindex-builder/spi-builder-workspace/.derivedData/Build/Intermediates.noindex/AudioKitEX.build/Debug-watchos/CAudioKitEX.build/Objects-normal/armv7k/ExceptionCatcher.o -index-unit-output-path /AudioKitEX.build/Debug-watchos/CAudioKitEX.build/Objects-normal/armv7k/ExceptionCatcher.o
CompileC /Users/admin/builds/J1XnyXFH/0/finestructure/swiftpackageindex-builder/spi-builder-workspace/.derivedData/Build/Intermediates.noindex/AudioKitEX.build/Debug-watchos/CAudioKitEX.build/Objects-normal/armv7k/DryWetMixerDSP.o /Users/admin/builds/J1XnyXFH/0/finestructure/swiftpackageindex-builder/spi-builder-workspace/.dependencies/checkouts/AudioKitEX/Sources/CAudioKitEX/Nodes/DryWetMixerDSP.mm normal armv7k objective-c++ com.apple.compilers.llvm.clang.1_0.compiler (in target 'CAudioKitEX' from project 'AudioKitEX')
    cd /Users/admin/builds/J1XnyXFH/0/finestructure/swiftpackageindex-builder/spi-builder-workspace/.dependencies/checkouts/AudioKitEX
    /Applications/Xcode-15.2.0.app/Contents/Developer/Toolchains/XcodeDefault.xctoolchain/usr/bin/clang -x objective-c++ -ivfsstatcache /Users/admin/builds/J1XnyXFH/0/finestructure/swiftpackageindex-builder/spi-builder-workspace/.derivedData/SDKStatCaches.noindex/watchos10.2-21S355-1a03c8d25fc3596eb74c01d649b42752.sdkstatcache -target armv7k-apple-watchos6.0 -fmessage-length\=0 -fdiagnostics-show-note-include-stack -fmacro-backtrace-limit\=0 -fno-color-diagnostics -std\=c++14 -fobjc-arc -fmodules -gmodules -fmodules-cache-path\=/Users/admin/builds/J1XnyXFH/0/finestructure/swiftpackageindex-builder/spi-builder-workspace/.derivedData/ModuleCache.noindex -fmodules-prune-interval\=86400 -fmodules-prune-after\=345600 -fbuild-session-file\=/Users/admin/builds/J1XnyXFH/0/finestructure/swiftpackageindex-builder/spi-builder-workspace/.derivedData/ModuleCache.noindex/Session.modulevalidation -fmodules-validate-once-per-build-session -Wnon-modular-include-in-framework-module -Werror\=non-modular-include-in-framework-module -fmodule-name\=CAudioKitEX -Wno-trigraphs -fpascal-strings -O0 -Wno-missing-field-initializers -Wno-missing-prototypes -Wno-return-type -Wno-implicit-atomic-properties -Wno-objc-interface-ivars -Wno-arc-repeated-use-of-weak -Wno-non-virtual-dtor -Wno-overloaded-virtual -Wno-exit-time-destructors -Wno-missing-braces -Wparentheses -Wswitch -Wno-unused-function -Wno-unused-label -Wno-unused-parameter -Wno-unused-variable -Wunused-value -Wno-empty-body -Wno-uninitialized -Wno-unknown-pragmas -w -Wno-shadow -Wno-four-char-constants -Wno-conversion -Wno-constant-conversion -Wno-int-conversion -Wno-bool-conversion -Wno-enum-conversion -Wno-float-conversion -Wno-non-literal-null-conversion -Wno-objc-literal-conversion -Wno-shorten-64-to-32 -Wno-newline-eof -Wno-selector -Wno-strict-selector-match -Wno-undeclared-selector -Wno-deprecated-implementations -Wno-c++11-extensions -Wno-implicit-fallthrough -DSWIFT_PACKAGE -DDEBUG\=1 -DOBJC_OLD_DISPATCH_PROTOTYPES\=1 -isysroot /Applications/Xcode-15.2.0.app/Contents/Developer/Platforms/WatchOS.platform/Developer/SDKs/WatchOS10.2.sdk -fstrict-aliasing -Wprotocol -Wdeprecated-declarations -Winvalid-offsetof -g -fvisibility-inlines-hidden -Wno-sign-conversion -Wno-infinite-recursion -Wno-move -Wno-comma -Wno-block-capture-autoreleasing -Wno-strict-prototypes -Wno-range-loop-analysis -Wno-semicolon-before-method-body -fprofile-instr-generate -fcoverage-mapping -index-store-path /Users/admin/builds/J1XnyXFH/0/finestructure/swiftpackageindex-builder/spi-builder-workspace/.derivedData/Index.noindex/DataStore -I/Users/admin/builds/J1XnyXFH/0/finestructure/swiftpackageindex-builder/spi-builder-workspace/.derivedData/Build/Products/Debug-watchos/include -I/Users/admin/builds/J1XnyXFH/0/finestructure/swiftpackageindex-builder/spi-builder-workspace/.dependencies/checkouts/AudioKitEX/Sources/CAudioKitEX/include -I/Users/admin/builds/J1XnyXFH/0/finestructure/swiftpackageindex-builder/spi-builder-workspace/.dependencies/checkouts/AudioKitEX/Sources/CAudioKitEX -I/Users/admin/builds/J1XnyXFH/0/finestructure/swiftpackageindex-builder/spi-builder-workspace/.derivedData/Build/Intermediates.noindex/AudioKitEX.build/Debug-watchos/CAudioKitEX.build/DerivedSources-normal/armv7k -I/Users/admin/builds/J1XnyXFH/0/finestructure/swiftpackageindex-builder/spi-builder-workspace/.derivedData/Build/Intermediates.noindex/AudioKitEX.build/Debug-watchos/CAudioKitEX.build/DerivedSources/armv7k -I/Users/admin/builds/J1XnyXFH/0/finestructure/swiftpackageindex-builder/spi-builder-workspace/.derivedData/Build/Intermediates.noindex/AudioKitEX.build/Debug-watchos/CAudioKitEX.build/DerivedSources -F/Users/admin/builds/J1XnyXFH/0/finestructure/swiftpackageindex-builder/spi-builder-workspace/.derivedData/Build/Products/Debug-watchos -iframework /Applications/Xcode-15.2.0.app/Contents/Developer/Platforms/WatchOS.platform/Developer/Library/Frameworks -iframework /Applications/Xcode-15.2.0.app/Contents/Developer/Platforms/WatchOS.platform/Developer/SDKs/WatchOS10.2.sdk/Developer/Library/Frameworks -DXcode -MMD -MT dependencies -MF /Users/admin/builds/J1XnyXFH/0/finestructure/swiftpackageindex-builder/spi-builder-workspace/.derivedData/Build/Intermediates.noindex/AudioKitEX.build/Debug-watchos/CAudioKitEX.build/Objects-normal/armv7k/DryWetMixerDSP.d --serialize-diagnostics /Users/admin/builds/J1XnyXFH/0/finestructure/swiftpackageindex-builder/spi-builder-workspace/.derivedData/Build/Intermediates.noindex/AudioKitEX.build/Debug-watchos/CAudioKitEX.build/Objects-normal/armv7k/DryWetMixerDSP.dia -c /Users/admin/builds/J1XnyXFH/0/finestructure/swiftpackageindex-builder/spi-builder-workspace/.dependencies/checkouts/AudioKitEX/Sources/CAudioKitEX/Nodes/DryWetMixerDSP.mm -o /Users/admin/builds/J1XnyXFH/0/finestructure/swiftpackageindex-builder/spi-builder-workspace/.derivedData/Build/Intermediates.noindex/AudioKitEX.build/Debug-watchos/CAudioKitEX.build/Objects-normal/armv7k/DryWetMixerDSP.o -index-unit-output-path /AudioKitEX.build/Debug-watchos/CAudioKitEX.build/Objects-normal/armv7k/DryWetMixerDSP.o
In file included from /Users/admin/builds/J1XnyXFH/0/finestructure/swiftpackageindex-builder/spi-builder-workspace/.dependencies/checkouts/AudioKitEX/Sources/CAudioKitEX/Nodes/DryWetMixerDSP.mm:3:
/Users/admin/builds/J1XnyXFH/0/finestructure/swiftpackageindex-builder/spi-builder-workspace/.dependencies/checkouts/AudioKitEX/Sources/CAudioKitEX/include/DSPBase.h:6:9: fatal error: 'AudioToolbox/AudioToolbox.h' file not found
#import <AudioToolbox/AudioToolbox.h>
        ^~~~~~~~~~~~~~~~~~~~~~~~~~~~~
1 error generated.
CompileC /Users/admin/builds/J1XnyXFH/0/finestructure/swiftpackageindex-builder/spi-builder-workspace/.derivedData/Build/Intermediates.noindex/AudioKitEX.build/Debug-watchos/CAudioKitEX.build/Objects-normal/armv7k/DryWetDualMixerDSP.o /Users/admin/builds/J1XnyXFH/0/finestructure/swiftpackageindex-builder/spi-builder-workspace/.dependencies/checkouts/AudioKitEX/Sources/CAudioKitEX/Nodes/DryWetDualMixerDSP.mm normal armv7k objective-c++ com.apple.compilers.llvm.clang.1_0.compiler (in target 'CAudioKitEX' from project 'AudioKitEX')
    cd /Users/admin/builds/J1XnyXFH/0/finestructure/swiftpackageindex-builder/spi-builder-workspace/.dependencies/checkouts/AudioKitEX
    /Applications/Xcode-15.2.0.app/Contents/Developer/Toolchains/XcodeDefault.xctoolchain/usr/bin/clang -x objective-c++ -ivfsstatcache /Users/admin/builds/J1XnyXFH/0/finestructure/swiftpackageindex-builder/spi-builder-workspace/.derivedData/SDKStatCaches.noindex/watchos10.2-21S355-1a03c8d25fc3596eb74c01d649b42752.sdkstatcache -target armv7k-apple-watchos6.0 -fmessage-length\=0 -fdiagnostics-show-note-include-stack -fmacro-backtrace-limit\=0 -fno-color-diagnostics -std\=c++14 -fobjc-arc -fmodules -gmodules -fmodules-cache-path\=/Users/admin/builds/J1XnyXFH/0/finestructure/swiftpackageindex-builder/spi-builder-workspace/.derivedData/ModuleCache.noindex -fmodules-prune-interval\=86400 -fmodules-prune-after\=345600 -fbuild-session-file\=/Users/admin/builds/J1XnyXFH/0/finestructure/swiftpackageindex-builder/spi-builder-workspace/.derivedData/ModuleCache.noindex/Session.modulevalidation -fmodules-validate-once-per-build-session -Wnon-modular-include-in-framework-module -Werror\=non-modular-include-in-framework-module -fmodule-name\=CAudioKitEX -Wno-trigraphs -fpascal-strings -O0 -Wno-missing-field-initializers -Wno-missing-prototypes -Wno-return-type -Wno-implicit-atomic-properties -Wno-objc-interface-ivars -Wno-arc-repeated-use-of-weak -Wno-non-virtual-dtor -Wno-overloaded-virtual -Wno-exit-time-destructors -Wno-missing-braces -Wparentheses -Wswitch -Wno-unused-function -Wno-unused-label -Wno-unused-parameter -Wno-unused-variable -Wunused-value -Wno-empty-body -Wno-uninitialized -Wno-unknown-pragmas -w -Wno-shadow -Wno-four-char-constants -Wno-conversion -Wno-constant-conversion -Wno-int-conversion -Wno-bool-conversion -Wno-enum-conversion -Wno-float-conversion -Wno-non-literal-null-conversion -Wno-objc-literal-conversion -Wno-shorten-64-to-32 -Wno-newline-eof -Wno-selector -Wno-strict-selector-match -Wno-undeclared-selector -Wno-deprecated-implementations -Wno-c++11-extensions -Wno-implicit-fallthrough -DSWIFT_PACKAGE -DDEBUG\=1 -DOBJC_OLD_DISPATCH_PROTOTYPES\=1 -isysroot /Applications/Xcode-15.2.0.app/Contents/Developer/Platforms/WatchOS.platform/Developer/SDKs/WatchOS10.2.sdk -fstrict-aliasing -Wprotocol -Wdeprecated-declarations -Winvalid-offsetof -g -fvisibility-inlines-hidden -Wno-sign-conversion -Wno-infinite-recursion -Wno-move -Wno-comma -Wno-block-capture-autoreleasing -Wno-strict-prototypes -Wno-range-loop-analysis -Wno-semicolon-before-method-body -fprofile-instr-generate -fcoverage-mapping -index-store-path /Users/admin/builds/J1XnyXFH/0/finestructure/swiftpackageindex-builder/spi-builder-workspace/.derivedData/Index.noindex/DataStore -I/Users/admin/builds/J1XnyXFH/0/finestructure/swiftpackageindex-builder/spi-builder-workspace/.derivedData/Build/Products/Debug-watchos/include -I/Users/admin/builds/J1XnyXFH/0/finestructure/swiftpackageindex-builder/spi-builder-workspace/.dependencies/checkouts/AudioKitEX/Sources/CAudioKitEX/include -I/Users/admin/builds/J1XnyXFH/0/finestructure/swiftpackageindex-builder/spi-builder-workspace/.dependencies/checkouts/AudioKitEX/Sources/CAudioKitEX -I/Users/admin/builds/J1XnyXFH/0/finestructure/swiftpackageindex-builder/spi-builder-workspace/.derivedData/Build/Intermediates.noindex/AudioKitEX.build/Debug-watchos/CAudioKitEX.build/DerivedSources-normal/armv7k -I/Users/admin/builds/J1XnyXFH/0/finestructure/swiftpackageindex-builder/spi-builder-workspace/.derivedData/Build/Intermediates.noindex/AudioKitEX.build/Debug-watchos/CAudioKitEX.build/DerivedSources/armv7k -I/Users/admin/builds/J1XnyXFH/0/finestructure/swiftpackageindex-builder/spi-builder-workspace/.derivedData/Build/Intermediates.noindex/AudioKitEX.build/Debug-watchos/CAudioKitEX.build/DerivedSources -F/Users/admin/builds/J1XnyXFH/0/finestructure/swiftpackageindex-builder/spi-builder-workspace/.derivedData/Build/Products/Debug-watchos -iframework /Applications/Xcode-15.2.0.app/Contents/Developer/Platforms/WatchOS.platform/Developer/Library/Frameworks -iframework /Applications/Xcode-15.2.0.app/Contents/Developer/Platforms/WatchOS.platform/Developer/SDKs/WatchOS10.2.sdk/Developer/Library/Frameworks -DXcode -MMD -MT dependencies -MF /Users/admin/builds/J1XnyXFH/0/finestructure/swiftpackageindex-builder/spi-builder-workspace/.derivedData/Build/Intermediates.noindex/AudioKitEX.build/Debug-watchos/CAudioKitEX.build/Objects-normal/armv7k/DryWetDualMixerDSP.d --serialize-diagnostics /Users/admin/builds/J1XnyXFH/0/finestructure/swiftpackageindex-builder/spi-builder-workspace/.derivedData/Build/Intermediates.noindex/AudioKitEX.build/Debug-watchos/CAudioKitEX.build/Objects-normal/armv7k/DryWetDualMixerDSP.dia -c /Users/admin/builds/J1XnyXFH/0/finestructure/swiftpackageindex-builder/spi-builder-workspace/.dependencies/checkouts/AudioKitEX/Sources/CAudioKitEX/Nodes/DryWetDualMixerDSP.mm -o /Users/admin/builds/J1XnyXFH/0/finestructure/swiftpackageindex-builder/spi-builder-workspace/.derivedData/Build/Intermediates.noindex/AudioKitEX.build/Debug-watchos/CAudioKitEX.build/Objects-normal/armv7k/DryWetDualMixerDSP.o -index-unit-output-path /AudioKitEX.build/Debug-watchos/CAudioKitEX.build/Objects-normal/armv7k/DryWetDualMixerDSP.o
In file included from /Users/admin/builds/J1XnyXFH/0/finestructure/swiftpackageindex-builder/spi-builder-workspace/.dependencies/checkouts/AudioKitEX/Sources/CAudioKitEX/Nodes/DryWetDualMixerDSP.mm:3:
/Users/admin/builds/J1XnyXFH/0/finestructure/swiftpackageindex-builder/spi-builder-workspace/.dependencies/checkouts/AudioKitEX/Sources/CAudioKitEX/include/DSPBase.h:6:9: fatal error: 'AudioToolbox/AudioToolbox.h' file not found
#import <AudioToolbox/AudioToolbox.h>
        ^~~~~~~~~~~~~~~~~~~~~~~~~~~~~
1 error generated.
SwiftDriver ControlledChaos normal armv7k com.apple.xcode.tools.swift.compiler (in target 'ControlledChaos' from project 'ControlledChaos')
    cd /Users/admin/builds/J1XnyXFH/0/finestructure/swiftpackageindex-builder/spi-builder-workspace/.dependencies/checkouts/ControlledChaos
    builtin-SwiftDriver -- /Applications/Xcode-15.2.0.app/Contents/Developer/Toolchains/XcodeDefault.xctoolchain/usr/bin/swiftc -module-name ControlledChaos -Onone -enforce-exclusivity\=checked @/Users/admin/builds/J1XnyXFH/0/finestructure/swiftpackageindex-builder/spi-builder-workspace/.derivedData/Build/Intermediates.noindex/ControlledChaos.build/Debug-watchos/ControlledChaos.build/Objects-normal/armv7k/ControlledChaos.SwiftFileList -DSWIFT_PACKAGE -DDEBUG -DXcode -sdk /Applications/Xcode-15.2.0.app/Contents/Developer/Platforms/WatchOS.platform/Developer/SDKs/WatchOS10.2.sdk -target armv7k-apple-watchos7.0 -g -module-cache-path /Users/admin/builds/J1XnyXFH/0/finestructure/swiftpackageindex-builder/spi-builder-workspace/.derivedData/ModuleCache.noindex -Xfrontend -serialize-debugging-options -profile-coverage-mapping -profile-generate -enable-testing -suppress-warnings -index-store-path /Users/admin/builds/J1XnyXFH/0/finestructure/swiftpackageindex-builder/spi-builder-workspace/.derivedData/Index.noindex/DataStore -swift-version 5 -I /Users/admin/builds/J1XnyXFH/0/finestructure/swiftpackageindex-builder/spi-builder-workspace/.derivedData/Build/Products/Debug-watchos -I /Applications/Xcode-15.2.0.app/Contents/Developer/Platforms/WatchOS.platform/Developer/usr/lib -F /Users/admin/builds/J1XnyXFH/0/finestructure/swiftpackageindex-builder/spi-builder-workspace/.derivedData/Build/Products/Debug-watchos -F /Applications/Xcode-15.2.0.app/Contents/Developer/Platforms/WatchOS.platform/Developer/Library/Frameworks -F /Applications/Xcode-15.2.0.app/Contents/Developer/Platforms/WatchOS.platform/Developer/SDKs/WatchOS10.2.sdk/Developer/Library/Frameworks -c -j8 -enable-batch-mode -incremental -Xcc -ivfsstatcache -Xcc /Users/admin/builds/J1XnyXFH/0/finestructure/swiftpackageindex-builder/spi-builder-workspace/.derivedData/SDKStatCaches.noindex/watchos10.2-21S355-1a03c8d25fc3596eb74c01d649b42752.sdkstatcache -output-file-map /Users/admin/builds/J1XnyXFH/0/finestructure/swiftpackageindex-builder/spi-builder-workspace/.derivedData/Build/Intermediates.noindex/ControlledChaos.build/Debug-watchos/ControlledChaos.build/Objects-normal/armv7k/ControlledChaos-OutputFileMap.json -use-frontend-parseable-output -save-temps -no-color-diagnostics -serialize-diagnostics -emit-dependencies -emit-module -emit-module-path /Users/admin/builds/J1XnyXFH/0/finestructure/swiftpackageindex-builder/spi-builder-workspace/.derivedData/Build/Intermediates.noindex/ControlledChaos.build/Debug-watchos/ControlledChaos.build/Objects-normal/armv7k/ControlledChaos.swiftmodule -validate-clang-modules-once -clang-build-session-file /Users/admin/builds/J1XnyXFH/0/finestructure/swiftpackageindex-builder/spi-builder-workspace/.derivedData/ModuleCache.noindex/Session.modulevalidation -Xcc -I/Users/admin/builds/J1XnyXFH/0/finestructure/swiftpackageindex-builder/spi-builder-workspace/.derivedData/Build/Intermediates.noindex/ControlledChaos.build/Debug-watchos/ControlledChaos.build/swift-overrides.hmap -emit-const-values -Xfrontend -const-gather-protocols-file -Xfrontend /Users/admin/builds/J1XnyXFH/0/finestructure/swiftpackageindex-builder/spi-builder-workspace/.derivedData/Build/Intermediates.noindex/ControlledChaos.build/Debug-watchos/ControlledChaos.build/Objects-normal/armv7k/ControlledChaos_const_extract_protocols.json -Xcc -I/Users/admin/builds/J1XnyXFH/0/finestructure/swiftpackageindex-builder/spi-builder-workspace/.derivedData/Build/Products/Debug-watchos/include -Xcc -I/Users/admin/builds/J1XnyXFH/0/finestructure/swiftpackageindex-builder/spi-builder-workspace/.derivedData/Build/Intermediates.noindex/ControlledChaos.build/Debug-watchos/ControlledChaos.build/DerivedSources-normal/armv7k -Xcc -I/Users/admin/builds/J1XnyXFH/0/finestructure/swiftpackageindex-builder/spi-builder-workspace/.derivedData/Build/Intermediates.noindex/ControlledChaos.build/Debug-watchos/ControlledChaos.build/DerivedSources/armv7k -Xcc -I/Users/admin/builds/J1XnyXFH/0/finestructure/swiftpackageindex-builder/spi-builder-workspace/.derivedData/Build/Intermediates.noindex/ControlledChaos.build/Debug-watchos/ControlledChaos.build/DerivedSources -Xcc -DSWIFT_PACKAGE -Xcc -DDEBUG\=1 -emit-objc-header -emit-objc-header-path /Users/admin/builds/J1XnyXFH/0/finestructure/swiftpackageindex-builder/spi-builder-workspace/.derivedData/Build/Intermediates.noindex/ControlledChaos.build/Debug-watchos/ControlledChaos.build/Objects-normal/armv7k/ControlledChaos-Swift.h -working-directory /Users/admin/builds/J1XnyXFH/0/finestructure/swiftpackageindex-builder/spi-builder-workspace/.dependencies/checkouts/ControlledChaos -experimental-emit-module-separately -disable-cmo
CreateUniversalBinary /Users/admin/builds/J1XnyXFH/0/finestructure/swiftpackageindex-builder/spi-builder-workspace/.derivedData/Build/Products/Debug-watchos/KissFFT.o normal arm64\ armv7k\ arm64_32 (in target 'KissFFT' from project 'KissFFT')
    cd /Users/admin/builds/J1XnyXFH/0/finestructure/swiftpackageindex-builder/spi-builder-workspace/.dependencies/checkouts/KissFFT
    /Applications/Xcode-15.2.0.app/Contents/Developer/Toolchains/XcodeDefault.xctoolchain/usr/bin/lipo -create /Users/admin/builds/J1XnyXFH/0/finestructure/swiftpackageindex-builder/spi-builder-workspace/.derivedData/Build/Intermediates.noindex/KissFFT.build/Debug-watchos/KissFFT.build/Objects-normal/arm64/Binary/KissFFT.o /Users/admin/builds/J1XnyXFH/0/finestructure/swiftpackageindex-builder/spi-builder-workspace/.derivedData/Build/Intermediates.noindex/KissFFT.build/Debug-watchos/KissFFT.build/Objects-normal/armv7k/Binary/KissFFT.o /Users/admin/builds/J1XnyXFH/0/finestructure/swiftpackageindex-builder/spi-builder-workspace/.derivedData/Build/Intermediates.noindex/KissFFT.build/Debug-watchos/KissFFT.build/Objects-normal/arm64_32/Binary/KissFFT.o -output /Users/admin/builds/J1XnyXFH/0/finestructure/swiftpackageindex-builder/spi-builder-workspace/.derivedData/Build/Products/Debug-watchos/KissFFT.o
SwiftDriver ControlledChaos normal arm64_32 com.apple.xcode.tools.swift.compiler (in target 'ControlledChaos' from project 'ControlledChaos')
    cd /Users/admin/builds/J1XnyXFH/0/finestructure/swiftpackageindex-builder/spi-builder-workspace/.dependencies/checkouts/ControlledChaos
    builtin-SwiftDriver -- /Applications/Xcode-15.2.0.app/Contents/Developer/Toolchains/XcodeDefault.xctoolchain/usr/bin/swiftc -module-name ControlledChaos -Onone -enforce-exclusivity\=checked @/Users/admin/builds/J1XnyXFH/0/finestructure/swiftpackageindex-builder/spi-builder-workspace/.derivedData/Build/Intermediates.noindex/ControlledChaos.build/Debug-watchos/ControlledChaos.build/Objects-normal/arm64_32/ControlledChaos.SwiftFileList -DSWIFT_PACKAGE -DDEBUG -DXcode -sdk /Applications/Xcode-15.2.0.app/Contents/Developer/Platforms/WatchOS.platform/Developer/SDKs/WatchOS10.2.sdk -target arm64_32-apple-watchos7.0 -g -module-cache-path /Users/admin/builds/J1XnyXFH/0/finestructure/swiftpackageindex-builder/spi-builder-workspace/.derivedData/ModuleCache.noindex -Xfrontend -serialize-debugging-options -profile-coverage-mapping -profile-generate -enable-testing -suppress-warnings -index-store-path /Users/admin/builds/J1XnyXFH/0/finestructure/swiftpackageindex-builder/spi-builder-workspace/.derivedData/Index.noindex/DataStore -swift-version 5 -I /Users/admin/builds/J1XnyXFH/0/finestructure/swiftpackageindex-builder/spi-builder-workspace/.derivedData/Build/Products/Debug-watchos -I /Applications/Xcode-15.2.0.app/Contents/Developer/Platforms/WatchOS.platform/Developer/usr/lib -F /Users/admin/builds/J1XnyXFH/0/finestructure/swiftpackageindex-builder/spi-builder-workspace/.derivedData/Build/Products/Debug-watchos -F /Applications/Xcode-15.2.0.app/Contents/Developer/Platforms/WatchOS.platform/Developer/Library/Frameworks -F /Applications/Xcode-15.2.0.app/Contents/Developer/Platforms/WatchOS.platform/Developer/SDKs/WatchOS10.2.sdk/Developer/Library/Frameworks -c -j8 -enable-batch-mode -incremental -Xcc -ivfsstatcache -Xcc /Users/admin/builds/J1XnyXFH/0/finestructure/swiftpackageindex-builder/spi-builder-workspace/.derivedData/SDKStatCaches.noindex/watchos10.2-21S355-1a03c8d25fc3596eb74c01d649b42752.sdkstatcache -output-file-map /Users/admin/builds/J1XnyXFH/0/finestructure/swiftpackageindex-builder/spi-builder-workspace/.derivedData/Build/Intermediates.noindex/ControlledChaos.build/Debug-watchos/ControlledChaos.build/Objects-normal/arm64_32/ControlledChaos-OutputFileMap.json -use-frontend-parseable-output -save-temps -no-color-diagnostics -serialize-diagnostics -emit-dependencies -emit-module -emit-module-path /Users/admin/builds/J1XnyXFH/0/finestructure/swiftpackageindex-builder/spi-builder-workspace/.derivedData/Build/Intermediates.noindex/ControlledChaos.build/Debug-watchos/ControlledChaos.build/Objects-normal/arm64_32/ControlledChaos.swiftmodule -validate-clang-modules-once -clang-build-session-file /Users/admin/builds/J1XnyXFH/0/finestructure/swiftpackageindex-builder/spi-builder-workspace/.derivedData/ModuleCache.noindex/Session.modulevalidation -Xcc -I/Users/admin/builds/J1XnyXFH/0/finestructure/swiftpackageindex-builder/spi-builder-workspace/.derivedData/Build/Intermediates.noindex/ControlledChaos.build/Debug-watchos/ControlledChaos.build/swift-overrides.hmap -emit-const-values -Xfrontend -const-gather-protocols-file -Xfrontend /Users/admin/builds/J1XnyXFH/0/finestructure/swiftpackageindex-builder/spi-builder-workspace/.derivedData/Build/Intermediates.noindex/ControlledChaos.build/Debug-watchos/ControlledChaos.build/Objects-normal/arm64_32/ControlledChaos_const_extract_protocols.json -Xcc -I/Users/admin/builds/J1XnyXFH/0/finestructure/swiftpackageindex-builder/spi-builder-workspace/.derivedData/Build/Products/Debug-watchos/include -Xcc -I/Users/admin/builds/J1XnyXFH/0/finestructure/swiftpackageindex-builder/spi-builder-workspace/.derivedData/Build/Intermediates.noindex/ControlledChaos.build/Debug-watchos/ControlledChaos.build/DerivedSources-normal/arm64_32 -Xcc -I/Users/admin/builds/J1XnyXFH/0/finestructure/swiftpackageindex-builder/spi-builder-workspace/.derivedData/Build/Intermediates.noindex/ControlledChaos.build/Debug-watchos/ControlledChaos.build/DerivedSources/arm64_32 -Xcc -I/Users/admin/builds/J1XnyXFH/0/finestructure/swiftpackageindex-builder/spi-builder-workspace/.derivedData/Build/Intermediates.noindex/ControlledChaos.build/Debug-watchos/ControlledChaos.build/DerivedSources -Xcc -DSWIFT_PACKAGE -Xcc -DDEBUG\=1 -emit-objc-header -emit-objc-header-path /Users/admin/builds/J1XnyXFH/0/finestructure/swiftpackageindex-builder/spi-builder-workspace/.derivedData/Build/Intermediates.noindex/ControlledChaos.build/Debug-watchos/ControlledChaos.build/Objects-normal/arm64_32/ControlledChaos-Swift.h -working-directory /Users/admin/builds/J1XnyXFH/0/finestructure/swiftpackageindex-builder/spi-builder-workspace/.dependencies/checkouts/ControlledChaos -experimental-emit-module-separately -disable-cmo
SwiftEmitModule normal armv7k Emitting\ module\ for\ ControlledChaos (in target 'ControlledChaos' from project 'ControlledChaos')
    cd /Users/admin/builds/J1XnyXFH/0/finestructure/swiftpackageindex-builder/spi-builder-workspace/.dependencies/checkouts/ControlledChaos
    builtin-swiftTaskExecution -- /Applications/Xcode-15.2.0.app/Contents/Developer/Toolchains/XcodeDefault.xctoolchain/usr/bin/swift-frontend -frontend -emit-module -experimental-skip-non-inlinable-function-bodies-without-types /Users/admin/builds/J1XnyXFH/0/finestructure/swiftpackageindex-builder/spi-builder-workspace/.dependencies/checkouts/ControlledChaos/Sources/ControlledChaos/Extensions/Bool+randomProbability.swift /Users/admin/builds/J1XnyXFH/0/finestructure/swiftpackageindex-builder/spi-builder-workspace/.dependencies/checkouts/ControlledChaos/Sources/ControlledChaos/Extensions/Double+randomGaussian.swift /Users/admin/builds/J1XnyXFH/0/finestructure/swiftpackageindex-builder/spi-builder-workspace/.dependencies/checkouts/ControlledChaos/Sources/ControlledChaos/ProbabilityGroup.swift /Users/admin/builds/J1XnyXFH/0/finestructure/swiftpackageindex-builder/spi-builder-workspace/.dependencies/checkouts/ControlledChaos/Sources/ControlledChaos/RandomItemBag.swift /Users/admin/builds/J1XnyXFH/0/finestructure/swiftpackageindex-builder/spi-builder-workspace/.dependencies/checkouts/ControlledChaos/Sources/ControlledChaos/SeededRandomNumberGenerator.swift -target armv7k-apple-watchos7.0 -enable-objc-interop -stack-check -sdk /Applications/Xcode-15.2.0.app/Contents/Developer/Platforms/WatchOS.platform/Developer/SDKs/WatchOS10.2.sdk -I /Users/admin/builds/J1XnyXFH/0/finestructure/swiftpackageindex-builder/spi-builder-workspace/.derivedData/Build/Products/Debug-watchos -I /Applications/Xcode-15.2.0.app/Contents/Developer/Platforms/WatchOS.platform/Developer/usr/lib -F /Users/admin/builds/J1XnyXFH/0/finestructure/swiftpackageindex-builder/spi-builder-workspace/.derivedData/Build/Products/Debug-watchos -F /Applications/Xcode-15.2.0.app/Contents/Developer/Platforms/WatchOS.platform/Developer/Library/Frameworks -F /Applications/Xcode-15.2.0.app/Contents/Developer/Platforms/WatchOS.platform/Developer/SDKs/WatchOS10.2.sdk/Developer/Library/Frameworks -no-color-diagnostics -suppress-warnings -enable-testing -g -module-cache-path /Users/admin/builds/J1XnyXFH/0/finestructure/swiftpackageindex-builder/spi-builder-workspace/.derivedData/ModuleCache.noindex -profile-generate -profile-coverage-mapping -swift-version 5 -enforce-exclusivity\=checked -Onone -D SWIFT_PACKAGE -D DEBUG -D Xcode -serialize-debugging-options -const-gather-protocols-file /Users/admin/builds/J1XnyXFH/0/finestructure/swiftpackageindex-builder/spi-builder-workspace/.derivedData/Build/Intermediates.noindex/ControlledChaos.build/Debug-watchos/ControlledChaos.build/Objects-normal/armv7k/ControlledChaos_const_extract_protocols.json -empty-abi-descriptor -validate-clang-modules-once -clang-build-session-file /Users/admin/builds/J1XnyXFH/0/finestructure/swiftpackageindex-builder/spi-builder-workspace/.derivedData/ModuleCache.noindex/Session.modulevalidation -Xcc -working-directory -Xcc /Users/admin/builds/J1XnyXFH/0/finestructure/swiftpackageindex-builder/spi-builder-workspace/.dependencies/checkouts/ControlledChaos -resource-dir /Applications/Xcode-15.2.0.app/Contents/Developer/Toolchains/XcodeDefault.xctoolchain/usr/lib/swift -enable-anonymous-context-mangled-names -Xcc -ivfsstatcache -Xcc /Users/admin/builds/J1XnyXFH/0/finestructure/swiftpackageindex-builder/spi-builder-workspace/.derivedData/SDKStatCaches.noindex/watchos10.2-21S355-1a03c8d25fc3596eb74c01d649b42752.sdkstatcache -Xcc -I/Users/admin/builds/J1XnyXFH/0/finestructure/swiftpackageindex-builder/spi-builder-workspace/.derivedData/Build/Intermediates.noindex/ControlledChaos.build/Debug-watchos/ControlledChaos.build/swift-overrides.hmap -Xcc -I/Users/admin/builds/J1XnyXFH/0/finestructure/swiftpackageindex-builder/spi-builder-workspace/.derivedData/Build/Products/Debug-watchos/include -Xcc -I/Users/admin/builds/J1XnyXFH/0/finestructure/swiftpackageindex-builder/spi-builder-workspace/.derivedData/Build/Intermediates.noindex/ControlledChaos.build/Debug-watchos/ControlledChaos.build/DerivedSources-normal/armv7k -Xcc -I/Users/admin/builds/J1XnyXFH/0/finestructure/swiftpackageindex-builder/spi-builder-workspace/.derivedData/Build/Intermediates.noindex/ControlledChaos.build/Debug-watchos/ControlledChaos.build/DerivedSources/armv7k -Xcc -I/Users/admin/builds/J1XnyXFH/0/finestructure/swiftpackageindex-builder/spi-builder-workspace/.derivedData/Build/Intermediates.noindex/ControlledChaos.build/Debug-watchos/ControlledChaos.build/DerivedSources -Xcc -DSWIFT_PACKAGE -Xcc -DDEBUG\=1 -module-name ControlledChaos -disable-clang-spi -target-sdk-version 10.2 -target-sdk-name watchos10.2 -external-plugin-path /Applications/Xcode-15.2.0.app/Contents/Developer/Platforms/WatchOS.platform/Developer/SDKs/WatchOS10.2.sdk/usr/lib/swift/host/plugins\#/Applications/Xcode-15.2.0.app/Contents/Developer/Platforms/WatchOS.platform/Developer/SDKs/WatchOS10.2.sdk/usr/bin/swift-plugin-server -external-plugin-path /Applications/Xcode-15.2.0.app/Contents/Developer/Platforms/WatchOS.platform/Developer/SDKs/WatchOS10.2.sdk/usr/local/lib/swift/host/plugins\#/Applications/Xcode-15.2.0.app/Contents/Developer/Platforms/WatchOS.platform/Developer/SDKs/WatchOS10.2.sdk/usr/bin/swift-plugin-server -external-plugin-path /Applications/Xcode-15.2.0.app/Contents/Developer/Platforms/WatchOS.platform/Developer/usr/lib/swift/host/plugins\#/Applications/Xcode-15.2.0.app/Contents/Developer/Platforms/WatchOS.platform/Developer/usr/bin/swift-plugin-server -external-plugin-path /Applications/Xcode-15.2.0.app/Contents/Developer/Platforms/WatchOS.platform/Developer/usr/local/lib/swift/host/plugins\#/Applications/Xcode-15.2.0.app/Contents/Developer/Platforms/WatchOS.platform/Developer/usr/bin/swift-plugin-server -plugin-path /Applications/Xcode-15.2.0.app/Contents/Developer/Toolchains/XcodeDefault.xctoolchain/usr/lib/swift/host/plugins -plugin-path /Applications/Xcode-15.2.0.app/Contents/Developer/Toolchains/XcodeDefault.xctoolchain/usr/local/lib/swift/host/plugins -emit-module-doc-path /Users/admin/builds/J1XnyXFH/0/finestructure/swiftpackageindex-builder/spi-builder-workspace/.derivedData/Build/Intermediates.noindex/ControlledChaos.build/Debug-watchos/ControlledChaos.build/Objects-normal/armv7k/ControlledChaos.swiftdoc -emit-module-source-info-path /Users/admin/builds/J1XnyXFH/0/finestructure/swiftpackageindex-builder/spi-builder-workspace/.derivedData/Build/Intermediates.noindex/ControlledChaos.build/Debug-watchos/ControlledChaos.build/Objects-normal/armv7k/ControlledChaos.swiftsourceinfo -emit-objc-header-path /Users/admin/builds/J1XnyXFH/0/finestructure/swiftpackageindex-builder/spi-builder-workspace/.derivedData/Build/Intermediates.noindex/ControlledChaos.build/Debug-watchos/ControlledChaos.build/Objects-normal/armv7k/ControlledChaos-Swift.h -serialize-diagnostics-path /Users/admin/builds/J1XnyXFH/0/finestructure/swiftpackageindex-builder/spi-builder-workspace/.derivedData/Build/Intermediates.noindex/ControlledChaos.build/Debug-watchos/ControlledChaos.build/Objects-normal/armv7k/ControlledChaos-master-emit-module.dia -emit-dependencies-path /Users/admin/builds/J1XnyXFH/0/finestructure/swiftpackageindex-builder/spi-builder-workspace/.derivedData/Build/Intermediates.noindex/ControlledChaos.build/Debug-watchos/ControlledChaos.build/Objects-normal/armv7k/ControlledChaos-master-emit-module.d -o /Users/admin/builds/J1XnyXFH/0/finestructure/swiftpackageindex-builder/spi-builder-workspace/.derivedData/Build/Intermediates.noindex/ControlledChaos.build/Debug-watchos/ControlledChaos.build/Objects-normal/armv7k/ControlledChaos.swiftmodule -emit-abi-descriptor-path /Users/admin/builds/J1XnyXFH/0/finestructure/swiftpackageindex-builder/spi-builder-workspace/.derivedData/Build/Intermediates.noindex/ControlledChaos.build/Debug-watchos/ControlledChaos.build/Objects-normal/armv7k/ControlledChaos.abi.json
SwiftEmitModule normal arm64_32 Emitting\ module\ for\ ControlledChaos (in target 'ControlledChaos' from project 'ControlledChaos')
    cd /Users/admin/builds/J1XnyXFH/0/finestructure/swiftpackageindex-builder/spi-builder-workspace/.dependencies/checkouts/ControlledChaos
    builtin-swiftTaskExecution -- /Applications/Xcode-15.2.0.app/Contents/Developer/Toolchains/XcodeDefault.xctoolchain/usr/bin/swift-frontend -frontend -emit-module -experimental-skip-non-inlinable-function-bodies-without-types /Users/admin/builds/J1XnyXFH/0/finestructure/swiftpackageindex-builder/spi-builder-workspace/.dependencies/checkouts/ControlledChaos/Sources/ControlledChaos/Extensions/Bool+randomProbability.swift /Users/admin/builds/J1XnyXFH/0/finestructure/swiftpackageindex-builder/spi-builder-workspace/.dependencies/checkouts/ControlledChaos/Sources/ControlledChaos/Extensions/Double+randomGaussian.swift /Users/admin/builds/J1XnyXFH/0/finestructure/swiftpackageindex-builder/spi-builder-workspace/.dependencies/checkouts/ControlledChaos/Sources/ControlledChaos/ProbabilityGroup.swift /Users/admin/builds/J1XnyXFH/0/finestructure/swiftpackageindex-builder/spi-builder-workspace/.dependencies/checkouts/ControlledChaos/Sources/ControlledChaos/RandomItemBag.swift /Users/admin/builds/J1XnyXFH/0/finestructure/swiftpackageindex-builder/spi-builder-workspace/.dependencies/checkouts/ControlledChaos/Sources/ControlledChaos/SeededRandomNumberGenerator.swift -target arm64_32-apple-watchos7.0 -enable-objc-interop -sdk /Applications/Xcode-15.2.0.app/Contents/Developer/Platforms/WatchOS.platform/Developer/SDKs/WatchOS10.2.sdk -I /Users/admin/builds/J1XnyXFH/0/finestructure/swiftpackageindex-builder/spi-builder-workspace/.derivedData/Build/Products/Debug-watchos -I /Applications/Xcode-15.2.0.app/Contents/Developer/Platforms/WatchOS.platform/Developer/usr/lib -F /Users/admin/builds/J1XnyXFH/0/finestructure/swiftpackageindex-builder/spi-builder-workspace/.derivedData/Build/Products/Debug-watchos -F /Applications/Xcode-15.2.0.app/Contents/Developer/Platforms/WatchOS.platform/Developer/Library/Frameworks -F /Applications/Xcode-15.2.0.app/Contents/Developer/Platforms/WatchOS.platform/Developer/SDKs/WatchOS10.2.sdk/Developer/Library/Frameworks -no-color-diagnostics -suppress-warnings -enable-testing -g -module-cache-path /Users/admin/builds/J1XnyXFH/0/finestructure/swiftpackageindex-builder/spi-builder-workspace/.derivedData/ModuleCache.noindex -profile-generate -profile-coverage-mapping -swift-version 5 -enforce-exclusivity\=checked -Onone -D SWIFT_PACKAGE -D DEBUG -D Xcode -serialize-debugging-options -const-gather-protocols-file /Users/admin/builds/J1XnyXFH/0/finestructure/swiftpackageindex-builder/spi-builder-workspace/.derivedData/Build/Intermediates.noindex/ControlledChaos.build/Debug-watchos/ControlledChaos.build/Objects-normal/arm64_32/ControlledChaos_const_extract_protocols.json -empty-abi-descriptor -validate-clang-modules-once -clang-build-session-file /Users/admin/builds/J1XnyXFH/0/finestructure/swiftpackageindex-builder/spi-builder-workspace/.derivedData/ModuleCache.noindex/Session.modulevalidation -Xcc -working-directory -Xcc /Users/admin/builds/J1XnyXFH/0/finestructure/swiftpackageindex-builder/spi-builder-workspace/.dependencies/checkouts/ControlledChaos -resource-dir /Applications/Xcode-15.2.0.app/Contents/Developer/Toolchains/XcodeDefault.xctoolchain/usr/lib/swift -enable-anonymous-context-mangled-names -Xcc -ivfsstatcache -Xcc /Users/admin/builds/J1XnyXFH/0/finestructure/swiftpackageindex-builder/spi-builder-workspace/.derivedData/SDKStatCaches.noindex/watchos10.2-21S355-1a03c8d25fc3596eb74c01d649b42752.sdkstatcache -Xcc -I/Users/admin/builds/J1XnyXFH/0/finestructure/swiftpackageindex-builder/spi-builder-workspace/.derivedData/Build/Intermediates.noindex/ControlledChaos.build/Debug-watchos/ControlledChaos.build/swift-overrides.hmap -Xcc -I/Users/admin/builds/J1XnyXFH/0/finestructure/swiftpackageindex-builder/spi-builder-workspace/.derivedData/Build/Products/Debug-watchos/include -Xcc -I/Users/admin/builds/J1XnyXFH/0/finestructure/swiftpackageindex-builder/spi-builder-workspace/.derivedData/Build/Intermediates.noindex/ControlledChaos.build/Debug-watchos/ControlledChaos.build/DerivedSources-normal/arm64_32 -Xcc -I/Users/admin/builds/J1XnyXFH/0/finestructure/swiftpackageindex-builder/spi-builder-workspace/.derivedData/Build/Intermediates.noindex/ControlledChaos.build/Debug-watchos/ControlledChaos.build/DerivedSources/arm64_32 -Xcc -I/Users/admin/builds/J1XnyXFH/0/finestructure/swiftpackageindex-builder/spi-builder-workspace/.derivedData/Build/Intermediates.noindex/ControlledChaos.build/Debug-watchos/ControlledChaos.build/DerivedSources -Xcc -DSWIFT_PACKAGE -Xcc -DDEBUG\=1 -module-name ControlledChaos -disable-clang-spi -target-sdk-version 10.2 -target-sdk-name watchos10.2 -external-plugin-path /Applications/Xcode-15.2.0.app/Contents/Developer/Platforms/WatchOS.platform/Developer/SDKs/WatchOS10.2.sdk/usr/lib/swift/host/plugins\#/Applications/Xcode-15.2.0.app/Contents/Developer/Platforms/WatchOS.platform/Developer/SDKs/WatchOS10.2.sdk/usr/bin/swift-plugin-server -external-plugin-path /Applications/Xcode-15.2.0.app/Contents/Developer/Platforms/WatchOS.platform/Developer/SDKs/WatchOS10.2.sdk/usr/local/lib/swift/host/plugins\#/Applications/Xcode-15.2.0.app/Contents/Developer/Platforms/WatchOS.platform/Developer/SDKs/WatchOS10.2.sdk/usr/bin/swift-plugin-server -external-plugin-path /Applications/Xcode-15.2.0.app/Contents/Developer/Platforms/WatchOS.platform/Developer/usr/lib/swift/host/plugins\#/Applications/Xcode-15.2.0.app/Contents/Developer/Platforms/WatchOS.platform/Developer/usr/bin/swift-plugin-server -external-plugin-path /Applications/Xcode-15.2.0.app/Contents/Developer/Platforms/WatchOS.platform/Developer/usr/local/lib/swift/host/plugins\#/Applications/Xcode-15.2.0.app/Contents/Developer/Platforms/WatchOS.platform/Developer/usr/bin/swift-plugin-server -plugin-path /Applications/Xcode-15.2.0.app/Contents/Developer/Toolchains/XcodeDefault.xctoolchain/usr/lib/swift/host/plugins -plugin-path /Applications/Xcode-15.2.0.app/Contents/Developer/Toolchains/XcodeDefault.xctoolchain/usr/local/lib/swift/host/plugins -emit-module-doc-path /Users/admin/builds/J1XnyXFH/0/finestructure/swiftpackageindex-builder/spi-builder-workspace/.derivedData/Build/Intermediates.noindex/ControlledChaos.build/Debug-watchos/ControlledChaos.build/Objects-normal/arm64_32/ControlledChaos.swiftdoc -emit-module-source-info-path /Users/admin/builds/J1XnyXFH/0/finestructure/swiftpackageindex-builder/spi-builder-workspace/.derivedData/Build/Intermediates.noindex/ControlledChaos.build/Debug-watchos/ControlledChaos.build/Objects-normal/arm64_32/ControlledChaos.swiftsourceinfo -emit-objc-header-path /Users/admin/builds/J1XnyXFH/0/finestructure/swiftpackageindex-builder/spi-builder-workspace/.derivedData/Build/Intermediates.noindex/ControlledChaos.build/Debug-watchos/ControlledChaos.build/Objects-normal/arm64_32/ControlledChaos-Swift.h -serialize-diagnostics-path /Users/admin/builds/J1XnyXFH/0/finestructure/swiftpackageindex-builder/spi-builder-workspace/.derivedData/Build/Intermediates.noindex/ControlledChaos.build/Debug-watchos/ControlledChaos.build/Objects-normal/arm64_32/ControlledChaos-master-emit-module.dia -emit-dependencies-path /Users/admin/builds/J1XnyXFH/0/finestructure/swiftpackageindex-builder/spi-builder-workspace/.derivedData/Build/Intermediates.noindex/ControlledChaos.build/Debug-watchos/ControlledChaos.build/Objects-normal/arm64_32/ControlledChaos-master-emit-module.d -o /Users/admin/builds/J1XnyXFH/0/finestructure/swiftpackageindex-builder/spi-builder-workspace/.derivedData/Build/Intermediates.noindex/ControlledChaos.build/Debug-watchos/ControlledChaos.build/Objects-normal/arm64_32/ControlledChaos.swiftmodule -emit-abi-descriptor-path /Users/admin/builds/J1XnyXFH/0/finestructure/swiftpackageindex-builder/spi-builder-workspace/.derivedData/Build/Intermediates.noindex/ControlledChaos.build/Debug-watchos/ControlledChaos.build/Objects-normal/arm64_32/ControlledChaos.abi.json
SwiftDriver ControlledChaos normal arm64 com.apple.xcode.tools.swift.compiler (in target 'ControlledChaos' from project 'ControlledChaos')
    cd /Users/admin/builds/J1XnyXFH/0/finestructure/swiftpackageindex-builder/spi-builder-workspace/.dependencies/checkouts/ControlledChaos
    builtin-SwiftDriver -- /Applications/Xcode-15.2.0.app/Contents/Developer/Toolchains/XcodeDefault.xctoolchain/usr/bin/swiftc -module-name ControlledChaos -Onone -enforce-exclusivity\=checked @/Users/admin/builds/J1XnyXFH/0/finestructure/swiftpackageindex-builder/spi-builder-workspace/.derivedData/Build/Intermediates.noindex/ControlledChaos.build/Debug-watchos/ControlledChaos.build/Objects-normal/arm64/ControlledChaos.SwiftFileList -DSWIFT_PACKAGE -DDEBUG -DXcode -sdk /Applications/Xcode-15.2.0.app/Contents/Developer/Platforms/WatchOS.platform/Developer/SDKs/WatchOS10.2.sdk -target arm64-apple-watchos7.0 -g -module-cache-path /Users/admin/builds/J1XnyXFH/0/finestructure/swiftpackageindex-builder/spi-builder-workspace/.derivedData/ModuleCache.noindex -Xfrontend -serialize-debugging-options -profile-coverage-mapping -profile-generate -enable-testing -suppress-warnings -index-store-path /Users/admin/builds/J1XnyXFH/0/finestructure/swiftpackageindex-builder/spi-builder-workspace/.derivedData/Index.noindex/DataStore -swift-version 5 -I /Users/admin/builds/J1XnyXFH/0/finestructure/swiftpackageindex-builder/spi-builder-workspace/.derivedData/Build/Products/Debug-watchos -I /Applications/Xcode-15.2.0.app/Contents/Developer/Platforms/WatchOS.platform/Developer/usr/lib -F /Users/admin/builds/J1XnyXFH/0/finestructure/swiftpackageindex-builder/spi-builder-workspace/.derivedData/Build/Products/Debug-watchos -F /Applications/Xcode-15.2.0.app/Contents/Developer/Platforms/WatchOS.platform/Developer/Library/Frameworks -F /Applications/Xcode-15.2.0.app/Contents/Developer/Platforms/WatchOS.platform/Developer/SDKs/WatchOS10.2.sdk/Developer/Library/Frameworks -c -j8 -enable-batch-mode -incremental -Xcc -ivfsstatcache -Xcc /Users/admin/builds/J1XnyXFH/0/finestructure/swiftpackageindex-builder/spi-builder-workspace/.derivedData/SDKStatCaches.noindex/watchos10.2-21S355-1a03c8d25fc3596eb74c01d649b42752.sdkstatcache -output-file-map /Users/admin/builds/J1XnyXFH/0/finestructure/swiftpackageindex-builder/spi-builder-workspace/.derivedData/Build/Intermediates.noindex/ControlledChaos.build/Debug-watchos/ControlledChaos.build/Objects-normal/arm64/ControlledChaos-OutputFileMap.json -use-frontend-parseable-output -save-temps -no-color-diagnostics -serialize-diagnostics -emit-dependencies -emit-module -emit-module-path /Users/admin/builds/J1XnyXFH/0/finestructure/swiftpackageindex-builder/spi-builder-workspace/.derivedData/Build/Intermediates.noindex/ControlledChaos.build/Debug-watchos/ControlledChaos.build/Objects-normal/arm64/ControlledChaos.swiftmodule -validate-clang-modules-once -clang-build-session-file /Users/admin/builds/J1XnyXFH/0/finestructure/swiftpackageindex-builder/spi-builder-workspace/.derivedData/ModuleCache.noindex/Session.modulevalidation -Xcc -I/Users/admin/builds/J1XnyXFH/0/finestructure/swiftpackageindex-builder/spi-builder-workspace/.derivedData/Build/Intermediates.noindex/ControlledChaos.build/Debug-watchos/ControlledChaos.build/swift-overrides.hmap -emit-const-values -Xfrontend -const-gather-protocols-file -Xfrontend /Users/admin/builds/J1XnyXFH/0/finestructure/swiftpackageindex-builder/spi-builder-workspace/.derivedData/Build/Intermediates.noindex/ControlledChaos.build/Debug-watchos/ControlledChaos.build/Objects-normal/arm64/ControlledChaos_const_extract_protocols.json -Xcc -I/Users/admin/builds/J1XnyXFH/0/finestructure/swiftpackageindex-builder/spi-builder-workspace/.derivedData/Build/Products/Debug-watchos/include -Xcc -I/Users/admin/builds/J1XnyXFH/0/finestructure/swiftpackageindex-builder/spi-builder-workspace/.derivedData/Build/Intermediates.noindex/ControlledChaos.build/Debug-watchos/ControlledChaos.build/DerivedSources-normal/arm64 -Xcc -I/Users/admin/builds/J1XnyXFH/0/finestructure/swiftpackageindex-builder/spi-builder-workspace/.derivedData/Build/Intermediates.noindex/ControlledChaos.build/Debug-watchos/ControlledChaos.build/DerivedSources/arm64 -Xcc -I/Users/admin/builds/J1XnyXFH/0/finestructure/swiftpackageindex-builder/spi-builder-workspace/.derivedData/Build/Intermediates.noindex/ControlledChaos.build/Debug-watchos/ControlledChaos.build/DerivedSources -Xcc -DSWIFT_PACKAGE -Xcc -DDEBUG\=1 -emit-objc-header -emit-objc-header-path /Users/admin/builds/J1XnyXFH/0/finestructure/swiftpackageindex-builder/spi-builder-workspace/.derivedData/Build/Intermediates.noindex/ControlledChaos.build/Debug-watchos/ControlledChaos.build/Objects-normal/arm64/ControlledChaos-Swift.h -working-directory /Users/admin/builds/J1XnyXFH/0/finestructure/swiftpackageindex-builder/spi-builder-workspace/.dependencies/checkouts/ControlledChaos -experimental-emit-module-separately -disable-cmo
SwiftDriver AudioKit normal armv7k com.apple.xcode.tools.swift.compiler (in target 'AudioKit' from project 'AudioKit')
    cd /Users/admin/builds/J1XnyXFH/0/finestructure/swiftpackageindex-builder/spi-builder-workspace/.dependencies/checkouts/AudioKit
    builtin-SwiftDriver -- /Applications/Xcode-15.2.0.app/Contents/Developer/Toolchains/XcodeDefault.xctoolchain/usr/bin/swiftc -module-name AudioKit -Onone -enforce-exclusivity\=checked @/Users/admin/builds/J1XnyXFH/0/finestructure/swiftpackageindex-builder/spi-builder-workspace/.derivedData/Build/Intermediates.noindex/AudioKit.build/Debug-watchos/AudioKit.build/Objects-normal/armv7k/AudioKit.SwiftFileList -DSWIFT_PACKAGE -DDEBUG -DXcode -sdk /Applications/Xcode-15.2.0.app/Contents/Developer/Platforms/WatchOS.platform/Developer/SDKs/WatchOS10.2.sdk -target armv7k-apple-watchos6.0 -g -module-cache-path /Users/admin/builds/J1XnyXFH/0/finestructure/swiftpackageindex-builder/spi-builder-workspace/.derivedData/ModuleCache.noindex -Xfrontend -serialize-debugging-options -profile-coverage-mapping -profile-generate -enable-testing -suppress-warnings -index-store-path /Users/admin/builds/J1XnyXFH/0/finestructure/swiftpackageindex-builder/spi-builder-workspace/.derivedData/Index.noindex/DataStore -swift-version 5 -I /Users/admin/builds/J1XnyXFH/0/finestructure/swiftpackageindex-builder/spi-builder-workspace/.derivedData/Build/Products/Debug-watchos -I /Applications/Xcode-15.2.0.app/Contents/Developer/Platforms/WatchOS.platform/Developer/usr/lib -F /Users/admin/builds/J1XnyXFH/0/finestructure/swiftpackageindex-builder/spi-builder-workspace/.derivedData/Build/Products/Debug-watchos -F /Applications/Xcode-15.2.0.app/Contents/Developer/Platforms/WatchOS.platform/Developer/Library/Frameworks -F /Applications/Xcode-15.2.0.app/Contents/Developer/Platforms/WatchOS.platform/Developer/SDKs/WatchOS10.2.sdk/Developer/Library/Frameworks -c -j8 -enable-batch-mode -incremental -Xcc -ivfsstatcache -Xcc /Users/admin/builds/J1XnyXFH/0/finestructure/swiftpackageindex-builder/spi-builder-workspace/.derivedData/SDKStatCaches.noindex/watchos10.2-21S355-1a03c8d25fc3596eb74c01d649b42752.sdkstatcache -output-file-map /Users/admin/builds/J1XnyXFH/0/finestructure/swiftpackageindex-builder/spi-builder-workspace/.derivedData/Build/Intermediates.noindex/AudioKit.build/Debug-watchos/AudioKit.build/Objects-normal/armv7k/AudioKit-OutputFileMap.json -use-frontend-parseable-output -save-temps -no-color-diagnostics -serialize-diagnostics -emit-dependencies -emit-module -emit-module-path /Users/admin/builds/J1XnyXFH/0/finestructure/swiftpackageindex-builder/spi-builder-workspace/.derivedData/Build/Intermediates.noindex/AudioKit.build/Debug-watchos/AudioKit.build/Objects-normal/armv7k/AudioKit.swiftmodule -validate-clang-modules-once -clang-build-session-file /Users/admin/builds/J1XnyXFH/0/finestructure/swiftpackageindex-builder/spi-builder-workspace/.derivedData/ModuleCache.noindex/Session.modulevalidation -Xcc -I/Users/admin/builds/J1XnyXFH/0/finestructure/swiftpackageindex-builder/spi-builder-workspace/.derivedData/Build/Intermediates.noindex/AudioKit.build/Debug-watchos/AudioKit.build/swift-overrides.hmap -emit-const-values -Xfrontend -const-gather-protocols-file -Xfrontend /Users/admin/builds/J1XnyXFH/0/finestructure/swiftpackageindex-builder/spi-builder-workspace/.derivedData/Build/Intermediates.noindex/AudioKit.build/Debug-watchos/AudioKit.build/Objects-normal/armv7k/AudioKit_const_extract_protocols.json -Xcc -I/Users/admin/builds/J1XnyXFH/0/finestructure/swiftpackageindex-builder/spi-builder-workspace/.derivedData/Build/Products/Debug-watchos/include -Xcc -I/Users/admin/builds/J1XnyXFH/0/finestructure/swiftpackageindex-builder/spi-builder-workspace/.derivedData/Build/Intermediates.noindex/AudioKit.build/Debug-watchos/AudioKit.build/DerivedSources-normal/armv7k -Xcc -I/Users/admin/builds/J1XnyXFH/0/finestructure/swiftpackageindex-builder/spi-builder-workspace/.derivedData/Build/Intermediates.noindex/AudioKit.build/Debug-watchos/AudioKit.build/DerivedSources/armv7k -Xcc -I/Users/admin/builds/J1XnyXFH/0/finestructure/swiftpackageindex-builder/spi-builder-workspace/.derivedData/Build/Intermediates.noindex/AudioKit.build/Debug-watchos/AudioKit.build/DerivedSources -Xcc -DSWIFT_PACKAGE -Xcc -DDEBUG\=1 -emit-objc-header -emit-objc-header-path /Users/admin/builds/J1XnyXFH/0/finestructure/swiftpackageindex-builder/spi-builder-workspace/.derivedData/Build/Intermediates.noindex/AudioKit.build/Debug-watchos/AudioKit.build/Objects-normal/armv7k/AudioKit-Swift.h -working-directory /Users/admin/builds/J1XnyXFH/0/finestructure/swiftpackageindex-builder/spi-builder-workspace/.dependencies/checkouts/AudioKit -experimental-emit-module-separately -disable-cmo
SwiftEmitModule normal arm64 Emitting\ module\ for\ ControlledChaos (in target 'ControlledChaos' from project 'ControlledChaos')
    cd /Users/admin/builds/J1XnyXFH/0/finestructure/swiftpackageindex-builder/spi-builder-workspace/.dependencies/checkouts/ControlledChaos
    builtin-swiftTaskExecution -- /Applications/Xcode-15.2.0.app/Contents/Developer/Toolchains/XcodeDefault.xctoolchain/usr/bin/swift-frontend -frontend -emit-module -experimental-skip-non-inlinable-function-bodies-without-types /Users/admin/builds/J1XnyXFH/0/finestructure/swiftpackageindex-builder/spi-builder-workspace/.dependencies/checkouts/ControlledChaos/Sources/ControlledChaos/Extensions/Bool+randomProbability.swift /Users/admin/builds/J1XnyXFH/0/finestructure/swiftpackageindex-builder/spi-builder-workspace/.dependencies/checkouts/ControlledChaos/Sources/ControlledChaos/Extensions/Double+randomGaussian.swift /Users/admin/builds/J1XnyXFH/0/finestructure/swiftpackageindex-builder/spi-builder-workspace/.dependencies/checkouts/ControlledChaos/Sources/ControlledChaos/ProbabilityGroup.swift /Users/admin/builds/J1XnyXFH/0/finestructure/swiftpackageindex-builder/spi-builder-workspace/.dependencies/checkouts/ControlledChaos/Sources/ControlledChaos/RandomItemBag.swift /Users/admin/builds/J1XnyXFH/0/finestructure/swiftpackageindex-builder/spi-builder-workspace/.dependencies/checkouts/ControlledChaos/Sources/ControlledChaos/SeededRandomNumberGenerator.swift -target arm64-apple-watchos7.0 -Xllvm -aarch64-use-tbi -enable-objc-interop -stack-check -sdk /Applications/Xcode-15.2.0.app/Contents/Developer/Platforms/WatchOS.platform/Developer/SDKs/WatchOS10.2.sdk -I /Users/admin/builds/J1XnyXFH/0/finestructure/swiftpackageindex-builder/spi-builder-workspace/.derivedData/Build/Products/Debug-watchos -I /Applications/Xcode-15.2.0.app/Contents/Developer/Platforms/WatchOS.platform/Developer/usr/lib -F /Users/admin/builds/J1XnyXFH/0/finestructure/swiftpackageindex-builder/spi-builder-workspace/.derivedData/Build/Products/Debug-watchos -F /Applications/Xcode-15.2.0.app/Contents/Developer/Platforms/WatchOS.platform/Developer/Library/Frameworks -F /Applications/Xcode-15.2.0.app/Contents/Developer/Platforms/WatchOS.platform/Developer/SDKs/WatchOS10.2.sdk/Developer/Library/Frameworks -no-color-diagnostics -suppress-warnings -enable-testing -g -module-cache-path /Users/admin/builds/J1XnyXFH/0/finestructure/swiftpackageindex-builder/spi-builder-workspace/.derivedData/ModuleCache.noindex -profile-generate -profile-coverage-mapping -swift-version 5 -enforce-exclusivity\=checked -Onone -D SWIFT_PACKAGE -D DEBUG -D Xcode -serialize-debugging-options -const-gather-protocols-file /Users/admin/builds/J1XnyXFH/0/finestructure/swiftpackageindex-builder/spi-builder-workspace/.derivedData/Build/Intermediates.noindex/ControlledChaos.build/Debug-watchos/ControlledChaos.build/Objects-normal/arm64/ControlledChaos_const_extract_protocols.json -empty-abi-descriptor -validate-clang-modules-once -clang-build-session-file /Users/admin/builds/J1XnyXFH/0/finestructure/swiftpackageindex-builder/spi-builder-workspace/.derivedData/ModuleCache.noindex/Session.modulevalidation -Xcc -working-directory -Xcc /Users/admin/builds/J1XnyXFH/0/finestructure/swiftpackageindex-builder/spi-builder-workspace/.dependencies/checkouts/ControlledChaos -resource-dir /Applications/Xcode-15.2.0.app/Contents/Developer/Toolchains/XcodeDefault.xctoolchain/usr/lib/swift -enable-anonymous-context-mangled-names -Xcc -ivfsstatcache -Xcc /Users/admin/builds/J1XnyXFH/0/finestructure/swiftpackageindex-builder/spi-builder-workspace/.derivedData/SDKStatCaches.noindex/watchos10.2-21S355-1a03c8d25fc3596eb74c01d649b42752.sdkstatcache -Xcc -I/Users/admin/builds/J1XnyXFH/0/finestructure/swiftpackageindex-builder/spi-builder-workspace/.derivedData/Build/Intermediates.noindex/ControlledChaos.build/Debug-watchos/ControlledChaos.build/swift-overrides.hmap -Xcc -I/Users/admin/builds/J1XnyXFH/0/finestructure/swiftpackageindex-builder/spi-builder-workspace/.derivedData/Build/Products/Debug-watchos/include -Xcc -I/Users/admin/builds/J1XnyXFH/0/finestructure/swiftpackageindex-builder/spi-builder-workspace/.derivedData/Build/Intermediates.noindex/ControlledChaos.build/Debug-watchos/ControlledChaos.build/DerivedSources-normal/arm64 -Xcc -I/Users/admin/builds/J1XnyXFH/0/finestructure/swiftpackageindex-builder/spi-builder-workspace/.derivedData/Build/Intermediates.noindex/ControlledChaos.build/Debug-watchos/ControlledChaos.build/DerivedSources/arm64 -Xcc -I/Users/admin/builds/J1XnyXFH/0/finestructure/swiftpackageindex-builder/spi-builder-workspace/.derivedData/Build/Intermediates.noindex/ControlledChaos.build/Debug-watchos/ControlledChaos.build/DerivedSources -Xcc -DSWIFT_PACKAGE -Xcc -DDEBUG\=1 -module-name ControlledChaos -disable-clang-spi -target-sdk-version 10.2 -target-sdk-name watchos10.2 -external-plugin-path /Applications/Xcode-15.2.0.app/Contents/Developer/Platforms/WatchOS.platform/Developer/SDKs/WatchOS10.2.sdk/usr/lib/swift/host/plugins\#/Applications/Xcode-15.2.0.app/Contents/Developer/Platforms/WatchOS.platform/Developer/SDKs/WatchOS10.2.sdk/usr/bin/swift-plugin-server -external-plugin-path /Applications/Xcode-15.2.0.app/Contents/Developer/Platforms/WatchOS.platform/Developer/SDKs/WatchOS10.2.sdk/usr/local/lib/swift/host/plugins\#/Applications/Xcode-15.2.0.app/Contents/Developer/Platforms/WatchOS.platform/Developer/SDKs/WatchOS10.2.sdk/usr/bin/swift-plugin-server -external-plugin-path /Applications/Xcode-15.2.0.app/Contents/Developer/Platforms/WatchOS.platform/Developer/usr/lib/swift/host/plugins\#/Applications/Xcode-15.2.0.app/Contents/Developer/Platforms/WatchOS.platform/Developer/usr/bin/swift-plugin-server -external-plugin-path /Applications/Xcode-15.2.0.app/Contents/Developer/Platforms/WatchOS.platform/Developer/usr/local/lib/swift/host/plugins\#/Applications/Xcode-15.2.0.app/Contents/Developer/Platforms/WatchOS.platform/Developer/usr/bin/swift-plugin-server -plugin-path /Applications/Xcode-15.2.0.app/Contents/Developer/Toolchains/XcodeDefault.xctoolchain/usr/lib/swift/host/plugins -plugin-path /Applications/Xcode-15.2.0.app/Contents/Developer/Toolchains/XcodeDefault.xctoolchain/usr/local/lib/swift/host/plugins -emit-module-doc-path /Users/admin/builds/J1XnyXFH/0/finestructure/swiftpackageindex-builder/spi-builder-workspace/.derivedData/Build/Intermediates.noindex/ControlledChaos.build/Debug-watchos/ControlledChaos.build/Objects-normal/arm64/ControlledChaos.swiftdoc -emit-module-source-info-path /Users/admin/builds/J1XnyXFH/0/finestructure/swiftpackageindex-builder/spi-builder-workspace/.derivedData/Build/Intermediates.noindex/ControlledChaos.build/Debug-watchos/ControlledChaos.build/Objects-normal/arm64/ControlledChaos.swiftsourceinfo -emit-objc-header-path /Users/admin/builds/J1XnyXFH/0/finestructure/swiftpackageindex-builder/spi-builder-workspace/.derivedData/Build/Intermediates.noindex/ControlledChaos.build/Debug-watchos/ControlledChaos.build/Objects-normal/arm64/ControlledChaos-Swift.h -serialize-diagnostics-path /Users/admin/builds/J1XnyXFH/0/finestructure/swiftpackageindex-builder/spi-builder-workspace/.derivedData/Build/Intermediates.noindex/ControlledChaos.build/Debug-watchos/ControlledChaos.build/Objects-normal/arm64/ControlledChaos-master-emit-module.dia -emit-dependencies-path /Users/admin/builds/J1XnyXFH/0/finestructure/swiftpackageindex-builder/spi-builder-workspace/.derivedData/Build/Intermediates.noindex/ControlledChaos.build/Debug-watchos/ControlledChaos.build/Objects-normal/arm64/ControlledChaos-master-emit-module.d -o /Users/admin/builds/J1XnyXFH/0/finestructure/swiftpackageindex-builder/spi-builder-workspace/.derivedData/Build/Intermediates.noindex/ControlledChaos.build/Debug-watchos/ControlledChaos.build/Objects-normal/arm64/ControlledChaos.swiftmodule -emit-abi-descriptor-path /Users/admin/builds/J1XnyXFH/0/finestructure/swiftpackageindex-builder/spi-builder-workspace/.derivedData/Build/Intermediates.noindex/ControlledChaos.build/Debug-watchos/ControlledChaos.build/Objects-normal/arm64/ControlledChaos.abi.json
Command SwiftEmitModule failed with a nonzero exit code
** BUILD FAILED **
The following build commands failed:
	CompileC /Users/admin/builds/J1XnyXFH/0/finestructure/swiftpackageindex-builder/spi-builder-workspace/.derivedData/Build/Intermediates.noindex/AudioKitEX.build/Debug-watchos/CAudioKitEX.build/Objects-normal/armv7k/StereoFieldLimiterDSP.o /Users/admin/builds/J1XnyXFH/0/finestructure/swiftpackageindex-builder/spi-builder-workspace/.dependencies/checkouts/AudioKitEX/Sources/CAudioKitEX/Nodes/StereoFieldLimiterDSP.mm normal armv7k objective-c++ com.apple.compilers.llvm.clang.1_0.compiler (in target 'CAudioKitEX' from project 'AudioKitEX')
	CompileC /Users/admin/builds/J1XnyXFH/0/finestructure/swiftpackageindex-builder/spi-builder-workspace/.derivedData/Build/Intermediates.noindex/AudioKitEX.build/Debug-watchos/CAudioKitEX.build/Objects-normal/armv7k/FaderDSP.o /Users/admin/builds/J1XnyXFH/0/finestructure/swiftpackageindex-builder/spi-builder-workspace/.dependencies/checkouts/AudioKitEX/Sources/CAudioKitEX/Nodes/FaderDSP.mm normal armv7k objective-c++ com.apple.compilers.llvm.clang.1_0.compiler (in target 'CAudioKitEX' from project 'AudioKitEX')
	CompileC /Users/admin/builds/J1XnyXFH/0/finestructure/swiftpackageindex-builder/spi-builder-workspace/.derivedData/Build/Intermediates.noindex/AudioKitEX.build/Debug-watchos/CAudioKitEX.build/Objects-normal/armv7k/DryWetMixerDSP.o /Users/admin/builds/J1XnyXFH/0/finestructure/swiftpackageindex-builder/spi-builder-workspace/.dependencies/checkouts/AudioKitEX/Sources/CAudioKitEX/Nodes/DryWetMixerDSP.mm normal armv7k objective-c++ com.apple.compilers.llvm.clang.1_0.compiler (in target 'CAudioKitEX' from project 'AudioKitEX')
	CompileC /Users/admin/builds/J1XnyXFH/0/finestructure/swiftpackageindex-builder/spi-builder-workspace/.derivedData/Build/Intermediates.noindex/AudioKitEX.build/Debug-watchos/CAudioKitEX.build/Objects-normal/armv7k/DryWetDualMixerDSP.o /Users/admin/builds/J1XnyXFH/0/finestructure/swiftpackageindex-builder/spi-builder-workspace/.dependencies/checkouts/AudioKitEX/Sources/CAudioKitEX/Nodes/DryWetDualMixerDSP.mm normal armv7k objective-c++ com.apple.compilers.llvm.clang.1_0.compiler (in target 'CAudioKitEX' from project 'AudioKitEX')
	SwiftEmitModule normal arm64 Emitting\ module\ for\ ControlledChaos (in target 'ControlledChaos' from project 'ControlledChaos')
(5 failures)
BUILD FAILURE 5.9 watchOS