Build Information
Failed to build Dflat, reference unstable (73925e), with Swift 6.4 for Wasm on 18 Sep 2026 22:48:44 UTC.
Build Command
bash -c docker run --pull=always --rm -v "checkouts-53886770-0":/host -w "$PWD" -e JAVA_HOME="/root/.sdkman/candidates/java/current" -e SPI_BUILD="1" -e SPI_PROCESSING="1" registry.gitlab.com/saguaro1/spi-images:wasm-6.4-latest swift build --swift-sdk swift-6.4.x-DEVELOPMENT-SNAPSHOT-2026-09-04-a_wasm 2>&1Build Log
========================================
RunAll
========================================
Builder version: 5.1.0
Interrupt handler set up.
========================================
Checkout
========================================
Clone URL: https://github.com/liuliu/dflat.git
Reference: unstable
Initialized empty Git repository in /host/spi-builder-workspace/.git/
hint: Using 'master' as the name for the initial branch. This default branch name
hint: is subject to change. To configure the initial branch name to use in all
hint: of your new repositories, which will suppress this warning, call:
hint:
hint: git config --global init.defaultBranch <name>
hint:
hint: Names commonly chosen instead of 'master' are 'main', 'trunk' and
hint: 'development'. The just-created branch can be renamed via this command:
hint:
hint: git branch -m <name>
From https://github.com/liuliu/dflat
* branch unstable -> FETCH_HEAD
* [new branch] unstable -> origin/unstable
HEAD is now at 73925e5 Turn trusted schema off.
Cloned https://github.com/liuliu/dflat.git
Revision (git rev-parse @):
73925e51e4f44add842177a229f9990cb13711ff
SPI manifest file found: $PWD/.spi.yml
SUCCESS checkout https://github.com/liuliu/dflat.git at unstable
========================================
Build
========================================
Selected platform: wasm
Swift version: 6.4
Building package at path: $PWD
https://github.com/liuliu/dflat.git
Running build ...
bash -c docker run --pull=always --rm -v "checkouts-53886770-0":/host -w "$PWD" -e JAVA_HOME="/root/.sdkman/candidates/java/current" -e SPI_BUILD="1" -e SPI_PROCESSING="1" registry.gitlab.com/saguaro1/spi-images:wasm-6.4-latest swift build --swift-sdk swift-6.4.x-DEVELOPMENT-SNAPSHOT-2026-09-04-a_wasm 2>&1
wasm-6.4-latest: Pulling from saguaro1/spi-images
Digest: sha256:4328fdb43c680d205c1d6761b1e3267aa38277eefdda9ddfb17b6a0f1a77857a
Status: Image is up to date for registry.gitlab.com/saguaro1/spi-images:wasm-6.4-latest
Fetching https://github.com/google/flatbuffers.git
[1/98328] Fetching flatbuffers
Fetched https://github.com/google/flatbuffers.git (3.37s)
Fetching https://github.com/apple/swift-atomics.git
Fetching https://github.com/apple/swift-docc-plugin
Fetching https://github.com/liuliu/swift-sqlite3-support.git
[1/119] Fetching swift-sqlite3-support
[67/1994] Fetching swift-sqlite3-support, swift-atomics
[86/4339] Fetching swift-sqlite3-support, swift-atomics, swift-docc-plugin
Fetched https://github.com/apple/swift-atomics.git (1.07s)
Fetched https://github.com/apple/swift-docc-plugin (1.07s)
Fetched https://github.com/liuliu/swift-sqlite3-support.git (1.07s)
Computing version for https://github.com/liuliu/swift-sqlite3-support.git
Computed https://github.com/liuliu/swift-sqlite3-support.git at 3.47.1 (1.27s)
Computing version for https://github.com/apple/swift-atomics.git
Computed https://github.com/apple/swift-atomics.git at 1.3.1 (0.17s)
Computing version for https://github.com/apple/swift-docc-plugin
Computed https://github.com/apple/swift-docc-plugin at 1.5.0 (0.20s)
Fetching https://github.com/swiftlang/swift-docc-symbolkit
[1/3823] Fetching swift-docc-symbolkit
Fetched https://github.com/swiftlang/swift-docc-symbolkit (0.58s)
Computing version for https://github.com/swiftlang/swift-docc-symbolkit
Computed https://github.com/swiftlang/swift-docc-symbolkit at 1.0.0 (0.81s)
Creating working copy for https://github.com/google/flatbuffers.git
Working copy of https://github.com/google/flatbuffers.git resolved at c92e78a9f841a6110ec27180d68d1f7f2afda21d
Creating working copy for https://github.com/apple/swift-docc-plugin
Working copy of https://github.com/apple/swift-docc-plugin resolved at 1.5.0
Creating working copy for https://github.com/apple/swift-atomics.git
Working copy of https://github.com/apple/swift-atomics.git resolved at 1.3.1
Creating working copy for https://github.com/swiftlang/swift-docc-symbolkit
Working copy of https://github.com/swiftlang/swift-docc-symbolkit resolved at 1.0.0
Creating working copy for https://github.com/liuliu/swift-sqlite3-support.git
Working copy of https://github.com/liuliu/swift-sqlite3-support.git resolved at 3.47.1
Building for debugging...
[Computing dependencies]
[Pre-planning 1 / 275]
[Starting]
[1m/host/spi-builder-workspace/.build/checkouts/swift-sqlite3-support/Sources/sqlite3.c:43769:15: [0m[0;1;31merror: [0m[1muse of undeclared identifier 'PROT_READ'[0m
43769 | [0;34mint[0m flags = PROT_READ; [0;33m/* Flags to pass to mmap() */[0m
| [0;1;32m ^~~~~~~~~
[0m[1m/host/spi-builder-workspace/.build/checkouts/swift-sqlite3-support/Sources/sqlite3.c:43800:45: [0m[0;1;31merror: [0m[1muse of undeclared identifier 'MAP_SHARED'[0m
43800 | pNew = osMmap(pReq, nNew-nReuse, flags, MAP_SHARED, h, nReuse);[0m
| [0;1;32m ^~~~~~~~~~
[0m[1m/host/spi-builder-workspace/.build/checkouts/swift-sqlite3-support/Sources/sqlite3.c:43801:15: [0m[0;1;31merror: [0m[1muse of undeclared identifier 'MAP_FAILED'[0m
43801 | [0;34mif[0m( pNew!=MAP_FAILED ){[0m
| [0;1;32m ^~~~~~~~~~
[0m[1m/host/spi-builder-workspace/.build/checkouts/swift-sqlite3-support/Sources/sqlite3.c:43812:15: [0m[0;1;31merror: [0m[1muse of undeclared identifier 'MAP_FAILED'[0m
43812 | [0;34mif[0m( pNew==MAP_FAILED || pNew==[0;32m0[0m ){[0m
| [0;1;32m ^~~~~~~~~~
[0m[1m/host/spi-builder-workspace/.build/checkouts/swift-sqlite3-support/Sources/sqlite3.c:43819:35: [0m[0;1;31merror: [0m[1muse of undeclared identifier 'MAP_SHARED'[0m
43819 | pNew = osMmap([0;32m0[0m, nNew, flags, MAP_SHARED, h, [0;32m0[0m);[0m
| [0;1;32m ^~~~~~~~~~
[0m[1m/host/spi-builder-workspace/.build/checkouts/swift-sqlite3-support/Sources/sqlite3.c:43822:13: [0m[0;1;31merror: [0m[1muse of undeclared identifier 'MAP_FAILED'[0m
43822 | [0;34mif[0m( pNew==MAP_FAILED ){[0m
| [0;1;32m ^~~~~~~~~~
[0m6 errors generated.
error: CompileC /host/spi-builder-workspace/.build/out/Intermediates.noindex/SQLite3.build/Debug-webassembly-wasm32/SQLite3-t.build/Objects-normal/wasm32/sqlite3.o /host/spi-builder-workspace/.build/checkouts/swift-sqlite3-support/Sources/sqlite3.c normal wasm32 c com.apple.compilers.llvm.clang.1_0.compiler failed with a nonzero exit code. Command line: cd /host
Using response file: /host/spi-builder-workspace/.build/out/Intermediates.noindex/SQLite3.build/Debug-webassembly-wasm32/SQLite3-t.build/Objects-normal/wasm32/9f65232cb83f8421e3a495a5062eba382369c975104ee97bafc405ab795bfc5e-common-args.resp
/usr/bin/clang -x c -target wasm32-unknown-wasip1 -fmessage-length\=0 -fdiagnostics-show-note-include-stack -fmacro-backtrace-limit\=0 -fcolor-diagnostics -Wno-trigraphs -Wno-missing-field-initializers -Wno-missing-prototypes -Wno-return-type -Wno-missing-braces -Wparentheses -Wswitch -Wno-unused-function -Wno-unused-label -Wno-unused-parameter -Wno-unused-variable -Wunused-value -Wno-empty-body -Wno-uninitialized -Wno-unknown-pragmas -w -Wno-shadow -Wno-four-char-constants -Wno-conversion -Wno-constant-conversion -Wno-int-conversion -Wno-bool-conversion -Wno-enum-conversion -Wno-float-conversion -Wno-non-literal-null-conversion -Wno-objc-literal-conversion -Wno-shorten-64-to-32 -Wpointer-sign -Wno-newline-eof -Wno-implicit-fallthrough -fstrict-aliasing -Wdeprecated-declarations -Wno-sign-conversion -Wno-infinite-recursion -Wno-comma -Wno-block-capture-autoreleasing -Wno-strict-prototypes -Wno-semicolon-before-method-body --sysroot /root/.swiftpm/swift-sdks/swift-6.4.x-DEVELOPMENT-SNAPSHOT-2026-09-04-a_wasm.artifactbundle/swift-6.4.x-DEVELOPMENT-SNAPSHOT-2026-09-04-a_wasm/wasm32-unknown-wasip1/WASI.sdk @/host/spi-builder-workspace/.build/out/Intermediates.noindex/SQLite3.build/Debug-webassembly-wasm32/SQLite3-t.build/Objects-normal/wasm32/9f65232cb83f8421e3a495a5062eba382369c975104ee97bafc405ab795bfc5e-common-args.resp -MMD -MT dependencies -MF /host/spi-builder-workspace/.build/out/Intermediates.noindex/SQLite3.build/Debug-webassembly-wasm32/SQLite3-t.build/Objects-normal/wasm32/sqlite3.d --serialize-diagnostics /host/spi-builder-workspace/.build/out/Intermediates.noindex/SQLite3.build/Debug-webassembly-wasm32/SQLite3-t.build/Objects-normal/wasm32/sqlite3.dia -c /host/spi-builder-workspace/.build/checkouts/swift-sqlite3-support/Sources/sqlite3.c -o /host/spi-builder-workspace/.build/out/Intermediates.noindex/SQLite3.build/Debug-webassembly-wasm32/SQLite3-t.build/Objects-normal/wasm32/sqlite3.o
error: Build failed
BUILD FAILURE 6.4 wasm