Build Information
Failed to build PersistDB, reference master (c5b1b2), with Swift 6.1 for watchOS using Xcode 16.3 on 29 Sep 2026 00:05:42 UTC.
Build Command
env DEVELOPER_DIR=/Applications/Xcode-16.3.0.app xcrun xcodebuild -IDEClonedSourcePackagesDirPathOverride=$PWD/.dependencies -skipMacroValidation -skipPackagePluginValidation -derivedDataPath $PWD/.derivedData build -scheme PersistDB -destination generic/platform=watchOSBuild Log
Copy /Users/admin/builder/spi-builder-workspace/.derivedData/Build/Products/Debug-watchos/Schemata.swiftmodule/arm64_32-apple-watchos.abi.json /Users/admin/builder/spi-builder-workspace/.derivedData/Build/Intermediates.noindex/Schemata.build/Debug-watchos/Schemata.build/Objects-normal/arm64_32/Schemata.abi.json (in target 'Schemata' from project 'Schemata')
cd /Users/admin/builder/spi-builder-workspace/.dependencies/checkouts/Schemata
builtin-copy -exclude .DS_Store -exclude CVS -exclude .svn -exclude .git -exclude .hg -resolve-src-symlinks -rename /Users/admin/builder/spi-builder-workspace/.derivedData/Build/Intermediates.noindex/Schemata.build/Debug-watchos/Schemata.build/Objects-normal/arm64_32/Schemata.abi.json /Users/admin/builder/spi-builder-workspace/.derivedData/Build/Products/Debug-watchos/Schemata.swiftmodule/arm64_32-apple-watchos.abi.json
Copy /Users/admin/builder/spi-builder-workspace/.derivedData/Build/Products/Debug-watchos/Schemata.swiftmodule/arm64-apple-watchos.abi.json /Users/admin/builder/spi-builder-workspace/.derivedData/Build/Intermediates.noindex/Schemata.build/Debug-watchos/Schemata.build/Objects-normal/arm64/Schemata.abi.json (in target 'Schemata' from project 'Schemata')
cd /Users/admin/builder/spi-builder-workspace/.dependencies/checkouts/Schemata
builtin-copy -exclude .DS_Store -exclude CVS -exclude .svn -exclude .git -exclude .hg -resolve-src-symlinks -rename /Users/admin/builder/spi-builder-workspace/.derivedData/Build/Intermediates.noindex/Schemata.build/Debug-watchos/Schemata.build/Objects-normal/arm64/Schemata.abi.json /Users/admin/builder/spi-builder-workspace/.derivedData/Build/Products/Debug-watchos/Schemata.swiftmodule/arm64-apple-watchos.abi.json
SwiftCompile normal armv7k Compiling\ PropertyCreation.swift /Users/admin/builder/spi-builder-workspace/.dependencies/checkouts/Schemata/Sources/PropertyCreation.swift (in target 'Schemata' from project 'Schemata')
SwiftCompile normal armv7k /Users/admin/builder/spi-builder-workspace/.dependencies/checkouts/Schemata/Sources/PropertyCreation.swift (in target 'Schemata' from project 'Schemata')
cd /Users/admin/builder/spi-builder-workspace/.swiftpm/xcode
SwiftCompile normal armv7k Compiling\ Model.swift /Users/admin/builder/spi-builder-workspace/.dependencies/checkouts/Schemata/Sources/Model.swift (in target 'Schemata' from project 'Schemata')
SwiftCompile normal armv7k /Users/admin/builder/spi-builder-workspace/.dependencies/checkouts/Schemata/Sources/Model.swift (in target 'Schemata' from project 'Schemata')
cd /Users/admin/builder/spi-builder-workspace/.swiftpm/xcode
SwiftDriverJobDiscovery normal arm64 Compiling Diff+UIKit.swift, Diff.swift (in target 'Differ' from project 'Differ')
SwiftCompile normal armv7k Compiling\ DecodeError.swift /Users/admin/builder/spi-builder-workspace/.dependencies/checkouts/Schemata/Sources/DecodeError.swift (in target 'Schemata' from project 'Schemata')
SwiftCompile normal armv7k /Users/admin/builder/spi-builder-workspace/.dependencies/checkouts/Schemata/Sources/DecodeError.swift (in target 'Schemata' from project 'Schemata')
cd /Users/admin/builder/spi-builder-workspace/.swiftpm/xcode
SwiftDriverJobDiscovery normal arm64 Compiling None.swift (in target 'Schemata' from project 'Schemata')
SwiftCompile normal arm64_32 Compiling\ Property.swift /Users/admin/builder/spi-builder-workspace/.dependencies/checkouts/Schemata/Sources/Property.swift (in target 'Schemata' from project 'Schemata')
SwiftCompile normal arm64_32 /Users/admin/builder/spi-builder-workspace/.dependencies/checkouts/Schemata/Sources/Property.swift (in target 'Schemata' from project 'Schemata')
cd /Users/admin/builder/spi-builder-workspace/.swiftpm/xcode
SwiftDriverJobDiscovery normal armv7k Emitting module for Differ (in target 'Differ' from project 'Differ')
SwiftDriver\ Compilation\ Requirements Differ normal armv7k com.apple.xcode.tools.swift.compiler (in target 'Differ' from project 'Differ')
cd /Users/admin/builder/spi-builder-workspace/.swiftpm/xcode
builtin-Swift-Compilation-Requirements -- /Applications/Xcode-16.3.0.app/Contents/Developer/Toolchains/XcodeDefault.xctoolchain/usr/bin/swiftc -module-name Differ -Onone -enforce-exclusivity\=checked @/Users/admin/builder/spi-builder-workspace/.derivedData/Build/Intermediates.noindex/Differ.build/Debug-watchos/Differ.build/Objects-normal/armv7k/Differ.SwiftFileList -DSWIFT_PACKAGE -DDEBUG -DXcode -plugin-path /Applications/Xcode-16.3.0.app/Contents/Developer/Toolchains/XcodeDefault.xctoolchain/usr/lib/swift/host/plugins/testing -enable-experimental-feature DebugDescriptionMacro -sdk /Applications/Xcode-16.3.0.app/Contents/Developer/Platforms/WatchOS.platform/Developer/SDKs/WatchOS11.4.sdk -target armv7k-apple-watchos4.0 -g -module-cache-path /Users/admin/builder/spi-builder-workspace/.derivedData/ModuleCache.noindex -Xfrontend -serialize-debugging-options -enable-testing -suppress-warnings -index-store-path /Users/admin/builder/spi-builder-workspace/.derivedData/Index.noindex/DataStore -swift-version 5 -I /Users/admin/builder/spi-builder-workspace/.derivedData/Build/Products/Debug-watchos -I /Applications/Xcode-16.3.0.app/Contents/Developer/Platforms/WatchOS.platform/Developer/usr/lib -F /Users/admin/builder/spi-builder-workspace/.derivedData/Build/Products/Debug-watchos -F /Applications/Xcode-16.3.0.app/Contents/Developer/Platforms/WatchOS.platform/Developer/Library/Frameworks -F /Applications/Xcode-16.3.0.app/Contents/Developer/Platforms/WatchOS.platform/Developer/SDKs/WatchOS11.4.sdk/Developer/Library/Frameworks -c -j10 -enable-batch-mode -incremental -Xcc -ivfsstatcache -Xcc /Users/admin/builder/spi-builder-workspace/.derivedData/SDKStatCaches.noindex/watchos11.4-22T246-43efb940ff07ba2497b70ec94253f576.sdkstatcache -output-file-map /Users/admin/builder/spi-builder-workspace/.derivedData/Build/Intermediates.noindex/Differ.build/Debug-watchos/Differ.build/Objects-normal/armv7k/Differ-OutputFileMap.json -use-frontend-parseable-output -save-temps -no-color-diagnostics -serialize-diagnostics -emit-dependencies -emit-module -emit-module-path /Users/admin/builder/spi-builder-workspace/.derivedData/Build/Intermediates.noindex/Differ.build/Debug-watchos/Differ.build/Objects-normal/armv7k/Differ.swiftmodule -validate-clang-modules-once -clang-build-session-file /Users/admin/builder/spi-builder-workspace/.derivedData/ModuleCache.noindex/Session.modulevalidation -Xcc -I/Users/admin/builder/spi-builder-workspace/.derivedData/Build/Intermediates.noindex/Differ.build/Debug-watchos/Differ.build/swift-overrides.hmap -emit-const-values -Xfrontend -const-gather-protocols-file -Xfrontend /Users/admin/builder/spi-builder-workspace/.derivedData/Build/Intermediates.noindex/Differ.build/Debug-watchos/Differ.build/Objects-normal/armv7k/Differ_const_extract_protocols.json -Xcc -I/Users/admin/builder/spi-builder-workspace/.derivedData/Build/Products/Debug-watchos/include -Xcc -I/Users/admin/builder/spi-builder-workspace/.derivedData/Build/Intermediates.noindex/Differ.build/Debug-watchos/Differ.build/DerivedSources-normal/armv7k -Xcc -I/Users/admin/builder/spi-builder-workspace/.derivedData/Build/Intermediates.noindex/Differ.build/Debug-watchos/Differ.build/DerivedSources/armv7k -Xcc -I/Users/admin/builder/spi-builder-workspace/.derivedData/Build/Intermediates.noindex/Differ.build/Debug-watchos/Differ.build/DerivedSources -Xcc -DSWIFT_PACKAGE -Xcc -DDEBUG\=1 -emit-objc-header -emit-objc-header-path /Users/admin/builder/spi-builder-workspace/.derivedData/Build/Intermediates.noindex/Differ.build/Debug-watchos/Differ.build/Objects-normal/armv7k/Differ-Swift.h -working-directory /Users/admin/builder/spi-builder-workspace/.swiftpm/xcode -experimental-emit-module-separately -disable-cmo
SwiftDriverJobDiscovery normal arm64_32 Compiling DecodeError.swift (in target 'Schemata' from project 'Schemata')
SwiftCompile normal arm64_32 Compiling\ Value.swift /Users/admin/builder/spi-builder-workspace/.dependencies/checkouts/Schemata/Sources/Value.swift (in target 'Schemata' from project 'Schemata')
SwiftCompile normal arm64_32 /Users/admin/builder/spi-builder-workspace/.dependencies/checkouts/Schemata/Sources/Value.swift (in target 'Schemata' from project 'Schemata')
cd /Users/admin/builder/spi-builder-workspace/.swiftpm/xcode
SwiftCompile normal armv7k Compiling\ Primitive.swift /Users/admin/builder/spi-builder-workspace/.dependencies/checkouts/Schemata/Sources/Primitive.swift (in target 'Schemata' from project 'Schemata')
SwiftCompile normal armv7k /Users/admin/builder/spi-builder-workspace/.dependencies/checkouts/Schemata/Sources/Primitive.swift (in target 'Schemata' from project 'Schemata')
cd /Users/admin/builder/spi-builder-workspace/.swiftpm/xcode
SwiftDriverJobDiscovery normal arm64 Emitting module for Differ (in target 'Differ' from project 'Differ')
SwiftDriver\ Compilation\ Requirements Differ normal arm64 com.apple.xcode.tools.swift.compiler (in target 'Differ' from project 'Differ')
cd /Users/admin/builder/spi-builder-workspace/.swiftpm/xcode
builtin-Swift-Compilation-Requirements -- /Applications/Xcode-16.3.0.app/Contents/Developer/Toolchains/XcodeDefault.xctoolchain/usr/bin/swiftc -module-name Differ -Onone -enforce-exclusivity\=checked @/Users/admin/builder/spi-builder-workspace/.derivedData/Build/Intermediates.noindex/Differ.build/Debug-watchos/Differ.build/Objects-normal/arm64/Differ.SwiftFileList -DSWIFT_PACKAGE -DDEBUG -DXcode -plugin-path /Applications/Xcode-16.3.0.app/Contents/Developer/Toolchains/XcodeDefault.xctoolchain/usr/lib/swift/host/plugins/testing -enable-experimental-feature DebugDescriptionMacro -sdk /Applications/Xcode-16.3.0.app/Contents/Developer/Platforms/WatchOS.platform/Developer/SDKs/WatchOS11.4.sdk -target arm64-apple-watchos4.0 -g -module-cache-path /Users/admin/builder/spi-builder-workspace/.derivedData/ModuleCache.noindex -Xfrontend -serialize-debugging-options -enable-testing -suppress-warnings -index-store-path /Users/admin/builder/spi-builder-workspace/.derivedData/Index.noindex/DataStore -swift-version 5 -I /Users/admin/builder/spi-builder-workspace/.derivedData/Build/Products/Debug-watchos -I /Applications/Xcode-16.3.0.app/Contents/Developer/Platforms/WatchOS.platform/Developer/usr/lib -F /Users/admin/builder/spi-builder-workspace/.derivedData/Build/Products/Debug-watchos -F /Applications/Xcode-16.3.0.app/Contents/Developer/Platforms/WatchOS.platform/Developer/Library/Frameworks -F /Applications/Xcode-16.3.0.app/Contents/Developer/Platforms/WatchOS.platform/Developer/SDKs/WatchOS11.4.sdk/Developer/Library/Frameworks -c -j10 -enable-batch-mode -incremental -Xcc -ivfsstatcache -Xcc /Users/admin/builder/spi-builder-workspace/.derivedData/SDKStatCaches.noindex/watchos11.4-22T246-43efb940ff07ba2497b70ec94253f576.sdkstatcache -output-file-map /Users/admin/builder/spi-builder-workspace/.derivedData/Build/Intermediates.noindex/Differ.build/Debug-watchos/Differ.build/Objects-normal/arm64/Differ-OutputFileMap.json -use-frontend-parseable-output -save-temps -no-color-diagnostics -serialize-diagnostics -emit-dependencies -emit-module -emit-module-path /Users/admin/builder/spi-builder-workspace/.derivedData/Build/Intermediates.noindex/Differ.build/Debug-watchos/Differ.build/Objects-normal/arm64/Differ.swiftmodule -validate-clang-modules-once -clang-build-session-file /Users/admin/builder/spi-builder-workspace/.derivedData/ModuleCache.noindex/Session.modulevalidation -Xcc -I/Users/admin/builder/spi-builder-workspace/.derivedData/Build/Intermediates.noindex/Differ.build/Debug-watchos/Differ.build/swift-overrides.hmap -emit-const-values -Xfrontend -const-gather-protocols-file -Xfrontend /Users/admin/builder/spi-builder-workspace/.derivedData/Build/Intermediates.noindex/Differ.build/Debug-watchos/Differ.build/Objects-normal/arm64/Differ_const_extract_protocols.json -Xcc -I/Users/admin/builder/spi-builder-workspace/.derivedData/Build/Products/Debug-watchos/include -Xcc -I/Users/admin/builder/spi-builder-workspace/.derivedData/Build/Intermediates.noindex/Differ.build/Debug-watchos/Differ.build/DerivedSources-normal/arm64 -Xcc -I/Users/admin/builder/spi-builder-workspace/.derivedData/Build/Intermediates.noindex/Differ.build/Debug-watchos/Differ.build/DerivedSources/arm64 -Xcc -I/Users/admin/builder/spi-builder-workspace/.derivedData/Build/Intermediates.noindex/Differ.build/Debug-watchos/Differ.build/DerivedSources -Xcc -DSWIFT_PACKAGE -Xcc -DDEBUG\=1 -emit-objc-header -emit-objc-header-path /Users/admin/builder/spi-builder-workspace/.derivedData/Build/Intermediates.noindex/Differ.build/Debug-watchos/Differ.build/Objects-normal/arm64/Differ-Swift.h -working-directory /Users/admin/builder/spi-builder-workspace/.swiftpm/xcode -experimental-emit-module-separately -disable-cmo
SwiftDriverJobDiscovery normal armv7k Compiling PropertyCreation.swift (in target 'Schemata' from project 'Schemata')
Copy /Users/admin/builder/spi-builder-workspace/.derivedData/Build/Products/Debug-watchos/Differ.swiftmodule/armv7k-apple-watchos.abi.json /Users/admin/builder/spi-builder-workspace/.derivedData/Build/Intermediates.noindex/Differ.build/Debug-watchos/Differ.build/Objects-normal/armv7k/Differ.abi.json (in target 'Differ' from project 'Differ')
cd /Users/admin/builder/spi-builder-workspace/.dependencies/checkouts/Differ
builtin-copy -exclude .DS_Store -exclude CVS -exclude .svn -exclude .git -exclude .hg -resolve-src-symlinks -rename /Users/admin/builder/spi-builder-workspace/.derivedData/Build/Intermediates.noindex/Differ.build/Debug-watchos/Differ.build/Objects-normal/armv7k/Differ.abi.json /Users/admin/builder/spi-builder-workspace/.derivedData/Build/Products/Debug-watchos/Differ.swiftmodule/armv7k-apple-watchos.abi.json
Copy /Users/admin/builder/spi-builder-workspace/.derivedData/Build/Products/Debug-watchos/Differ.swiftmodule/arm64-apple-watchos.abi.json /Users/admin/builder/spi-builder-workspace/.derivedData/Build/Intermediates.noindex/Differ.build/Debug-watchos/Differ.build/Objects-normal/arm64/Differ.abi.json (in target 'Differ' from project 'Differ')
cd /Users/admin/builder/spi-builder-workspace/.dependencies/checkouts/Differ
builtin-copy -exclude .DS_Store -exclude CVS -exclude .svn -exclude .git -exclude .hg -resolve-src-symlinks -rename /Users/admin/builder/spi-builder-workspace/.derivedData/Build/Intermediates.noindex/Differ.build/Debug-watchos/Differ.build/Objects-normal/arm64/Differ.abi.json /Users/admin/builder/spi-builder-workspace/.derivedData/Build/Products/Debug-watchos/Differ.swiftmodule/arm64-apple-watchos.abi.json
SwiftCompile normal arm64 Compiling\ Primitive.swift /Users/admin/builder/spi-builder-workspace/.dependencies/checkouts/Schemata/Sources/Primitive.swift (in target 'Schemata' from project 'Schemata')
SwiftCompile normal arm64 /Users/admin/builder/spi-builder-workspace/.dependencies/checkouts/Schemata/Sources/Primitive.swift (in target 'Schemata' from project 'Schemata')
cd /Users/admin/builder/spi-builder-workspace/.swiftpm/xcode
SwiftCompile normal arm64 Compiling\ Schema.swift /Users/admin/builder/spi-builder-workspace/.dependencies/checkouts/Schemata/Sources/Schema.swift (in target 'Schemata' from project 'Schemata')
SwiftCompile normal arm64 /Users/admin/builder/spi-builder-workspace/.dependencies/checkouts/Schemata/Sources/Schema.swift (in target 'Schemata' from project 'Schemata')
cd /Users/admin/builder/spi-builder-workspace/.swiftpm/xcode
SwiftDriverJobDiscovery normal arm64_32 Emitting module for Differ (in target 'Differ' from project 'Differ')
SwiftDriver\ Compilation\ Requirements Differ normal arm64_32 com.apple.xcode.tools.swift.compiler (in target 'Differ' from project 'Differ')
cd /Users/admin/builder/spi-builder-workspace/.swiftpm/xcode
builtin-Swift-Compilation-Requirements -- /Applications/Xcode-16.3.0.app/Contents/Developer/Toolchains/XcodeDefault.xctoolchain/usr/bin/swiftc -module-name Differ -Onone -enforce-exclusivity\=checked @/Users/admin/builder/spi-builder-workspace/.derivedData/Build/Intermediates.noindex/Differ.build/Debug-watchos/Differ.build/Objects-normal/arm64_32/Differ.SwiftFileList -DSWIFT_PACKAGE -DDEBUG -DXcode -plugin-path /Applications/Xcode-16.3.0.app/Contents/Developer/Toolchains/XcodeDefault.xctoolchain/usr/lib/swift/host/plugins/testing -enable-experimental-feature DebugDescriptionMacro -sdk /Applications/Xcode-16.3.0.app/Contents/Developer/Platforms/WatchOS.platform/Developer/SDKs/WatchOS11.4.sdk -target arm64_32-apple-watchos4.0 -g -module-cache-path /Users/admin/builder/spi-builder-workspace/.derivedData/ModuleCache.noindex -Xfrontend -serialize-debugging-options -enable-testing -suppress-warnings -index-store-path /Users/admin/builder/spi-builder-workspace/.derivedData/Index.noindex/DataStore -swift-version 5 -I /Users/admin/builder/spi-builder-workspace/.derivedData/Build/Products/Debug-watchos -I /Applications/Xcode-16.3.0.app/Contents/Developer/Platforms/WatchOS.platform/Developer/usr/lib -F /Users/admin/builder/spi-builder-workspace/.derivedData/Build/Products/Debug-watchos -F /Applications/Xcode-16.3.0.app/Contents/Developer/Platforms/WatchOS.platform/Developer/Library/Frameworks -F /Applications/Xcode-16.3.0.app/Contents/Developer/Platforms/WatchOS.platform/Developer/SDKs/WatchOS11.4.sdk/Developer/Library/Frameworks -c -j10 -enable-batch-mode -incremental -Xcc -ivfsstatcache -Xcc /Users/admin/builder/spi-builder-workspace/.derivedData/SDKStatCaches.noindex/watchos11.4-22T246-43efb940ff07ba2497b70ec94253f576.sdkstatcache -output-file-map /Users/admin/builder/spi-builder-workspace/.derivedData/Build/Intermediates.noindex/Differ.build/Debug-watchos/Differ.build/Objects-normal/arm64_32/Differ-OutputFileMap.json -use-frontend-parseable-output -save-temps -no-color-diagnostics -serialize-diagnostics -emit-dependencies -emit-module -emit-module-path /Users/admin/builder/spi-builder-workspace/.derivedData/Build/Intermediates.noindex/Differ.build/Debug-watchos/Differ.build/Objects-normal/arm64_32/Differ.swiftmodule -validate-clang-modules-once -clang-build-session-file /Users/admin/builder/spi-builder-workspace/.derivedData/ModuleCache.noindex/Session.modulevalidation -Xcc -I/Users/admin/builder/spi-builder-workspace/.derivedData/Build/Intermediates.noindex/Differ.build/Debug-watchos/Differ.build/swift-overrides.hmap -emit-const-values -Xfrontend -const-gather-protocols-file -Xfrontend /Users/admin/builder/spi-builder-workspace/.derivedData/Build/Intermediates.noindex/Differ.build/Debug-watchos/Differ.build/Objects-normal/arm64_32/Differ_const_extract_protocols.json -Xcc -I/Users/admin/builder/spi-builder-workspace/.derivedData/Build/Products/Debug-watchos/include -Xcc -I/Users/admin/builder/spi-builder-workspace/.derivedData/Build/Intermediates.noindex/Differ.build/Debug-watchos/Differ.build/DerivedSources-normal/arm64_32 -Xcc -I/Users/admin/builder/spi-builder-workspace/.derivedData/Build/Intermediates.noindex/Differ.build/Debug-watchos/Differ.build/DerivedSources/arm64_32 -Xcc -I/Users/admin/builder/spi-builder-workspace/.derivedData/Build/Intermediates.noindex/Differ.build/Debug-watchos/Differ.build/DerivedSources -Xcc -DSWIFT_PACKAGE -Xcc -DDEBUG\=1 -emit-objc-header -emit-objc-header-path /Users/admin/builder/spi-builder-workspace/.derivedData/Build/Intermediates.noindex/Differ.build/Debug-watchos/Differ.build/Objects-normal/arm64_32/Differ-Swift.h -working-directory /Users/admin/builder/spi-builder-workspace/.swiftpm/xcode -experimental-emit-module-separately -disable-cmo
SwiftDriverJobDiscovery normal armv7k Compiling DecodeError.swift (in target 'Schemata' from project 'Schemata')
SwiftCompile normal armv7k Compiling\ Value.swift /Users/admin/builder/spi-builder-workspace/.dependencies/checkouts/Schemata/Sources/Value.swift (in target 'Schemata' from project 'Schemata')
SwiftCompile normal armv7k /Users/admin/builder/spi-builder-workspace/.dependencies/checkouts/Schemata/Sources/Value.swift (in target 'Schemata' from project 'Schemata')
cd /Users/admin/builder/spi-builder-workspace/.swiftpm/xcode
Copy /Users/admin/builder/spi-builder-workspace/.derivedData/Build/Products/Debug-watchos/Differ.swiftmodule/arm64_32-apple-watchos.abi.json /Users/admin/builder/spi-builder-workspace/.derivedData/Build/Intermediates.noindex/Differ.build/Debug-watchos/Differ.build/Objects-normal/arm64_32/Differ.abi.json (in target 'Differ' from project 'Differ')
cd /Users/admin/builder/spi-builder-workspace/.dependencies/checkouts/Differ
builtin-copy -exclude .DS_Store -exclude CVS -exclude .svn -exclude .git -exclude .hg -resolve-src-symlinks -rename /Users/admin/builder/spi-builder-workspace/.derivedData/Build/Intermediates.noindex/Differ.build/Debug-watchos/Differ.build/Objects-normal/arm64_32/Differ.abi.json /Users/admin/builder/spi-builder-workspace/.derivedData/Build/Products/Debug-watchos/Differ.swiftmodule/arm64_32-apple-watchos.abi.json
SwiftDriverJobDiscovery normal armv7k Compiling Model.swift (in target 'Schemata' from project 'Schemata')
SwiftCompile normal arm64 Compiling\ Value.swift /Users/admin/builder/spi-builder-workspace/.dependencies/checkouts/Schemata/Sources/Value.swift (in target 'Schemata' from project 'Schemata')
SwiftCompile normal arm64 /Users/admin/builder/spi-builder-workspace/.dependencies/checkouts/Schemata/Sources/Value.swift (in target 'Schemata' from project 'Schemata')
cd /Users/admin/builder/spi-builder-workspace/.swiftpm/xcode
SwiftCompile normal armv7k Compiling\ None.swift /Users/admin/builder/spi-builder-workspace/.dependencies/checkouts/Schemata/Sources/None.swift (in target 'Schemata' from project 'Schemata')
SwiftCompile normal armv7k /Users/admin/builder/spi-builder-workspace/.dependencies/checkouts/Schemata/Sources/None.swift (in target 'Schemata' from project 'Schemata')
cd /Users/admin/builder/spi-builder-workspace/.swiftpm/xcode
SwiftCompile normal arm64 Compiling\ PropertyCreation.swift /Users/admin/builder/spi-builder-workspace/.dependencies/checkouts/Schemata/Sources/PropertyCreation.swift (in target 'Schemata' from project 'Schemata')
SwiftCompile normal arm64 /Users/admin/builder/spi-builder-workspace/.dependencies/checkouts/Schemata/Sources/PropertyCreation.swift (in target 'Schemata' from project 'Schemata')
cd /Users/admin/builder/spi-builder-workspace/.swiftpm/xcode
SwiftDriverJobDiscovery normal arm64 Compiling Primitive.swift (in target 'Schemata' from project 'Schemata')
SwiftDriverJobDiscovery normal armv7k Compiling Primitive.swift (in target 'Schemata' from project 'Schemata')
SwiftCompile normal arm64 Compiling\ DecodeError.swift /Users/admin/builder/spi-builder-workspace/.dependencies/checkouts/Schemata/Sources/DecodeError.swift (in target 'Schemata' from project 'Schemata')
SwiftCompile normal arm64 /Users/admin/builder/spi-builder-workspace/.dependencies/checkouts/Schemata/Sources/DecodeError.swift (in target 'Schemata' from project 'Schemata')
cd /Users/admin/builder/spi-builder-workspace/.swiftpm/xcode
SwiftDriverJobDiscovery normal arm64_32 Compiling Value.swift (in target 'Schemata' from project 'Schemata')
SwiftCompile normal arm64 Compiling\ Property.swift /Users/admin/builder/spi-builder-workspace/.dependencies/checkouts/Schemata/Sources/Property.swift (in target 'Schemata' from project 'Schemata')
SwiftCompile normal arm64 /Users/admin/builder/spi-builder-workspace/.dependencies/checkouts/Schemata/Sources/Property.swift (in target 'Schemata' from project 'Schemata')
cd /Users/admin/builder/spi-builder-workspace/.swiftpm/xcode
SwiftDriverJobDiscovery normal arm64_32 Compiling Property.swift (in target 'Schemata' from project 'Schemata')
SwiftCompile normal arm64_32 Compiling\ PropertyCreation.swift /Users/admin/builder/spi-builder-workspace/.dependencies/checkouts/Schemata/Sources/PropertyCreation.swift (in target 'Schemata' from project 'Schemata')
SwiftCompile normal arm64_32 /Users/admin/builder/spi-builder-workspace/.dependencies/checkouts/Schemata/Sources/PropertyCreation.swift (in target 'Schemata' from project 'Schemata')
cd /Users/admin/builder/spi-builder-workspace/.swiftpm/xcode
SwiftDriverJobDiscovery normal armv7k Emitting module for ReactiveSwift (in target 'ReactiveSwift' from project 'ReactiveSwift')
SwiftDriver\ Compilation\ Requirements ReactiveSwift normal armv7k com.apple.xcode.tools.swift.compiler (in target 'ReactiveSwift' from project 'ReactiveSwift')
cd /Users/admin/builder/spi-builder-workspace/.swiftpm/xcode
builtin-Swift-Compilation-Requirements -- /Applications/Xcode-16.3.0.app/Contents/Developer/Toolchains/XcodeDefault.xctoolchain/usr/bin/swiftc -module-name ReactiveSwift -Onone -enforce-exclusivity\=checked @/Users/admin/builder/spi-builder-workspace/.derivedData/Build/Intermediates.noindex/ReactiveSwift.build/Debug-watchos/ReactiveSwift.build/Objects-normal/armv7k/ReactiveSwift.SwiftFileList -DSWIFT_PACKAGE -DDEBUG -DXcode -plugin-path /Applications/Xcode-16.3.0.app/Contents/Developer/Toolchains/XcodeDefault.xctoolchain/usr/lib/swift/host/plugins/testing -enable-experimental-feature DebugDescriptionMacro -sdk /Applications/Xcode-16.3.0.app/Contents/Developer/Platforms/WatchOS.platform/Developer/SDKs/WatchOS11.4.sdk -target armv7k-apple-watchos4.0 -g -module-cache-path /Users/admin/builder/spi-builder-workspace/.derivedData/ModuleCache.noindex -Xfrontend -serialize-debugging-options -enable-testing -suppress-warnings -index-store-path /Users/admin/builder/spi-builder-workspace/.derivedData/Index.noindex/DataStore -swift-version 5 -I /Users/admin/builder/spi-builder-workspace/.derivedData/Build/Products/Debug-watchos -I /Applications/Xcode-16.3.0.app/Contents/Developer/Platforms/WatchOS.platform/Developer/usr/lib -F /Users/admin/builder/spi-builder-workspace/.derivedData/Build/Products/Debug-watchos -F /Applications/Xcode-16.3.0.app/Contents/Developer/Platforms/WatchOS.platform/Developer/Library/Frameworks -F /Applications/Xcode-16.3.0.app/Contents/Developer/Platforms/WatchOS.platform/Developer/SDKs/WatchOS11.4.sdk/Developer/Library/Frameworks -c -j10 -enable-batch-mode -incremental -Xcc -ivfsstatcache -Xcc /Users/admin/builder/spi-builder-workspace/.derivedData/SDKStatCaches.noindex/watchos11.4-22T246-43efb940ff07ba2497b70ec94253f576.sdkstatcache -output-file-map /Users/admin/builder/spi-builder-workspace/.derivedData/Build/Intermediates.noindex/ReactiveSwift.build/Debug-watchos/ReactiveSwift.build/Objects-normal/armv7k/ReactiveSwift-OutputFileMap.json -use-frontend-parseable-output -save-temps -no-color-diagnostics -serialize-diagnostics -emit-dependencies -emit-module -emit-module-path /Users/admin/builder/spi-builder-workspace/.derivedData/Build/Intermediates.noindex/ReactiveSwift.build/Debug-watchos/ReactiveSwift.build/Objects-normal/armv7k/ReactiveSwift.swiftmodule -validate-clang-modules-once -clang-build-session-file /Users/admin/builder/spi-builder-workspace/.derivedData/ModuleCache.noindex/Session.modulevalidation -Xcc -I/Users/admin/builder/spi-builder-workspace/.derivedData/Build/Intermediates.noindex/ReactiveSwift.build/Debug-watchos/ReactiveSwift.build/swift-overrides.hmap -emit-const-values -Xfrontend -const-gather-protocols-file -Xfrontend /Users/admin/builder/spi-builder-workspace/.derivedData/Build/Intermediates.noindex/ReactiveSwift.build/Debug-watchos/ReactiveSwift.build/Objects-normal/armv7k/ReactiveSwift_const_extract_protocols.json -Xcc -I/Users/admin/builder/spi-builder-workspace/.derivedData/Build/Products/Debug-watchos/include -Xcc -I/Users/admin/builder/spi-builder-workspace/.derivedData/Build/Intermediates.noindex/ReactiveSwift.build/Debug-watchos/ReactiveSwift.build/DerivedSources-normal/armv7k -Xcc -I/Users/admin/builder/spi-builder-workspace/.derivedData/Build/Intermediates.noindex/ReactiveSwift.build/Debug-watchos/ReactiveSwift.build/DerivedSources/armv7k -Xcc -I/Users/admin/builder/spi-builder-workspace/.derivedData/Build/Intermediates.noindex/ReactiveSwift.build/Debug-watchos/ReactiveSwift.build/DerivedSources -Xcc -DSWIFT_PACKAGE -Xcc -DDEBUG\=1 -emit-objc-header -emit-objc-header-path /Users/admin/builder/spi-builder-workspace/.derivedData/Build/Intermediates.noindex/ReactiveSwift.build/Debug-watchos/ReactiveSwift.build/Objects-normal/armv7k/ReactiveSwift-Swift.h -working-directory /Users/admin/builder/spi-builder-workspace/.swiftpm/xcode -experimental-emit-module-separately -disable-cmo
SwiftDriverJobDiscovery normal arm64_32 Emitting module for ReactiveSwift (in target 'ReactiveSwift' from project 'ReactiveSwift')
SwiftDriver\ Compilation\ Requirements ReactiveSwift normal arm64_32 com.apple.xcode.tools.swift.compiler (in target 'ReactiveSwift' from project 'ReactiveSwift')
cd /Users/admin/builder/spi-builder-workspace/.swiftpm/xcode
builtin-Swift-Compilation-Requirements -- /Applications/Xcode-16.3.0.app/Contents/Developer/Toolchains/XcodeDefault.xctoolchain/usr/bin/swiftc -module-name ReactiveSwift -Onone -enforce-exclusivity\=checked @/Users/admin/builder/spi-builder-workspace/.derivedData/Build/Intermediates.noindex/ReactiveSwift.build/Debug-watchos/ReactiveSwift.build/Objects-normal/arm64_32/ReactiveSwift.SwiftFileList -DSWIFT_PACKAGE -DDEBUG -DXcode -plugin-path /Applications/Xcode-16.3.0.app/Contents/Developer/Toolchains/XcodeDefault.xctoolchain/usr/lib/swift/host/plugins/testing -enable-experimental-feature DebugDescriptionMacro -sdk /Applications/Xcode-16.3.0.app/Contents/Developer/Platforms/WatchOS.platform/Developer/SDKs/WatchOS11.4.sdk -target arm64_32-apple-watchos4.0 -g -module-cache-path /Users/admin/builder/spi-builder-workspace/.derivedData/ModuleCache.noindex -Xfrontend -serialize-debugging-options -enable-testing -suppress-warnings -index-store-path /Users/admin/builder/spi-builder-workspace/.derivedData/Index.noindex/DataStore -swift-version 5 -I /Users/admin/builder/spi-builder-workspace/.derivedData/Build/Products/Debug-watchos -I /Applications/Xcode-16.3.0.app/Contents/Developer/Platforms/WatchOS.platform/Developer/usr/lib -F /Users/admin/builder/spi-builder-workspace/.derivedData/Build/Products/Debug-watchos -F /Applications/Xcode-16.3.0.app/Contents/Developer/Platforms/WatchOS.platform/Developer/Library/Frameworks -F /Applications/Xcode-16.3.0.app/Contents/Developer/Platforms/WatchOS.platform/Developer/SDKs/WatchOS11.4.sdk/Developer/Library/Frameworks -c -j10 -enable-batch-mode -incremental -Xcc -ivfsstatcache -Xcc /Users/admin/builder/spi-builder-workspace/.derivedData/SDKStatCaches.noindex/watchos11.4-22T246-43efb940ff07ba2497b70ec94253f576.sdkstatcache -output-file-map /Users/admin/builder/spi-builder-workspace/.derivedData/Build/Intermediates.noindex/ReactiveSwift.build/Debug-watchos/ReactiveSwift.build/Objects-normal/arm64_32/ReactiveSwift-OutputFileMap.json -use-frontend-parseable-output -save-temps -no-color-diagnostics -serialize-diagnostics -emit-dependencies -emit-module -emit-module-path /Users/admin/builder/spi-builder-workspace/.derivedData/Build/Intermediates.noindex/ReactiveSwift.build/Debug-watchos/ReactiveSwift.build/Objects-normal/arm64_32/ReactiveSwift.swiftmodule -validate-clang-modules-once -clang-build-session-file /Users/admin/builder/spi-builder-workspace/.derivedData/ModuleCache.noindex/Session.modulevalidation -Xcc -I/Users/admin/builder/spi-builder-workspace/.derivedData/Build/Intermediates.noindex/ReactiveSwift.build/Debug-watchos/ReactiveSwift.build/swift-overrides.hmap -emit-const-values -Xfrontend -const-gather-protocols-file -Xfrontend /Users/admin/builder/spi-builder-workspace/.derivedData/Build/Intermediates.noindex/ReactiveSwift.build/Debug-watchos/ReactiveSwift.build/Objects-normal/arm64_32/ReactiveSwift_const_extract_protocols.json -Xcc -I/Users/admin/builder/spi-builder-workspace/.derivedData/Build/Products/Debug-watchos/include -Xcc -I/Users/admin/builder/spi-builder-workspace/.derivedData/Build/Intermediates.noindex/ReactiveSwift.build/Debug-watchos/ReactiveSwift.build/DerivedSources-normal/arm64_32 -Xcc -I/Users/admin/builder/spi-builder-workspace/.derivedData/Build/Intermediates.noindex/ReactiveSwift.build/Debug-watchos/ReactiveSwift.build/DerivedSources/arm64_32 -Xcc -I/Users/admin/builder/spi-builder-workspace/.derivedData/Build/Intermediates.noindex/ReactiveSwift.build/Debug-watchos/ReactiveSwift.build/DerivedSources -Xcc -DSWIFT_PACKAGE -Xcc -DDEBUG\=1 -emit-objc-header -emit-objc-header-path /Users/admin/builder/spi-builder-workspace/.derivedData/Build/Intermediates.noindex/ReactiveSwift.build/Debug-watchos/ReactiveSwift.build/Objects-normal/arm64_32/ReactiveSwift-Swift.h -working-directory /Users/admin/builder/spi-builder-workspace/.swiftpm/xcode -experimental-emit-module-separately -disable-cmo
Copy /Users/admin/builder/spi-builder-workspace/.derivedData/Build/Products/Debug-watchos/ReactiveSwift.swiftmodule/armv7k-apple-watchos.swiftmodule /Users/admin/builder/spi-builder-workspace/.derivedData/Build/Intermediates.noindex/ReactiveSwift.build/Debug-watchos/ReactiveSwift.build/Objects-normal/armv7k/ReactiveSwift.swiftmodule (in target 'ReactiveSwift' from project 'ReactiveSwift')
cd /Users/admin/builder/spi-builder-workspace/.dependencies/checkouts/ReactiveSwift
builtin-copy -exclude .DS_Store -exclude CVS -exclude .svn -exclude .git -exclude .hg -resolve-src-symlinks -rename /Users/admin/builder/spi-builder-workspace/.derivedData/Build/Intermediates.noindex/ReactiveSwift.build/Debug-watchos/ReactiveSwift.build/Objects-normal/armv7k/ReactiveSwift.swiftmodule /Users/admin/builder/spi-builder-workspace/.derivedData/Build/Products/Debug-watchos/ReactiveSwift.swiftmodule/armv7k-apple-watchos.swiftmodule
Copy /Users/admin/builder/spi-builder-workspace/.derivedData/Build/Products/Debug-watchos/ReactiveSwift.swiftmodule/armv7k-apple-watchos.abi.json /Users/admin/builder/spi-builder-workspace/.derivedData/Build/Intermediates.noindex/ReactiveSwift.build/Debug-watchos/ReactiveSwift.build/Objects-normal/armv7k/ReactiveSwift.abi.json (in target 'ReactiveSwift' from project 'ReactiveSwift')
cd /Users/admin/builder/spi-builder-workspace/.dependencies/checkouts/ReactiveSwift
builtin-copy -exclude .DS_Store -exclude CVS -exclude .svn -exclude .git -exclude .hg -resolve-src-symlinks -rename /Users/admin/builder/spi-builder-workspace/.derivedData/Build/Intermediates.noindex/ReactiveSwift.build/Debug-watchos/ReactiveSwift.build/Objects-normal/armv7k/ReactiveSwift.abi.json /Users/admin/builder/spi-builder-workspace/.derivedData/Build/Products/Debug-watchos/ReactiveSwift.swiftmodule/armv7k-apple-watchos.abi.json
Copy /Users/admin/builder/spi-builder-workspace/.derivedData/Build/Products/Debug-watchos/ReactiveSwift.swiftmodule/arm64_32-apple-watchos.swiftmodule /Users/admin/builder/spi-builder-workspace/.derivedData/Build/Intermediates.noindex/ReactiveSwift.build/Debug-watchos/ReactiveSwift.build/Objects-normal/arm64_32/ReactiveSwift.swiftmodule (in target 'ReactiveSwift' from project 'ReactiveSwift')
cd /Users/admin/builder/spi-builder-workspace/.dependencies/checkouts/ReactiveSwift
builtin-copy -exclude .DS_Store -exclude CVS -exclude .svn -exclude .git -exclude .hg -resolve-src-symlinks -rename /Users/admin/builder/spi-builder-workspace/.derivedData/Build/Intermediates.noindex/ReactiveSwift.build/Debug-watchos/ReactiveSwift.build/Objects-normal/arm64_32/ReactiveSwift.swiftmodule /Users/admin/builder/spi-builder-workspace/.derivedData/Build/Products/Debug-watchos/ReactiveSwift.swiftmodule/arm64_32-apple-watchos.swiftmodule
SwiftDriverJobDiscovery normal arm64 Compiling Schema.swift (in target 'Schemata' from project 'Schemata')
Copy /Users/admin/builder/spi-builder-workspace/.derivedData/Build/Products/Debug-watchos/ReactiveSwift.swiftmodule/arm64_32-apple-watchos.abi.json /Users/admin/builder/spi-builder-workspace/.derivedData/Build/Intermediates.noindex/ReactiveSwift.build/Debug-watchos/ReactiveSwift.build/Objects-normal/arm64_32/ReactiveSwift.abi.json (in target 'ReactiveSwift' from project 'ReactiveSwift')
cd /Users/admin/builder/spi-builder-workspace/.dependencies/checkouts/ReactiveSwift
builtin-copy -exclude .DS_Store -exclude CVS -exclude .svn -exclude .git -exclude .hg -resolve-src-symlinks -rename /Users/admin/builder/spi-builder-workspace/.derivedData/Build/Intermediates.noindex/ReactiveSwift.build/Debug-watchos/ReactiveSwift.build/Objects-normal/arm64_32/ReactiveSwift.abi.json /Users/admin/builder/spi-builder-workspace/.derivedData/Build/Products/Debug-watchos/ReactiveSwift.swiftmodule/arm64_32-apple-watchos.abi.json
SwiftCompile normal armv7k Compiling\ Property.swift /Users/admin/builder/spi-builder-workspace/.dependencies/checkouts/Schemata/Sources/Property.swift (in target 'Schemata' from project 'Schemata')
SwiftCompile normal armv7k /Users/admin/builder/spi-builder-workspace/.dependencies/checkouts/Schemata/Sources/Property.swift (in target 'Schemata' from project 'Schemata')
cd /Users/admin/builder/spi-builder-workspace/.swiftpm/xcode
SwiftCompile normal arm64_32 Compiling\ None.swift /Users/admin/builder/spi-builder-workspace/.dependencies/checkouts/Schemata/Sources/None.swift (in target 'Schemata' from project 'Schemata')
SwiftCompile normal arm64_32 /Users/admin/builder/spi-builder-workspace/.dependencies/checkouts/Schemata/Sources/None.swift (in target 'Schemata' from project 'Schemata')
cd /Users/admin/builder/spi-builder-workspace/.swiftpm/xcode
SwiftCompile normal arm64_32 Compiling\ Projection.swift /Users/admin/builder/spi-builder-workspace/.dependencies/checkouts/Schemata/Sources/Projection.swift (in target 'Schemata' from project 'Schemata')
SwiftCompile normal arm64_32 /Users/admin/builder/spi-builder-workspace/.dependencies/checkouts/Schemata/Sources/Projection.swift (in target 'Schemata' from project 'Schemata')
cd /Users/admin/builder/spi-builder-workspace/.swiftpm/xcode
SwiftDriverJobDiscovery normal arm64 Emitting module for ReactiveSwift (in target 'ReactiveSwift' from project 'ReactiveSwift')
SwiftDriver\ Compilation\ Requirements ReactiveSwift normal arm64 com.apple.xcode.tools.swift.compiler (in target 'ReactiveSwift' from project 'ReactiveSwift')
cd /Users/admin/builder/spi-builder-workspace/.swiftpm/xcode
builtin-Swift-Compilation-Requirements -- /Applications/Xcode-16.3.0.app/Contents/Developer/Toolchains/XcodeDefault.xctoolchain/usr/bin/swiftc -module-name ReactiveSwift -Onone -enforce-exclusivity\=checked @/Users/admin/builder/spi-builder-workspace/.derivedData/Build/Intermediates.noindex/ReactiveSwift.build/Debug-watchos/ReactiveSwift.build/Objects-normal/arm64/ReactiveSwift.SwiftFileList -DSWIFT_PACKAGE -DDEBUG -DXcode -plugin-path /Applications/Xcode-16.3.0.app/Contents/Developer/Toolchains/XcodeDefault.xctoolchain/usr/lib/swift/host/plugins/testing -enable-experimental-feature DebugDescriptionMacro -sdk /Applications/Xcode-16.3.0.app/Contents/Developer/Platforms/WatchOS.platform/Developer/SDKs/WatchOS11.4.sdk -target arm64-apple-watchos4.0 -g -module-cache-path /Users/admin/builder/spi-builder-workspace/.derivedData/ModuleCache.noindex -Xfrontend -serialize-debugging-options -enable-testing -suppress-warnings -index-store-path /Users/admin/builder/spi-builder-workspace/.derivedData/Index.noindex/DataStore -swift-version 5 -I /Users/admin/builder/spi-builder-workspace/.derivedData/Build/Products/Debug-watchos -I /Applications/Xcode-16.3.0.app/Contents/Developer/Platforms/WatchOS.platform/Developer/usr/lib -F /Users/admin/builder/spi-builder-workspace/.derivedData/Build/Products/Debug-watchos -F /Applications/Xcode-16.3.0.app/Contents/Developer/Platforms/WatchOS.platform/Developer/Library/Frameworks -F /Applications/Xcode-16.3.0.app/Contents/Developer/Platforms/WatchOS.platform/Developer/SDKs/WatchOS11.4.sdk/Developer/Library/Frameworks -c -j10 -enable-batch-mode -incremental -Xcc -ivfsstatcache -Xcc /Users/admin/builder/spi-builder-workspace/.derivedData/SDKStatCaches.noindex/watchos11.4-22T246-43efb940ff07ba2497b70ec94253f576.sdkstatcache -output-file-map /Users/admin/builder/spi-builder-workspace/.derivedData/Build/Intermediates.noindex/ReactiveSwift.build/Debug-watchos/ReactiveSwift.build/Objects-normal/arm64/ReactiveSwift-OutputFileMap.json -use-frontend-parseable-output -save-temps -no-color-diagnostics -serialize-diagnostics -emit-dependencies -emit-module -emit-module-path /Users/admin/builder/spi-builder-workspace/.derivedData/Build/Intermediates.noindex/ReactiveSwift.build/Debug-watchos/ReactiveSwift.build/Objects-normal/arm64/ReactiveSwift.swiftmodule -validate-clang-modules-once -clang-build-session-file /Users/admin/builder/spi-builder-workspace/.derivedData/ModuleCache.noindex/Session.modulevalidation -Xcc -I/Users/admin/builder/spi-builder-workspace/.derivedData/Build/Intermediates.noindex/ReactiveSwift.build/Debug-watchos/ReactiveSwift.build/swift-overrides.hmap -emit-const-values -Xfrontend -const-gather-protocols-file -Xfrontend /Users/admin/builder/spi-builder-workspace/.derivedData/Build/Intermediates.noindex/ReactiveSwift.build/Debug-watchos/ReactiveSwift.build/Objects-normal/arm64/ReactiveSwift_const_extract_protocols.json -Xcc -I/Users/admin/builder/spi-builder-workspace/.derivedData/Build/Products/Debug-watchos/include -Xcc -I/Users/admin/builder/spi-builder-workspace/.derivedData/Build/Intermediates.noindex/ReactiveSwift.build/Debug-watchos/ReactiveSwift.build/DerivedSources-normal/arm64 -Xcc -I/Users/admin/builder/spi-builder-workspace/.derivedData/Build/Intermediates.noindex/ReactiveSwift.build/Debug-watchos/ReactiveSwift.build/DerivedSources/arm64 -Xcc -I/Users/admin/builder/spi-builder-workspace/.derivedData/Build/Intermediates.noindex/ReactiveSwift.build/Debug-watchos/ReactiveSwift.build/DerivedSources -Xcc -DSWIFT_PACKAGE -Xcc -DDEBUG\=1 -emit-objc-header -emit-objc-header-path /Users/admin/builder/spi-builder-workspace/.derivedData/Build/Intermediates.noindex/ReactiveSwift.build/Debug-watchos/ReactiveSwift.build/Objects-normal/arm64/ReactiveSwift-Swift.h -working-directory /Users/admin/builder/spi-builder-workspace/.swiftpm/xcode -experimental-emit-module-separately -disable-cmo
SwiftDriverJobDiscovery normal armv7k Compiling Value.swift (in target 'Schemata' from project 'Schemata')
SwiftCompile normal arm64 Compiling\ Projection.swift /Users/admin/builder/spi-builder-workspace/.dependencies/checkouts/Schemata/Sources/Projection.swift (in target 'Schemata' from project 'Schemata')
SwiftCompile normal arm64 /Users/admin/builder/spi-builder-workspace/.dependencies/checkouts/Schemata/Sources/Projection.swift (in target 'Schemata' from project 'Schemata')
cd /Users/admin/builder/spi-builder-workspace/.swiftpm/xcode
Copy /Users/admin/builder/spi-builder-workspace/.derivedData/Build/Products/Debug-watchos/ReactiveSwift.swiftmodule/arm64-apple-watchos.swiftmodule /Users/admin/builder/spi-builder-workspace/.derivedData/Build/Intermediates.noindex/ReactiveSwift.build/Debug-watchos/ReactiveSwift.build/Objects-normal/arm64/ReactiveSwift.swiftmodule (in target 'ReactiveSwift' from project 'ReactiveSwift')
cd /Users/admin/builder/spi-builder-workspace/.dependencies/checkouts/ReactiveSwift
builtin-copy -exclude .DS_Store -exclude CVS -exclude .svn -exclude .git -exclude .hg -resolve-src-symlinks -rename /Users/admin/builder/spi-builder-workspace/.derivedData/Build/Intermediates.noindex/ReactiveSwift.build/Debug-watchos/ReactiveSwift.build/Objects-normal/arm64/ReactiveSwift.swiftmodule /Users/admin/builder/spi-builder-workspace/.derivedData/Build/Products/Debug-watchos/ReactiveSwift.swiftmodule/arm64-apple-watchos.swiftmodule
SwiftDriverJobDiscovery normal arm64 Compiling Value.swift (in target 'Schemata' from project 'Schemata')
Copy /Users/admin/builder/spi-builder-workspace/.derivedData/Build/Products/Debug-watchos/ReactiveSwift.swiftmodule/arm64-apple-watchos.abi.json /Users/admin/builder/spi-builder-workspace/.derivedData/Build/Intermediates.noindex/ReactiveSwift.build/Debug-watchos/ReactiveSwift.build/Objects-normal/arm64/ReactiveSwift.abi.json (in target 'ReactiveSwift' from project 'ReactiveSwift')
cd /Users/admin/builder/spi-builder-workspace/.dependencies/checkouts/ReactiveSwift
builtin-copy -exclude .DS_Store -exclude CVS -exclude .svn -exclude .git -exclude .hg -resolve-src-symlinks -rename /Users/admin/builder/spi-builder-workspace/.derivedData/Build/Intermediates.noindex/ReactiveSwift.build/Debug-watchos/ReactiveSwift.build/Objects-normal/arm64/ReactiveSwift.abi.json /Users/admin/builder/spi-builder-workspace/.derivedData/Build/Products/Debug-watchos/ReactiveSwift.swiftmodule/arm64-apple-watchos.abi.json
SwiftDriverJobDiscovery normal armv7k Compiling None.swift (in target 'Schemata' from project 'Schemata')
SwiftCompile normal arm64_32 Compiling\ Schema.swift /Users/admin/builder/spi-builder-workspace/.dependencies/checkouts/Schemata/Sources/Schema.swift (in target 'Schemata' from project 'Schemata')
SwiftCompile normal arm64_32 /Users/admin/builder/spi-builder-workspace/.dependencies/checkouts/Schemata/Sources/Schema.swift (in target 'Schemata' from project 'Schemata')
cd /Users/admin/builder/spi-builder-workspace/.swiftpm/xcode
SwiftCompile normal armv7k Compiling\ Schema.swift /Users/admin/builder/spi-builder-workspace/.dependencies/checkouts/Schemata/Sources/Schema.swift (in target 'Schemata' from project 'Schemata')
SwiftCompile normal armv7k /Users/admin/builder/spi-builder-workspace/.dependencies/checkouts/Schemata/Sources/Schema.swift (in target 'Schemata' from project 'Schemata')
cd /Users/admin/builder/spi-builder-workspace/.swiftpm/xcode
SwiftCompile normal arm64 Compiling\ Model.swift /Users/admin/builder/spi-builder-workspace/.dependencies/checkouts/Schemata/Sources/Model.swift (in target 'Schemata' from project 'Schemata')
SwiftCompile normal arm64 /Users/admin/builder/spi-builder-workspace/.dependencies/checkouts/Schemata/Sources/Model.swift (in target 'Schemata' from project 'Schemata')
cd /Users/admin/builder/spi-builder-workspace/.swiftpm/xcode
SwiftDriverJobDiscovery normal arm64 Compiling DecodeError.swift (in target 'Schemata' from project 'Schemata')
SwiftCompile normal arm64_32 Compiling\ Primitive.swift /Users/admin/builder/spi-builder-workspace/.dependencies/checkouts/Schemata/Sources/Primitive.swift (in target 'Schemata' from project 'Schemata')
SwiftCompile normal arm64_32 /Users/admin/builder/spi-builder-workspace/.dependencies/checkouts/Schemata/Sources/Primitive.swift (in target 'Schemata' from project 'Schemata')
cd /Users/admin/builder/spi-builder-workspace/.swiftpm/xcode
SwiftDriverJobDiscovery normal arm64 Compiling PropertyCreation.swift (in target 'Schemata' from project 'Schemata')
SwiftCompile normal armv7k Compiling\ Projection.swift /Users/admin/builder/spi-builder-workspace/.dependencies/checkouts/Schemata/Sources/Projection.swift (in target 'Schemata' from project 'Schemata')
SwiftCompile normal armv7k /Users/admin/builder/spi-builder-workspace/.dependencies/checkouts/Schemata/Sources/Projection.swift (in target 'Schemata' from project 'Schemata')
cd /Users/admin/builder/spi-builder-workspace/.swiftpm/xcode
SwiftDriverJobDiscovery normal arm64 Compiling Property.swift (in target 'Schemata' from project 'Schemata')
SwiftCompile normal arm64_32 Compiling\ Model.swift /Users/admin/builder/spi-builder-workspace/.dependencies/checkouts/Schemata/Sources/Model.swift (in target 'Schemata' from project 'Schemata')
SwiftCompile normal arm64_32 /Users/admin/builder/spi-builder-workspace/.dependencies/checkouts/Schemata/Sources/Model.swift (in target 'Schemata' from project 'Schemata')
cd /Users/admin/builder/spi-builder-workspace/.swiftpm/xcode
SwiftDriverJobDiscovery normal arm64_32 Compiling None.swift (in target 'Schemata' from project 'Schemata')
SwiftCompile normal armv7k Compiling\ TakeWhile.swift,\ Throttle.swift,\ UnaryAsyncOperator.swift,\ UniqueValues.swift,\ Optional.swift /Users/admin/builder/spi-builder-workspace/.dependencies/checkouts/ReactiveSwift/Sources/Observers/TakeWhile.swift /Users/admin/builder/spi-builder-workspace/.dependencies/checkouts/ReactiveSwift/Sources/Observers/Throttle.swift /Users/admin/builder/spi-builder-workspace/.dependencies/checkouts/ReactiveSwift/Sources/Observers/UnaryAsyncOperator.swift /Users/admin/builder/spi-builder-workspace/.dependencies/checkouts/ReactiveSwift/Sources/Observers/UniqueValues.swift /Users/admin/builder/spi-builder-workspace/.dependencies/checkouts/ReactiveSwift/Sources/Optional.swift (in target 'ReactiveSwift' from project 'ReactiveSwift')
SwiftCompile normal armv7k /Users/admin/builder/spi-builder-workspace/.dependencies/checkouts/ReactiveSwift/Sources/Observers/TakeWhile.swift (in target 'ReactiveSwift' from project 'ReactiveSwift')
cd /Users/admin/builder/spi-builder-workspace/.swiftpm/xcode
SwiftCompile normal armv7k /Users/admin/builder/spi-builder-workspace/.dependencies/checkouts/ReactiveSwift/Sources/Observers/Throttle.swift (in target 'ReactiveSwift' from project 'ReactiveSwift')
cd /Users/admin/builder/spi-builder-workspace/.swiftpm/xcode
SwiftCompile normal armv7k /Users/admin/builder/spi-builder-workspace/.dependencies/checkouts/ReactiveSwift/Sources/Observers/UnaryAsyncOperator.swift (in target 'ReactiveSwift' from project 'ReactiveSwift')
cd /Users/admin/builder/spi-builder-workspace/.swiftpm/xcode
SwiftCompile normal armv7k /Users/admin/builder/spi-builder-workspace/.dependencies/checkouts/ReactiveSwift/Sources/Observers/UniqueValues.swift (in target 'ReactiveSwift' from project 'ReactiveSwift')
cd /Users/admin/builder/spi-builder-workspace/.swiftpm/xcode
SwiftCompile normal armv7k /Users/admin/builder/spi-builder-workspace/.dependencies/checkouts/ReactiveSwift/Sources/Optional.swift (in target 'ReactiveSwift' from project 'ReactiveSwift')
cd /Users/admin/builder/spi-builder-workspace/.swiftpm/xcode
SwiftDriverJobDiscovery normal arm64_32 Compiling PropertyCreation.swift (in target 'Schemata' from project 'Schemata')
SwiftCompile normal arm64 Compiling\ SkipRepeats.swift,\ SkipWhile.swift,\ TakeFirst.swift,\ TakeLast.swift,\ TakeUntil.swift /Users/admin/builder/spi-builder-workspace/.dependencies/checkouts/ReactiveSwift/Sources/Observers/SkipRepeats.swift /Users/admin/builder/spi-builder-workspace/.dependencies/checkouts/ReactiveSwift/Sources/Observers/SkipWhile.swift /Users/admin/builder/spi-builder-workspace/.dependencies/checkouts/ReactiveSwift/Sources/Observers/TakeFirst.swift /Users/admin/builder/spi-builder-workspace/.dependencies/checkouts/ReactiveSwift/Sources/Observers/TakeLast.swift /Users/admin/builder/spi-builder-workspace/.dependencies/checkouts/ReactiveSwift/Sources/Observers/TakeUntil.swift (in target 'ReactiveSwift' from project 'ReactiveSwift')
SwiftCompile normal arm64 /Users/admin/builder/spi-builder-workspace/.dependencies/checkouts/ReactiveSwift/Sources/Observers/SkipRepeats.swift (in target 'ReactiveSwift' from project 'ReactiveSwift')
cd /Users/admin/builder/spi-builder-workspace/.swiftpm/xcode
SwiftCompile normal arm64 /Users/admin/builder/spi-builder-workspace/.dependencies/checkouts/ReactiveSwift/Sources/Observers/SkipWhile.swift (in target 'ReactiveSwift' from project 'ReactiveSwift')
cd /Users/admin/builder/spi-builder-workspace/.swiftpm/xcode
SwiftCompile normal arm64 /Users/admin/builder/spi-builder-workspace/.dependencies/checkouts/ReactiveSwift/Sources/Observers/TakeFirst.swift (in target 'ReactiveSwift' from project 'ReactiveSwift')
cd /Users/admin/builder/spi-builder-workspace/.swiftpm/xcode
SwiftCompile normal arm64 /Users/admin/builder/spi-builder-workspace/.dependencies/checkouts/ReactiveSwift/Sources/Observers/TakeLast.swift (in target 'ReactiveSwift' from project 'ReactiveSwift')
cd /Users/admin/builder/spi-builder-workspace/.swiftpm/xcode
SwiftCompile normal arm64 /Users/admin/builder/spi-builder-workspace/.dependencies/checkouts/ReactiveSwift/Sources/Observers/TakeUntil.swift (in target 'ReactiveSwift' from project 'ReactiveSwift')
cd /Users/admin/builder/spi-builder-workspace/.swiftpm/xcode
SwiftDriverJobDiscovery normal armv7k Compiling Property.swift (in target 'Schemata' from project 'Schemata')
SwiftCompile normal arm64 Compiling\ Map.swift,\ MapError.swift,\ Materialize.swift,\ MaterializeAsResult.swift,\ ObserveOn.swift /Users/admin/builder/spi-builder-workspace/.dependencies/checkouts/ReactiveSwift/Sources/Observers/Map.swift /Users/admin/builder/spi-builder-workspace/.dependencies/checkouts/ReactiveSwift/Sources/Observers/MapError.swift /Users/admin/builder/spi-builder-workspace/.dependencies/checkouts/ReactiveSwift/Sources/Observers/Materialize.swift /Users/admin/builder/spi-builder-workspace/.dependencies/checkouts/ReactiveSwift/Sources/Observers/MaterializeAsResult.swift /Users/admin/builder/spi-builder-workspace/.dependencies/checkouts/ReactiveSwift/Sources/Observers/ObserveOn.swift (in target 'ReactiveSwift' from project 'ReactiveSwift')
SwiftCompile normal arm64 /Users/admin/builder/spi-builder-workspace/.dependencies/checkouts/ReactiveSwift/Sources/Observers/Map.swift (in target 'ReactiveSwift' from project 'ReactiveSwift')
cd /Users/admin/builder/spi-builder-workspace/.swiftpm/xcode
SwiftCompile normal arm64 /Users/admin/builder/spi-builder-workspace/.dependencies/checkouts/ReactiveSwift/Sources/Observers/MapError.swift (in target 'ReactiveSwift' from project 'ReactiveSwift')
cd /Users/admin/builder/spi-builder-workspace/.swiftpm/xcode
SwiftCompile normal arm64 /Users/admin/builder/spi-builder-workspace/.dependencies/checkouts/ReactiveSwift/Sources/Observers/Materialize.swift (in target 'ReactiveSwift' from project 'ReactiveSwift')
cd /Users/admin/builder/spi-builder-workspace/.swiftpm/xcode
SwiftCompile normal arm64 /Users/admin/builder/spi-builder-workspace/.dependencies/checkouts/ReactiveSwift/Sources/Observers/MaterializeAsResult.swift (in target 'ReactiveSwift' from project 'ReactiveSwift')
cd /Users/admin/builder/spi-builder-workspace/.swiftpm/xcode
SwiftCompile normal arm64 /Users/admin/builder/spi-builder-workspace/.dependencies/checkouts/ReactiveSwift/Sources/Observers/ObserveOn.swift (in target 'ReactiveSwift' from project 'ReactiveSwift')
cd /Users/admin/builder/spi-builder-workspace/.swiftpm/xcode
SwiftDriverJobDiscovery normal arm64_32 Compiling Projection.swift (in target 'Schemata' from project 'Schemata')
SwiftCompile normal arm64_32 Compiling\ SkipRepeats.swift,\ SkipWhile.swift,\ TakeFirst.swift,\ TakeLast.swift,\ TakeUntil.swift /Users/admin/builder/spi-builder-workspace/.dependencies/checkouts/ReactiveSwift/Sources/Observers/SkipRepeats.swift /Users/admin/builder/spi-builder-workspace/.dependencies/checkouts/ReactiveSwift/Sources/Observers/SkipWhile.swift /Users/admin/builder/spi-builder-workspace/.dependencies/checkouts/ReactiveSwift/Sources/Observers/TakeFirst.swift /Users/admin/builder/spi-builder-workspace/.dependencies/checkouts/ReactiveSwift/Sources/Observers/TakeLast.swift /Users/admin/builder/spi-builder-workspace/.dependencies/checkouts/ReactiveSwift/Sources/Observers/TakeUntil.swift (in target 'ReactiveSwift' from project 'ReactiveSwift')
SwiftCompile normal arm64_32 /Users/admin/builder/spi-builder-workspace/.dependencies/checkouts/ReactiveSwift/Sources/Observers/SkipRepeats.swift (in target 'ReactiveSwift' from project 'ReactiveSwift')
cd /Users/admin/builder/spi-builder-workspace/.swiftpm/xcode
SwiftCompile normal arm64_32 /Users/admin/builder/spi-builder-workspace/.dependencies/checkouts/ReactiveSwift/Sources/Observers/SkipWhile.swift (in target 'ReactiveSwift' from project 'ReactiveSwift')
cd /Users/admin/builder/spi-builder-workspace/.swiftpm/xcode
SwiftCompile normal arm64_32 /Users/admin/builder/spi-builder-workspace/.dependencies/checkouts/ReactiveSwift/Sources/Observers/TakeFirst.swift (in target 'ReactiveSwift' from project 'ReactiveSwift')
cd /Users/admin/builder/spi-builder-workspace/.swiftpm/xcode
SwiftCompile normal arm64_32 /Users/admin/builder/spi-builder-workspace/.dependencies/checkouts/ReactiveSwift/Sources/Observers/TakeLast.swift (in target 'ReactiveSwift' from project 'ReactiveSwift')
cd /Users/admin/builder/spi-builder-workspace/.swiftpm/xcode
SwiftCompile normal arm64_32 /Users/admin/builder/spi-builder-workspace/.dependencies/checkouts/ReactiveSwift/Sources/Observers/TakeUntil.swift (in target 'ReactiveSwift' from project 'ReactiveSwift')
cd /Users/admin/builder/spi-builder-workspace/.swiftpm/xcode
SwiftDriverJobDiscovery normal arm64 Compiling Projection.swift (in target 'Schemata' from project 'Schemata')
SwiftCompile normal arm64_32 Compiling\ Collect.swift,\ CollectEvery.swift,\ CombinePrevious.swift,\ CompactMap.swift,\ Debounce.swift /Users/admin/builder/spi-builder-workspace/.dependencies/checkouts/ReactiveSwift/Sources/Observers/Collect.swift /Users/admin/builder/spi-builder-workspace/.dependencies/checkouts/ReactiveSwift/Sources/Observers/CollectEvery.swift /Users/admin/builder/spi-builder-workspace/.dependencies/checkouts/ReactiveSwift/Sources/Observers/CombinePrevious.swift /Users/admin/builder/spi-builder-workspace/.dependencies/checkouts/ReactiveSwift/Sources/Observers/CompactMap.swift /Users/admin/builder/spi-builder-workspace/.dependencies/checkouts/ReactiveSwift/Sources/Observers/Debounce.swift (in target 'ReactiveSwift' from project 'ReactiveSwift')
SwiftCompile normal arm64_32 /Users/admin/builder/spi-builder-workspace/.dependencies/checkouts/ReactiveSwift/Sources/Observers/Collect.swift (in target 'ReactiveSwift' from project 'ReactiveSwift')
cd /Users/admin/builder/spi-builder-workspace/.swiftpm/xcode
SwiftCompile normal arm64_32 /Users/admin/builder/spi-builder-workspace/.dependencies/checkouts/ReactiveSwift/Sources/Observers/CollectEvery.swift (in target 'ReactiveSwift' from project 'ReactiveSwift')
cd /Users/admin/builder/spi-builder-workspace/.swiftpm/xcode
SwiftCompile normal arm64_32 /Users/admin/builder/spi-builder-workspace/.dependencies/checkouts/ReactiveSwift/Sources/Observers/CombinePrevious.swift (in target 'ReactiveSwift' from project 'ReactiveSwift')
cd /Users/admin/builder/spi-builder-workspace/.swiftpm/xcode
SwiftCompile normal arm64_32 /Users/admin/builder/spi-builder-workspace/.dependencies/checkouts/ReactiveSwift/Sources/Observers/CompactMap.swift (in target 'ReactiveSwift' from project 'ReactiveSwift')
cd /Users/admin/builder/spi-builder-workspace/.swiftpm/xcode
SwiftCompile normal arm64_32 /Users/admin/builder/spi-builder-workspace/.dependencies/checkouts/ReactiveSwift/Sources/Observers/Debounce.swift (in target 'ReactiveSwift' from project 'ReactiveSwift')
cd /Users/admin/builder/spi-builder-workspace/.swiftpm/xcode
SwiftDriverJobDiscovery normal arm64_32 Compiling Primitive.swift (in target 'Schemata' from project 'Schemata')
SwiftCompile normal armv7k Compiling\ Property.swift,\ Reactive.swift,\ ResultExtensions.swift,\ Scheduler.swift,\ Signal.Observer.swift /Users/admin/builder/spi-builder-workspace/.dependencies/checkouts/ReactiveSwift/Sources/Property.swift /Users/admin/builder/spi-builder-workspace/.dependencies/checkouts/ReactiveSwift/Sources/Reactive.swift /Users/admin/builder/spi-builder-workspace/.dependencies/checkouts/ReactiveSwift/Sources/ResultExtensions.swift /Users/admin/builder/spi-builder-workspace/.dependencies/checkouts/ReactiveSwift/Sources/Scheduler.swift /Users/admin/builder/spi-builder-workspace/.dependencies/checkouts/ReactiveSwift/Sources/Signal.Observer.swift (in target 'ReactiveSwift' from project 'ReactiveSwift')
SwiftCompile normal armv7k /Users/admin/builder/spi-builder-workspace/.dependencies/checkouts/ReactiveSwift/Sources/Property.swift (in target 'ReactiveSwift' from project 'ReactiveSwift')
cd /Users/admin/builder/spi-builder-workspace/.swiftpm/xcode
SwiftCompile normal armv7k /Users/admin/builder/spi-builder-workspace/.dependencies/checkouts/ReactiveSwift/Sources/Reactive.swift (in target 'ReactiveSwift' from project 'ReactiveSwift')
cd /Users/admin/builder/spi-builder-workspace/.swiftpm/xcode
SwiftCompile normal armv7k /Users/admin/builder/spi-builder-workspace/.dependencies/checkouts/ReactiveSwift/Sources/ResultExtensions.swift (in target 'ReactiveSwift' from project 'ReactiveSwift')
cd /Users/admin/builder/spi-builder-workspace/.swiftpm/xcode
SwiftCompile normal armv7k /Users/admin/builder/spi-builder-workspace/.dependencies/checkouts/ReactiveSwift/Sources/Scheduler.swift (in target 'ReactiveSwift' from project 'ReactiveSwift')
cd /Users/admin/builder/spi-builder-workspace/.swiftpm/xcode
SwiftCompile normal armv7k /Users/admin/builder/spi-builder-workspace/.dependencies/checkouts/ReactiveSwift/Sources/Signal.Observer.swift (in target 'ReactiveSwift' from project 'ReactiveSwift')
cd /Users/admin/builder/spi-builder-workspace/.swiftpm/xcode
SwiftDriverJobDiscovery normal armv7k Compiling Projection.swift (in target 'Schemata' from project 'Schemata')
SwiftCompile normal arm64_32 Compiling\ Observer.swift,\ Operators.swift,\ Reduce.swift,\ ScanMap.swift,\ SkipFirst.swift /Users/admin/builder/spi-builder-workspace/.dependencies/checkouts/ReactiveSwift/Sources/Observers/Observer.swift /Users/admin/builder/spi-builder-workspace/.dependencies/checkouts/ReactiveSwift/Sources/Observers/Operators.swift /Users/admin/builder/spi-builder-workspace/.dependencies/checkouts/ReactiveSwift/Sources/Observers/Reduce.swift /Users/admin/builder/spi-builder-workspace/.dependencies/checkouts/ReactiveSwift/Sources/Observers/ScanMap.swift /Users/admin/builder/spi-builder-workspace/.dependencies/checkouts/ReactiveSwift/Sources/Observers/SkipFirst.swift (in target 'ReactiveSwift' from project 'ReactiveSwift')
SwiftCompile normal arm64_32 /Users/admin/builder/spi-builder-workspace/.dependencies/checkouts/ReactiveSwift/Sources/Observers/Observer.swift (in target 'ReactiveSwift' from project 'ReactiveSwift')
cd /Users/admin/builder/spi-builder-workspace/.swiftpm/xcode
SwiftCompile normal arm64_32 /Users/admin/builder/spi-builder-workspace/.dependencies/checkouts/ReactiveSwift/Sources/Observers/Operators.swift (in target 'ReactiveSwift' from project 'ReactiveSwift')
cd /Users/admin/builder/spi-builder-workspace/.swiftpm/xcode
SwiftCompile normal arm64_32 /Users/admin/builder/spi-builder-workspace/.dependencies/checkouts/ReactiveSwift/Sources/Observers/Reduce.swift (in target 'ReactiveSwift' from project 'ReactiveSwift')
cd /Users/admin/builder/spi-builder-workspace/.swiftpm/xcode
SwiftCompile normal arm64_32 /Users/admin/builder/spi-builder-workspace/.dependencies/checkouts/ReactiveSwift/Sources/Observers/ScanMap.swift (in target 'ReactiveSwift' from project 'ReactiveSwift')
cd /Users/admin/builder/spi-builder-workspace/.swiftpm/xcode
SwiftCompile normal arm64_32 /Users/admin/builder/spi-builder-workspace/.dependencies/checkouts/ReactiveSwift/Sources/Observers/SkipFirst.swift (in target 'ReactiveSwift' from project 'ReactiveSwift')
cd /Users/admin/builder/spi-builder-workspace/.swiftpm/xcode
SwiftDriverJobDiscovery normal arm64 Compiling Model.swift (in target 'Schemata' from project 'Schemata')
SwiftDriver\ Compilation Schemata normal arm64 com.apple.xcode.tools.swift.compiler (in target 'Schemata' from project 'Schemata')
cd /Users/admin/builder/spi-builder-workspace/.swiftpm/xcode
builtin-Swift-Compilation -- /Applications/Xcode-16.3.0.app/Contents/Developer/Toolchains/XcodeDefault.xctoolchain/usr/bin/swiftc -module-name Schemata -Onone -enforce-exclusivity\=checked @/Users/admin/builder/spi-builder-workspace/.derivedData/Build/Intermediates.noindex/Schemata.build/Debug-watchos/Schemata.build/Objects-normal/arm64/Schemata.SwiftFileList -DSWIFT_PACKAGE -DDEBUG -DXcode -plugin-path /Applications/Xcode-16.3.0.app/Contents/Developer/Toolchains/XcodeDefault.xctoolchain/usr/lib/swift/host/plugins/testing -enable-experimental-feature DebugDescriptionMacro -sdk /Applications/Xcode-16.3.0.app/Contents/Developer/Platforms/WatchOS.platform/Developer/SDKs/WatchOS11.4.sdk -target arm64-apple-watchos5.0 -g -module-cache-path /Users/admin/builder/spi-builder-workspace/.derivedData/ModuleCache.noindex -Xfrontend -serialize-debugging-options -enable-testing -suppress-warnings -index-store-path /Users/admin/builder/spi-builder-workspace/.derivedData/Index.noindex/DataStore -swift-version 5 -I /Users/admin/builder/spi-builder-workspace/.derivedData/Build/Products/Debug-watchos -I /Applications/Xcode-16.3.0.app/Contents/Developer/Platforms/WatchOS.platform/Developer/usr/lib -F /Users/admin/builder/spi-builder-workspace/.derivedData/Build/Products/Debug-watchos -F /Applications/Xcode-16.3.0.app/Contents/Developer/Platforms/WatchOS.platform/Developer/Library/Frameworks -F /Applications/Xcode-16.3.0.app/Contents/Developer/Platforms/WatchOS.platform/Developer/SDKs/WatchOS11.4.sdk/Developer/Library/Frameworks -c -j10 -enable-batch-mode -incremental -Xcc -ivfsstatcache -Xcc /Users/admin/builder/spi-builder-workspace/.derivedData/SDKStatCaches.noindex/watchos11.4-22T246-43efb940ff07ba2497b70ec94253f576.sdkstatcache -output-file-map /Users/admin/builder/spi-builder-workspace/.derivedData/Build/Intermediates.noindex/Schemata.build/Debug-watchos/Schemata.build/Objects-normal/arm64/Schemata-OutputFileMap.json -use-frontend-parseable-output -save-temps -no-color-diagnostics -serialize-diagnostics -emit-dependencies -emit-module -emit-module-path /Users/admin/builder/spi-builder-workspace/.derivedData/Build/Intermediates.noindex/Schemata.build/Debug-watchos/Schemata.build/Objects-normal/arm64/Schemata.swiftmodule -validate-clang-modules-once -clang-build-session-file /Users/admin/builder/spi-builder-workspace/.derivedData/ModuleCache.noindex/Session.modulevalidation -Xcc -I/Users/admin/builder/spi-builder-workspace/.derivedData/Build/Intermediates.noindex/Schemata.build/Debug-watchos/Schemata.build/swift-overrides.hmap -emit-const-values -Xfrontend -const-gather-protocols-file -Xfrontend /Users/admin/builder/spi-builder-workspace/.derivedData/Build/Intermediates.noindex/Schemata.build/Debug-watchos/Schemata.build/Objects-normal/arm64/Schemata_const_extract_protocols.json -Xcc -I/Users/admin/builder/spi-builder-workspace/.derivedData/Build/Products/Debug-watchos/include -Xcc -I/Users/admin/builder/spi-builder-workspace/.derivedData/Build/Intermediates.noindex/Schemata.build/Debug-watchos/Schemata.build/DerivedSources-normal/arm64 -Xcc -I/Users/admin/builder/spi-builder-workspace/.derivedData/Build/Intermediates.noindex/Schemata.build/Debug-watchos/Schemata.build/DerivedSources/arm64 -Xcc -I/Users/admin/builder/spi-builder-workspace/.derivedData/Build/Intermediates.noindex/Schemata.build/Debug-watchos/Schemata.build/DerivedSources -Xcc -DSWIFT_PACKAGE -Xcc -DDEBUG\=1 -emit-objc-header -emit-objc-header-path /Users/admin/builder/spi-builder-workspace/.derivedData/Build/Intermediates.noindex/Schemata.build/Debug-watchos/Schemata.build/Objects-normal/arm64/Schemata-Swift.h -working-directory /Users/admin/builder/spi-builder-workspace/.swiftpm/xcode -experimental-emit-module-separately -disable-cmo
SwiftDriverJobDiscovery normal arm64_32 Compiling Schema.swift (in target 'Schemata' from project 'Schemata')
SwiftCompile normal arm64 Compiling\ Observer.swift,\ Operators.swift,\ Reduce.swift,\ ScanMap.swift,\ SkipFirst.swift /Users/admin/builder/spi-builder-workspace/.dependencies/checkouts/ReactiveSwift/Sources/Observers/Observer.swift /Users/admin/builder/spi-builder-workspace/.dependencies/checkouts/ReactiveSwift/Sources/Observers/Operators.swift /Users/admin/builder/spi-builder-workspace/.dependencies/checkouts/ReactiveSwift/Sources/Observers/Reduce.swift /Users/admin/builder/spi-builder-workspace/.dependencies/checkouts/ReactiveSwift/Sources/Observers/ScanMap.swift /Users/admin/builder/spi-builder-workspace/.dependencies/checkouts/ReactiveSwift/Sources/Observers/SkipFirst.swift (in target 'ReactiveSwift' from project 'ReactiveSwift')
SwiftCompile normal arm64 /Users/admin/builder/spi-builder-workspace/.dependencies/checkouts/ReactiveSwift/Sources/Observers/Observer.swift (in target 'ReactiveSwift' from project 'ReactiveSwift')
cd /Users/admin/builder/spi-builder-workspace/.swiftpm/xcode
SwiftCompile normal arm64 /Users/admin/builder/spi-builder-workspace/.dependencies/checkouts/ReactiveSwift/Sources/Observers/Operators.swift (in target 'ReactiveSwift' from project 'ReactiveSwift')
cd /Users/admin/builder/spi-builder-workspace/.swiftpm/xcode
SwiftCompile normal arm64 /Users/admin/builder/spi-builder-workspace/.dependencies/checkouts/ReactiveSwift/Sources/Observers/Reduce.swift (in target 'ReactiveSwift' from project 'ReactiveSwift')
cd /Users/admin/builder/spi-builder-workspace/.swiftpm/xcode
SwiftCompile normal arm64 /Users/admin/builder/spi-builder-workspace/.dependencies/checkouts/ReactiveSwift/Sources/Observers/ScanMap.swift (in target 'ReactiveSwift' from project 'ReactiveSwift')
cd /Users/admin/builder/spi-builder-workspace/.swiftpm/xcode
SwiftCompile normal arm64 /Users/admin/builder/spi-builder-workspace/.dependencies/checkouts/ReactiveSwift/Sources/Observers/SkipFirst.swift (in target 'ReactiveSwift' from project 'ReactiveSwift')
cd /Users/admin/builder/spi-builder-workspace/.swiftpm/xcode
SwiftCompile normal arm64_32 Compiling\ Map.swift,\ MapError.swift,\ Materialize.swift,\ MaterializeAsResult.swift,\ ObserveOn.swift /Users/admin/builder/spi-builder-workspace/.dependencies/checkouts/ReactiveSwift/Sources/Observers/Map.swift /Users/admin/builder/spi-builder-workspace/.dependencies/checkouts/ReactiveSwift/Sources/Observers/MapError.swift /Users/admin/builder/spi-builder-workspace/.dependencies/checkouts/ReactiveSwift/Sources/Observers/Materialize.swift /Users/admin/builder/spi-builder-workspace/.dependencies/checkouts/ReactiveSwift/Sources/Observers/MaterializeAsResult.swift /Users/admin/builder/spi-builder-workspace/.dependencies/checkouts/ReactiveSwift/Sources/Observers/ObserveOn.swift (in target 'ReactiveSwift' from project 'ReactiveSwift')
SwiftCompile normal arm64_32 /Users/admin/builder/spi-builder-workspace/.dependencies/checkouts/ReactiveSwift/Sources/Observers/Map.swift (in target 'ReactiveSwift' from project 'ReactiveSwift')
cd /Users/admin/builder/spi-builder-workspace/.swiftpm/xcode
SwiftCompile normal arm64_32 /Users/admin/builder/spi-builder-workspace/.dependencies/checkouts/ReactiveSwift/Sources/Observers/MapError.swift (in target 'ReactiveSwift' from project 'ReactiveSwift')
cd /Users/admin/builder/spi-builder-workspace/.swiftpm/xcode
SwiftCompile normal arm64_32 /Users/admin/builder/spi-builder-workspace/.dependencies/checkouts/ReactiveSwift/Sources/Observers/Materialize.swift (in target 'ReactiveSwift' from project 'ReactiveSwift')
cd /Users/admin/builder/spi-builder-workspace/.swiftpm/xcode
SwiftCompile normal arm64_32 /Users/admin/builder/spi-builder-workspace/.dependencies/checkouts/ReactiveSwift/Sources/Observers/MaterializeAsResult.swift (in target 'ReactiveSwift' from project 'ReactiveSwift')
cd /Users/admin/builder/spi-builder-workspace/.swiftpm/xcode
SwiftCompile normal arm64_32 /Users/admin/builder/spi-builder-workspace/.dependencies/checkouts/ReactiveSwift/Sources/Observers/ObserveOn.swift (in target 'ReactiveSwift' from project 'ReactiveSwift')
cd /Users/admin/builder/spi-builder-workspace/.swiftpm/xcode
SwiftDriverJobDiscovery normal armv7k Compiling Schema.swift (in target 'Schemata' from project 'Schemata')
SwiftDriver\ Compilation Schemata normal armv7k com.apple.xcode.tools.swift.compiler (in target 'Schemata' from project 'Schemata')
cd /Users/admin/builder/spi-builder-workspace/.swiftpm/xcode
builtin-Swift-Compilation -- /Applications/Xcode-16.3.0.app/Contents/Developer/Toolchains/XcodeDefault.xctoolchain/usr/bin/swiftc -module-name Schemata -Onone -enforce-exclusivity\=checked @/Users/admin/builder/spi-builder-workspace/.derivedData/Build/Intermediates.noindex/Schemata.build/Debug-watchos/Schemata.build/Objects-normal/armv7k/Schemata.SwiftFileList -DSWIFT_PACKAGE -DDEBUG -DXcode -plugin-path /Applications/Xcode-16.3.0.app/Contents/Developer/Toolchains/XcodeDefault.xctoolchain/usr/lib/swift/host/plugins/testing -enable-experimental-feature DebugDescriptionMacro -sdk /Applications/Xcode-16.3.0.app/Contents/Developer/Platforms/WatchOS.platform/Developer/SDKs/WatchOS11.4.sdk -target armv7k-apple-watchos5.0 -g -module-cache-path /Users/admin/builder/spi-builder-workspace/.derivedData/ModuleCache.noindex -Xfrontend -serialize-debugging-options -enable-testing -suppress-warnings -index-store-path /Users/admin/builder/spi-builder-workspace/.derivedData/Index.noindex/DataStore -swift-version 5 -I /Users/admin/builder/spi-builder-workspace/.derivedData/Build/Products/Debug-watchos -I /Applications/Xcode-16.3.0.app/Contents/Developer/Platforms/WatchOS.platform/Developer/usr/lib -F /Users/admin/builder/spi-builder-workspace/.derivedData/Build/Products/Debug-watchos -F /Applications/Xcode-16.3.0.app/Contents/Developer/Platforms/WatchOS.platform/Developer/Library/Frameworks -F /Applications/Xcode-16.3.0.app/Contents/Developer/Platforms/WatchOS.platform/Developer/SDKs/WatchOS11.4.sdk/Developer/Library/Frameworks -c -j10 -enable-batch-mode -incremental -Xcc -ivfsstatcache -Xcc /Users/admin/builder/spi-builder-workspace/.derivedData/SDKStatCaches.noindex/watchos11.4-22T246-43efb940ff07ba2497b70ec94253f576.sdkstatcache -output-file-map /Users/admin/builder/spi-builder-workspace/.derivedData/Build/Intermediates.noindex/Schemata.build/Debug-watchos/Schemata.build/Objects-normal/armv7k/Schemata-OutputFileMap.json -use-frontend-parseable-output -save-temps -no-color-diagnostics -serialize-diagnostics -emit-dependencies -emit-module -emit-module-path /Users/admin/builder/spi-builder-workspace/.derivedData/Build/Intermediates.noindex/Schemata.build/Debug-watchos/Schemata.build/Objects-normal/armv7k/Schemata.swiftmodule -validate-clang-modules-once -clang-build-session-file /Users/admin/builder/spi-builder-workspace/.derivedData/ModuleCache.noindex/Session.modulevalidation -Xcc -I/Users/admin/builder/spi-builder-workspace/.derivedData/Build/Intermediates.noindex/Schemata.build/Debug-watchos/Schemata.build/swift-overrides.hmap -emit-const-values -Xfrontend -const-gather-protocols-file -Xfrontend /Users/admin/builder/spi-builder-workspace/.derivedData/Build/Intermediates.noindex/Schemata.build/Debug-watchos/Schemata.build/Objects-normal/armv7k/Schemata_const_extract_protocols.json -Xcc -I/Users/admin/builder/spi-builder-workspace/.derivedData/Build/Products/Debug-watchos/include -Xcc -I/Users/admin/builder/spi-builder-workspace/.derivedData/Build/Intermediates.noindex/Schemata.build/Debug-watchos/Schemata.build/DerivedSources-normal/armv7k -Xcc -I/Users/admin/builder/spi-builder-workspace/.derivedData/Build/Intermediates.noindex/Schemata.build/Debug-watchos/Schemata.build/DerivedSources/armv7k -Xcc -I/Users/admin/builder/spi-builder-workspace/.derivedData/Build/Intermediates.noindex/Schemata.build/Debug-watchos/Schemata.build/DerivedSources -Xcc -DSWIFT_PACKAGE -Xcc -DDEBUG\=1 -emit-objc-header -emit-objc-header-path /Users/admin/builder/spi-builder-workspace/.derivedData/Build/Intermediates.noindex/Schemata.build/Debug-watchos/Schemata.build/Objects-normal/armv7k/Schemata-Swift.h -working-directory /Users/admin/builder/spi-builder-workspace/.swiftpm/xcode -experimental-emit-module-separately -disable-cmo
SwiftDriverJobDiscovery normal arm64_32 Compiling Model.swift (in target 'Schemata' from project 'Schemata')
SwiftCompile normal arm64 Compiling\ Property.swift,\ Reactive.swift,\ ResultExtensions.swift,\ Scheduler.swift,\ Signal.Observer.swift /Users/admin/builder/spi-builder-workspace/.dependencies/checkouts/ReactiveSwift/Sources/Property.swift /Users/admin/builder/spi-builder-workspace/.dependencies/checkouts/ReactiveSwift/Sources/Reactive.swift /Users/admin/builder/spi-builder-workspace/.dependencies/checkouts/ReactiveSwift/Sources/ResultExtensions.swift /Users/admin/builder/spi-builder-workspace/.dependencies/checkouts/ReactiveSwift/Sources/Scheduler.swift /Users/admin/builder/spi-builder-workspace/.dependencies/checkouts/ReactiveSwift/Sources/Signal.Observer.swift (in target 'ReactiveSwift' from project 'ReactiveSwift')
SwiftCompile normal arm64 /Users/admin/builder/spi-builder-workspace/.dependencies/checkouts/ReactiveSwift/Sources/Property.swift (in target 'ReactiveSwift' from project 'ReactiveSwift')
cd /Users/admin/builder/spi-builder-workspace/.swiftpm/xcode
SwiftCompile normal arm64 /Users/admin/builder/spi-builder-workspace/.dependencies/checkouts/ReactiveSwift/Sources/Reactive.swift (in target 'ReactiveSwift' from project 'ReactiveSwift')
cd /Users/admin/builder/spi-builder-workspace/.swiftpm/xcode
SwiftCompile normal arm64 /Users/admin/builder/spi-builder-workspace/.dependencies/checkouts/ReactiveSwift/Sources/ResultExtensions.swift (in target 'ReactiveSwift' from project 'ReactiveSwift')
cd /Users/admin/builder/spi-builder-workspace/.swiftpm/xcode
SwiftCompile normal arm64 /Users/admin/builder/spi-builder-workspace/.dependencies/checkouts/ReactiveSwift/Sources/Scheduler.swift (in target 'ReactiveSwift' from project 'ReactiveSwift')
cd /Users/admin/builder/spi-builder-workspace/.swiftpm/xcode
SwiftCompile normal arm64 /Users/admin/builder/spi-builder-workspace/.dependencies/checkouts/ReactiveSwift/Sources/Signal.Observer.swift (in target 'ReactiveSwift' from project 'ReactiveSwift')
cd /Users/admin/builder/spi-builder-workspace/.swiftpm/xcode
SwiftDriver\ Compilation Schemata normal arm64_32 com.apple.xcode.tools.swift.compiler (in target 'Schemata' from project 'Schemata')
cd /Users/admin/builder/spi-builder-workspace/.swiftpm/xcode
builtin-Swift-Compilation -- /Applications/Xcode-16.3.0.app/Contents/Developer/Toolchains/XcodeDefault.xctoolchain/usr/bin/swiftc -module-name Schemata -Onone -enforce-exclusivity\=checked @/Users/admin/builder/spi-builder-workspace/.derivedData/Build/Intermediates.noindex/Schemata.build/Debug-watchos/Schemata.build/Objects-normal/arm64_32/Schemata.SwiftFileList -DSWIFT_PACKAGE -DDEBUG -DXcode -plugin-path /Applications/Xcode-16.3.0.app/Contents/Developer/Toolchains/XcodeDefault.xctoolchain/usr/lib/swift/host/plugins/testing -enable-experimental-feature DebugDescriptionMacro -sdk /Applications/Xcode-16.3.0.app/Contents/Developer/Platforms/WatchOS.platform/Developer/SDKs/WatchOS11.4.sdk -target arm64_32-apple-watchos5.0 -g -module-cache-path /Users/admin/builder/spi-builder-workspace/.derivedData/ModuleCache.noindex -Xfrontend -serialize-debugging-options -enable-testing -suppress-warnings -index-store-path /Users/admin/builder/spi-builder-workspace/.derivedData/Index.noindex/DataStore -swift-version 5 -I /Users/admin/builder/spi-builder-workspace/.derivedData/Build/Products/Debug-watchos -I /Applications/Xcode-16.3.0.app/Contents/Developer/Platforms/WatchOS.platform/Developer/usr/lib -F /Users/admin/builder/spi-builder-workspace/.derivedData/Build/Products/Debug-watchos -F /Applications/Xcode-16.3.0.app/Contents/Developer/Platforms/WatchOS.platform/Developer/Library/Frameworks -F /Applications/Xcode-16.3.0.app/Contents/Developer/Platforms/WatchOS.platform/Developer/SDKs/WatchOS11.4.sdk/Developer/Library/Frameworks -c -j10 -enable-batch-mode -incremental -Xcc -ivfsstatcache -Xcc /Users/admin/builder/spi-builder-workspace/.derivedData/SDKStatCaches.noindex/watchos11.4-22T246-43efb940ff07ba2497b70ec94253f576.sdkstatcache -output-file-map /Users/admin/builder/spi-builder-workspace/.derivedData/Build/Intermediates.noindex/Schemata.build/Debug-watchos/Schemata.build/Objects-normal/arm64_32/Schemata-OutputFileMap.json -use-frontend-parseable-output -save-temps -no-color-diagnostics -serialize-diagnostics -emit-dependencies -emit-module -emit-module-path /Users/admin/builder/spi-builder-workspace/.derivedData/Build/Intermediates.noindex/Schemata.build/Debug-watchos/Schemata.build/Objects-normal/arm64_32/Schemata.swiftmodule -validate-clang-modules-once -clang-build-session-file /Users/admin/builder/spi-builder-workspace/.derivedData/ModuleCache.noindex/Session.modulevalidation -Xcc -I/Users/admin/builder/spi-builder-workspace/.derivedData/Build/Intermediates.noindex/Schemata.build/Debug-watchos/Schemata.build/swift-overrides.hmap -emit-const-values -Xfrontend -const-gather-protocols-file -Xfrontend /Users/admin/builder/spi-builder-workspace/.derivedData/Build/Intermediates.noindex/Schemata.build/Debug-watchos/Schemata.build/Objects-normal/arm64_32/Schemata_const_extract_protocols.json -Xcc -I/Users/admin/builder/spi-builder-workspace/.derivedData/Build/Products/Debug-watchos/include -Xcc -I/Users/admin/builder/spi-builder-workspace/.derivedData/Build/Intermediates.noindex/Schemata.build/Debug-watchos/Schemata.build/DerivedSources-normal/arm64_32 -Xcc -I/Users/admin/builder/spi-builder-workspace/.derivedData/Build/Intermediates.noindex/Schemata.build/Debug-watchos/Schemata.build/DerivedSources/arm64_32 -Xcc -I/Users/admin/builder/spi-builder-workspace/.derivedData/Build/Intermediates.noindex/Schemata.build/Debug-watchos/Schemata.build/DerivedSources -Xcc -DSWIFT_PACKAGE -Xcc -DDEBUG\=1 -emit-objc-header -emit-objc-header-path /Users/admin/builder/spi-builder-workspace/.derivedData/Build/Intermediates.noindex/Schemata.build/Debug-watchos/Schemata.build/Objects-normal/arm64_32/Schemata-Swift.h -working-directory /Users/admin/builder/spi-builder-workspace/.swiftpm/xcode -experimental-emit-module-separately -disable-cmo
SwiftDriverJobDiscovery normal arm64 Compiling Map.swift, MapError.swift, Materialize.swift, MaterializeAsResult.swift, ObserveOn.swift (in target 'ReactiveSwift' from project 'ReactiveSwift')
SwiftCompile normal arm64_32 Compiling\ Property.swift,\ Reactive.swift,\ ResultExtensions.swift,\ Scheduler.swift,\ Signal.Observer.swift /Users/admin/builder/spi-builder-workspace/.dependencies/checkouts/ReactiveSwift/Sources/Property.swift /Users/admin/builder/spi-builder-workspace/.dependencies/checkouts/ReactiveSwift/Sources/Reactive.swift /Users/admin/builder/spi-builder-workspace/.dependencies/checkouts/ReactiveSwift/Sources/ResultExtensions.swift /Users/admin/builder/spi-builder-workspace/.dependencies/checkouts/ReactiveSwift/Sources/Scheduler.swift /Users/admin/builder/spi-builder-workspace/.dependencies/checkouts/ReactiveSwift/Sources/Signal.Observer.swift (in target 'ReactiveSwift' from project 'ReactiveSwift')
SwiftCompile normal arm64_32 /Users/admin/builder/spi-builder-workspace/.dependencies/checkouts/ReactiveSwift/Sources/Property.swift (in target 'ReactiveSwift' from project 'ReactiveSwift')
cd /Users/admin/builder/spi-builder-workspace/.swiftpm/xcode
SwiftCompile normal arm64_32 /Users/admin/builder/spi-builder-workspace/.dependencies/checkouts/ReactiveSwift/Sources/Reactive.swift (in target 'ReactiveSwift' from project 'ReactiveSwift')
cd /Users/admin/builder/spi-builder-workspace/.swiftpm/xcode
SwiftCompile normal arm64_32 /Users/admin/builder/spi-builder-workspace/.dependencies/checkouts/ReactiveSwift/Sources/ResultExtensions.swift (in target 'ReactiveSwift' from project 'ReactiveSwift')
cd /Users/admin/builder/spi-builder-workspace/.swiftpm/xcode
SwiftCompile normal arm64_32 /Users/admin/builder/spi-builder-workspace/.dependencies/checkouts/ReactiveSwift/Sources/Scheduler.swift (in target 'ReactiveSwift' from project 'ReactiveSwift')
cd /Users/admin/builder/spi-builder-workspace/.swiftpm/xcode
SwiftCompile normal arm64_32 /Users/admin/builder/spi-builder-workspace/.dependencies/checkouts/ReactiveSwift/Sources/Signal.Observer.swift (in target 'ReactiveSwift' from project 'ReactiveSwift')
cd /Users/admin/builder/spi-builder-workspace/.swiftpm/xcode
SwiftCompile normal arm64_32 Compiling\ Signal.swift,\ SignalProducer.swift,\ UnidirectionalBinding.swift,\ UninhabitedTypeGuards.swift,\ ValidatingProperty.swift /Users/admin/builder/spi-builder-workspace/.dependencies/checkouts/ReactiveSwift/Sources/Signal.swift /Users/admin/builder/spi-builder-workspace/.dependencies/checkouts/ReactiveSwift/Sources/SignalProducer.swift /Users/admin/builder/spi-builder-workspace/.dependencies/checkouts/ReactiveSwift/Sources/UnidirectionalBinding.swift /Users/admin/builder/spi-builder-workspace/.dependencies/checkouts/ReactiveSwift/Sources/UninhabitedTypeGuards.swift /Users/admin/builder/spi-builder-workspace/.dependencies/checkouts/ReactiveSwift/Sources/ValidatingProperty.swift (in target 'ReactiveSwift' from project 'ReactiveSwift')
SwiftCompile normal arm64_32 /Users/admin/builder/spi-builder-workspace/.dependencies/checkouts/ReactiveSwift/Sources/Signal.swift (in target 'ReactiveSwift' from project 'ReactiveSwift')
cd /Users/admin/builder/spi-builder-workspace/.swiftpm/xcode
SwiftCompile normal arm64_32 /Users/admin/builder/spi-builder-workspace/.dependencies/checkouts/ReactiveSwift/Sources/SignalProducer.swift (in target 'ReactiveSwift' from project 'ReactiveSwift')
cd /Users/admin/builder/spi-builder-workspace/.swiftpm/xcode
SwiftCompile normal arm64_32 /Users/admin/builder/spi-builder-workspace/.dependencies/checkouts/ReactiveSwift/Sources/UnidirectionalBinding.swift (in target 'ReactiveSwift' from project 'ReactiveSwift')
cd /Users/admin/builder/spi-builder-workspace/.swiftpm/xcode
SwiftCompile normal arm64_32 /Users/admin/builder/spi-builder-workspace/.dependencies/checkouts/ReactiveSwift/Sources/UninhabitedTypeGuards.swift (in target 'ReactiveSwift' from project 'ReactiveSwift')
cd /Users/admin/builder/spi-builder-workspace/.swiftpm/xcode
SwiftCompile normal arm64_32 /Users/admin/builder/spi-builder-workspace/.dependencies/checkouts/ReactiveSwift/Sources/ValidatingProperty.swift (in target 'ReactiveSwift' from project 'ReactiveSwift')
cd /Users/admin/builder/spi-builder-workspace/.swiftpm/xcode
SwiftDriverJobDiscovery normal armv7k Compiling TakeWhile.swift, Throttle.swift, UnaryAsyncOperator.swift, UniqueValues.swift, Optional.swift (in target 'ReactiveSwift' from project 'ReactiveSwift')
SwiftCompile normal arm64_32 Compiling\ Action.swift,\ Atomic.swift,\ Bag.swift,\ Deprecations+Removals.swift,\ Disposable.swift,\ Event.swift /Users/admin/builder/spi-builder-workspace/.dependencies/checkouts/ReactiveSwift/Sources/Action.swift /Users/admin/builder/spi-builder-workspace/.dependencies/checkouts/ReactiveSwift/Sources/Atomic.swift /Users/admin/builder/spi-builder-workspace/.dependencies/checkouts/ReactiveSwift/Sources/Bag.swift /Users/admin/builder/spi-builder-workspace/.dependencies/checkouts/ReactiveSwift/Sources/Deprecations+Removals.swift /Users/admin/builder/spi-builder-workspace/.dependencies/checkouts/ReactiveSwift/Sources/Disposable.swift /Users/admin/builder/spi-builder-workspace/.dependencies/checkouts/ReactiveSwift/Sources/Event.swift (in target 'ReactiveSwift' from project 'ReactiveSwift')
SwiftCompile normal arm64_32 /Users/admin/builder/spi-builder-workspace/.dependencies/checkouts/ReactiveSwift/Sources/Action.swift (in target 'ReactiveSwift' from project 'ReactiveSwift')
cd /Users/admin/builder/spi-builder-workspace/.swiftpm/xcode
SwiftCompile normal arm64_32 /Users/admin/builder/spi-builder-workspace/.dependencies/checkouts/ReactiveSwift/Sources/Atomic.swift (in target 'ReactiveSwift' from project 'ReactiveSwift')
cd /Users/admin/builder/spi-builder-workspace/.swiftpm/xcode
SwiftCompile normal arm64_32 /Users/admin/builder/spi-builder-workspace/.dependencies/checkouts/ReactiveSwift/Sources/Bag.swift (in target 'ReactiveSwift' from project 'ReactiveSwift')
cd /Users/admin/builder/spi-builder-workspace/.swiftpm/xcode
SwiftCompile normal arm64_32 /Users/admin/builder/spi-builder-workspace/.dependencies/checkouts/ReactiveSwift/Sources/Deprecations+Removals.swift (in target 'ReactiveSwift' from project 'ReactiveSwift')
cd /Users/admin/builder/spi-builder-workspace/.swiftpm/xcode
SwiftCompile normal arm64_32 /Users/admin/builder/spi-builder-workspace/.dependencies/checkouts/ReactiveSwift/Sources/Disposable.swift (in target 'ReactiveSwift' from project 'ReactiveSwift')
cd /Users/admin/builder/spi-builder-workspace/.swiftpm/xcode
SwiftCompile normal arm64_32 /Users/admin/builder/spi-builder-workspace/.dependencies/checkouts/ReactiveSwift/Sources/Event.swift (in target 'ReactiveSwift' from project 'ReactiveSwift')
cd /Users/admin/builder/spi-builder-workspace/.swiftpm/xcode
SwiftDriverJobDiscovery normal arm64 Compiling SkipRepeats.swift, SkipWhile.swift, TakeFirst.swift, TakeLast.swift, TakeUntil.swift (in target 'ReactiveSwift' from project 'ReactiveSwift')
SwiftCompile normal armv7k Compiling\ Observer.swift,\ Operators.swift,\ Reduce.swift,\ ScanMap.swift,\ SkipFirst.swift /Users/admin/builder/spi-builder-workspace/.dependencies/checkouts/ReactiveSwift/Sources/Observers/Observer.swift /Users/admin/builder/spi-builder-workspace/.dependencies/checkouts/ReactiveSwift/Sources/Observers/Operators.swift /Users/admin/builder/spi-builder-workspace/.dependencies/checkouts/ReactiveSwift/Sources/Observers/Reduce.swift /Users/admin/builder/spi-builder-workspace/.dependencies/checkouts/ReactiveSwift/Sources/Observers/ScanMap.swift /Users/admin/builder/spi-builder-workspace/.dependencies/checkouts/ReactiveSwift/Sources/Observers/SkipFirst.swift (in target 'ReactiveSwift' from project 'ReactiveSwift')
SwiftCompile normal armv7k /Users/admin/builder/spi-builder-workspace/.dependencies/checkouts/ReactiveSwift/Sources/Observers/Observer.swift (in target 'ReactiveSwift' from project 'ReactiveSwift')
cd /Users/admin/builder/spi-builder-workspace/.swiftpm/xcode
SwiftCompile normal armv7k /Users/admin/builder/spi-builder-workspace/.dependencies/checkouts/ReactiveSwift/Sources/Observers/Operators.swift (in target 'ReactiveSwift' from project 'ReactiveSwift')
cd /Users/admin/builder/spi-builder-workspace/.swiftpm/xcode
SwiftCompile normal armv7k /Users/admin/builder/spi-builder-workspace/.dependencies/checkouts/ReactiveSwift/Sources/Observers/Reduce.swift (in target 'ReactiveSwift' from project 'ReactiveSwift')
cd /Users/admin/builder/spi-builder-workspace/.swiftpm/xcode
SwiftCompile normal armv7k /Users/admin/builder/spi-builder-workspace/.dependencies/checkouts/ReactiveSwift/Sources/Observers/ScanMap.swift (in target 'ReactiveSwift' from project 'ReactiveSwift')
cd /Users/admin/builder/spi-builder-workspace/.swiftpm/xcode
SwiftCompile normal armv7k /Users/admin/builder/spi-builder-workspace/.dependencies/checkouts/ReactiveSwift/Sources/Observers/SkipFirst.swift (in target 'ReactiveSwift' from project 'ReactiveSwift')
cd /Users/admin/builder/spi-builder-workspace/.swiftpm/xcode
SwiftDriverJobDiscovery normal arm64_32 Compiling SkipRepeats.swift, SkipWhile.swift, TakeFirst.swift, TakeLast.swift, TakeUntil.swift (in target 'ReactiveSwift' from project 'ReactiveSwift')
SwiftCompile normal arm64_32 Compiling\ TakeWhile.swift,\ Throttle.swift,\ UnaryAsyncOperator.swift,\ UniqueValues.swift,\ Optional.swift /Users/admin/builder/spi-builder-workspace/.dependencies/checkouts/ReactiveSwift/Sources/Observers/TakeWhile.swift /Users/admin/builder/spi-builder-workspace/.dependencies/checkouts/ReactiveSwift/Sources/Observers/Throttle.swift /Users/admin/builder/spi-builder-workspace/.dependencies/checkouts/ReactiveSwift/Sources/Observers/UnaryAsyncOperator.swift /Users/admin/builder/spi-builder-workspace/.dependencies/checkouts/ReactiveSwift/Sources/Observers/UniqueValues.swift /Users/admin/builder/spi-builder-workspace/.dependencies/checkouts/ReactiveSwift/Sources/Optional.swift (in target 'ReactiveSwift' from project 'ReactiveSwift')
SwiftCompile normal arm64_32 /Users/admin/builder/spi-builder-workspace/.dependencies/checkouts/ReactiveSwift/Sources/Observers/TakeWhile.swift (in target 'ReactiveSwift' from project 'ReactiveSwift')
cd /Users/admin/builder/spi-builder-workspace/.swiftpm/xcode
SwiftCompile normal arm64_32 /Users/admin/builder/spi-builder-workspace/.dependencies/checkouts/ReactiveSwift/Sources/Observers/Throttle.swift (in target 'ReactiveSwift' from project 'ReactiveSwift')
cd /Users/admin/builder/spi-builder-workspace/.swiftpm/xcode
SwiftCompile normal arm64_32 /Users/admin/builder/spi-builder-workspace/.dependencies/checkouts/ReactiveSwift/Sources/Observers/UnaryAsyncOperator.swift (in target 'ReactiveSwift' from project 'ReactiveSwift')
cd /Users/admin/builder/spi-builder-workspace/.swiftpm/xcode
SwiftCompile normal arm64_32 /Users/admin/builder/spi-builder-workspace/.dependencies/checkouts/ReactiveSwift/Sources/Observers/UniqueValues.swift (in target 'ReactiveSwift' from project 'ReactiveSwift')
cd /Users/admin/builder/spi-builder-workspace/.swiftpm/xcode
SwiftCompile normal arm64_32 /Users/admin/builder/spi-builder-workspace/.dependencies/checkouts/ReactiveSwift/Sources/Optional.swift (in target 'ReactiveSwift' from project 'ReactiveSwift')
cd /Users/admin/builder/spi-builder-workspace/.swiftpm/xcode
SwiftDriverJobDiscovery normal arm64_32 Compiling Collect.swift, CollectEvery.swift, CombinePrevious.swift, CompactMap.swift, Debounce.swift (in target 'ReactiveSwift' from project 'ReactiveSwift')
SwiftCompile normal arm64_32 Compiling\ Delay.swift,\ Dematerialize.swift,\ DematerializeResults.swift,\ Filter.swift,\ LazyMap.swift /Users/admin/builder/spi-builder-workspace/.dependencies/checkouts/ReactiveSwift/Sources/Observers/Delay.swift /Users/admin/builder/spi-builder-workspace/.dependencies/checkouts/ReactiveSwift/Sources/Observers/Dematerialize.swift /Users/admin/builder/spi-builder-workspace/.dependencies/checkouts/ReactiveSwift/Sources/Observers/DematerializeResults.swift /Users/admin/builder/spi-builder-workspace/.dependencies/checkouts/ReactiveSwift/Sources/Observers/Filter.swift /Users/admin/builder/spi-builder-workspace/.dependencies/checkouts/ReactiveSwift/Sources/Observers/LazyMap.swift (in target 'ReactiveSwift' from project 'ReactiveSwift')
SwiftCompile normal arm64_32 /Users/admin/builder/spi-builder-workspace/.dependencies/checkouts/ReactiveSwift/Sources/Observers/Delay.swift (in target 'ReactiveSwift' from project 'ReactiveSwift')
cd /Users/admin/builder/spi-builder-workspace/.swiftpm/xcode
SwiftCompile normal arm64_32 /Users/admin/builder/spi-builder-workspace/.dependencies/checkouts/ReactiveSwift/Sources/Observers/Dematerialize.swift (in target 'ReactiveSwift' from project 'ReactiveSwift')
cd /Users/admin/builder/spi-builder-workspace/.swiftpm/xcode
SwiftCompile normal arm64_32 /Users/admin/builder/spi-builder-workspace/.dependencies/checkouts/ReactiveSwift/Sources/Observers/DematerializeResults.swift (in target 'ReactiveSwift' from project 'ReactiveSwift')
cd /Users/admin/builder/spi-builder-workspace/.swiftpm/xcode
SwiftCompile normal arm64_32 /Users/admin/builder/spi-builder-workspace/.dependencies/checkouts/ReactiveSwift/Sources/Observers/Filter.swift (in target 'ReactiveSwift' from project 'ReactiveSwift')
cd /Users/admin/builder/spi-builder-workspace/.swiftpm/xcode
SwiftCompile normal arm64_32 /Users/admin/builder/spi-builder-workspace/.dependencies/checkouts/ReactiveSwift/Sources/Observers/LazyMap.swift (in target 'ReactiveSwift' from project 'ReactiveSwift')
cd /Users/admin/builder/spi-builder-workspace/.swiftpm/xcode
SwiftDriverJobDiscovery normal arm64_32 Compiling Observer.swift, Operators.swift, Reduce.swift, ScanMap.swift, SkipFirst.swift (in target 'ReactiveSwift' from project 'ReactiveSwift')
SwiftCompile normal armv7k Compiling\ Map.swift,\ MapError.swift,\ Materialize.swift,\ MaterializeAsResult.swift,\ ObserveOn.swift /Users/admin/builder/spi-builder-workspace/.dependencies/checkouts/ReactiveSwift/Sources/Observers/Map.swift /Users/admin/builder/spi-builder-workspace/.dependencies/checkouts/ReactiveSwift/Sources/Observers/MapError.swift /Users/admin/builder/spi-builder-workspace/.dependencies/checkouts/ReactiveSwift/Sources/Observers/Materialize.swift /Users/admin/builder/spi-builder-workspace/.dependencies/checkouts/ReactiveSwift/Sources/Observers/MaterializeAsResult.swift /Users/admin/builder/spi-builder-workspace/.dependencies/checkouts/ReactiveSwift/Sources/Observers/ObserveOn.swift (in target 'ReactiveSwift' from project 'ReactiveSwift')
SwiftCompile normal armv7k /Users/admin/builder/spi-builder-workspace/.dependencies/checkouts/ReactiveSwift/Sources/Observers/Map.swift (in target 'ReactiveSwift' from project 'ReactiveSwift')
cd /Users/admin/builder/spi-builder-workspace/.swiftpm/xcode
SwiftCompile normal armv7k /Users/admin/builder/spi-builder-workspace/.dependencies/checkouts/ReactiveSwift/Sources/Observers/MapError.swift (in target 'ReactiveSwift' from project 'ReactiveSwift')
cd /Users/admin/builder/spi-builder-workspace/.swiftpm/xcode
SwiftCompile normal armv7k /Users/admin/builder/spi-builder-workspace/.dependencies/checkouts/ReactiveSwift/Sources/Observers/Materialize.swift (in target 'ReactiveSwift' from project 'ReactiveSwift')
cd /Users/admin/builder/spi-builder-workspace/.swiftpm/xcode
SwiftCompile normal armv7k /Users/admin/builder/spi-builder-workspace/.dependencies/checkouts/ReactiveSwift/Sources/Observers/MaterializeAsResult.swift (in target 'ReactiveSwift' from project 'ReactiveSwift')
cd /Users/admin/builder/spi-builder-workspace/.swiftpm/xcode
SwiftCompile normal armv7k /Users/admin/builder/spi-builder-workspace/.dependencies/checkouts/ReactiveSwift/Sources/Observers/ObserveOn.swift (in target 'ReactiveSwift' from project 'ReactiveSwift')
cd /Users/admin/builder/spi-builder-workspace/.swiftpm/xcode
SwiftDriverJobDiscovery normal arm64_32 Compiling Map.swift, MapError.swift, Materialize.swift, MaterializeAsResult.swift, ObserveOn.swift (in target 'ReactiveSwift' from project 'ReactiveSwift')
SwiftCompile normal arm64 Compiling\ Action.swift,\ Atomic.swift,\ Bag.swift,\ Deprecations+Removals.swift,\ Disposable.swift,\ Event.swift /Users/admin/builder/spi-builder-workspace/.dependencies/checkouts/ReactiveSwift/Sources/Action.swift /Users/admin/builder/spi-builder-workspace/.dependencies/checkouts/ReactiveSwift/Sources/Atomic.swift /Users/admin/builder/spi-builder-workspace/.dependencies/checkouts/ReactiveSwift/Sources/Bag.swift /Users/admin/builder/spi-builder-workspace/.dependencies/checkouts/ReactiveSwift/Sources/Deprecations+Removals.swift /Users/admin/builder/spi-builder-workspace/.dependencies/checkouts/ReactiveSwift/Sources/Disposable.swift /Users/admin/builder/spi-builder-workspace/.dependencies/checkouts/ReactiveSwift/Sources/Event.swift (in target 'ReactiveSwift' from project 'ReactiveSwift')
SwiftCompile normal arm64 /Users/admin/builder/spi-builder-workspace/.dependencies/checkouts/ReactiveSwift/Sources/Action.swift (in target 'ReactiveSwift' from project 'ReactiveSwift')
cd /Users/admin/builder/spi-builder-workspace/.swiftpm/xcode
SwiftCompile normal arm64 /Users/admin/builder/spi-builder-workspace/.dependencies/checkouts/ReactiveSwift/Sources/Atomic.swift (in target 'ReactiveSwift' from project 'ReactiveSwift')
cd /Users/admin/builder/spi-builder-workspace/.swiftpm/xcode
SwiftCompile normal arm64 /Users/admin/builder/spi-builder-workspace/.dependencies/checkouts/ReactiveSwift/Sources/Bag.swift (in target 'ReactiveSwift' from project 'ReactiveSwift')
cd /Users/admin/builder/spi-builder-workspace/.swiftpm/xcode
SwiftCompile normal arm64 /Users/admin/builder/spi-builder-workspace/.dependencies/checkouts/ReactiveSwift/Sources/Deprecations+Removals.swift (in target 'ReactiveSwift' from project 'ReactiveSwift')
cd /Users/admin/builder/spi-builder-workspace/.swiftpm/xcode
SwiftCompile normal arm64 /Users/admin/builder/spi-builder-workspace/.dependencies/checkouts/ReactiveSwift/Sources/Disposable.swift (in target 'ReactiveSwift' from project 'ReactiveSwift')
cd /Users/admin/builder/spi-builder-workspace/.swiftpm/xcode
SwiftCompile normal arm64 /Users/admin/builder/spi-builder-workspace/.dependencies/checkouts/ReactiveSwift/Sources/Event.swift (in target 'ReactiveSwift' from project 'ReactiveSwift')
cd /Users/admin/builder/spi-builder-workspace/.swiftpm/xcode
SwiftDriverJobDiscovery normal arm64 Compiling Observer.swift, Operators.swift, Reduce.swift, ScanMap.swift, SkipFirst.swift (in target 'ReactiveSwift' from project 'ReactiveSwift')
SwiftCompile normal arm64 Compiling\ EventLogger.swift,\ Flatten.swift,\ FoundationExtensions.swift,\ Lifetime.swift,\ AttemptMap.swift /Users/admin/builder/spi-builder-workspace/.dependencies/checkouts/ReactiveSwift/Sources/EventLogger.swift /Users/admin/builder/spi-builder-workspace/.dependencies/checkouts/ReactiveSwift/Sources/Flatten.swift /Users/admin/builder/spi-builder-workspace/.dependencies/checkouts/ReactiveSwift/Sources/FoundationExtensions.swift /Users/admin/builder/spi-builder-workspace/.dependencies/checkouts/ReactiveSwift/Sources/Lifetime.swift /Users/admin/builder/spi-builder-workspace/.dependencies/checkouts/ReactiveSwift/Sources/Observers/AttemptMap.swift (in target 'ReactiveSwift' from project 'ReactiveSwift')
SwiftCompile normal arm64 /Users/admin/builder/spi-builder-workspace/.dependencies/checkouts/ReactiveSwift/Sources/EventLogger.swift (in target 'ReactiveSwift' from project 'ReactiveSwift')
cd /Users/admin/builder/spi-builder-workspace/.swiftpm/xcode
SwiftCompile normal arm64 /Users/admin/builder/spi-builder-workspace/.dependencies/checkouts/ReactiveSwift/Sources/Flatten.swift (in target 'ReactiveSwift' from project 'ReactiveSwift')
cd /Users/admin/builder/spi-builder-workspace/.swiftpm/xcode
SwiftCompile normal arm64 /Users/admin/builder/spi-builder-workspace/.dependencies/checkouts/ReactiveSwift/Sources/FoundationExtensions.swift (in target 'ReactiveSwift' from project 'ReactiveSwift')
cd /Users/admin/builder/spi-builder-workspace/.swiftpm/xcode
SwiftCompile normal arm64 /Users/admin/builder/spi-builder-workspace/.dependencies/checkouts/ReactiveSwift/Sources/Lifetime.swift (in target 'ReactiveSwift' from project 'ReactiveSwift')
cd /Users/admin/builder/spi-builder-workspace/.swiftpm/xcode
SwiftCompile normal arm64 /Users/admin/builder/spi-builder-workspace/.dependencies/checkouts/ReactiveSwift/Sources/Observers/AttemptMap.swift (in target 'ReactiveSwift' from project 'ReactiveSwift')
cd /Users/admin/builder/spi-builder-workspace/.swiftpm/xcode
SwiftDriverJobDiscovery normal armv7k Compiling Observer.swift, Operators.swift, Reduce.swift, ScanMap.swift, SkipFirst.swift (in target 'ReactiveSwift' from project 'ReactiveSwift')
SwiftCompile normal armv7k Compiling\ EventLogger.swift,\ Flatten.swift,\ FoundationExtensions.swift,\ Lifetime.swift,\ AttemptMap.swift /Users/admin/builder/spi-builder-workspace/.dependencies/checkouts/ReactiveSwift/Sources/EventLogger.swift /Users/admin/builder/spi-builder-workspace/.dependencies/checkouts/ReactiveSwift/Sources/Flatten.swift /Users/admin/builder/spi-builder-workspace/.dependencies/checkouts/ReactiveSwift/Sources/FoundationExtensions.swift /Users/admin/builder/spi-builder-workspace/.dependencies/checkouts/ReactiveSwift/Sources/Lifetime.swift /Users/admin/builder/spi-builder-workspace/.dependencies/checkouts/ReactiveSwift/Sources/Observers/AttemptMap.swift (in target 'ReactiveSwift' from project 'ReactiveSwift')
SwiftCompile normal armv7k /Users/admin/builder/spi-builder-workspace/.dependencies/checkouts/ReactiveSwift/Sources/EventLogger.swift (in target 'ReactiveSwift' from project 'ReactiveSwift')
cd /Users/admin/builder/spi-builder-workspace/.swiftpm/xcode
SwiftCompile normal armv7k /Users/admin/builder/spi-builder-workspace/.dependencies/checkouts/ReactiveSwift/Sources/Flatten.swift (in target 'ReactiveSwift' from project 'ReactiveSwift')
cd /Users/admin/builder/spi-builder-workspace/.swiftpm/xcode
SwiftCompile normal armv7k /Users/admin/builder/spi-builder-workspace/.dependencies/checkouts/ReactiveSwift/Sources/FoundationExtensions.swift (in target 'ReactiveSwift' from project 'ReactiveSwift')
cd /Users/admin/builder/spi-builder-workspace/.swiftpm/xcode
SwiftCompile normal armv7k /Users/admin/builder/spi-builder-workspace/.dependencies/checkouts/ReactiveSwift/Sources/Lifetime.swift (in target 'ReactiveSwift' from project 'ReactiveSwift')
cd /Users/admin/builder/spi-builder-workspace/.swiftpm/xcode
SwiftCompile normal armv7k /Users/admin/builder/spi-builder-workspace/.dependencies/checkouts/ReactiveSwift/Sources/Observers/AttemptMap.swift (in target 'ReactiveSwift' from project 'ReactiveSwift')
cd /Users/admin/builder/spi-builder-workspace/.swiftpm/xcode
SwiftDriverJobDiscovery normal armv7k Compiling Map.swift, MapError.swift, Materialize.swift, MaterializeAsResult.swift, ObserveOn.swift (in target 'ReactiveSwift' from project 'ReactiveSwift')
SwiftCompile normal arm64 Compiling\ Collect.swift,\ CollectEvery.swift,\ CombinePrevious.swift,\ CompactMap.swift,\ Debounce.swift /Users/admin/builder/spi-builder-workspace/.dependencies/checkouts/ReactiveSwift/Sources/Observers/Collect.swift /Users/admin/builder/spi-builder-workspace/.dependencies/checkouts/ReactiveSwift/Sources/Observers/CollectEvery.swift /Users/admin/builder/spi-builder-workspace/.dependencies/checkouts/ReactiveSwift/Sources/Observers/CombinePrevious.swift /Users/admin/builder/spi-builder-workspace/.dependencies/checkouts/ReactiveSwift/Sources/Observers/CompactMap.swift /Users/admin/builder/spi-builder-workspace/.dependencies/checkouts/ReactiveSwift/Sources/Observers/Debounce.swift (in target 'ReactiveSwift' from project 'ReactiveSwift')
SwiftCompile normal arm64 /Users/admin/builder/spi-builder-workspace/.dependencies/checkouts/ReactiveSwift/Sources/Observers/Collect.swift (in target 'ReactiveSwift' from project 'ReactiveSwift')
cd /Users/admin/builder/spi-builder-workspace/.swiftpm/xcode
SwiftCompile normal arm64 /Users/admin/builder/spi-builder-workspace/.dependencies/checkouts/ReactiveSwift/Sources/Observers/CollectEvery.swift (in target 'ReactiveSwift' from project 'ReactiveSwift')
cd /Users/admin/builder/spi-builder-workspace/.swiftpm/xcode
SwiftCompile normal arm64 /Users/admin/builder/spi-builder-workspace/.dependencies/checkouts/ReactiveSwift/Sources/Observers/CombinePrevious.swift (in target 'ReactiveSwift' from project 'ReactiveSwift')
cd /Users/admin/builder/spi-builder-workspace/.swiftpm/xcode
SwiftCompile normal arm64 /Users/admin/builder/spi-builder-workspace/.dependencies/checkouts/ReactiveSwift/Sources/Observers/CompactMap.swift (in target 'ReactiveSwift' from project 'ReactiveSwift')
cd /Users/admin/builder/spi-builder-workspace/.swiftpm/xcode
SwiftCompile normal arm64 /Users/admin/builder/spi-builder-workspace/.dependencies/checkouts/ReactiveSwift/Sources/Observers/Debounce.swift (in target 'ReactiveSwift' from project 'ReactiveSwift')
cd /Users/admin/builder/spi-builder-workspace/.swiftpm/xcode
SwiftDriverJobDiscovery normal arm64_32 Compiling Delay.swift, Dematerialize.swift, DematerializeResults.swift, Filter.swift, LazyMap.swift (in target 'ReactiveSwift' from project 'ReactiveSwift')
SwiftCompile normal arm64_32 Compiling\ EventLogger.swift,\ Flatten.swift,\ FoundationExtensions.swift,\ Lifetime.swift,\ AttemptMap.swift /Users/admin/builder/spi-builder-workspace/.dependencies/checkouts/ReactiveSwift/Sources/EventLogger.swift /Users/admin/builder/spi-builder-workspace/.dependencies/checkouts/ReactiveSwift/Sources/Flatten.swift /Users/admin/builder/spi-builder-workspace/.dependencies/checkouts/ReactiveSwift/Sources/FoundationExtensions.swift /Users/admin/builder/spi-builder-workspace/.dependencies/checkouts/ReactiveSwift/Sources/Lifetime.swift /Users/admin/builder/spi-builder-workspace/.dependencies/checkouts/ReactiveSwift/Sources/Observers/AttemptMap.swift (in target 'ReactiveSwift' from project 'ReactiveSwift')
SwiftCompile normal arm64_32 /Users/admin/builder/spi-builder-workspace/.dependencies/checkouts/ReactiveSwift/Sources/EventLogger.swift (in target 'ReactiveSwift' from project 'ReactiveSwift')
cd /Users/admin/builder/spi-builder-workspace/.swiftpm/xcode
SwiftCompile normal arm64_32 /Users/admin/builder/spi-builder-workspace/.dependencies/checkouts/ReactiveSwift/Sources/Flatten.swift (in target 'ReactiveSwift' from project 'ReactiveSwift')
cd /Users/admin/builder/spi-builder-workspace/.swiftpm/xcode
SwiftCompile normal arm64_32 /Users/admin/builder/spi-builder-workspace/.dependencies/checkouts/ReactiveSwift/Sources/FoundationExtensions.swift (in target 'ReactiveSwift' from project 'ReactiveSwift')
cd /Users/admin/builder/spi-builder-workspace/.swiftpm/xcode
SwiftCompile normal arm64_32 /Users/admin/builder/spi-builder-workspace/.dependencies/checkouts/ReactiveSwift/Sources/Lifetime.swift (in target 'ReactiveSwift' from project 'ReactiveSwift')
cd /Users/admin/builder/spi-builder-workspace/.swiftpm/xcode
SwiftCompile normal arm64_32 /Users/admin/builder/spi-builder-workspace/.dependencies/checkouts/ReactiveSwift/Sources/Observers/AttemptMap.swift (in target 'ReactiveSwift' from project 'ReactiveSwift')
cd /Users/admin/builder/spi-builder-workspace/.swiftpm/xcode
SwiftDriverJobDiscovery normal arm64_32 Compiling TakeWhile.swift, Throttle.swift, UnaryAsyncOperator.swift, UniqueValues.swift, Optional.swift (in target 'ReactiveSwift' from project 'ReactiveSwift')
SwiftCompile normal armv7k Compiling\ Action.swift,\ Atomic.swift,\ Bag.swift,\ Deprecations+Removals.swift,\ Disposable.swift,\ Event.swift /Users/admin/builder/spi-builder-workspace/.dependencies/checkouts/ReactiveSwift/Sources/Action.swift /Users/admin/builder/spi-builder-workspace/.dependencies/checkouts/ReactiveSwift/Sources/Atomic.swift /Users/admin/builder/spi-builder-workspace/.dependencies/checkouts/ReactiveSwift/Sources/Bag.swift /Users/admin/builder/spi-builder-workspace/.dependencies/checkouts/ReactiveSwift/Sources/Deprecations+Removals.swift /Users/admin/builder/spi-builder-workspace/.dependencies/checkouts/ReactiveSwift/Sources/Disposable.swift /Users/admin/builder/spi-builder-workspace/.dependencies/checkouts/ReactiveSwift/Sources/Event.swift (in target 'ReactiveSwift' from project 'ReactiveSwift')
SwiftCompile normal armv7k /Users/admin/builder/spi-builder-workspace/.dependencies/checkouts/ReactiveSwift/Sources/Action.swift (in target 'ReactiveSwift' from project 'ReactiveSwift')
cd /Users/admin/builder/spi-builder-workspace/.swiftpm/xcode
SwiftCompile normal armv7k /Users/admin/builder/spi-builder-workspace/.dependencies/checkouts/ReactiveSwift/Sources/Atomic.swift (in target 'ReactiveSwift' from project 'ReactiveSwift')
cd /Users/admin/builder/spi-builder-workspace/.swiftpm/xcode
SwiftCompile normal armv7k /Users/admin/builder/spi-builder-workspace/.dependencies/checkouts/ReactiveSwift/Sources/Bag.swift (in target 'ReactiveSwift' from project 'ReactiveSwift')
cd /Users/admin/builder/spi-builder-workspace/.swiftpm/xcode
SwiftCompile normal armv7k /Users/admin/builder/spi-builder-workspace/.dependencies/checkouts/ReactiveSwift/Sources/Deprecations+Removals.swift (in target 'ReactiveSwift' from project 'ReactiveSwift')
cd /Users/admin/builder/spi-builder-workspace/.swiftpm/xcode
SwiftCompile normal armv7k /Users/admin/builder/spi-builder-workspace/.dependencies/checkouts/ReactiveSwift/Sources/Disposable.swift (in target 'ReactiveSwift' from project 'ReactiveSwift')
cd /Users/admin/builder/spi-builder-workspace/.swiftpm/xcode
SwiftCompile normal armv7k /Users/admin/builder/spi-builder-workspace/.dependencies/checkouts/ReactiveSwift/Sources/Event.swift (in target 'ReactiveSwift' from project 'ReactiveSwift')
cd /Users/admin/builder/spi-builder-workspace/.swiftpm/xcode
SwiftDriverJobDiscovery normal arm64_32 Compiling Action.swift, Atomic.swift, Bag.swift, Deprecations+Removals.swift, Disposable.swift, Event.swift (in target 'ReactiveSwift' from project 'ReactiveSwift')
SwiftCompile normal armv7k Compiling\ Signal.swift,\ SignalProducer.swift,\ UnidirectionalBinding.swift,\ UninhabitedTypeGuards.swift,\ ValidatingProperty.swift /Users/admin/builder/spi-builder-workspace/.dependencies/checkouts/ReactiveSwift/Sources/Signal.swift /Users/admin/builder/spi-builder-workspace/.dependencies/checkouts/ReactiveSwift/Sources/SignalProducer.swift /Users/admin/builder/spi-builder-workspace/.dependencies/checkouts/ReactiveSwift/Sources/UnidirectionalBinding.swift /Users/admin/builder/spi-builder-workspace/.dependencies/checkouts/ReactiveSwift/Sources/UninhabitedTypeGuards.swift /Users/admin/builder/spi-builder-workspace/.dependencies/checkouts/ReactiveSwift/Sources/ValidatingProperty.swift (in target 'ReactiveSwift' from project 'ReactiveSwift')
SwiftCompile normal armv7k /Users/admin/builder/spi-builder-workspace/.dependencies/checkouts/ReactiveSwift/Sources/Signal.swift (in target 'ReactiveSwift' from project 'ReactiveSwift')
cd /Users/admin/builder/spi-builder-workspace/.swiftpm/xcode
SwiftCompile normal armv7k /Users/admin/builder/spi-builder-workspace/.dependencies/checkouts/ReactiveSwift/Sources/SignalProducer.swift (in target 'ReactiveSwift' from project 'ReactiveSwift')
cd /Users/admin/builder/spi-builder-workspace/.swiftpm/xcode
SwiftCompile normal armv7k /Users/admin/builder/spi-builder-workspace/.dependencies/checkouts/ReactiveSwift/Sources/UnidirectionalBinding.swift (in target 'ReactiveSwift' from project 'ReactiveSwift')
cd /Users/admin/builder/spi-builder-workspace/.swiftpm/xcode
SwiftCompile normal armv7k /Users/admin/builder/spi-builder-workspace/.dependencies/checkouts/ReactiveSwift/Sources/UninhabitedTypeGuards.swift (in target 'ReactiveSwift' from project 'ReactiveSwift')
cd /Users/admin/builder/spi-builder-workspace/.swiftpm/xcode
SwiftCompile normal armv7k /Users/admin/builder/spi-builder-workspace/.dependencies/checkouts/ReactiveSwift/Sources/ValidatingProperty.swift (in target 'ReactiveSwift' from project 'ReactiveSwift')
cd /Users/admin/builder/spi-builder-workspace/.swiftpm/xcode
SwiftDriverJobDiscovery normal arm64 Compiling Collect.swift, CollectEvery.swift, CombinePrevious.swift, CompactMap.swift, Debounce.swift (in target 'ReactiveSwift' from project 'ReactiveSwift')
SwiftCompile normal armv7k Compiling\ Delay.swift,\ Dematerialize.swift,\ DematerializeResults.swift,\ Filter.swift,\ LazyMap.swift /Users/admin/builder/spi-builder-workspace/.dependencies/checkouts/ReactiveSwift/Sources/Observers/Delay.swift /Users/admin/builder/spi-builder-workspace/.dependencies/checkouts/ReactiveSwift/Sources/Observers/Dematerialize.swift /Users/admin/builder/spi-builder-workspace/.dependencies/checkouts/ReactiveSwift/Sources/Observers/DematerializeResults.swift /Users/admin/builder/spi-builder-workspace/.dependencies/checkouts/ReactiveSwift/Sources/Observers/Filter.swift /Users/admin/builder/spi-builder-workspace/.dependencies/checkouts/ReactiveSwift/Sources/Observers/LazyMap.swift (in target 'ReactiveSwift' from project 'ReactiveSwift')
SwiftCompile normal armv7k /Users/admin/builder/spi-builder-workspace/.dependencies/checkouts/ReactiveSwift/Sources/Observers/Delay.swift (in target 'ReactiveSwift' from project 'ReactiveSwift')
cd /Users/admin/builder/spi-builder-workspace/.swiftpm/xcode
SwiftCompile normal armv7k /Users/admin/builder/spi-builder-workspace/.dependencies/checkouts/ReactiveSwift/Sources/Observers/Dematerialize.swift (in target 'ReactiveSwift' from project 'ReactiveSwift')
cd /Users/admin/builder/spi-builder-workspace/.swiftpm/xcode
SwiftCompile normal armv7k /Users/admin/builder/spi-builder-workspace/.dependencies/checkouts/ReactiveSwift/Sources/Observers/DematerializeResults.swift (in target 'ReactiveSwift' from project 'ReactiveSwift')
cd /Users/admin/builder/spi-builder-workspace/.swiftpm/xcode
SwiftCompile normal armv7k /Users/admin/builder/spi-builder-workspace/.dependencies/checkouts/ReactiveSwift/Sources/Observers/Filter.swift (in target 'ReactiveSwift' from project 'ReactiveSwift')
cd /Users/admin/builder/spi-builder-workspace/.swiftpm/xcode
SwiftCompile normal armv7k /Users/admin/builder/spi-builder-workspace/.dependencies/checkouts/ReactiveSwift/Sources/Observers/LazyMap.swift (in target 'ReactiveSwift' from project 'ReactiveSwift')
cd /Users/admin/builder/spi-builder-workspace/.swiftpm/xcode
SwiftDriverJobDiscovery normal arm64 Compiling Action.swift, Atomic.swift, Bag.swift, Deprecations+Removals.swift, Disposable.swift, Event.swift (in target 'ReactiveSwift' from project 'ReactiveSwift')
SwiftCompile normal armv7k Compiling\ SkipRepeats.swift,\ SkipWhile.swift,\ TakeFirst.swift,\ TakeLast.swift,\ TakeUntil.swift /Users/admin/builder/spi-builder-workspace/.dependencies/checkouts/ReactiveSwift/Sources/Observers/SkipRepeats.swift /Users/admin/builder/spi-builder-workspace/.dependencies/checkouts/ReactiveSwift/Sources/Observers/SkipWhile.swift /Users/admin/builder/spi-builder-workspace/.dependencies/checkouts/ReactiveSwift/Sources/Observers/TakeFirst.swift /Users/admin/builder/spi-builder-workspace/.dependencies/checkouts/ReactiveSwift/Sources/Observers/TakeLast.swift /Users/admin/builder/spi-builder-workspace/.dependencies/checkouts/ReactiveSwift/Sources/Observers/TakeUntil.swift (in target 'ReactiveSwift' from project 'ReactiveSwift')
SwiftCompile normal armv7k /Users/admin/builder/spi-builder-workspace/.dependencies/checkouts/ReactiveSwift/Sources/Observers/SkipRepeats.swift (in target 'ReactiveSwift' from project 'ReactiveSwift')
cd /Users/admin/builder/spi-builder-workspace/.swiftpm/xcode
SwiftCompile normal armv7k /Users/admin/builder/spi-builder-workspace/.dependencies/checkouts/ReactiveSwift/Sources/Observers/SkipWhile.swift (in target 'ReactiveSwift' from project 'ReactiveSwift')
cd /Users/admin/builder/spi-builder-workspace/.swiftpm/xcode
SwiftCompile normal armv7k /Users/admin/builder/spi-builder-workspace/.dependencies/checkouts/ReactiveSwift/Sources/Observers/TakeFirst.swift (in target 'ReactiveSwift' from project 'ReactiveSwift')
cd /Users/admin/builder/spi-builder-workspace/.swiftpm/xcode
SwiftCompile normal armv7k /Users/admin/builder/spi-builder-workspace/.dependencies/checkouts/ReactiveSwift/Sources/Observers/TakeLast.swift (in target 'ReactiveSwift' from project 'ReactiveSwift')
cd /Users/admin/builder/spi-builder-workspace/.swiftpm/xcode
SwiftCompile normal armv7k /Users/admin/builder/spi-builder-workspace/.dependencies/checkouts/ReactiveSwift/Sources/Observers/TakeUntil.swift (in target 'ReactiveSwift' from project 'ReactiveSwift')
cd /Users/admin/builder/spi-builder-workspace/.swiftpm/xcode
SwiftDriverJobDiscovery normal armv7k Compiling Property.swift, Reactive.swift, ResultExtensions.swift, Scheduler.swift, Signal.Observer.swift (in target 'ReactiveSwift' from project 'ReactiveSwift')
SwiftCompile normal arm64 Compiling\ TakeWhile.swift,\ Throttle.swift,\ UnaryAsyncOperator.swift,\ UniqueValues.swift,\ Optional.swift /Users/admin/builder/spi-builder-workspace/.dependencies/checkouts/ReactiveSwift/Sources/Observers/TakeWhile.swift /Users/admin/builder/spi-builder-workspace/.dependencies/checkouts/ReactiveSwift/Sources/Observers/Throttle.swift /Users/admin/builder/spi-builder-workspace/.dependencies/checkouts/ReactiveSwift/Sources/Observers/UnaryAsyncOperator.swift /Users/admin/builder/spi-builder-workspace/.dependencies/checkouts/ReactiveSwift/Sources/Observers/UniqueValues.swift /Users/admin/builder/spi-builder-workspace/.dependencies/checkouts/ReactiveSwift/Sources/Optional.swift (in target 'ReactiveSwift' from project 'ReactiveSwift')
SwiftCompile normal arm64 /Users/admin/builder/spi-builder-workspace/.dependencies/checkouts/ReactiveSwift/Sources/Observers/TakeWhile.swift (in target 'ReactiveSwift' from project 'ReactiveSwift')
cd /Users/admin/builder/spi-builder-workspace/.swiftpm/xcode
SwiftCompile normal arm64 /Users/admin/builder/spi-builder-workspace/.dependencies/checkouts/ReactiveSwift/Sources/Observers/Throttle.swift (in target 'ReactiveSwift' from project 'ReactiveSwift')
cd /Users/admin/builder/spi-builder-workspace/.swiftpm/xcode
SwiftCompile normal arm64 /Users/admin/builder/spi-builder-workspace/.dependencies/checkouts/ReactiveSwift/Sources/Observers/UnaryAsyncOperator.swift (in target 'ReactiveSwift' from project 'ReactiveSwift')
cd /Users/admin/builder/spi-builder-workspace/.swiftpm/xcode
SwiftCompile normal arm64 /Users/admin/builder/spi-builder-workspace/.dependencies/checkouts/ReactiveSwift/Sources/Observers/UniqueValues.swift (in target 'ReactiveSwift' from project 'ReactiveSwift')
cd /Users/admin/builder/spi-builder-workspace/.swiftpm/xcode
SwiftCompile normal arm64 /Users/admin/builder/spi-builder-workspace/.dependencies/checkouts/ReactiveSwift/Sources/Optional.swift (in target 'ReactiveSwift' from project 'ReactiveSwift')
cd /Users/admin/builder/spi-builder-workspace/.swiftpm/xcode
SwiftDriverJobDiscovery normal arm64 Compiling Property.swift, Reactive.swift, ResultExtensions.swift, Scheduler.swift, Signal.Observer.swift (in target 'ReactiveSwift' from project 'ReactiveSwift')
SwiftCompile normal armv7k Compiling\ Collect.swift,\ CollectEvery.swift,\ CombinePrevious.swift,\ CompactMap.swift,\ Debounce.swift /Users/admin/builder/spi-builder-workspace/.dependencies/checkouts/ReactiveSwift/Sources/Observers/Collect.swift /Users/admin/builder/spi-builder-workspace/.dependencies/checkouts/ReactiveSwift/Sources/Observers/CollectEvery.swift /Users/admin/builder/spi-builder-workspace/.dependencies/checkouts/ReactiveSwift/Sources/Observers/CombinePrevious.swift /Users/admin/builder/spi-builder-workspace/.dependencies/checkouts/ReactiveSwift/Sources/Observers/CompactMap.swift /Users/admin/builder/spi-builder-workspace/.dependencies/checkouts/ReactiveSwift/Sources/Observers/Debounce.swift (in target 'ReactiveSwift' from project 'ReactiveSwift')
SwiftCompile normal armv7k /Users/admin/builder/spi-builder-workspace/.dependencies/checkouts/ReactiveSwift/Sources/Observers/Collect.swift (in target 'ReactiveSwift' from project 'ReactiveSwift')
cd /Users/admin/builder/spi-builder-workspace/.swiftpm/xcode
SwiftCompile normal armv7k /Users/admin/builder/spi-builder-workspace/.dependencies/checkouts/ReactiveSwift/Sources/Observers/CollectEvery.swift (in target 'ReactiveSwift' from project 'ReactiveSwift')
cd /Users/admin/builder/spi-builder-workspace/.swiftpm/xcode
SwiftCompile normal armv7k /Users/admin/builder/spi-builder-workspace/.dependencies/checkouts/ReactiveSwift/Sources/Observers/CombinePrevious.swift (in target 'ReactiveSwift' from project 'ReactiveSwift')
cd /Users/admin/builder/spi-builder-workspace/.swiftpm/xcode
SwiftCompile normal armv7k /Users/admin/builder/spi-builder-workspace/.dependencies/checkouts/ReactiveSwift/Sources/Observers/CompactMap.swift (in target 'ReactiveSwift' from project 'ReactiveSwift')
cd /Users/admin/builder/spi-builder-workspace/.swiftpm/xcode
SwiftCompile normal armv7k /Users/admin/builder/spi-builder-workspace/.dependencies/checkouts/ReactiveSwift/Sources/Observers/Debounce.swift (in target 'ReactiveSwift' from project 'ReactiveSwift')
cd /Users/admin/builder/spi-builder-workspace/.swiftpm/xcode
SwiftDriverJobDiscovery normal arm64_32 Compiling Property.swift, Reactive.swift, ResultExtensions.swift, Scheduler.swift, Signal.Observer.swift (in target 'ReactiveSwift' from project 'ReactiveSwift')
SwiftCompile normal arm64 Compiling\ Signal.swift,\ SignalProducer.swift,\ UnidirectionalBinding.swift,\ UninhabitedTypeGuards.swift,\ ValidatingProperty.swift /Users/admin/builder/spi-builder-workspace/.dependencies/checkouts/ReactiveSwift/Sources/Signal.swift /Users/admin/builder/spi-builder-workspace/.dependencies/checkouts/ReactiveSwift/Sources/SignalProducer.swift /Users/admin/builder/spi-builder-workspace/.dependencies/checkouts/ReactiveSwift/Sources/UnidirectionalBinding.swift /Users/admin/builder/spi-builder-workspace/.dependencies/checkouts/ReactiveSwift/Sources/UninhabitedTypeGuards.swift /Users/admin/builder/spi-builder-workspace/.dependencies/checkouts/ReactiveSwift/Sources/ValidatingProperty.swift (in target 'ReactiveSwift' from project 'ReactiveSwift')
SwiftCompile normal arm64 /Users/admin/builder/spi-builder-workspace/.dependencies/checkouts/ReactiveSwift/Sources/Signal.swift (in target 'ReactiveSwift' from project 'ReactiveSwift')
cd /Users/admin/builder/spi-builder-workspace/.swiftpm/xcode
SwiftCompile normal arm64 /Users/admin/builder/spi-builder-workspace/.dependencies/checkouts/ReactiveSwift/Sources/SignalProducer.swift (in target 'ReactiveSwift' from project 'ReactiveSwift')
cd /Users/admin/builder/spi-builder-workspace/.swiftpm/xcode
SwiftCompile normal arm64 /Users/admin/builder/spi-builder-workspace/.dependencies/checkouts/ReactiveSwift/Sources/UnidirectionalBinding.swift (in target 'ReactiveSwift' from project 'ReactiveSwift')
cd /Users/admin/builder/spi-builder-workspace/.swiftpm/xcode
SwiftCompile normal arm64 /Users/admin/builder/spi-builder-workspace/.dependencies/checkouts/ReactiveSwift/Sources/UninhabitedTypeGuards.swift (in target 'ReactiveSwift' from project 'ReactiveSwift')
cd /Users/admin/builder/spi-builder-workspace/.swiftpm/xcode
SwiftCompile normal arm64 /Users/admin/builder/spi-builder-workspace/.dependencies/checkouts/ReactiveSwift/Sources/ValidatingProperty.swift (in target 'ReactiveSwift' from project 'ReactiveSwift')
cd /Users/admin/builder/spi-builder-workspace/.swiftpm/xcode
SwiftDriverJobDiscovery normal arm64 Compiling EventLogger.swift, Flatten.swift, FoundationExtensions.swift, Lifetime.swift, AttemptMap.swift (in target 'ReactiveSwift' from project 'ReactiveSwift')
SwiftCompile normal arm64 Compiling\ Delay.swift,\ Dematerialize.swift,\ DematerializeResults.swift,\ Filter.swift,\ LazyMap.swift /Users/admin/builder/spi-builder-workspace/.dependencies/checkouts/ReactiveSwift/Sources/Observers/Delay.swift /Users/admin/builder/spi-builder-workspace/.dependencies/checkouts/ReactiveSwift/Sources/Observers/Dematerialize.swift /Users/admin/builder/spi-builder-workspace/.dependencies/checkouts/ReactiveSwift/Sources/Observers/DematerializeResults.swift /Users/admin/builder/spi-builder-workspace/.dependencies/checkouts/ReactiveSwift/Sources/Observers/Filter.swift /Users/admin/builder/spi-builder-workspace/.dependencies/checkouts/ReactiveSwift/Sources/Observers/LazyMap.swift (in target 'ReactiveSwift' from project 'ReactiveSwift')
SwiftCompile normal arm64 /Users/admin/builder/spi-builder-workspace/.dependencies/checkouts/ReactiveSwift/Sources/Observers/Delay.swift (in target 'ReactiveSwift' from project 'ReactiveSwift')
cd /Users/admin/builder/spi-builder-workspace/.swiftpm/xcode
SwiftCompile normal arm64 /Users/admin/builder/spi-builder-workspace/.dependencies/checkouts/ReactiveSwift/Sources/Observers/Dematerialize.swift (in target 'ReactiveSwift' from project 'ReactiveSwift')
cd /Users/admin/builder/spi-builder-workspace/.swiftpm/xcode
SwiftCompile normal arm64 /Users/admin/builder/spi-builder-workspace/.dependencies/checkouts/ReactiveSwift/Sources/Observers/DematerializeResults.swift (in target 'ReactiveSwift' from project 'ReactiveSwift')
cd /Users/admin/builder/spi-builder-workspace/.swiftpm/xcode
SwiftCompile normal arm64 /Users/admin/builder/spi-builder-workspace/.dependencies/checkouts/ReactiveSwift/Sources/Observers/Filter.swift (in target 'ReactiveSwift' from project 'ReactiveSwift')
cd /Users/admin/builder/spi-builder-workspace/.swiftpm/xcode
SwiftCompile normal arm64 /Users/admin/builder/spi-builder-workspace/.dependencies/checkouts/ReactiveSwift/Sources/Observers/LazyMap.swift (in target 'ReactiveSwift' from project 'ReactiveSwift')
cd /Users/admin/builder/spi-builder-workspace/.swiftpm/xcode
SwiftDriverJobDiscovery normal armv7k Compiling Delay.swift, Dematerialize.swift, DematerializeResults.swift, Filter.swift, LazyMap.swift (in target 'ReactiveSwift' from project 'ReactiveSwift')
SwiftCompile normal arm64 Compiling\ Patch.swift /Users/admin/builder/spi-builder-workspace/.dependencies/checkouts/Differ/Sources/Differ/Patch.swift (in target 'Differ' from project 'Differ')
SwiftCompile normal arm64 /Users/admin/builder/spi-builder-workspace/.dependencies/checkouts/Differ/Sources/Differ/Patch.swift (in target 'Differ' from project 'Differ')
cd /Users/admin/builder/spi-builder-workspace/.swiftpm/xcode
SwiftDriverJobDiscovery normal armv7k Compiling SkipRepeats.swift, SkipWhile.swift, TakeFirst.swift, TakeLast.swift, TakeUntil.swift (in target 'ReactiveSwift' from project 'ReactiveSwift')
SwiftCompile normal arm64_32 Compiling\ LinkedList.swift,\ NestedBatchUpdate.swift /Users/admin/builder/spi-builder-workspace/.dependencies/checkouts/Differ/Sources/Differ/LinkedList.swift /Users/admin/builder/spi-builder-workspace/.dependencies/checkouts/Differ/Sources/Differ/NestedBatchUpdate.swift (in target 'Differ' from project 'Differ')
SwiftCompile normal arm64_32 /Users/admin/builder/spi-builder-workspace/.dependencies/checkouts/Differ/Sources/Differ/LinkedList.swift (in target 'Differ' from project 'Differ')
cd /Users/admin/builder/spi-builder-workspace/.swiftpm/xcode
SwiftCompile normal arm64_32 /Users/admin/builder/spi-builder-workspace/.dependencies/checkouts/Differ/Sources/Differ/NestedBatchUpdate.swift (in target 'Differ' from project 'Differ')
cd /Users/admin/builder/spi-builder-workspace/.swiftpm/xcode
SwiftDriverJobDiscovery normal armv7k Compiling EventLogger.swift, Flatten.swift, FoundationExtensions.swift, Lifetime.swift, AttemptMap.swift (in target 'ReactiveSwift' from project 'ReactiveSwift')
SwiftCompile normal armv7k Compiling\ LinkedList.swift,\ NestedBatchUpdate.swift /Users/admin/builder/spi-builder-workspace/.dependencies/checkouts/Differ/Sources/Differ/LinkedList.swift /Users/admin/builder/spi-builder-workspace/.dependencies/checkouts/Differ/Sources/Differ/NestedBatchUpdate.swift (in target 'Differ' from project 'Differ')
SwiftCompile normal armv7k /Users/admin/builder/spi-builder-workspace/.dependencies/checkouts/Differ/Sources/Differ/LinkedList.swift (in target 'Differ' from project 'Differ')
cd /Users/admin/builder/spi-builder-workspace/.swiftpm/xcode
SwiftCompile normal armv7k /Users/admin/builder/spi-builder-workspace/.dependencies/checkouts/Differ/Sources/Differ/NestedBatchUpdate.swift (in target 'Differ' from project 'Differ')
cd /Users/admin/builder/spi-builder-workspace/.swiftpm/xcode
SwiftDriverJobDiscovery normal arm64_32 Compiling EventLogger.swift, Flatten.swift, FoundationExtensions.swift, Lifetime.swift, AttemptMap.swift (in target 'ReactiveSwift' from project 'ReactiveSwift')
SwiftCompile normal armv7k Compiling\ Patch+Sort.swift /Users/admin/builder/spi-builder-workspace/.dependencies/checkouts/Differ/Sources/Differ/Patch+Sort.swift (in target 'Differ' from project 'Differ')
SwiftCompile normal armv7k /Users/admin/builder/spi-builder-workspace/.dependencies/checkouts/Differ/Sources/Differ/Patch+Sort.swift (in target 'Differ' from project 'Differ')
cd /Users/admin/builder/spi-builder-workspace/.swiftpm/xcode
SwiftDriverJobDiscovery normal arm64 Compiling TakeWhile.swift, Throttle.swift, UnaryAsyncOperator.swift, UniqueValues.swift, Optional.swift (in target 'ReactiveSwift' from project 'ReactiveSwift')
SwiftCompile normal armv7k Compiling\ ExtendedPatch.swift,\ GenericPatch.swift /Users/admin/builder/spi-builder-workspace/.dependencies/checkouts/Differ/Sources/Differ/ExtendedPatch.swift /Users/admin/builder/spi-builder-workspace/.dependencies/checkouts/Differ/Sources/Differ/GenericPatch.swift (in target 'Differ' from project 'Differ')
SwiftCompile normal armv7k /Users/admin/builder/spi-builder-workspace/.dependencies/checkouts/Differ/Sources/Differ/ExtendedPatch.swift (in target 'Differ' from project 'Differ')
cd /Users/admin/builder/spi-builder-workspace/.swiftpm/xcode
SwiftCompile normal armv7k /Users/admin/builder/spi-builder-workspace/.dependencies/checkouts/Differ/Sources/Differ/GenericPatch.swift (in target 'Differ' from project 'Differ')
cd /Users/admin/builder/spi-builder-workspace/.swiftpm/xcode
SwiftDriverJobDiscovery normal armv7k Compiling Collect.swift, CollectEvery.swift, CombinePrevious.swift, CompactMap.swift, Debounce.swift (in target 'ReactiveSwift' from project 'ReactiveSwift')
SwiftCompile normal armv7k Compiling\ ExtendedDiff.swift,\ ExtendedPatch+Apply.swift /Users/admin/builder/spi-builder-workspace/.dependencies/checkouts/Differ/Sources/Differ/ExtendedDiff.swift /Users/admin/builder/spi-builder-workspace/.dependencies/checkouts/Differ/Sources/Differ/ExtendedPatch+Apply.swift (in target 'Differ' from project 'Differ')
SwiftCompile normal armv7k /Users/admin/builder/spi-builder-workspace/.dependencies/checkouts/Differ/Sources/Differ/ExtendedDiff.swift (in target 'Differ' from project 'Differ')
cd /Users/admin/builder/spi-builder-workspace/.swiftpm/xcode
SwiftCompile normal armv7k /Users/admin/builder/spi-builder-workspace/.dependencies/checkouts/Differ/Sources/Differ/ExtendedPatch+Apply.swift (in target 'Differ' from project 'Differ')
cd /Users/admin/builder/spi-builder-workspace/.swiftpm/xcode
SwiftDriverJobDiscovery normal arm64 Compiling Patch.swift (in target 'Differ' from project 'Differ')
SwiftCompile normal arm64_32 Compiling\ Diff+UIKit.swift,\ Diff.swift /Users/admin/builder/spi-builder-workspace/.dependencies/checkouts/Differ/Sources/Differ/Diff+UIKit.swift /Users/admin/builder/spi-builder-workspace/.dependencies/checkouts/Differ/Sources/Differ/Diff.swift (in target 'Differ' from project 'Differ')
SwiftCompile normal arm64_32 /Users/admin/builder/spi-builder-workspace/.dependencies/checkouts/Differ/Sources/Differ/Diff+UIKit.swift (in target 'Differ' from project 'Differ')
cd /Users/admin/builder/spi-builder-workspace/.swiftpm/xcode
SwiftCompile normal arm64_32 /Users/admin/builder/spi-builder-workspace/.dependencies/checkouts/Differ/Sources/Differ/Diff.swift (in target 'Differ' from project 'Differ')
cd /Users/admin/builder/spi-builder-workspace/.swiftpm/xcode
SwiftDriverJobDiscovery normal armv7k Compiling Action.swift, Atomic.swift, Bag.swift, Deprecations+Removals.swift, Disposable.swift, Event.swift (in target 'ReactiveSwift' from project 'ReactiveSwift')
SwiftCompile normal arm64 Compiling\ Patch+Sort.swift /Users/admin/builder/spi-builder-workspace/.dependencies/checkouts/Differ/Sources/Differ/Patch+Sort.swift (in target 'Differ' from project 'Differ')
SwiftCompile normal arm64 /Users/admin/builder/spi-builder-workspace/.dependencies/checkouts/Differ/Sources/Differ/Patch+Sort.swift (in target 'Differ' from project 'Differ')
cd /Users/admin/builder/spi-builder-workspace/.swiftpm/xcode
SwiftDriverJobDiscovery normal arm64 Compiling Delay.swift, Dematerialize.swift, DematerializeResults.swift, Filter.swift, LazyMap.swift (in target 'ReactiveSwift' from project 'ReactiveSwift')
SwiftCompile normal arm64_32 Compiling\ Patch+Sort.swift /Users/admin/builder/spi-builder-workspace/.dependencies/checkouts/Differ/Sources/Differ/Patch+Sort.swift (in target 'Differ' from project 'Differ')
SwiftCompile normal arm64_32 /Users/admin/builder/spi-builder-workspace/.dependencies/checkouts/Differ/Sources/Differ/Patch+Sort.swift (in target 'Differ' from project 'Differ')
cd /Users/admin/builder/spi-builder-workspace/.swiftpm/xcode
SwiftDriverJobDiscovery normal arm64_32 Compiling LinkedList.swift, NestedBatchUpdate.swift (in target 'Differ' from project 'Differ')
SwiftCompile normal arm64_32 Compiling\ BatchUpdate.swift,\ Diff+AppKit.swift /Users/admin/builder/spi-builder-workspace/.dependencies/checkouts/Differ/Sources/Differ/BatchUpdate.swift /Users/admin/builder/spi-builder-workspace/.dependencies/checkouts/Differ/Sources/Differ/Diff+AppKit.swift (in target 'Differ' from project 'Differ')
SwiftCompile normal arm64_32 /Users/admin/builder/spi-builder-workspace/.dependencies/checkouts/Differ/Sources/Differ/BatchUpdate.swift (in target 'Differ' from project 'Differ')
cd /Users/admin/builder/spi-builder-workspace/.swiftpm/xcode
SwiftCompile normal arm64_32 /Users/admin/builder/spi-builder-workspace/.dependencies/checkouts/Differ/Sources/Differ/Diff+AppKit.swift (in target 'Differ' from project 'Differ')
cd /Users/admin/builder/spi-builder-workspace/.swiftpm/xcode
SwiftDriverJobDiscovery normal armv7k Compiling LinkedList.swift, NestedBatchUpdate.swift (in target 'Differ' from project 'Differ')
SwiftCompile normal armv7k Compiling\ Patch+Apply.swift /Users/admin/builder/spi-builder-workspace/.dependencies/checkouts/Differ/Sources/Differ/Patch+Apply.swift (in target 'Differ' from project 'Differ')
SwiftCompile normal armv7k /Users/admin/builder/spi-builder-workspace/.dependencies/checkouts/Differ/Sources/Differ/Patch+Apply.swift (in target 'Differ' from project 'Differ')
cd /Users/admin/builder/spi-builder-workspace/.swiftpm/xcode
SwiftDriverJobDiscovery normal armv7k Compiling Patch+Sort.swift (in target 'Differ' from project 'Differ')
SwiftDriver PersistDB normal armv7k com.apple.xcode.tools.swift.compiler (in target 'PersistDB' from project 'PersistDB')
cd /Users/admin/builder/spi-builder-workspace/.swiftpm/xcode
builtin-SwiftDriver -- /Applications/Xcode-16.3.0.app/Contents/Developer/Toolchains/XcodeDefault.xctoolchain/usr/bin/swiftc -module-name PersistDB -Onone -enforce-exclusivity\=checked @/Users/admin/builder/spi-builder-workspace/.derivedData/Build/Intermediates.noindex/PersistDB.build/Debug-watchos/PersistDB.build/Objects-normal/armv7k/PersistDB.SwiftFileList -DSWIFT_PACKAGE -DDEBUG -DXcode -plugin-path /Applications/Xcode-16.3.0.app/Contents/Developer/Toolchains/XcodeDefault.xctoolchain/usr/lib/swift/host/plugins/testing -enable-experimental-feature DebugDescriptionMacro -sdk /Applications/Xcode-16.3.0.app/Contents/Developer/Platforms/WatchOS.platform/Developer/SDKs/WatchOS11.4.sdk -target armv7k-apple-watchos5.0 -g -module-cache-path /Users/admin/builder/spi-builder-workspace/.derivedData/ModuleCache.noindex -Xfrontend -serialize-debugging-options -enable-testing -index-store-path /Users/admin/builder/spi-builder-workspace/.derivedData/Index.noindex/DataStore -swift-version 5 -I /Users/admin/builder/spi-builder-workspace/.derivedData/Build/Products/Debug-watchos -I /Applications/Xcode-16.3.0.app/Contents/Developer/Platforms/WatchOS.platform/Developer/usr/lib -F /Users/admin/builder/spi-builder-workspace/.derivedData/Build/Products/Debug-watchos/PackageFrameworks -F /Users/admin/builder/spi-builder-workspace/.derivedData/Build/Products/Debug-watchos/PackageFrameworks -F /Users/admin/builder/spi-builder-workspace/.derivedData/Build/Products/Debug-watchos/PackageFrameworks -F /Users/admin/builder/spi-builder-workspace/.derivedData/Build/Products/Debug-watchos -F /Applications/Xcode-16.3.0.app/Contents/Developer/Platforms/WatchOS.platform/Developer/Library/Frameworks -F /Applications/Xcode-16.3.0.app/Contents/Developer/Platforms/WatchOS.platform/Developer/SDKs/WatchOS11.4.sdk/Developer/Library/Frameworks -c -j10 -enable-batch-mode -incremental -Xcc -ivfsstatcache -Xcc /Users/admin/builder/spi-builder-workspace/.derivedData/SDKStatCaches.noindex/watchos11.4-22T246-43efb940ff07ba2497b70ec94253f576.sdkstatcache -output-file-map /Users/admin/builder/spi-builder-workspace/.derivedData/Build/Intermediates.noindex/PersistDB.build/Debug-watchos/PersistDB.build/Objects-normal/armv7k/PersistDB-OutputFileMap.json -use-frontend-parseable-output -save-temps -no-color-diagnostics -serialize-diagnostics -emit-dependencies -emit-module -emit-module-path /Users/admin/builder/spi-builder-workspace/.derivedData/Build/Intermediates.noindex/PersistDB.build/Debug-watchos/PersistDB.build/Objects-normal/armv7k/PersistDB.swiftmodule -validate-clang-modules-once -clang-build-session-file /Users/admin/builder/spi-builder-workspace/.derivedData/ModuleCache.noindex/Session.modulevalidation -Xcc -I/Users/admin/builder/spi-builder-workspace/.derivedData/Build/Intermediates.noindex/PersistDB.build/Debug-watchos/PersistDB.build/swift-overrides.hmap -emit-const-values -Xfrontend -const-gather-protocols-file -Xfrontend /Users/admin/builder/spi-builder-workspace/.derivedData/Build/Intermediates.noindex/PersistDB.build/Debug-watchos/PersistDB.build/Objects-normal/armv7k/PersistDB_const_extract_protocols.json -Xcc -I/Users/admin/builder/spi-builder-workspace/.derivedData/Build/Products/Debug-watchos/include -Xcc -I/Users/admin/builder/spi-builder-workspace/.derivedData/Build/Intermediates.noindex/PersistDB.build/Debug-watchos/PersistDB.build/DerivedSources-normal/armv7k -Xcc -I/Users/admin/builder/spi-builder-workspace/.derivedData/Build/Intermediates.noindex/PersistDB.build/Debug-watchos/PersistDB.build/DerivedSources/armv7k -Xcc -I/Users/admin/builder/spi-builder-workspace/.derivedData/Build/Intermediates.noindex/PersistDB.build/Debug-watchos/PersistDB.build/DerivedSources -Xcc -DSWIFT_PACKAGE -Xcc -DDEBUG\=1 -emit-objc-header -emit-objc-header-path /Users/admin/builder/spi-builder-workspace/.derivedData/Build/Intermediates.noindex/PersistDB.build/Debug-watchos/PersistDB.build/Objects-normal/armv7k/PersistDB-Swift.h -working-directory /Users/admin/builder/spi-builder-workspace/.swiftpm/xcode -experimental-emit-module-separately -disable-cmo
SwiftDriverJobDiscovery normal armv7k Compiling ExtendedDiff.swift, ExtendedPatch+Apply.swift (in target 'Differ' from project 'Differ')
SwiftDriver PersistDB normal arm64 com.apple.xcode.tools.swift.compiler (in target 'PersistDB' from project 'PersistDB')
cd /Users/admin/builder/spi-builder-workspace/.swiftpm/xcode
builtin-SwiftDriver -- /Applications/Xcode-16.3.0.app/Contents/Developer/Toolchains/XcodeDefault.xctoolchain/usr/bin/swiftc -module-name PersistDB -Onone -enforce-exclusivity\=checked @/Users/admin/builder/spi-builder-workspace/.derivedData/Build/Intermediates.noindex/PersistDB.build/Debug-watchos/PersistDB.build/Objects-normal/arm64/PersistDB.SwiftFileList -DSWIFT_PACKAGE -DDEBUG -DXcode -plugin-path /Applications/Xcode-16.3.0.app/Contents/Developer/Toolchains/XcodeDefault.xctoolchain/usr/lib/swift/host/plugins/testing -enable-experimental-feature DebugDescriptionMacro -sdk /Applications/Xcode-16.3.0.app/Contents/Developer/Platforms/WatchOS.platform/Developer/SDKs/WatchOS11.4.sdk -target arm64-apple-watchos5.0 -g -module-cache-path /Users/admin/builder/spi-builder-workspace/.derivedData/ModuleCache.noindex -Xfrontend -serialize-debugging-options -enable-testing -index-store-path /Users/admin/builder/spi-builder-workspace/.derivedData/Index.noindex/DataStore -swift-version 5 -I /Users/admin/builder/spi-builder-workspace/.derivedData/Build/Products/Debug-watchos -I /Applications/Xcode-16.3.0.app/Contents/Developer/Platforms/WatchOS.platform/Developer/usr/lib -F /Users/admin/builder/spi-builder-workspace/.derivedData/Build/Products/Debug-watchos/PackageFrameworks -F /Users/admin/builder/spi-builder-workspace/.derivedData/Build/Products/Debug-watchos/PackageFrameworks -F /Users/admin/builder/spi-builder-workspace/.derivedData/Build/Products/Debug-watchos/PackageFrameworks -F /Users/admin/builder/spi-builder-workspace/.derivedData/Build/Products/Debug-watchos -F /Applications/Xcode-16.3.0.app/Contents/Developer/Platforms/WatchOS.platform/Developer/Library/Frameworks -F /Applications/Xcode-16.3.0.app/Contents/Developer/Platforms/WatchOS.platform/Developer/SDKs/WatchOS11.4.sdk/Developer/Library/Frameworks -c -j10 -enable-batch-mode -incremental -Xcc -ivfsstatcache -Xcc /Users/admin/builder/spi-builder-workspace/.derivedData/SDKStatCaches.noindex/watchos11.4-22T246-43efb940ff07ba2497b70ec94253f576.sdkstatcache -output-file-map /Users/admin/builder/spi-builder-workspace/.derivedData/Build/Intermediates.noindex/PersistDB.build/Debug-watchos/PersistDB.build/Objects-normal/arm64/PersistDB-OutputFileMap.json -use-frontend-parseable-output -save-temps -no-color-diagnostics -serialize-diagnostics -emit-dependencies -emit-module -emit-module-path /Users/admin/builder/spi-builder-workspace/.derivedData/Build/Intermediates.noindex/PersistDB.build/Debug-watchos/PersistDB.build/Objects-normal/arm64/PersistDB.swiftmodule -validate-clang-modules-once -clang-build-session-file /Users/admin/builder/spi-builder-workspace/.derivedData/ModuleCache.noindex/Session.modulevalidation -Xcc -I/Users/admin/builder/spi-builder-workspace/.derivedData/Build/Intermediates.noindex/PersistDB.build/Debug-watchos/PersistDB.build/swift-overrides.hmap -emit-const-values -Xfrontend -const-gather-protocols-file -Xfrontend /Users/admin/builder/spi-builder-workspace/.derivedData/Build/Intermediates.noindex/PersistDB.build/Debug-watchos/PersistDB.build/Objects-normal/arm64/PersistDB_const_extract_protocols.json -Xcc -I/Users/admin/builder/spi-builder-workspace/.derivedData/Build/Products/Debug-watchos/include -Xcc -I/Users/admin/builder/spi-builder-workspace/.derivedData/Build/Intermediates.noindex/PersistDB.build/Debug-watchos/PersistDB.build/DerivedSources-normal/arm64 -Xcc -I/Users/admin/builder/spi-builder-workspace/.derivedData/Build/Intermediates.noindex/PersistDB.build/Debug-watchos/PersistDB.build/DerivedSources/arm64 -Xcc -I/Users/admin/builder/spi-builder-workspace/.derivedData/Build/Intermediates.noindex/PersistDB.build/Debug-watchos/PersistDB.build/DerivedSources -Xcc -DSWIFT_PACKAGE -Xcc -DDEBUG\=1 -emit-objc-header -emit-objc-header-path /Users/admin/builder/spi-builder-workspace/.derivedData/Build/Intermediates.noindex/PersistDB.build/Debug-watchos/PersistDB.build/Objects-normal/arm64/PersistDB-Swift.h -working-directory /Users/admin/builder/spi-builder-workspace/.swiftpm/xcode -experimental-emit-module-separately -disable-cmo
SwiftDriverJobDiscovery normal armv7k Compiling ExtendedPatch.swift, GenericPatch.swift (in target 'Differ' from project 'Differ')
SwiftDriver PersistDB normal arm64_32 com.apple.xcode.tools.swift.compiler (in target 'PersistDB' from project 'PersistDB')
cd /Users/admin/builder/spi-builder-workspace/.swiftpm/xcode
builtin-SwiftDriver -- /Applications/Xcode-16.3.0.app/Contents/Developer/Toolchains/XcodeDefault.xctoolchain/usr/bin/swiftc -module-name PersistDB -Onone -enforce-exclusivity\=checked @/Users/admin/builder/spi-builder-workspace/.derivedData/Build/Intermediates.noindex/PersistDB.build/Debug-watchos/PersistDB.build/Objects-normal/arm64_32/PersistDB.SwiftFileList -DSWIFT_PACKAGE -DDEBUG -DXcode -plugin-path /Applications/Xcode-16.3.0.app/Contents/Developer/Toolchains/XcodeDefault.xctoolchain/usr/lib/swift/host/plugins/testing -enable-experimental-feature DebugDescriptionMacro -sdk /Applications/Xcode-16.3.0.app/Contents/Developer/Platforms/WatchOS.platform/Developer/SDKs/WatchOS11.4.sdk -target arm64_32-apple-watchos5.0 -g -module-cache-path /Users/admin/builder/spi-builder-workspace/.derivedData/ModuleCache.noindex -Xfrontend -serialize-debugging-options -enable-testing -index-store-path /Users/admin/builder/spi-builder-workspace/.derivedData/Index.noindex/DataStore -swift-version 5 -I /Users/admin/builder/spi-builder-workspace/.derivedData/Build/Products/Debug-watchos -I /Applications/Xcode-16.3.0.app/Contents/Developer/Platforms/WatchOS.platform/Developer/usr/lib -F /Users/admin/builder/spi-builder-workspace/.derivedData/Build/Products/Debug-watchos/PackageFrameworks -F /Users/admin/builder/spi-builder-workspace/.derivedData/Build/Products/Debug-watchos/PackageFrameworks -F /Users/admin/builder/spi-builder-workspace/.derivedData/Build/Products/Debug-watchos/PackageFrameworks -F /Users/admin/builder/spi-builder-workspace/.derivedData/Build/Products/Debug-watchos -F /Applications/Xcode-16.3.0.app/Contents/Developer/Platforms/WatchOS.platform/Developer/Library/Frameworks -F /Applications/Xcode-16.3.0.app/Contents/Developer/Platforms/WatchOS.platform/Developer/SDKs/WatchOS11.4.sdk/Developer/Library/Frameworks -c -j10 -enable-batch-mode -incremental -Xcc -ivfsstatcache -Xcc /Users/admin/builder/spi-builder-workspace/.derivedData/SDKStatCaches.noindex/watchos11.4-22T246-43efb940ff07ba2497b70ec94253f576.sdkstatcache -output-file-map /Users/admin/builder/spi-builder-workspace/.derivedData/Build/Intermediates.noindex/PersistDB.build/Debug-watchos/PersistDB.build/Objects-normal/arm64_32/PersistDB-OutputFileMap.json -use-frontend-parseable-output -save-temps -no-color-diagnostics -serialize-diagnostics -emit-dependencies -emit-module -emit-module-path /Users/admin/builder/spi-builder-workspace/.derivedData/Build/Intermediates.noindex/PersistDB.build/Debug-watchos/PersistDB.build/Objects-normal/arm64_32/PersistDB.swiftmodule -validate-clang-modules-once -clang-build-session-file /Users/admin/builder/spi-builder-workspace/.derivedData/ModuleCache.noindex/Session.modulevalidation -Xcc -I/Users/admin/builder/spi-builder-workspace/.derivedData/Build/Intermediates.noindex/PersistDB.build/Debug-watchos/PersistDB.build/swift-overrides.hmap -emit-const-values -Xfrontend -const-gather-protocols-file -Xfrontend /Users/admin/builder/spi-builder-workspace/.derivedData/Build/Intermediates.noindex/PersistDB.build/Debug-watchos/PersistDB.build/Objects-normal/arm64_32/PersistDB_const_extract_protocols.json -Xcc -I/Users/admin/builder/spi-builder-workspace/.derivedData/Build/Products/Debug-watchos/include -Xcc -I/Users/admin/builder/spi-builder-workspace/.derivedData/Build/Intermediates.noindex/PersistDB.build/Debug-watchos/PersistDB.build/DerivedSources-normal/arm64_32 -Xcc -I/Users/admin/builder/spi-builder-workspace/.derivedData/Build/Intermediates.noindex/PersistDB.build/Debug-watchos/PersistDB.build/DerivedSources/arm64_32 -Xcc -I/Users/admin/builder/spi-builder-workspace/.derivedData/Build/Intermediates.noindex/PersistDB.build/Debug-watchos/PersistDB.build/DerivedSources -Xcc -DSWIFT_PACKAGE -Xcc -DDEBUG\=1 -emit-objc-header -emit-objc-header-path /Users/admin/builder/spi-builder-workspace/.derivedData/Build/Intermediates.noindex/PersistDB.build/Debug-watchos/PersistDB.build/Objects-normal/arm64_32/PersistDB-Swift.h -working-directory /Users/admin/builder/spi-builder-workspace/.swiftpm/xcode -experimental-emit-module-separately -disable-cmo
SwiftDriverJobDiscovery normal arm64 Compiling Patch+Sort.swift (in target 'Differ' from project 'Differ')
SwiftCompile normal armv7k Compiling\ NestedDiff.swift /Users/admin/builder/spi-builder-workspace/.dependencies/checkouts/Differ/Sources/Differ/NestedDiff.swift (in target 'Differ' from project 'Differ')
SwiftCompile normal armv7k /Users/admin/builder/spi-builder-workspace/.dependencies/checkouts/Differ/Sources/Differ/NestedDiff.swift (in target 'Differ' from project 'Differ')
cd /Users/admin/builder/spi-builder-workspace/.swiftpm/xcode
SwiftEmitModule normal armv7k Emitting\ module\ for\ PersistDB (in target 'PersistDB' from project 'PersistDB')
EmitSwiftModule normal armv7k (in target 'PersistDB' from project 'PersistDB')
cd /Users/admin/builder/spi-builder-workspace/.swiftpm/xcode
SwiftDriverJobDiscovery normal armv7k Compiling Patch+Apply.swift (in target 'Differ' from project 'Differ')
SwiftCompile normal armv7k Compiling\ Action.swift,\ Aggregate.swift,\ Day.swift,\ Delete.swift /Users/admin/builder/spi-builder-workspace/Source/Action.swift /Users/admin/builder/spi-builder-workspace/Source/Aggregate.swift /Users/admin/builder/spi-builder-workspace/Source/Day.swift /Users/admin/builder/spi-builder-workspace/Source/Delete.swift (in target 'PersistDB' from project 'PersistDB')
SwiftCompile normal armv7k /Users/admin/builder/spi-builder-workspace/Source/Action.swift (in target 'PersistDB' from project 'PersistDB')
cd /Users/admin/builder/spi-builder-workspace/.swiftpm/xcode
SwiftCompile normal armv7k /Users/admin/builder/spi-builder-workspace/Source/Aggregate.swift (in target 'PersistDB' from project 'PersistDB')
cd /Users/admin/builder/spi-builder-workspace/.swiftpm/xcode
SwiftCompile normal armv7k /Users/admin/builder/spi-builder-workspace/Source/Day.swift (in target 'PersistDB' from project 'PersistDB')
cd /Users/admin/builder/spi-builder-workspace/.swiftpm/xcode
SwiftCompile normal armv7k /Users/admin/builder/spi-builder-workspace/Source/Delete.swift (in target 'PersistDB' from project 'PersistDB')
cd /Users/admin/builder/spi-builder-workspace/.swiftpm/xcode
SwiftEmitModule normal arm64 Emitting\ module\ for\ PersistDB (in target 'PersistDB' from project 'PersistDB')
EmitSwiftModule normal arm64 (in target 'PersistDB' from project 'PersistDB')
cd /Users/admin/builder/spi-builder-workspace/.swiftpm/xcode
SwiftDriverJobDiscovery normal arm64_32 Compiling Patch+Sort.swift (in target 'Differ' from project 'Differ')
SwiftCompile normal arm64 Compiling\ SQL.Schema.swift,\ SQL.Table.swift,\ SQL.Update.swift,\ SQL.Value.swift /Users/admin/builder/spi-builder-workspace/Source/SQL/SQL.Schema.swift /Users/admin/builder/spi-builder-workspace/Source/SQL/SQL.Table.swift /Users/admin/builder/spi-builder-workspace/Source/SQL/SQL.Update.swift /Users/admin/builder/spi-builder-workspace/Source/SQL/SQL.Value.swift (in target 'PersistDB' from project 'PersistDB')
SwiftCompile normal arm64 /Users/admin/builder/spi-builder-workspace/Source/SQL/SQL.Schema.swift (in target 'PersistDB' from project 'PersistDB')
cd /Users/admin/builder/spi-builder-workspace/.swiftpm/xcode
SwiftCompile normal arm64 /Users/admin/builder/spi-builder-workspace/Source/SQL/SQL.Table.swift (in target 'PersistDB' from project 'PersistDB')
cd /Users/admin/builder/spi-builder-workspace/.swiftpm/xcode
SwiftCompile normal arm64 /Users/admin/builder/spi-builder-workspace/Source/SQL/SQL.Update.swift (in target 'PersistDB' from project 'PersistDB')
cd /Users/admin/builder/spi-builder-workspace/.swiftpm/xcode
SwiftCompile normal arm64 /Users/admin/builder/spi-builder-workspace/Source/SQL/SQL.Value.swift (in target 'PersistDB' from project 'PersistDB')
cd /Users/admin/builder/spi-builder-workspace/.swiftpm/xcode
SwiftDriverJobDiscovery normal arm64_32 Compiling BatchUpdate.swift, Diff+AppKit.swift (in target 'Differ' from project 'Differ')
SwiftCompile normal armv7k Compiling\ Model.swift,\ Ordering.swift,\ Predicate.swift,\ ProjectedQuery.swift /Users/admin/builder/spi-builder-workspace/Source/Model.swift /Users/admin/builder/spi-builder-workspace/Source/Ordering.swift /Users/admin/builder/spi-builder-workspace/Source/Predicate.swift /Users/admin/builder/spi-builder-workspace/Source/ProjectedQuery.swift (in target 'PersistDB' from project 'PersistDB')
SwiftCompile normal armv7k /Users/admin/builder/spi-builder-workspace/Source/Model.swift (in target 'PersistDB' from project 'PersistDB')
cd /Users/admin/builder/spi-builder-workspace/.swiftpm/xcode
SwiftCompile normal armv7k /Users/admin/builder/spi-builder-workspace/Source/Ordering.swift (in target 'PersistDB' from project 'PersistDB')
cd /Users/admin/builder/spi-builder-workspace/.swiftpm/xcode
SwiftCompile normal armv7k /Users/admin/builder/spi-builder-workspace/Source/Predicate.swift (in target 'PersistDB' from project 'PersistDB')
cd /Users/admin/builder/spi-builder-workspace/.swiftpm/xcode
SwiftCompile normal armv7k /Users/admin/builder/spi-builder-workspace/Source/ProjectedQuery.swift (in target 'PersistDB' from project 'PersistDB')
cd /Users/admin/builder/spi-builder-workspace/.swiftpm/xcode
SwiftEmitModule normal arm64_32 Emitting\ module\ for\ PersistDB (in target 'PersistDB' from project 'PersistDB')
EmitSwiftModule normal arm64_32 (in target 'PersistDB' from project 'PersistDB')
cd /Users/admin/builder/spi-builder-workspace/.swiftpm/xcode
SwiftDriverJobDiscovery normal arm64_32 Compiling Diff+UIKit.swift, Diff.swift (in target 'Differ' from project 'Differ')
SwiftCompile normal arm64_32 Compiling\ SQL.Database.swift,\ SQL.Delete.swift,\ SQL.Effect.swift,\ SQL.Expression.swift /Users/admin/builder/spi-builder-workspace/Source/SQL/SQL.Database.swift /Users/admin/builder/spi-builder-workspace/Source/SQL/SQL.Delete.swift /Users/admin/builder/spi-builder-workspace/Source/SQL/SQL.Effect.swift /Users/admin/builder/spi-builder-workspace/Source/SQL/SQL.Expression.swift (in target 'PersistDB' from project 'PersistDB')
SwiftCompile normal arm64_32 /Users/admin/builder/spi-builder-workspace/Source/SQL/SQL.Database.swift (in target 'PersistDB' from project 'PersistDB')
cd /Users/admin/builder/spi-builder-workspace/.swiftpm/xcode
SwiftCompile normal arm64_32 /Users/admin/builder/spi-builder-workspace/Source/SQL/SQL.Delete.swift (in target 'PersistDB' from project 'PersistDB')
cd /Users/admin/builder/spi-builder-workspace/.swiftpm/xcode
SwiftCompile normal arm64_32 /Users/admin/builder/spi-builder-workspace/Source/SQL/SQL.Effect.swift (in target 'PersistDB' from project 'PersistDB')
cd /Users/admin/builder/spi-builder-workspace/.swiftpm/xcode
SwiftCompile normal arm64_32 /Users/admin/builder/spi-builder-workspace/Source/SQL/SQL.Expression.swift (in target 'PersistDB' from project 'PersistDB')
cd /Users/admin/builder/spi-builder-workspace/.swiftpm/xcode
SwiftDriverJobDiscovery normal armv7k Compiling NestedDiff.swift (in target 'Differ' from project 'Differ')
SwiftCompile normal arm64_32 Compiling\ SQL.Schema.swift,\ SQL.Table.swift,\ SQL.Update.swift,\ SQL.Value.swift /Users/admin/builder/spi-builder-workspace/Source/SQL/SQL.Schema.swift /Users/admin/builder/spi-builder-workspace/Source/SQL/SQL.Table.swift /Users/admin/builder/spi-builder-workspace/Source/SQL/SQL.Update.swift /Users/admin/builder/spi-builder-workspace/Source/SQL/SQL.Value.swift (in target 'PersistDB' from project 'PersistDB')
SwiftCompile normal arm64_32 /Users/admin/builder/spi-builder-workspace/Source/SQL/SQL.Schema.swift (in target 'PersistDB' from project 'PersistDB')
cd /Users/admin/builder/spi-builder-workspace/.swiftpm/xcode
SwiftCompile normal arm64_32 /Users/admin/builder/spi-builder-workspace/Source/SQL/SQL.Table.swift (in target 'PersistDB' from project 'PersistDB')
cd /Users/admin/builder/spi-builder-workspace/.swiftpm/xcode
SwiftCompile normal arm64_32 /Users/admin/builder/spi-builder-workspace/Source/SQL/SQL.Update.swift (in target 'PersistDB' from project 'PersistDB')
cd /Users/admin/builder/spi-builder-workspace/.swiftpm/xcode
SwiftCompile normal arm64_32 /Users/admin/builder/spi-builder-workspace/Source/SQL/SQL.Value.swift (in target 'PersistDB' from project 'PersistDB')
cd /Users/admin/builder/spi-builder-workspace/.swiftpm/xcode
SwiftDriverJobDiscovery normal arm64_32 Compiling Signal.swift, SignalProducer.swift, UnidirectionalBinding.swift, UninhabitedTypeGuards.swift, ValidatingProperty.swift (in target 'ReactiveSwift' from project 'ReactiveSwift')
SwiftDriverJobDiscovery normal armv7k Compiling Action.swift, Aggregate.swift, Day.swift, Delete.swift (in target 'PersistDB' from project 'PersistDB')
SwiftDriver\ Compilation ReactiveSwift normal arm64_32 com.apple.xcode.tools.swift.compiler (in target 'ReactiveSwift' from project 'ReactiveSwift')
cd /Users/admin/builder/spi-builder-workspace/.swiftpm/xcode
builtin-Swift-Compilation -- /Applications/Xcode-16.3.0.app/Contents/Developer/Toolchains/XcodeDefault.xctoolchain/usr/bin/swiftc -module-name ReactiveSwift -Onone -enforce-exclusivity\=checked @/Users/admin/builder/spi-builder-workspace/.derivedData/Build/Intermediates.noindex/ReactiveSwift.build/Debug-watchos/ReactiveSwift.build/Objects-normal/arm64_32/ReactiveSwift.SwiftFileList -DSWIFT_PACKAGE -DDEBUG -DXcode -plugin-path /Applications/Xcode-16.3.0.app/Contents/Developer/Toolchains/XcodeDefault.xctoolchain/usr/lib/swift/host/plugins/testing -enable-experimental-feature DebugDescriptionMacro -sdk /Applications/Xcode-16.3.0.app/Contents/Developer/Platforms/WatchOS.platform/Developer/SDKs/WatchOS11.4.sdk -target arm64_32-apple-watchos4.0 -g -module-cache-path /Users/admin/builder/spi-builder-workspace/.derivedData/ModuleCache.noindex -Xfrontend -serialize-debugging-options -enable-testing -suppress-warnings -index-store-path /Users/admin/builder/spi-builder-workspace/.derivedData/Index.noindex/DataStore -swift-version 5 -I /Users/admin/builder/spi-builder-workspace/.derivedData/Build/Products/Debug-watchos -I /Applications/Xcode-16.3.0.app/Contents/Developer/Platforms/WatchOS.platform/Developer/usr/lib -F /Users/admin/builder/spi-builder-workspace/.derivedData/Build/Products/Debug-watchos -F /Applications/Xcode-16.3.0.app/Contents/Developer/Platforms/WatchOS.platform/Developer/Library/Frameworks -F /Applications/Xcode-16.3.0.app/Contents/Developer/Platforms/WatchOS.platform/Developer/SDKs/WatchOS11.4.sdk/Developer/Library/Frameworks -c -j10 -enable-batch-mode -incremental -Xcc -ivfsstatcache -Xcc /Users/admin/builder/spi-builder-workspace/.derivedData/SDKStatCaches.noindex/watchos11.4-22T246-43efb940ff07ba2497b70ec94253f576.sdkstatcache -output-file-map /Users/admin/builder/spi-builder-workspace/.derivedData/Build/Intermediates.noindex/ReactiveSwift.build/Debug-watchos/ReactiveSwift.build/Objects-normal/arm64_32/ReactiveSwift-OutputFileMap.json -use-frontend-parseable-output -save-temps -no-color-diagnostics -serialize-diagnostics -emit-dependencies -emit-module -emit-module-path /Users/admin/builder/spi-builder-workspace/.derivedData/Build/Intermediates.noindex/ReactiveSwift.build/Debug-watchos/ReactiveSwift.build/Objects-normal/arm64_32/ReactiveSwift.swiftmodule -validate-clang-modules-once -clang-build-session-file /Users/admin/builder/spi-builder-workspace/.derivedData/ModuleCache.noindex/Session.modulevalidation -Xcc -I/Users/admin/builder/spi-builder-workspace/.derivedData/Build/Intermediates.noindex/ReactiveSwift.build/Debug-watchos/ReactiveSwift.build/swift-overrides.hmap -emit-const-values -Xfrontend -const-gather-protocols-file -Xfrontend /Users/admin/builder/spi-builder-workspace/.derivedData/Build/Intermediates.noindex/ReactiveSwift.build/Debug-watchos/ReactiveSwift.build/Objects-normal/arm64_32/ReactiveSwift_const_extract_protocols.json -Xcc -I/Users/admin/builder/spi-builder-workspace/.derivedData/Build/Products/Debug-watchos/include -Xcc -I/Users/admin/builder/spi-builder-workspace/.derivedData/Build/Intermediates.noindex/ReactiveSwift.build/Debug-watchos/ReactiveSwift.build/DerivedSources-normal/arm64_32 -Xcc -I/Users/admin/builder/spi-builder-workspace/.derivedData/Build/Intermediates.noindex/ReactiveSwift.build/Debug-watchos/ReactiveSwift.build/DerivedSources/arm64_32 -Xcc -I/Users/admin/builder/spi-builder-workspace/.derivedData/Build/Intermediates.noindex/ReactiveSwift.build/Debug-watchos/ReactiveSwift.build/DerivedSources -Xcc -DSWIFT_PACKAGE -Xcc -DDEBUG\=1 -emit-objc-header -emit-objc-header-path /Users/admin/builder/spi-builder-workspace/.derivedData/Build/Intermediates.noindex/ReactiveSwift.build/Debug-watchos/ReactiveSwift.build/Objects-normal/arm64_32/ReactiveSwift-Swift.h -working-directory /Users/admin/builder/spi-builder-workspace/.swiftpm/xcode -experimental-emit-module-separately -disable-cmo
SwiftCompile normal arm64_32 Compiling\ Query.swift,\ ResultSet.swift,\ SQL.Action.swift,\ SQL.Column.swift /Users/admin/builder/spi-builder-workspace/Source/Query.swift /Users/admin/builder/spi-builder-workspace/Source/ResultSet.swift /Users/admin/builder/spi-builder-workspace/Source/SQL/SQL.Action.swift /Users/admin/builder/spi-builder-workspace/Source/SQL/SQL.Column.swift (in target 'PersistDB' from project 'PersistDB')
SwiftCompile normal arm64_32 /Users/admin/builder/spi-builder-workspace/Source/Query.swift (in target 'PersistDB' from project 'PersistDB')
cd /Users/admin/builder/spi-builder-workspace/.swiftpm/xcode
SwiftCompile normal arm64_32 /Users/admin/builder/spi-builder-workspace/Source/ResultSet.swift (in target 'PersistDB' from project 'PersistDB')
cd /Users/admin/builder/spi-builder-workspace/.swiftpm/xcode
SwiftCompile normal arm64_32 /Users/admin/builder/spi-builder-workspace/Source/SQL/SQL.Action.swift (in target 'PersistDB' from project 'PersistDB')
cd /Users/admin/builder/spi-builder-workspace/.swiftpm/xcode
SwiftCompile normal arm64_32 /Users/admin/builder/spi-builder-workspace/Source/SQL/SQL.Column.swift (in target 'PersistDB' from project 'PersistDB')
cd /Users/admin/builder/spi-builder-workspace/.swiftpm/xcode
SwiftCompile normal arm64_32 Compiling\ SQL.swift,\ Store.swift,\ Table.swift /Users/admin/builder/spi-builder-workspace/Source/SQL/SQL.swift /Users/admin/builder/spi-builder-workspace/Source/Store.swift /Users/admin/builder/spi-builder-workspace/Source/Table.swift (in target 'PersistDB' from project 'PersistDB')
SwiftCompile normal arm64_32 /Users/admin/builder/spi-builder-workspace/Source/SQL/SQL.swift (in target 'PersistDB' from project 'PersistDB')
cd /Users/admin/builder/spi-builder-workspace/.swiftpm/xcode
SwiftCompile normal arm64_32 /Users/admin/builder/spi-builder-workspace/Source/Store.swift (in target 'PersistDB' from project 'PersistDB')
cd /Users/admin/builder/spi-builder-workspace/.swiftpm/xcode
SwiftCompile normal arm64_32 /Users/admin/builder/spi-builder-workspace/Source/Table.swift (in target 'PersistDB' from project 'PersistDB')
cd /Users/admin/builder/spi-builder-workspace/.swiftpm/xcode
SwiftDriverJobDiscovery normal armv7k Emitting module for PersistDB (in target 'PersistDB' from project 'PersistDB')
SwiftDriver\ Compilation\ Requirements PersistDB normal armv7k com.apple.xcode.tools.swift.compiler (in target 'PersistDB' from project 'PersistDB')
cd /Users/admin/builder/spi-builder-workspace/.swiftpm/xcode
builtin-Swift-Compilation-Requirements -- /Applications/Xcode-16.3.0.app/Contents/Developer/Toolchains/XcodeDefault.xctoolchain/usr/bin/swiftc -module-name PersistDB -Onone -enforce-exclusivity\=checked @/Users/admin/builder/spi-builder-workspace/.derivedData/Build/Intermediates.noindex/PersistDB.build/Debug-watchos/PersistDB.build/Objects-normal/armv7k/PersistDB.SwiftFileList -DSWIFT_PACKAGE -DDEBUG -DXcode -plugin-path /Applications/Xcode-16.3.0.app/Contents/Developer/Toolchains/XcodeDefault.xctoolchain/usr/lib/swift/host/plugins/testing -enable-experimental-feature DebugDescriptionMacro -sdk /Applications/Xcode-16.3.0.app/Contents/Developer/Platforms/WatchOS.platform/Developer/SDKs/WatchOS11.4.sdk -target armv7k-apple-watchos5.0 -g -module-cache-path /Users/admin/builder/spi-builder-workspace/.derivedData/ModuleCache.noindex -Xfrontend -serialize-debugging-options -enable-testing -index-store-path /Users/admin/builder/spi-builder-workspace/.derivedData/Index.noindex/DataStore -swift-version 5 -I /Users/admin/builder/spi-builder-workspace/.derivedData/Build/Products/Debug-watchos -I /Applications/Xcode-16.3.0.app/Contents/Developer/Platforms/WatchOS.platform/Developer/usr/lib -F /Users/admin/builder/spi-builder-workspace/.derivedData/Build/Products/Debug-watchos/PackageFrameworks -F /Users/admin/builder/spi-builder-workspace/.derivedData/Build/Products/Debug-watchos/PackageFrameworks -F /Users/admin/builder/spi-builder-workspace/.derivedData/Build/Products/Debug-watchos/PackageFrameworks -F /Users/admin/builder/spi-builder-workspace/.derivedData/Build/Products/Debug-watchos -F /Applications/Xcode-16.3.0.app/Contents/Developer/Platforms/WatchOS.platform/Developer/Library/Frameworks -F /Applications/Xcode-16.3.0.app/Contents/Developer/Platforms/WatchOS.platform/Developer/SDKs/WatchOS11.4.sdk/Developer/Library/Frameworks -c -j10 -enable-batch-mode -incremental -Xcc -ivfsstatcache -Xcc /Users/admin/builder/spi-builder-workspace/.derivedData/SDKStatCaches.noindex/watchos11.4-22T246-43efb940ff07ba2497b70ec94253f576.sdkstatcache -output-file-map /Users/admin/builder/spi-builder-workspace/.derivedData/Build/Intermediates.noindex/PersistDB.build/Debug-watchos/PersistDB.build/Objects-normal/armv7k/PersistDB-OutputFileMap.json -use-frontend-parseable-output -save-temps -no-color-diagnostics -serialize-diagnostics -emit-dependencies -emit-module -emit-module-path /Users/admin/builder/spi-builder-workspace/.derivedData/Build/Intermediates.noindex/PersistDB.build/Debug-watchos/PersistDB.build/Objects-normal/armv7k/PersistDB.swiftmodule -validate-clang-modules-once -clang-build-session-file /Users/admin/builder/spi-builder-workspace/.derivedData/ModuleCache.noindex/Session.modulevalidation -Xcc -I/Users/admin/builder/spi-builder-workspace/.derivedData/Build/Intermediates.noindex/PersistDB.build/Debug-watchos/PersistDB.build/swift-overrides.hmap -emit-const-values -Xfrontend -const-gather-protocols-file -Xfrontend /Users/admin/builder/spi-builder-workspace/.derivedData/Build/Intermediates.noindex/PersistDB.build/Debug-watchos/PersistDB.build/Objects-normal/armv7k/PersistDB_const_extract_protocols.json -Xcc -I/Users/admin/builder/spi-builder-workspace/.derivedData/Build/Products/Debug-watchos/include -Xcc -I/Users/admin/builder/spi-builder-workspace/.derivedData/Build/Intermediates.noindex/PersistDB.build/Debug-watchos/PersistDB.build/DerivedSources-normal/armv7k -Xcc -I/Users/admin/builder/spi-builder-workspace/.derivedData/Build/Intermediates.noindex/PersistDB.build/Debug-watchos/PersistDB.build/DerivedSources/armv7k -Xcc -I/Users/admin/builder/spi-builder-workspace/.derivedData/Build/Intermediates.noindex/PersistDB.build/Debug-watchos/PersistDB.build/DerivedSources -Xcc -DSWIFT_PACKAGE -Xcc -DDEBUG\=1 -emit-objc-header -emit-objc-header-path /Users/admin/builder/spi-builder-workspace/.derivedData/Build/Intermediates.noindex/PersistDB.build/Debug-watchos/PersistDB.build/Objects-normal/armv7k/PersistDB-Swift.h -working-directory /Users/admin/builder/spi-builder-workspace/.swiftpm/xcode -experimental-emit-module-separately -disable-cmo
SwiftDriverJobDiscovery normal arm64 Emitting module for PersistDB (in target 'PersistDB' from project 'PersistDB')
SwiftDriver\ Compilation\ Requirements PersistDB normal arm64 com.apple.xcode.tools.swift.compiler (in target 'PersistDB' from project 'PersistDB')
cd /Users/admin/builder/spi-builder-workspace/.swiftpm/xcode
builtin-Swift-Compilation-Requirements -- /Applications/Xcode-16.3.0.app/Contents/Developer/Toolchains/XcodeDefault.xctoolchain/usr/bin/swiftc -module-name PersistDB -Onone -enforce-exclusivity\=checked @/Users/admin/builder/spi-builder-workspace/.derivedData/Build/Intermediates.noindex/PersistDB.build/Debug-watchos/PersistDB.build/Objects-normal/arm64/PersistDB.SwiftFileList -DSWIFT_PACKAGE -DDEBUG -DXcode -plugin-path /Applications/Xcode-16.3.0.app/Contents/Developer/Toolchains/XcodeDefault.xctoolchain/usr/lib/swift/host/plugins/testing -enable-experimental-feature DebugDescriptionMacro -sdk /Applications/Xcode-16.3.0.app/Contents/Developer/Platforms/WatchOS.platform/Developer/SDKs/WatchOS11.4.sdk -target arm64-apple-watchos5.0 -g -module-cache-path /Users/admin/builder/spi-builder-workspace/.derivedData/ModuleCache.noindex -Xfrontend -serialize-debugging-options -enable-testing -index-store-path /Users/admin/builder/spi-builder-workspace/.derivedData/Index.noindex/DataStore -swift-version 5 -I /Users/admin/builder/spi-builder-workspace/.derivedData/Build/Products/Debug-watchos -I /Applications/Xcode-16.3.0.app/Contents/Developer/Platforms/WatchOS.platform/Developer/usr/lib -F /Users/admin/builder/spi-builder-workspace/.derivedData/Build/Products/Debug-watchos/PackageFrameworks -F /Users/admin/builder/spi-builder-workspace/.derivedData/Build/Products/Debug-watchos/PackageFrameworks -F /Users/admin/builder/spi-builder-workspace/.derivedData/Build/Products/Debug-watchos/PackageFrameworks -F /Users/admin/builder/spi-builder-workspace/.derivedData/Build/Products/Debug-watchos -F /Applications/Xcode-16.3.0.app/Contents/Developer/Platforms/WatchOS.platform/Developer/Library/Frameworks -F /Applications/Xcode-16.3.0.app/Contents/Developer/Platforms/WatchOS.platform/Developer/SDKs/WatchOS11.4.sdk/Developer/Library/Frameworks -c -j10 -enable-batch-mode -incremental -Xcc -ivfsstatcache -Xcc /Users/admin/builder/spi-builder-workspace/.derivedData/SDKStatCaches.noindex/watchos11.4-22T246-43efb940ff07ba2497b70ec94253f576.sdkstatcache -output-file-map /Users/admin/builder/spi-builder-workspace/.derivedData/Build/Intermediates.noindex/PersistDB.build/Debug-watchos/PersistDB.build/Objects-normal/arm64/PersistDB-OutputFileMap.json -use-frontend-parseable-output -save-temps -no-color-diagnostics -serialize-diagnostics -emit-dependencies -emit-module -emit-module-path /Users/admin/builder/spi-builder-workspace/.derivedData/Build/Intermediates.noindex/PersistDB.build/Debug-watchos/PersistDB.build/Objects-normal/arm64/PersistDB.swiftmodule -validate-clang-modules-once -clang-build-session-file /Users/admin/builder/spi-builder-workspace/.derivedData/ModuleCache.noindex/Session.modulevalidation -Xcc -I/Users/admin/builder/spi-builder-workspace/.derivedData/Build/Intermediates.noindex/PersistDB.build/Debug-watchos/PersistDB.build/swift-overrides.hmap -emit-const-values -Xfrontend -const-gather-protocols-file -Xfrontend /Users/admin/builder/spi-builder-workspace/.derivedData/Build/Intermediates.noindex/PersistDB.build/Debug-watchos/PersistDB.build/Objects-normal/arm64/PersistDB_const_extract_protocols.json -Xcc -I/Users/admin/builder/spi-builder-workspace/.derivedData/Build/Products/Debug-watchos/include -Xcc -I/Users/admin/builder/spi-builder-workspace/.derivedData/Build/Intermediates.noindex/PersistDB.build/Debug-watchos/PersistDB.build/DerivedSources-normal/arm64 -Xcc -I/Users/admin/builder/spi-builder-workspace/.derivedData/Build/Intermediates.noindex/PersistDB.build/Debug-watchos/PersistDB.build/DerivedSources/arm64 -Xcc -I/Users/admin/builder/spi-builder-workspace/.derivedData/Build/Intermediates.noindex/PersistDB.build/Debug-watchos/PersistDB.build/DerivedSources -Xcc -DSWIFT_PACKAGE -Xcc -DDEBUG\=1 -emit-objc-header -emit-objc-header-path /Users/admin/builder/spi-builder-workspace/.derivedData/Build/Intermediates.noindex/PersistDB.build/Debug-watchos/PersistDB.build/Objects-normal/arm64/PersistDB-Swift.h -working-directory /Users/admin/builder/spi-builder-workspace/.swiftpm/xcode -experimental-emit-module-separately -disable-cmo
Copy /Users/admin/builder/spi-builder-workspace/.derivedData/Build/Products/Debug-watchos/PersistDB.swiftmodule/armv7k-apple-watchos.swiftmodule /Users/admin/builder/spi-builder-workspace/.derivedData/Build/Intermediates.noindex/PersistDB.build/Debug-watchos/PersistDB.build/Objects-normal/armv7k/PersistDB.swiftmodule (in target 'PersistDB' from project 'PersistDB')
cd /Users/admin/builder/spi-builder-workspace
builtin-copy -exclude .DS_Store -exclude CVS -exclude .svn -exclude .git -exclude .hg -resolve-src-symlinks -rename /Users/admin/builder/spi-builder-workspace/.derivedData/Build/Intermediates.noindex/PersistDB.build/Debug-watchos/PersistDB.build/Objects-normal/armv7k/PersistDB.swiftmodule /Users/admin/builder/spi-builder-workspace/.derivedData/Build/Products/Debug-watchos/PersistDB.swiftmodule/armv7k-apple-watchos.swiftmodule
Copy /Users/admin/builder/spi-builder-workspace/.derivedData/Build/Products/Debug-watchos/PersistDB.swiftmodule/armv7k-apple-watchos.abi.json /Users/admin/builder/spi-builder-workspace/.derivedData/Build/Intermediates.noindex/PersistDB.build/Debug-watchos/PersistDB.build/Objects-normal/armv7k/PersistDB.abi.json (in target 'PersistDB' from project 'PersistDB')
cd /Users/admin/builder/spi-builder-workspace
builtin-copy -exclude .DS_Store -exclude CVS -exclude .svn -exclude .git -exclude .hg -resolve-src-symlinks -rename /Users/admin/builder/spi-builder-workspace/.derivedData/Build/Intermediates.noindex/PersistDB.build/Debug-watchos/PersistDB.build/Objects-normal/armv7k/PersistDB.abi.json /Users/admin/builder/spi-builder-workspace/.derivedData/Build/Products/Debug-watchos/PersistDB.swiftmodule/armv7k-apple-watchos.abi.json
Copy /Users/admin/builder/spi-builder-workspace/.derivedData/Build/Products/Debug-watchos/PersistDB.swiftmodule/arm64-apple-watchos.swiftmodule /Users/admin/builder/spi-builder-workspace/.derivedData/Build/Intermediates.noindex/PersistDB.build/Debug-watchos/PersistDB.build/Objects-normal/arm64/PersistDB.swiftmodule (in target 'PersistDB' from project 'PersistDB')
cd /Users/admin/builder/spi-builder-workspace
builtin-copy -exclude .DS_Store -exclude CVS -exclude .svn -exclude .git -exclude .hg -resolve-src-symlinks -rename /Users/admin/builder/spi-builder-workspace/.derivedData/Build/Intermediates.noindex/PersistDB.build/Debug-watchos/PersistDB.build/Objects-normal/arm64/PersistDB.swiftmodule /Users/admin/builder/spi-builder-workspace/.derivedData/Build/Products/Debug-watchos/PersistDB.swiftmodule/arm64-apple-watchos.swiftmodule
Copy /Users/admin/builder/spi-builder-workspace/.derivedData/Build/Products/Debug-watchos/PersistDB.swiftmodule/arm64-apple-watchos.abi.json /Users/admin/builder/spi-builder-workspace/.derivedData/Build/Intermediates.noindex/PersistDB.build/Debug-watchos/PersistDB.build/Objects-normal/arm64/PersistDB.abi.json (in target 'PersistDB' from project 'PersistDB')
cd /Users/admin/builder/spi-builder-workspace
builtin-copy -exclude .DS_Store -exclude CVS -exclude .svn -exclude .git -exclude .hg -resolve-src-symlinks -rename /Users/admin/builder/spi-builder-workspace/.derivedData/Build/Intermediates.noindex/PersistDB.build/Debug-watchos/PersistDB.build/Objects-normal/arm64/PersistDB.abi.json /Users/admin/builder/spi-builder-workspace/.derivedData/Build/Products/Debug-watchos/PersistDB.swiftmodule/arm64-apple-watchos.abi.json
SwiftCompile normal armv7k Compiling\ Generator.swift,\ Group.swift,\ Grouping.swift,\ Insert.swift /Users/admin/builder/spi-builder-workspace/Source/Generator.swift /Users/admin/builder/spi-builder-workspace/Source/Group.swift /Users/admin/builder/spi-builder-workspace/Source/Grouping.swift /Users/admin/builder/spi-builder-workspace/Source/Insert.swift (in target 'PersistDB' from project 'PersistDB')
SwiftCompile normal armv7k /Users/admin/builder/spi-builder-workspace/Source/Generator.swift (in target 'PersistDB' from project 'PersistDB')
cd /Users/admin/builder/spi-builder-workspace/.swiftpm/xcode
SwiftCompile normal armv7k /Users/admin/builder/spi-builder-workspace/Source/Group.swift (in target 'PersistDB' from project 'PersistDB')
cd /Users/admin/builder/spi-builder-workspace/.swiftpm/xcode
SwiftCompile normal armv7k /Users/admin/builder/spi-builder-workspace/Source/Grouping.swift (in target 'PersistDB' from project 'PersistDB')
cd /Users/admin/builder/spi-builder-workspace/.swiftpm/xcode
SwiftCompile normal armv7k /Users/admin/builder/spi-builder-workspace/Source/Insert.swift (in target 'PersistDB' from project 'PersistDB')
cd /Users/admin/builder/spi-builder-workspace/.swiftpm/xcode
SwiftCompile normal arm64 Compiling\ Model.swift,\ Ordering.swift,\ Predicate.swift,\ ProjectedQuery.swift /Users/admin/builder/spi-builder-workspace/Source/Model.swift /Users/admin/builder/spi-builder-workspace/Source/Ordering.swift /Users/admin/builder/spi-builder-workspace/Source/Predicate.swift /Users/admin/builder/spi-builder-workspace/Source/ProjectedQuery.swift (in target 'PersistDB' from project 'PersistDB')
SwiftCompile normal arm64 /Users/admin/builder/spi-builder-workspace/Source/Model.swift (in target 'PersistDB' from project 'PersistDB')
cd /Users/admin/builder/spi-builder-workspace/.swiftpm/xcode
SwiftCompile normal arm64 /Users/admin/builder/spi-builder-workspace/Source/Ordering.swift (in target 'PersistDB' from project 'PersistDB')
cd /Users/admin/builder/spi-builder-workspace/.swiftpm/xcode
SwiftCompile normal arm64 /Users/admin/builder/spi-builder-workspace/Source/Predicate.swift (in target 'PersistDB' from project 'PersistDB')
cd /Users/admin/builder/spi-builder-workspace/.swiftpm/xcode
SwiftCompile normal arm64 /Users/admin/builder/spi-builder-workspace/Source/ProjectedQuery.swift (in target 'PersistDB' from project 'PersistDB')
cd /Users/admin/builder/spi-builder-workspace/.swiftpm/xcode
SwiftDriverJobDiscovery normal arm64_32 Emitting module for PersistDB (in target 'PersistDB' from project 'PersistDB')
SwiftDriver\ Compilation\ Requirements PersistDB normal arm64_32 com.apple.xcode.tools.swift.compiler (in target 'PersistDB' from project 'PersistDB')
cd /Users/admin/builder/spi-builder-workspace/.swiftpm/xcode
builtin-Swift-Compilation-Requirements -- /Applications/Xcode-16.3.0.app/Contents/Developer/Toolchains/XcodeDefault.xctoolchain/usr/bin/swiftc -module-name PersistDB -Onone -enforce-exclusivity\=checked @/Users/admin/builder/spi-builder-workspace/.derivedData/Build/Intermediates.noindex/PersistDB.build/Debug-watchos/PersistDB.build/Objects-normal/arm64_32/PersistDB.SwiftFileList -DSWIFT_PACKAGE -DDEBUG -DXcode -plugin-path /Applications/Xcode-16.3.0.app/Contents/Developer/Toolchains/XcodeDefault.xctoolchain/usr/lib/swift/host/plugins/testing -enable-experimental-feature DebugDescriptionMacro -sdk /Applications/Xcode-16.3.0.app/Contents/Developer/Platforms/WatchOS.platform/Developer/SDKs/WatchOS11.4.sdk -target arm64_32-apple-watchos5.0 -g -module-cache-path /Users/admin/builder/spi-builder-workspace/.derivedData/ModuleCache.noindex -Xfrontend -serialize-debugging-options -enable-testing -index-store-path /Users/admin/builder/spi-builder-workspace/.derivedData/Index.noindex/DataStore -swift-version 5 -I /Users/admin/builder/spi-builder-workspace/.derivedData/Build/Products/Debug-watchos -I /Applications/Xcode-16.3.0.app/Contents/Developer/Platforms/WatchOS.platform/Developer/usr/lib -F /Users/admin/builder/spi-builder-workspace/.derivedData/Build/Products/Debug-watchos/PackageFrameworks -F /Users/admin/builder/spi-builder-workspace/.derivedData/Build/Products/Debug-watchos/PackageFrameworks -F /Users/admin/builder/spi-builder-workspace/.derivedData/Build/Products/Debug-watchos/PackageFrameworks -F /Users/admin/builder/spi-builder-workspace/.derivedData/Build/Products/Debug-watchos -F /Applications/Xcode-16.3.0.app/Contents/Developer/Platforms/WatchOS.platform/Developer/Library/Frameworks -F /Applications/Xcode-16.3.0.app/Contents/Developer/Platforms/WatchOS.platform/Developer/SDKs/WatchOS11.4.sdk/Developer/Library/Frameworks -c -j10 -enable-batch-mode -incremental -Xcc -ivfsstatcache -Xcc /Users/admin/builder/spi-builder-workspace/.derivedData/SDKStatCaches.noindex/watchos11.4-22T246-43efb940ff07ba2497b70ec94253f576.sdkstatcache -output-file-map /Users/admin/builder/spi-builder-workspace/.derivedData/Build/Intermediates.noindex/PersistDB.build/Debug-watchos/PersistDB.build/Objects-normal/arm64_32/PersistDB-OutputFileMap.json -use-frontend-parseable-output -save-temps -no-color-diagnostics -serialize-diagnostics -emit-dependencies -emit-module -emit-module-path /Users/admin/builder/spi-builder-workspace/.derivedData/Build/Intermediates.noindex/PersistDB.build/Debug-watchos/PersistDB.build/Objects-normal/arm64_32/PersistDB.swiftmodule -validate-clang-modules-once -clang-build-session-file /Users/admin/builder/spi-builder-workspace/.derivedData/ModuleCache.noindex/Session.modulevalidation -Xcc -I/Users/admin/builder/spi-builder-workspace/.derivedData/Build/Intermediates.noindex/PersistDB.build/Debug-watchos/PersistDB.build/swift-overrides.hmap -emit-const-values -Xfrontend -const-gather-protocols-file -Xfrontend /Users/admin/builder/spi-builder-workspace/.derivedData/Build/Intermediates.noindex/PersistDB.build/Debug-watchos/PersistDB.build/Objects-normal/arm64_32/PersistDB_const_extract_protocols.json -Xcc -I/Users/admin/builder/spi-builder-workspace/.derivedData/Build/Products/Debug-watchos/include -Xcc -I/Users/admin/builder/spi-builder-workspace/.derivedData/Build/Intermediates.noindex/PersistDB.build/Debug-watchos/PersistDB.build/DerivedSources-normal/arm64_32 -Xcc -I/Users/admin/builder/spi-builder-workspace/.derivedData/Build/Intermediates.noindex/PersistDB.build/Debug-watchos/PersistDB.build/DerivedSources/arm64_32 -Xcc -I/Users/admin/builder/spi-builder-workspace/.derivedData/Build/Intermediates.noindex/PersistDB.build/Debug-watchos/PersistDB.build/DerivedSources -Xcc -DSWIFT_PACKAGE -Xcc -DDEBUG\=1 -emit-objc-header -emit-objc-header-path /Users/admin/builder/spi-builder-workspace/.derivedData/Build/Intermediates.noindex/PersistDB.build/Debug-watchos/PersistDB.build/Objects-normal/arm64_32/PersistDB-Swift.h -working-directory /Users/admin/builder/spi-builder-workspace/.swiftpm/xcode -experimental-emit-module-separately -disable-cmo
SwiftDriverJobDiscovery normal arm64 Compiling SQL.Schema.swift, SQL.Table.swift, SQL.Update.swift, SQL.Value.swift (in target 'PersistDB' from project 'PersistDB')
SwiftCompile normal arm64 Compiling\ SQL.swift,\ Store.swift,\ Table.swift /Users/admin/builder/spi-builder-workspace/Source/SQL/SQL.swift /Users/admin/builder/spi-builder-workspace/Source/Store.swift /Users/admin/builder/spi-builder-workspace/Source/Table.swift (in target 'PersistDB' from project 'PersistDB')
SwiftCompile normal arm64 /Users/admin/builder/spi-builder-workspace/Source/SQL/SQL.swift (in target 'PersistDB' from project 'PersistDB')
cd /Users/admin/builder/spi-builder-workspace/.swiftpm/xcode
SwiftCompile normal arm64 /Users/admin/builder/spi-builder-workspace/Source/Store.swift (in target 'PersistDB' from project 'PersistDB')
cd /Users/admin/builder/spi-builder-workspace/.swiftpm/xcode
SwiftCompile normal arm64 /Users/admin/builder/spi-builder-workspace/Source/Table.swift (in target 'PersistDB' from project 'PersistDB')
cd /Users/admin/builder/spi-builder-workspace/.swiftpm/xcode
Copy /Users/admin/builder/spi-builder-workspace/.derivedData/Build/Products/Debug-watchos/PersistDB.swiftmodule/arm64_32-apple-watchos.swiftmodule /Users/admin/builder/spi-builder-workspace/.derivedData/Build/Intermediates.noindex/PersistDB.build/Debug-watchos/PersistDB.build/Objects-normal/arm64_32/PersistDB.swiftmodule (in target 'PersistDB' from project 'PersistDB')
cd /Users/admin/builder/spi-builder-workspace
builtin-copy -exclude .DS_Store -exclude CVS -exclude .svn -exclude .git -exclude .hg -resolve-src-symlinks -rename /Users/admin/builder/spi-builder-workspace/.derivedData/Build/Intermediates.noindex/PersistDB.build/Debug-watchos/PersistDB.build/Objects-normal/arm64_32/PersistDB.swiftmodule /Users/admin/builder/spi-builder-workspace/.derivedData/Build/Products/Debug-watchos/PersistDB.swiftmodule/arm64_32-apple-watchos.swiftmodule
SwiftDriverJobDiscovery normal armv7k Compiling Model.swift, Ordering.swift, Predicate.swift, ProjectedQuery.swift (in target 'PersistDB' from project 'PersistDB')
Copy /Users/admin/builder/spi-builder-workspace/.derivedData/Build/Products/Debug-watchos/PersistDB.swiftmodule/arm64_32-apple-watchos.abi.json /Users/admin/builder/spi-builder-workspace/.derivedData/Build/Intermediates.noindex/PersistDB.build/Debug-watchos/PersistDB.build/Objects-normal/arm64_32/PersistDB.abi.json (in target 'PersistDB' from project 'PersistDB')
cd /Users/admin/builder/spi-builder-workspace
builtin-copy -exclude .DS_Store -exclude CVS -exclude .svn -exclude .git -exclude .hg -resolve-src-symlinks -rename /Users/admin/builder/spi-builder-workspace/.derivedData/Build/Intermediates.noindex/PersistDB.build/Debug-watchos/PersistDB.build/Objects-normal/arm64_32/PersistDB.abi.json /Users/admin/builder/spi-builder-workspace/.derivedData/Build/Products/Debug-watchos/PersistDB.swiftmodule/arm64_32-apple-watchos.abi.json
SwiftCompile normal armv7k Compiling\ TestStore.swift,\ Update.swift,\ ValueSet.swift /Users/admin/builder/spi-builder-workspace/Source/TestStore.swift /Users/admin/builder/spi-builder-workspace/Source/Update.swift /Users/admin/builder/spi-builder-workspace/Source/ValueSet.swift (in target 'PersistDB' from project 'PersistDB')
Failed frontend command:
/Applications/Xcode-16.3.0.app/Contents/Developer/Toolchains/XcodeDefault.xctoolchain/usr/bin/swift-frontend -frontend -c /Users/admin/builder/spi-builder-workspace/Source/Action.swift /Users/admin/builder/spi-builder-workspace/Source/Aggregate.swift /Users/admin/builder/spi-builder-workspace/Source/Day.swift /Users/admin/builder/spi-builder-workspace/Source/Delete.swift /Users/admin/builder/spi-builder-workspace/Source/Expression.swift /Users/admin/builder/spi-builder-workspace/Source/Extensions/ReactiveSwift.swift /Users/admin/builder/spi-builder-workspace/Source/Extensions/Schemata.swift /Users/admin/builder/spi-builder-workspace/Source/Extensions/Swift.swift /Users/admin/builder/spi-builder-workspace/Source/Generator.swift /Users/admin/builder/spi-builder-workspace/Source/Group.swift /Users/admin/builder/spi-builder-workspace/Source/Grouping.swift /Users/admin/builder/spi-builder-workspace/Source/Insert.swift /Users/admin/builder/spi-builder-workspace/Source/Model.swift /Users/admin/builder/spi-builder-workspace/Source/Ordering.swift /Users/admin/builder/spi-builder-workspace/Source/Predicate.swift /Users/admin/builder/spi-builder-workspace/Source/ProjectedQuery.swift /Users/admin/builder/spi-builder-workspace/Source/Query.swift /Users/admin/builder/spi-builder-workspace/Source/ResultSet.swift /Users/admin/builder/spi-builder-workspace/Source/SQL/SQL.Action.swift /Users/admin/builder/spi-builder-workspace/Source/SQL/SQL.Column.swift /Users/admin/builder/spi-builder-workspace/Source/SQL/SQL.Database.swift /Users/admin/builder/spi-builder-workspace/Source/SQL/SQL.Delete.swift /Users/admin/builder/spi-builder-workspace/Source/SQL/SQL.Effect.swift /Users/admin/builder/spi-builder-workspace/Source/SQL/SQL.Expression.swift /Users/admin/builder/spi-builder-workspace/Source/SQL/SQL.Insert.swift /Users/admin/builder/spi-builder-workspace/Source/SQL/SQL.Ordering.swift /Users/admin/builder/spi-builder-workspace/Source/SQL/SQL.Query.swift /Users/admin/builder/spi-builder-workspace/Source/SQL/SQL.Row.swift /Users/admin/builder/spi-builder-workspace/Source/SQL/SQL.Schema.swift /Users/admin/builder/spi-builder-workspace/Source/SQL/SQL.Table.swift /Users/admin/builder/spi-builder-workspace/Source/SQL/SQL.Update.swift /Users/admin/builder/spi-builder-workspace/Source/SQL/SQL.Value.swift /Users/admin/builder/spi-builder-workspace/Source/SQL/SQL.swift /Users/admin/builder/spi-builder-workspace/Source/Store.swift /Users/admin/builder/spi-builder-workspace/Source/Table.swift -primary-file /Users/admin/builder/spi-builder-workspace/Source/TestStore.swift -primary-file /Users/admin/builder/spi-builder-workspace/Source/Update.swift -primary-file /Users/admin/builder/spi-builder-workspace/Source/ValueSet.swift -supplementary-output-file-map /Users/admin/builder/spi-builder-workspace/.derivedData/Build/Intermediates.noindex/PersistDB.build/Debug-watchos/PersistDB.build/Objects-normal/armv7k/supplementaryOutputs-70 -target armv7k-apple-watchos5.0 -enable-objc-interop -sdk /Applications/Xcode-16.3.0.app/Contents/Developer/Platforms/WatchOS.platform/Developer/SDKs/WatchOS11.4.sdk -I /Users/admin/builder/spi-builder-workspace/.derivedData/Build/Products/Debug-watchos -I /Applications/Xcode-16.3.0.app/Contents/Developer/Platforms/WatchOS.platform/Developer/usr/lib -F /Users/admin/builder/spi-builder-workspace/.derivedData/Build/Products/Debug-watchos/PackageFrameworks -F /Users/admin/builder/spi-builder-workspace/.derivedData/Build/Products/Debug-watchos/PackageFrameworks -F /Users/admin/builder/spi-builder-workspace/.derivedData/Build/Products/Debug-watchos/PackageFrameworks -F /Users/admin/builder/spi-builder-workspace/.derivedData/Build/Products/Debug-watchos -F /Applications/Xcode-16.3.0.app/Contents/Developer/Platforms/WatchOS.platform/Developer/Library/Frameworks -F /Applications/Xcode-16.3.0.app/Contents/Developer/Platforms/WatchOS.platform/Developer/SDKs/WatchOS11.4.sdk/Developer/Library/Frameworks -no-color-diagnostics -enable-testing -g -debug-info-format\=dwarf -dwarf-version\=4 -module-cache-path /Users/admin/builder/spi-builder-workspace/.derivedData/ModuleCache.noindex -swift-version 5 -enforce-exclusivity\=checked -Onone -D SWIFT_PACKAGE -D DEBUG -D Xcode -serialize-debugging-options -const-gather-protocols-file /Users/admin/builder/spi-builder-workspace/.derivedData/Build/Intermediates.noindex/PersistDB.build/Debug-watchos/PersistDB.build/Objects-normal/armv7k/PersistDB_const_extract_protocols.json -enable-experimental-feature DebugDescriptionMacro -empty-abi-descriptor -plugin-path /Applications/Xcode-16.3.0.app/Contents/Developer/Toolchains/XcodeDefault.xctoolchain/usr/lib/swift/host/plugins/testing -validate-clang-modules-once -clang-build-session-file /Users/admin/builder/spi-builder-workspace/.derivedData/ModuleCache.noindex/Session.modulevalidation -Xcc -working-directory -Xcc /Users/admin/builder/spi-builder-workspace/.swiftpm/xcode -resource-dir /Applications/Xcode-16.3.0.app/Contents/Developer/Toolchains/XcodeDefault.xctoolchain/usr/lib/swift -enable-anonymous-context-mangled-names -file-compilation-dir /Users/admin/builder/spi-builder-workspace/.swiftpm/xcode -Xcc -ivfsstatcache -Xcc /Users/admin/builder/spi-builder-workspace/.derivedData/SDKStatCaches.noindex/watchos11.4-22T246-43efb940ff07ba2497b70ec94253f576.sdkstatcache -Xcc -I/Users/admin/builder/spi-builder-workspace/.derivedData/Build/Intermediates.noindex/PersistDB.build/Debug-watchos/PersistDB.build/swift-overrides.hmap -Xcc -I/Users/admin/builder/spi-builder-workspace/.derivedData/Build/Products/Debug-watchos/include -Xcc -I/Users/admin/builder/spi-builder-workspace/.derivedData/Build/Intermediates.noindex/PersistDB.build/Debug-watchos/PersistDB.build/DerivedSources-normal/armv7k -Xcc -I/Users/admin/builder/spi-builder-workspace/.derivedData/Build/Intermediates.noindex/PersistDB.build/Debug-watchos/PersistDB.build/DerivedSources/armv7k -Xcc -I/Users/admin/builder/spi-builder-workspace/.derivedData/Build/Intermediates.noindex/PersistDB.build/Debug-watchos/PersistDB.build/DerivedSources -Xcc -DSWIFT_PACKAGE -Xcc -DDEBUG\=1 -module-name PersistDB -frontend-parseable-output -disable-clang-spi -target-sdk-version 11.4 -target-sdk-name watchos11.4 -external-plugin-path /Applications/Xcode-16.3.0.app/Contents/Developer/Platforms/WatchOS.platform/Developer/usr/lib/swift/host/plugins\#/Applications/Xcode-16.3.0.app/Contents/Developer/Platforms/WatchOS.platform/Developer/usr/bin/swift-plugin-server -external-plugin-path /Applications/Xcode-16.3.0.app/Contents/Developer/Platforms/WatchOS.platform/Developer/usr/local/lib/swift/host/plugins\#/Applications/Xcode-16.3.0.app/Contents/Developer/Platforms/WatchOS.platform/Developer/usr/bin/swift-plugin-server -in-process-plugin-server-path /Applications/Xcode-16.3.0.app/Contents/Developer/Toolchains/XcodeDefault.xctoolchain/usr/lib/swift/host/libSwiftInProcPluginServer.dylib -plugin-path /Applications/Xcode-16.3.0.app/Contents/Developer/Toolchains/XcodeDefault.xctoolchain/usr/lib/swift/host/plugins -plugin-path /Applications/Xcode-16.3.0.app/Contents/Developer/Toolchains/XcodeDefault.xctoolchain/usr/local/lib/swift/host/plugins -o /Users/admin/builder/spi-builder-workspace/.derivedData/Build/Intermediates.noindex/PersistDB.build/Debug-watchos/PersistDB.build/Objects-normal/armv7k/TestStore.o -o /Users/admin/builder/spi-builder-workspace/.derivedData/Build/Intermediates.noindex/PersistDB.build/Debug-watchos/PersistDB.build/Objects-normal/armv7k/Update.o -o /Users/admin/builder/spi-builder-workspace/.derivedData/Build/Intermediates.noindex/PersistDB.build/Debug-watchos/PersistDB.build/Objects-normal/armv7k/ValueSet.o -index-unit-output-path /PersistDB.build/Debug-watchos/PersistDB.build/Objects-normal/armv7k/TestStore.o -index-unit-output-path /PersistDB.build/Debug-watchos/PersistDB.build/Objects-normal/armv7k/Update.o -index-unit-output-path /PersistDB.build/Debug-watchos/PersistDB.build/Objects-normal/armv7k/ValueSet.o -index-store-path /Users/admin/builder/spi-builder-workspace/.derivedData/Index.noindex/DataStore -index-system-modules
SwiftCompile normal armv7k /Users/admin/builder/spi-builder-workspace/Source/TestStore.swift (in target 'PersistDB' from project 'PersistDB')
cd /Users/admin/builder/spi-builder-workspace/.swiftpm/xcode
/Users/admin/builder/spi-builder-workspace/Source/TestStore.swift:11:10: error: ambiguous use of 'init(_:_:)'
return Projection<Model, ID<Model>>({ ID(id: $0) }, Model.idKeyPath)
^
/Users/admin/builder/spi-builder-workspace/.dependencies/checkouts/Schemata/Sources/Projection.swift:80:9: note: found this candidate in module 'Schemata'
public init<each T>(
^
/Users/admin/builder/spi-builder-workspace/.dependencies/checkouts/Schemata/Sources/Projection.swift:110:9: note: found this candidate in module 'Schemata'
public init<each T: ModelValue>(
^
SwiftCompile normal armv7k /Users/admin/builder/spi-builder-workspace/Source/Update.swift (in target 'PersistDB' from project 'PersistDB')
cd /Users/admin/builder/spi-builder-workspace/.swiftpm/xcode
SwiftCompile normal armv7k /Users/admin/builder/spi-builder-workspace/Source/ValueSet.swift (in target 'PersistDB' from project 'PersistDB')
cd /Users/admin/builder/spi-builder-workspace/.swiftpm/xcode
SwiftCompile normal armv7k Compiling\ SQL.Schema.swift,\ SQL.Table.swift,\ SQL.Update.swift,\ SQL.Value.swift /Users/admin/builder/spi-builder-workspace/Source/SQL/SQL.Schema.swift /Users/admin/builder/spi-builder-workspace/Source/SQL/SQL.Table.swift /Users/admin/builder/spi-builder-workspace/Source/SQL/SQL.Update.swift /Users/admin/builder/spi-builder-workspace/Source/SQL/SQL.Value.swift (in target 'PersistDB' from project 'PersistDB')
SwiftCompile normal armv7k /Users/admin/builder/spi-builder-workspace/Source/SQL/SQL.Schema.swift (in target 'PersistDB' from project 'PersistDB')
cd /Users/admin/builder/spi-builder-workspace/.swiftpm/xcode
SwiftCompile normal armv7k /Users/admin/builder/spi-builder-workspace/Source/SQL/SQL.Table.swift (in target 'PersistDB' from project 'PersistDB')
cd /Users/admin/builder/spi-builder-workspace/.swiftpm/xcode
SwiftCompile normal armv7k /Users/admin/builder/spi-builder-workspace/Source/SQL/SQL.Update.swift (in target 'PersistDB' from project 'PersistDB')
cd /Users/admin/builder/spi-builder-workspace/.swiftpm/xcode
SwiftCompile normal armv7k /Users/admin/builder/spi-builder-workspace/Source/SQL/SQL.Value.swift (in target 'PersistDB' from project 'PersistDB')
cd /Users/admin/builder/spi-builder-workspace/.swiftpm/xcode
SwiftDriverJobDiscovery normal armv7k Compiling Generator.swift, Group.swift, Grouping.swift, Insert.swift (in target 'PersistDB' from project 'PersistDB')
SwiftCompile normal arm64_32 Compiling\ Action.swift,\ Aggregate.swift,\ Day.swift,\ Delete.swift /Users/admin/builder/spi-builder-workspace/Source/Action.swift /Users/admin/builder/spi-builder-workspace/Source/Aggregate.swift /Users/admin/builder/spi-builder-workspace/Source/Day.swift /Users/admin/builder/spi-builder-workspace/Source/Delete.swift (in target 'PersistDB' from project 'PersistDB')
Command SwiftCompile failed with a nonzero exit code
** BUILD FAILED **
The following build commands failed:
SwiftCompile normal armv7k Compiling\ TestStore.swift,\ Update.swift,\ ValueSet.swift /Users/admin/builder/spi-builder-workspace/Source/TestStore.swift /Users/admin/builder/spi-builder-workspace/Source/Update.swift /Users/admin/builder/spi-builder-workspace/Source/ValueSet.swift (in target 'PersistDB' from project 'PersistDB')
SwiftCompile normal armv7k /Users/admin/builder/spi-builder-workspace/Source/TestStore.swift (in target 'PersistDB' from project 'PersistDB')
SwiftCompile normal arm64_32 Compiling\ Action.swift,\ Aggregate.swift,\ Day.swift,\ Delete.swift /Users/admin/builder/spi-builder-workspace/Source/Action.swift /Users/admin/builder/spi-builder-workspace/Source/Aggregate.swift /Users/admin/builder/spi-builder-workspace/Source/Day.swift /Users/admin/builder/spi-builder-workspace/Source/Delete.swift (in target 'PersistDB' from project 'PersistDB')
Building workspace spi-builder-workspace with scheme PersistDB
(4 failures)
BUILD FAILURE 6.1 watchOS