Build Information
Failed to build SpendOwl, reference v1.4.2 (4cee1b), with Swift 6.3 for Android on 15 Aug 2026 05:29:56 UTC.
Build Command
bash -c docker run --pull=always --rm -v "checkouts-54344845-0":/host -w "$PWD" -e JAVA_HOME="/root/.sdkman/candidates/java/current" -e SPI_BUILD="1" -e SPI_PROCESSING="1" registry.gitlab.com/saguaro1/spi-images:android-6.3-latest swift build --swift-sdk aarch64-unknown-linux-android28 2>&1Build Log
========================================
RunAll
========================================
Builder version: 5.0.1
Interrupt handler set up.
========================================
Checkout
========================================
Clone URL: https://github.com/spendowl/spendowl-ios.git
Reference: v1.4.2
Initialized empty Git repository in /host/spi-builder-workspace/.git/
hint: Using 'master' as the name for the initial branch. This default branch name
hint: is subject to change. To configure the initial branch name to use in all
hint: of your new repositories, which will suppress this warning, call:
hint:
hint: git config --global init.defaultBranch <name>
hint:
hint: Names commonly chosen instead of 'master' are 'main', 'trunk' and
hint: 'development'. The just-created branch can be renamed via this command:
hint:
hint: git branch -m <name>
From https://github.com/spendowl/spendowl-ios
* tag v1.4.2 -> FETCH_HEAD
HEAD is now at 4cee1bb chore: release 1.4.2 (#17)
Cloned https://github.com/spendowl/spendowl-ios.git
Revision (git rev-parse @):
4cee1bb07ab2e4494ff2a1a82c35394203bd4300
SUCCESS checkout https://github.com/spendowl/spendowl-ios.git at v1.4.2
========================================
Build
========================================
Selected platform: android
Swift version: 6.3
Building package at path: $PWD
https://github.com/spendowl/spendowl-ios.git
Running build ...
bash -c docker run --pull=always --rm -v "checkouts-54344845-0":/host -w "$PWD" -e JAVA_HOME="/root/.sdkman/candidates/java/current" -e SPI_BUILD="1" -e SPI_PROCESSING="1" registry.gitlab.com/saguaro1/spi-images:android-6.3-latest swift build --swift-sdk aarch64-unknown-linux-android28 2>&1
android-6.3-latest: Pulling from saguaro1/spi-images
Digest: sha256:2b782c87e0bdf114eb0da12f6379a346f06569d6991407581da7dc03d1813adf
Status: Image is up to date for registry.gitlab.com/saguaro1/spi-images:android-6.3-latest
Building for debugging...
[0/3] Copying PrivacyInfo.xcprivacy
[1/3] Write sources
[2/3] Write swift-version-272D24FF697CF451.txt
error: emit-module command failed with exit code 1 (use -v to see invocation)
[4/19] Emitting module SpendOwl
/host/spi-builder-workspace/Sources/SpendOwl/Attribution/AttributionService.swift:9:8: error: no such module 'AdServices'
7 | //
8 |
9 | import AdServices
| `- error: no such module 'AdServices'
10 | import Foundation
11 |
[5/21] Compiling SpendOwl SpendOwl.swift
/host/spi-builder-workspace/Sources/SpendOwl/Attribution/AttributionService.swift:9:8: error: no such module 'AdServices'
7 | //
8 |
9 | import AdServices
| `- error: no such module 'AdServices'
10 | import Foundation
11 |
[6/21] Compiling SpendOwl SpendOwlError.swift
/host/spi-builder-workspace/Sources/SpendOwl/Attribution/AttributionService.swift:9:8: error: no such module 'AdServices'
7 | //
8 |
9 | import AdServices
| `- error: no such module 'AdServices'
10 | import Foundation
11 |
[7/21] Compiling SpendOwl Version.swift
/host/spi-builder-workspace/Sources/SpendOwl/Attribution/AttributionService.swift:9:8: error: no such module 'AdServices'
7 | //
8 |
9 | import AdServices
| `- error: no such module 'AdServices'
10 | import Foundation
11 |
[8/21] Compiling SpendOwl resource_bundle_accessor.swift
/host/spi-builder-workspace/Sources/SpendOwl/Attribution/AttributionService.swift:9:8: error: no such module 'AdServices'
7 | //
8 |
9 | import AdServices
| `- error: no such module 'AdServices'
10 | import Foundation
11 |
[9/21] Compiling SpendOwl APIClient.swift
/host/spi-builder-workspace/Sources/SpendOwl/Attribution/AttributionService.swift:9:8: error: no such module 'AdServices'
7 | //
8 |
9 | import AdServices
| `- error: no such module 'AdServices'
10 | import Foundation
11 |
[10/21] Compiling SpendOwl ConsumableHistory.swift
/host/spi-builder-workspace/Sources/SpendOwl/Attribution/AttributionService.swift:9:8: error: no such module 'AdServices'
7 | //
8 |
9 | import AdServices
| `- error: no such module 'AdServices'
10 | import Foundation
11 |
[11/21] Compiling SpendOwl EventQueue.swift
/host/spi-builder-workspace/Sources/SpendOwl/Attribution/AttributionService.swift:9:8: error: no such module 'AdServices'
7 | //
8 |
9 | import AdServices
| `- error: no such module 'AdServices'
10 | import Foundation
11 |
[12/21] Compiling SpendOwl KeychainHelper.swift
/host/spi-builder-workspace/Sources/SpendOwl/Attribution/AttributionService.swift:9:8: error: no such module 'AdServices'
7 | //
8 |
9 | import AdServices
| `- error: no such module 'AdServices'
10 | import Foundation
11 |
[13/21] Compiling SpendOwl AttributionQueue.swift
/host/spi-builder-workspace/Sources/SpendOwl/Attribution/AttributionService.swift:9:8: error: no such module 'AdServices'
7 | //
8 |
9 | import AdServices
| `- error: no such module 'AdServices'
10 | import Foundation
11 |
[14/21] Compiling SpendOwl Defaults.swift
/host/spi-builder-workspace/Sources/SpendOwl/Attribution/AttributionService.swift:9:8: error: no such module 'AdServices'
7 | //
8 |
9 | import AdServices
| `- error: no such module 'AdServices'
10 | import Foundation
11 |
[15/21] Compiling SpendOwl Configuration.swift
/host/spi-builder-workspace/Sources/SpendOwl/Attribution/AttributionService.swift:9:8: error: no such module 'AdServices'
7 | //
8 |
9 | import AdServices
| `- error: no such module 'AdServices'
10 | import Foundation
11 |
[16/21] Compiling SpendOwl Logger.swift
/host/spi-builder-workspace/Sources/SpendOwl/Attribution/AttributionService.swift:9:8: error: no such module 'AdServices'
7 | //
8 |
9 | import AdServices
| `- error: no such module 'AdServices'
10 | import Foundation
11 |
[17/21] Compiling SpendOwl AttributionResult.swift
/host/spi-builder-workspace/Sources/SpendOwl/Attribution/AttributionService.swift:9:8: error: no such module 'AdServices'
7 | //
8 |
9 | import AdServices
| `- error: no such module 'AdServices'
10 | import Foundation
11 |
[18/21] Compiling SpendOwl AttributionService.swift
/host/spi-builder-workspace/Sources/SpendOwl/Attribution/AttributionService.swift:9:8: error: no such module 'AdServices'
7 | //
8 |
9 | import AdServices
| `- error: no such module 'AdServices'
10 | import Foundation
11 |
[19/21] Compiling SpendOwl BackgroundTaskAssertion.swift
/host/spi-builder-workspace/Sources/SpendOwl/Attribution/AttributionService.swift:9:8: error: no such module 'AdServices'
7 | //
8 |
9 | import AdServices
| `- error: no such module 'AdServices'
10 | import Foundation
11 |
[20/21] Compiling SpendOwl PurchaseTracker+Testing.swift
/host/spi-builder-workspace/Sources/SpendOwl/Attribution/AttributionService.swift:9:8: error: no such module 'AdServices'
7 | //
8 |
9 | import AdServices
| `- error: no such module 'AdServices'
10 | import Foundation
11 |
[21/21] Compiling SpendOwl PurchaseTracker.swift
/host/spi-builder-workspace/Sources/SpendOwl/Attribution/AttributionService.swift:9:8: error: no such module 'AdServices'
7 | //
8 |
9 | import AdServices
| `- error: no such module 'AdServices'
10 | import Foundation
11 |
BUILD FAILURE 6.3 android