Build Information
Failed to build fs-error-middleware, reference main (96cf46), with Swift 6.1 for watchOS using Xcode 16.3 on 25 Jun 2026 11:05:14 UTC.
Build Command
No build command. This typically means the build failed at an early stage where we determine the build command.Build Log
========================================
RunAll
========================================
Builder version: undefined version: run 'make version' to update
Interrupt handler set up.
========================================
Checkout
========================================
Clone URL: https://github.com/LLCFreedom-Space/fs-error-middleware.git
Reference: main
Initialized empty Git repository in /Users/admin/builder/spi-builder-workspace/.git/
From https://github.com/LLCFreedom-Space/fs-error-middleware
* branch main -> FETCH_HEAD
* [new branch] main -> origin/main
HEAD is now at 96cf466 feat: update to 6.2 swift (#3)
Cloned https://github.com/LLCFreedom-Space/fs-error-middleware.git
Revision (git rev-parse @):
96cf466b0549fed22a446f6520f4d1e5e141b00e
SPI manifest file found: $PWD/.spi.yml
SUCCESS checkout https://github.com/LLCFreedom-Space/fs-error-middleware.git at main
========================================
Build
========================================
Selected platform: watchOS
Swift version: 6.1
Building package at path: $PWD
https://github.com/LLCFreedom-Space/fs-error-middleware.git
https://github.com/LLCFreedom-Space/fs-error-middleware.git
error: 'spi-builder-workspace': package 'spi-builder-workspace' is using Swift tools version 6.2.0 but the installed version is 6.1.0
error: fatalError
Command line invocation:
/Applications/Xcode-16.3.0.app/Contents/Developer/usr/bin/xcodebuild -IDEClonedSourcePackagesDirPathOverride=/Users/admin/builder/spi-builder-workspace/.dependencies -resolvePackageDependencies
Resolve Package Graph
package 'spi-builder-workspace' is using Swift tools version 6.2.0 but the installed version is 6.1.0
Resolved source packages:
spi-builder-workspace: (null)
2026-06-25 04:05:13.342 xcodebuild[504:2887] Writing error result bundle to /var/folders/5k/5yc19ymj0jqd5v0zvgfqz0xw0000gn/T/ResultBundle_2026-25-06_04-05-0013.xcresult
xcodebuild: error: Could not resolve package dependencies:
package 'spi-builder-workspace' is using Swift tools version 6.2.0 but the installed version is 6.1.0
Command line invocation:
/Applications/Xcode-16.3.0.app/Contents/Developer/usr/bin/xcodebuild -IDEClonedSourcePackagesDirPathOverride=/Users/admin/builder/spi-builder-workspace/.dependencies -resolvePackageDependencies
Resolve Package Graph
package 'spi-builder-workspace' is using Swift tools version 6.2.0 but the installed version is 6.1.0
Resolved source packages:
spi-builder-workspace: (null)
2026-06-25 04:05:14.063 xcodebuild[512:2964] Writing error result bundle to /var/folders/5k/5yc19ymj0jqd5v0zvgfqz0xw0000gn/T/ResultBundle_2026-25-06_04-05-0014.xcresult
xcodebuild: error: Could not resolve package dependencies:
package 'spi-builder-workspace' is using Swift tools version 6.2.0 but the installed version is 6.1.0
BUILD FAILURE 6.1 watchOS