Build Information
Failed to build ExyteGrid, reference master (c4d1ca), with Swift 6.4 for tvOS using Xcode 27.0 on 19 Sep 2026 10:37:46 UTC.
Build Command
env DEVELOPER_DIR=/Applications/Xcode-27.0.0-Release.Candidate.app xcrun xcodebuild -IDEClonedSourcePackagesDirPathOverride=$PWD/.dependencies -skipMacroValidation -skipPackagePluginValidation -derivedDataPath $PWD/.derivedData build -scheme Grid -destination generic/platform=tvOSBuild Log
========================================
RunAll
========================================
Builder version: 5.1.0
Interrupt handler set up.
========================================
Checkout
========================================
Clone URL: https://github.com/exyte/Grid.git
Reference: master
Initialized empty Git repository in /Users/admin/builder/spi-builder-workspace/.git/
From https://github.com/exyte/Grid
* branch master -> FETCH_HEAD
* [new branch] master -> origin/master
HEAD is now at c4d1cab Fix overlapping in ScrollView
Cloned https://github.com/exyte/Grid.git
Revision (git rev-parse @):
c4d1cabb0c7fcbd35f664c31ad23e7aa32bc3dd4
SUCCESS checkout https://github.com/exyte/Grid.git at master
========================================
Build
========================================
Selected platform: tvOS
Swift version: 6.4
Building package at path: $PWD
https://github.com/exyte/Grid.git
Command line invocation:
/Applications/Xcode-27.0.0-Release.Candidate.app/Contents/Developer/usr/bin/xcodebuild -IDEClonedSourcePackagesDirPathOverride=/Users/admin/builder/spi-builder-workspace/.dependencies -resolvePackageDependencies
resolved source packages:
{
"dependencies" : [
],
"manifest_display_name" : "ExyteGrid",
"name" : "ExyteGrid",
"path" : "/Users/admin/builder/spi-builder-workspace",
"platforms" : [
{
"name" : "ios",
"version" : "14.0"
},
{
"name" : "macos",
"version" : "10.15"
},
{
"name" : "tvos",
"version" : "14.0"
}
],
"products" : [
{
"name" : "ExyteGrid",
"targets" : [
"ExyteGrid"
],
"type" : {
"library" : [
"automatic"
]
}
}
],
"targets" : [
{
"c99name" : "ExyteGrid",
"module_type" : "SwiftTarget",
"name" : "ExyteGrid",
"path" : "Sources",
"product_memberships" : [
"ExyteGrid"
],
"sources" : [
"Cache/Cache.swift",
"Cache/GridCacheMode.swift",
"Configuration/Constants.swift",
"Extensions/CGRect+Hashable.swift",
"Extensions/CGSize+Hashable.swift",
"Extensions/LayoutArrangement+description.swift",
"Extensions/View+If.swift",
"GridLayoutMath/LayoutArranging.swift",
"GridLayoutMath/LayoutPositioning.swift",
"Models/ArrangedItem.swift",
"Models/GridAlignment.swift",
"Models/GridContentMode.swift",
"Models/GridElement.swift",
"Models/GridFlow.swift",
"Models/GridIndex.swift",
"Models/GridPacking.swift",
"Models/GridSpacing.swift",
"Models/GridSpan.swift",
"Models/GridStart.swift",
"Models/GridTrack.swift",
"Models/LayoutArrangement.swift",
"Models/PositionedItem.swift",
"Models/Preferences/GridBackgroundPreference.swift",
"Models/Preferences/GridCellPreference.swift",
"Models/Preferences/GridOverlayPreference.swift",
"Models/Preferences/GridPreference.swift",
"View/Grid.swift",
"View/GridGroup.swift",
"View/Inits/ForEach+GridViewsContaining.swift",
"View/Inits/Grid+Init.swift",
"View/Inits/Grid+Inits_Data.swift",
"View/Inits/GridBuilder.swift",
"View/Inits/GridContentViewsProtocols.swift",
"View/Inits/GridElement+asGridElements.swift",
"View/Inits/GridGroup+Init.swift",
"View/Inits/GridGroup+Inits_Data.swift",
"View/View+Environment.swift",
"View/View+GridPreferences.swift"
],
"type" : "library"
}
],
"tools_version" : "5.3"
}
{
"project" : {
"configurations" : [
"Debug",
"Release"
],
"name" : "Grid",
"schemes" : [
"Grid"
],
"targets" : [
"Grid",
"GridTests"
]
}
}
Running build ...
env DEVELOPER_DIR=/Applications/Xcode-27.0.0-Release.Candidate.app xcrun xcodebuild -IDEClonedSourcePackagesDirPathOverride=$PWD/.dependencies -skipMacroValidation -skipPackagePluginValidation -derivedDataPath $PWD/.derivedData build -scheme Grid -destination generic/platform=tvOS
Command line invocation:
/Applications/Xcode-27.0.0-Release.Candidate.app/Contents/Developer/usr/bin/xcodebuild -IDEClonedSourcePackagesDirPathOverride=/Users/admin/builder/spi-builder-workspace/.dependencies -skipMacroValidation -skipPackagePluginValidation -derivedDataPath /Users/admin/builder/spi-builder-workspace/.derivedData build -scheme Grid -destination generic/platform=tvOS
ComputePackagePrebuildTargetDependencyGraph
Prepare packages
CreateBuildRequest
SendProjectDescription
CreateBuildOperation
ComputeTargetDependencyGraph
note: Building targets in dependency order
note: Target dependency graph (1 target)
Target 'Grid' in project 'Grid' (no dependencies)
GatherProvisioningInputs
CreateBuildDescription
ExecuteExternalTool /Applications/Xcode-27.0.0-Release.Candidate.app/Contents/Developer/Toolchains/XcodeDefault.xctoolchain/usr/bin/clang -v -E -dM -isysroot /Applications/Xcode-27.0.0-Release.Candidate.app/Contents/Developer/Platforms/AppleTVOS.platform/Developer/SDKs/AppleTVOS27.0.sdk -x c -c /dev/null
ExecuteExternalTool /Applications/Xcode-27.0.0-Release.Candidate.app/Contents/Developer/Toolchains/XcodeDefault.xctoolchain/usr/bin/clang -v -E -dM -arch arm64 -isysroot /Applications/Xcode-27.0.0-Release.Candidate.app/Contents/Developer/Platforms/AppleTVOS.platform/Developer/SDKs/AppleTVOS27.0.sdk -x c -c /dev/null
ExecuteExternalTool /Applications/Xcode-27.0.0-Release.Candidate.app/Contents/Developer/Toolchains/XcodeDefault.xctoolchain/usr/bin/swiftc --version
ExecuteExternalTool /Applications/Xcode-27.0.0-Release.Candidate.app/Contents/Developer/Toolchains/XcodeDefault.xctoolchain/usr/bin/ld -version_details
Build description signature: fd609f2f1fc7c7c6826754e98990df36
Build description path: /Users/admin/builder/spi-builder-workspace/.derivedData/Build/Intermediates.noindex/XCBuildData/fd609f2f1fc7c7c6826754e98990df36.xcbuilddata
/Users/admin/builder/spi-builder-workspace/Grid.xcodeproj: error: The tvOS deployment target 'TVOS_DEPLOYMENT_TARGET' is set to 14.0, but the range of supported deployment target versions is 15.0 to 27.0.x. (in target 'Grid' from project 'Grid')
/Users/admin/builder/spi-builder-workspace/Grid.xcodeproj: warning: tasks in 'Copy Headers' are delayed by unsandboxed script phases; set ENABLE_USER_SCRIPT_SANDBOXING=YES to enable sandboxing (in target 'Grid' from project 'Grid')
warning: Run script build phase 'SwiftLint' will be run during every build because it does not specify any outputs. To address this issue, either add output dependencies to the script phase, or configure it to run in every build by unchecking "Based on dependency analysis" in the script phase. (in target 'Grid' from project 'Grid')
** BUILD FAILED **
The following build commands failed:
Building project Grid with scheme Grid
(1 failure)
Command line invocation:
/Applications/Xcode-27.0.0-Release.Candidate.app/Contents/Developer/usr/bin/xcodebuild -IDEClonedSourcePackagesDirPathOverride=/Users/admin/builder/spi-builder-workspace/.dependencies -resolvePackageDependencies
resolved source packages:
{
"dependencies" : [
],
"manifest_display_name" : "ExyteGrid",
"name" : "ExyteGrid",
"path" : "/Users/admin/builder/spi-builder-workspace",
"platforms" : [
{
"name" : "ios",
"version" : "14.0"
},
{
"name" : "macos",
"version" : "10.15"
},
{
"name" : "tvos",
"version" : "14.0"
}
],
"products" : [
{
"name" : "ExyteGrid",
"targets" : [
"ExyteGrid"
],
"type" : {
"library" : [
"automatic"
]
}
}
],
"targets" : [
{
"c99name" : "ExyteGrid",
"module_type" : "SwiftTarget",
"name" : "ExyteGrid",
"path" : "Sources",
"product_memberships" : [
"ExyteGrid"
],
"sources" : [
"Cache/Cache.swift",
"Cache/GridCacheMode.swift",
"Configuration/Constants.swift",
"Extensions/CGRect+Hashable.swift",
"Extensions/CGSize+Hashable.swift",
"Extensions/LayoutArrangement+description.swift",
"Extensions/View+If.swift",
"GridLayoutMath/LayoutArranging.swift",
"GridLayoutMath/LayoutPositioning.swift",
"Models/ArrangedItem.swift",
"Models/GridAlignment.swift",
"Models/GridContentMode.swift",
"Models/GridElement.swift",
"Models/GridFlow.swift",
"Models/GridIndex.swift",
"Models/GridPacking.swift",
"Models/GridSpacing.swift",
"Models/GridSpan.swift",
"Models/GridStart.swift",
"Models/GridTrack.swift",
"Models/LayoutArrangement.swift",
"Models/PositionedItem.swift",
"Models/Preferences/GridBackgroundPreference.swift",
"Models/Preferences/GridCellPreference.swift",
"Models/Preferences/GridOverlayPreference.swift",
"Models/Preferences/GridPreference.swift",
"View/Grid.swift",
"View/GridGroup.swift",
"View/Inits/ForEach+GridViewsContaining.swift",
"View/Inits/Grid+Init.swift",
"View/Inits/Grid+Inits_Data.swift",
"View/Inits/GridBuilder.swift",
"View/Inits/GridContentViewsProtocols.swift",
"View/Inits/GridElement+asGridElements.swift",
"View/Inits/GridGroup+Init.swift",
"View/Inits/GridGroup+Inits_Data.swift",
"View/View+Environment.swift",
"View/View+GridPreferences.swift"
],
"type" : "library"
}
],
"tools_version" : "5.3"
}
{
"project" : {
"configurations" : [
"Debug",
"Release"
],
"name" : "Grid",
"schemes" : [
"Grid"
],
"targets" : [
"Grid",
"GridTests"
]
}
}
Running build ...
env DEVELOPER_DIR=/Applications/Xcode-27.0.0-Release.Candidate.app xcrun xcodebuild -IDEClonedSourcePackagesDirPathOverride=$PWD/.dependencies -skipMacroValidation -skipPackagePluginValidation -derivedDataPath $PWD/.derivedData build -scheme Grid -destination generic/platform=tvOS
Command line invocation:
/Applications/Xcode-27.0.0-Release.Candidate.app/Contents/Developer/usr/bin/xcodebuild -IDEClonedSourcePackagesDirPathOverride=/Users/admin/builder/spi-builder-workspace/.dependencies -skipMacroValidation -skipPackagePluginValidation -derivedDataPath /Users/admin/builder/spi-builder-workspace/.derivedData build -scheme Grid -destination generic/platform=tvOS
ComputePackagePrebuildTargetDependencyGraph
Prepare packages
CreateBuildRequest
SendProjectDescription
CreateBuildOperation
ComputeTargetDependencyGraph
note: Building targets in dependency order
note: Target dependency graph (1 target)
Target 'Grid' in project 'Grid' (no dependencies)
GatherProvisioningInputs
CreateBuildDescription
/Users/admin/builder/spi-builder-workspace/Grid.xcodeproj: error: The tvOS deployment target 'TVOS_DEPLOYMENT_TARGET' is set to 14.0, but the range of supported deployment target versions is 15.0 to 27.0.x. (in target 'Grid' from project 'Grid')
warning: Run script build phase 'SwiftLint' will be run during every build because it does not specify any outputs. To address this issue, either add output dependencies to the script phase, or configure it to run in every build by unchecking "Based on dependency analysis" in the script phase. (in target 'Grid' from project 'Grid')
/Users/admin/builder/spi-builder-workspace/Grid.xcodeproj: warning: tasks in 'Copy Headers' are delayed by unsandboxed script phases; set ENABLE_USER_SCRIPT_SANDBOXING=YES to enable sandboxing (in target 'Grid' from project 'Grid')
** BUILD FAILED **
The following build commands failed:
Building project Grid with scheme Grid
(1 failure)
BUILD FAILURE 6.4 tvOS