The Swift Package Index logo.Swift Package Index

Build Information

Failed to build AIEffectsKit, reference main (92363d), with Swift 6.2 for macOS (Xcode) using Xcode 26.3 on 26 Jun 2026 16:52:46 UTC.

Build Command

env DEVELOPER_DIR=/Applications/Xcode-26.3.0.app xcrun xcodebuild -IDEClonedSourcePackagesDirPathOverride=$PWD/.dependencies -skipMacroValidation -skipPackagePluginValidation -derivedDataPath $PWD/.derivedData build -scheme AIEffectsKit -destination platform=macOS,arch=arm64

Build Log

========================================
RunAll
========================================
Builder version: undefined version: run 'make version' to update
Interrupt handler set up.
========================================
Checkout
========================================
Clone URL: https://github.com/chrisnyw/AIEffectsKit.git
Reference: main
Initialized empty Git repository in /Users/admin/builder/spi-builder-workspace/.git/
From https://github.com/chrisnyw/AIEffectsKit
 * branch            main       -> FETCH_HEAD
 * [new branch]      main       -> origin/main
HEAD is now at 92363d2 Added IntelligenceGlow previews
Cloned https://github.com/chrisnyw/AIEffectsKit.git
Revision (git rev-parse @):
92363d2aef7b2d2f1a7465aa0f8efdf39990ba61
SUCCESS checkout https://github.com/chrisnyw/AIEffectsKit.git at main
========================================
Build
========================================
Selected platform:         macosXcodebuild
Swift version:             6.2
Building package at path:  $PWD
https://github.com/chrisnyw/AIEffectsKit.git
Command line invocation:
    /Applications/Xcode-26.3.0.app/Contents/Developer/usr/bin/xcodebuild -IDEClonedSourcePackagesDirPathOverride=/Users/admin/builder/spi-builder-workspace/.dependencies -resolvePackageDependencies
Resolve Package Graph
Resolve Package Graph
Resolved source packages:
  AIEffectsKit: /Users/admin/builder/spi-builder-workspace
resolved source packages: AIEffectsKit
2026-06-26 12:52:09.503 xcodebuild[572:3120] [MT] IDERunDestination: Supported platforms for the buildables in the current scheme is empty.
{
  "dependencies" : [
  ],
  "manifest_display_name" : "AIEffectsKit",
  "name" : "AIEffectsKit",
  "path" : "/Users/admin/builder/spi-builder-workspace",
  "platforms" : [
    {
      "name" : "ios",
      "version" : "17.0"
    },
    {
      "name" : "macos",
      "version" : "14.0"
    },
    {
      "name" : "watchos",
      "version" : "10.0"
    },
    {
      "name" : "visionos",
      "version" : "1.0"
    }
  ],
  "products" : [
    {
      "name" : "AIEffectsKit",
      "targets" : [
        "AIEffectsKit"
      ],
      "type" : {
        "library" : [
          "automatic"
        ]
      }
    }
  ],
  "targets" : [
    {
      "c99name" : "AIEffectsKitTests",
      "module_type" : "SwiftTarget",
      "name" : "AIEffectsKitTests",
      "path" : "Tests/AIEffectsKitTests",
      "sources" : [
        "AIStateTests.swift",
        "IntelligenceGlowTests.swift",
        "StreamTextStyleTests.swift",
        "StreamTextTests.swift",
        "ThinkingIndicatorTests.swift",
        "TimedWordTests.swift"
      ],
      "target_dependencies" : [
        "AIEffectsKit"
      ],
      "type" : "test"
    },
    {
      "c99name" : "AIEffectsKit",
      "module_type" : "SwiftTarget",
      "name" : "AIEffectsKit",
      "path" : "Sources/AIEffectsKit",
      "product_memberships" : [
        "AIEffectsKit"
      ],
      "sources" : [
        "AIPhase.swift",
        "AIState.swift",
        "Environment/AIStateEnvironment.swift",
        "IntelligenceGlow/IntelligenceGlow.swift",
        "Internal/Duration+Seconds.swift",
        "StreamText/FlowLayout.swift",
        "StreamText/Renderers/LetterDropText.swift",
        "StreamText/Renderers/LineCascadeText.swift",
        "StreamText/Renderers/ScrambleText.swift",
        "StreamText/Renderers/ShimmerWipeText.swift",
        "StreamText/Renderers/SkeletonText.swift",
        "StreamText/Renderers/TokenChunkText.swift",
        "StreamText/Renderers/TypewriterView.swift",
        "StreamText/Renderers/WordAnimatedText.swift",
        "StreamText/StreamText+Typing.swift",
        "StreamText/StreamText.swift",
        "StreamText/StreamTextStyle.swift",
        "StreamText/StreamingTextRenderer.swift",
        "StreamText/TimedWord.swift",
        "ThinkingIndicator/ThinkingIndicator.swift"
      ],
      "type" : "library"
    }
  ],
  "tools_version" : "5.10"
}
{
  "workspace" : {
    "name" : "spi-builder-workspace",
    "schemes" : [
      "AIEffectsKit"
    ]
  }
}
2026-06-26 12:52:27.481 xcodebuild[715:4259] [MT] IDERunDestination: Supported platforms for the buildables in the current scheme is empty.
Running build ...
env DEVELOPER_DIR=/Applications/Xcode-26.3.0.app xcrun xcodebuild -IDEClonedSourcePackagesDirPathOverride=$PWD/.dependencies -skipMacroValidation -skipPackagePluginValidation -derivedDataPath $PWD/.derivedData build -scheme AIEffectsKit -destination platform=macOS,arch=arm64
Command line invocation:
    /Applications/Xcode-26.3.0.app/Contents/Developer/usr/bin/xcodebuild -IDEClonedSourcePackagesDirPathOverride=/Users/admin/builder/spi-builder-workspace/.dependencies -skipMacroValidation -skipPackagePluginValidation -derivedDataPath /Users/admin/builder/spi-builder-workspace/.derivedData build -scheme AIEffectsKit -destination platform=macOS,arch=arm64
Resolve Package Graph
Resolved source packages:
  AIEffectsKit: /Users/admin/builder/spi-builder-workspace
ComputePackagePrebuildTargetDependencyGraph
Prepare packages
CreateBuildRequest
SendProjectDescription
CreateBuildOperation
ComputeTargetDependencyGraph
note: Building targets in dependency order
note: Target dependency graph (2 targets)
    Target 'AIEffectsKit' in project 'AIEffectsKit'
        ➜ Explicit dependency on target 'AIEffectsKit' in project 'AIEffectsKit'
    Target 'AIEffectsKit' in project 'AIEffectsKit' (no dependencies)
GatherProvisioningInputs
CreateBuildDescription
ExecuteExternalTool /Applications/Xcode-26.3.0.app/Contents/Developer/Toolchains/XcodeDefault.xctoolchain/usr/bin/clang -v -E -dM -isysroot /Applications/Xcode-26.3.0.app/Contents/Developer/Platforms/MacOSX.platform/Developer/SDKs/MacOSX26.2.sdk -x c -c /dev/null
ExecuteExternalTool /Applications/Xcode-26.3.0.app/Contents/Developer/Toolchains/XcodeDefault.xctoolchain/usr/bin/swiftc --version
ExecuteExternalTool /Applications/Xcode-26.3.0.app/Contents/Developer/Toolchains/XcodeDefault.xctoolchain/usr/bin/ld -version_details
ReadFileContents /Applications/Xcode-26.3.0.app/Contents/Developer/Toolchains/XcodeDefault.xctoolchain/usr/share/docc/features.json
Build description signature: f24b196091cc0f49e2ec9c780d21fe5b
Build description path: /Users/admin/builder/spi-builder-workspace/.derivedData/Build/Intermediates.noindex/XCBuildData/f24b196091cc0f49e2ec9c780d21fe5b.xcbuilddata
CreateBuildDirectory /Users/admin/builder/spi-builder-workspace/.derivedData/Build/Products
    cd /Users/admin/builder/spi-builder-workspace/.swiftpm/xcode
    builtin-create-build-directory /Users/admin/builder/spi-builder-workspace/.derivedData/Build/Products
ClangStatCache /Applications/Xcode-26.3.0.app/Contents/Developer/Toolchains/XcodeDefault.xctoolchain/usr/bin/clang-stat-cache /Applications/Xcode-26.3.0.app/Contents/Developer/Platforms/MacOSX.platform/Developer/SDKs/MacOSX26.2.sdk /Users/admin/builder/spi-builder-workspace/.derivedData/SDKStatCaches.noindex/macosx26.2-25C58-dc75598d0054f22ec865fa860f139d726b10091eae1b9012e514a50b0de53ce7.sdkstatcache
    cd /Users/admin/builder/spi-builder-workspace/.swiftpm/xcode
    /Applications/Xcode-26.3.0.app/Contents/Developer/Toolchains/XcodeDefault.xctoolchain/usr/bin/clang-stat-cache /Applications/Xcode-26.3.0.app/Contents/Developer/Platforms/MacOSX.platform/Developer/SDKs/MacOSX26.2.sdk -o /Users/admin/builder/spi-builder-workspace/.derivedData/SDKStatCaches.noindex/macosx26.2-25C58-dc75598d0054f22ec865fa860f139d726b10091eae1b9012e514a50b0de53ce7.sdkstatcache
CreateBuildDirectory /Users/admin/builder/spi-builder-workspace/.derivedData/Build/Intermediates.noindex
    cd /Users/admin/builder/spi-builder-workspace/.swiftpm/xcode
    builtin-create-build-directory /Users/admin/builder/spi-builder-workspace/.derivedData/Build/Intermediates.noindex
CreateBuildDirectory /Users/admin/builder/spi-builder-workspace/.derivedData/Build/Intermediates.noindex/ExplicitPrecompiledModules
    cd /Users/admin/builder/spi-builder-workspace/.swiftpm/xcode
    builtin-create-build-directory /Users/admin/builder/spi-builder-workspace/.derivedData/Build/Intermediates.noindex/ExplicitPrecompiledModules
CreateBuildDirectory /Users/admin/builder/spi-builder-workspace/.derivedData/Build/Intermediates.noindex/SwiftExplicitPrecompiledModules
    cd /Users/admin/builder/spi-builder-workspace/.swiftpm/xcode
    builtin-create-build-directory /Users/admin/builder/spi-builder-workspace/.derivedData/Build/Intermediates.noindex/SwiftExplicitPrecompiledModules
CreateBuildDirectory /Users/admin/builder/spi-builder-workspace/.derivedData/Build/Intermediates.noindex/EagerLinkingTBDs/Debug
    cd /Users/admin/builder/spi-builder-workspace/.swiftpm/xcode
    builtin-create-build-directory /Users/admin/builder/spi-builder-workspace/.derivedData/Build/Intermediates.noindex/EagerLinkingTBDs/Debug
CreateBuildDirectory /Users/admin/builder/spi-builder-workspace/.derivedData/Build/Products/Debug
    cd /Users/admin/builder/spi-builder-workspace/.swiftpm/xcode
    builtin-create-build-directory /Users/admin/builder/spi-builder-workspace/.derivedData/Build/Products/Debug
CreateBuildDirectory /Users/admin/builder/spi-builder-workspace/.derivedData/Build/Products/Debug/PackageFrameworks
    cd /Users/admin/builder/spi-builder-workspace/.swiftpm/xcode
    builtin-create-build-directory /Users/admin/builder/spi-builder-workspace/.derivedData/Build/Products/Debug/PackageFrameworks
WriteAuxiliaryFile /Users/admin/builder/spi-builder-workspace/.derivedData/Build/Intermediates.noindex/AIEffectsKit.build/Debug/AIEffectsKit.build/AIEffectsKit.DependencyMetadataFileList (in target 'AIEffectsKit' from project 'AIEffectsKit')
    cd /Users/admin/builder/spi-builder-workspace
    write-file /Users/admin/builder/spi-builder-workspace/.derivedData/Build/Intermediates.noindex/AIEffectsKit.build/Debug/AIEffectsKit.build/AIEffectsKit.DependencyMetadataFileList
WriteAuxiliaryFile /Users/admin/builder/spi-builder-workspace/.derivedData/Build/Intermediates.noindex/AIEffectsKit.build/Debug/AIEffectsKit.build/AIEffectsKit.DependencyStaticMetadataFileList (in target 'AIEffectsKit' from project 'AIEffectsKit')
    cd /Users/admin/builder/spi-builder-workspace
    write-file /Users/admin/builder/spi-builder-workspace/.derivedData/Build/Intermediates.noindex/AIEffectsKit.build/Debug/AIEffectsKit.build/AIEffectsKit.DependencyStaticMetadataFileList
WriteAuxiliaryFile /Users/admin/builder/spi-builder-workspace/.derivedData/Build/Intermediates.noindex/AIEffectsKit.build/Debug/AIEffectsKit.build/AIEffectsKit.modulemap (in target 'AIEffectsKit' from project 'AIEffectsKit')
    cd /Users/admin/builder/spi-builder-workspace
    write-file /Users/admin/builder/spi-builder-workspace/.derivedData/Build/Intermediates.noindex/AIEffectsKit.build/Debug/AIEffectsKit.build/AIEffectsKit.modulemap
WriteAuxiliaryFile /Users/admin/builder/spi-builder-workspace/.derivedData/Build/Intermediates.noindex/AIEffectsKit.build/Debug/AIEffectsKit.build/Objects-normal/arm64/AIEffectsKit.SwiftFileList (in target 'AIEffectsKit' from project 'AIEffectsKit')
    cd /Users/admin/builder/spi-builder-workspace
    write-file /Users/admin/builder/spi-builder-workspace/.derivedData/Build/Intermediates.noindex/AIEffectsKit.build/Debug/AIEffectsKit.build/Objects-normal/arm64/AIEffectsKit.SwiftFileList
WriteAuxiliaryFile /Users/admin/builder/spi-builder-workspace/.derivedData/Build/Intermediates.noindex/AIEffectsKit.build/Debug/AIEffectsKit.build/Objects-normal/arm64/AIEffectsKit.SwiftConstValuesFileList (in target 'AIEffectsKit' from project 'AIEffectsKit')
    cd /Users/admin/builder/spi-builder-workspace
    write-file /Users/admin/builder/spi-builder-workspace/.derivedData/Build/Intermediates.noindex/AIEffectsKit.build/Debug/AIEffectsKit.build/Objects-normal/arm64/AIEffectsKit.SwiftConstValuesFileList
WriteAuxiliaryFile /Users/admin/builder/spi-builder-workspace/.derivedData/Build/Intermediates.noindex/AIEffectsKit.build/Debug/AIEffectsKit.build/Objects-normal/arm64/AIEffectsKit-OutputFileMap.json (in target 'AIEffectsKit' from project 'AIEffectsKit')
    cd /Users/admin/builder/spi-builder-workspace
    write-file /Users/admin/builder/spi-builder-workspace/.derivedData/Build/Intermediates.noindex/AIEffectsKit.build/Debug/AIEffectsKit.build/Objects-normal/arm64/AIEffectsKit-OutputFileMap.json
WriteAuxiliaryFile /Users/admin/builder/spi-builder-workspace/.derivedData/Build/Intermediates.noindex/AIEffectsKit.build/Debug/AIEffectsKit.build/Objects-normal/arm64/AIEffectsKit_const_extract_protocols.json (in target 'AIEffectsKit' from project 'AIEffectsKit')
    cd /Users/admin/builder/spi-builder-workspace
    write-file /Users/admin/builder/spi-builder-workspace/.derivedData/Build/Intermediates.noindex/AIEffectsKit.build/Debug/AIEffectsKit.build/Objects-normal/arm64/AIEffectsKit_const_extract_protocols.json
WriteAuxiliaryFile /Users/admin/builder/spi-builder-workspace/.derivedData/Build/Intermediates.noindex/AIEffectsKit.build/Debug/AIEffectsKit.build/Objects-normal/arm64/AIEffectsKit.LinkFileList (in target 'AIEffectsKit' from project 'AIEffectsKit')
    cd /Users/admin/builder/spi-builder-workspace
    write-file /Users/admin/builder/spi-builder-workspace/.derivedData/Build/Intermediates.noindex/AIEffectsKit.build/Debug/AIEffectsKit.build/Objects-normal/arm64/AIEffectsKit.LinkFileList
Copy /Users/admin/builder/spi-builder-workspace/.derivedData/Build/Intermediates.noindex/GeneratedModuleMaps/AIEffectsKit.modulemap /Users/admin/builder/spi-builder-workspace/.derivedData/Build/Intermediates.noindex/AIEffectsKit.build/Debug/AIEffectsKit.build/AIEffectsKit.modulemap (in target 'AIEffectsKit' from project 'AIEffectsKit')
    cd /Users/admin/builder/spi-builder-workspace
    builtin-copy -exclude .DS_Store -exclude CVS -exclude .svn -exclude .git -exclude .hg -resolve-src-symlinks /Users/admin/builder/spi-builder-workspace/.derivedData/Build/Intermediates.noindex/AIEffectsKit.build/Debug/AIEffectsKit.build/AIEffectsKit.modulemap /Users/admin/builder/spi-builder-workspace/.derivedData/Build/Intermediates.noindex/GeneratedModuleMaps
SwiftDriver AIEffectsKit normal arm64 com.apple.xcode.tools.swift.compiler (in target 'AIEffectsKit' from project 'AIEffectsKit')
    cd /Users/admin/builder/spi-builder-workspace/.swiftpm/xcode
    builtin-SwiftDriver -- /Applications/Xcode-26.3.0.app/Contents/Developer/Toolchains/XcodeDefault.xctoolchain/usr/bin/swiftc -module-name AIEffectsKit -Onone -enforce-exclusivity\=checked @/Users/admin/builder/spi-builder-workspace/.derivedData/Build/Intermediates.noindex/AIEffectsKit.build/Debug/AIEffectsKit.build/Objects-normal/arm64/AIEffectsKit.SwiftFileList -DSWIFT_PACKAGE -DDEBUG -DSWIFT_MODULE_RESOURCE_BUNDLE_UNAVAILABLE -DXcode -plugin-path /Applications/Xcode-26.3.0.app/Contents/Developer/Toolchains/XcodeDefault.xctoolchain/usr/lib/swift/host/plugins/testing -enable-experimental-feature DebugDescriptionMacro -sdk /Applications/Xcode-26.3.0.app/Contents/Developer/Platforms/MacOSX.platform/Developer/SDKs/MacOSX26.2.sdk -target arm64-apple-macos14.0 -g -module-cache-path /Users/admin/builder/spi-builder-workspace/.derivedData/ModuleCache.noindex -Xfrontend -serialize-debugging-options -profile-coverage-mapping -profile-generate -enable-testing -index-store-path /Users/admin/builder/spi-builder-workspace/.derivedData/Index.noindex/DataStore -Xcc -D_LIBCPP_HARDENING_MODE\=_LIBCPP_HARDENING_MODE_DEBUG -swift-version 5 -I /Users/admin/builder/spi-builder-workspace/.derivedData/Build/Products/Debug -Isystem /Applications/Xcode-26.3.0.app/Contents/Developer/Platforms/MacOSX.platform/Developer/usr/lib -F /Users/admin/builder/spi-builder-workspace/.derivedData/Build/Products/Debug -F /Applications/Xcode-26.3.0.app/Contents/Developer/Platforms/MacOSX.platform/Developer/Library/Frameworks -c -j10 -enable-batch-mode -incremental -Xcc -ivfsstatcache -Xcc /Users/admin/builder/spi-builder-workspace/.derivedData/SDKStatCaches.noindex/macosx26.2-25C58-dc75598d0054f22ec865fa860f139d726b10091eae1b9012e514a50b0de53ce7.sdkstatcache -output-file-map /Users/admin/builder/spi-builder-workspace/.derivedData/Build/Intermediates.noindex/AIEffectsKit.build/Debug/AIEffectsKit.build/Objects-normal/arm64/AIEffectsKit-OutputFileMap.json -use-frontend-parseable-output -save-temps -no-color-diagnostics -explicit-module-build -module-cache-path /Users/admin/builder/spi-builder-workspace/.derivedData/Build/Intermediates.noindex/SwiftExplicitPrecompiledModules -clang-scanner-module-cache-path /Users/admin/builder/spi-builder-workspace/.derivedData/ModuleCache.noindex -sdk-module-cache-path /Users/admin/builder/spi-builder-workspace/.derivedData/ModuleCache.noindex -serialize-diagnostics -emit-dependencies -emit-module -emit-module-path /Users/admin/builder/spi-builder-workspace/.derivedData/Build/Intermediates.noindex/AIEffectsKit.build/Debug/AIEffectsKit.build/Objects-normal/arm64/AIEffectsKit.swiftmodule -validate-clang-modules-once -clang-build-session-file /Users/admin/builder/spi-builder-workspace/.derivedData/ModuleCache.noindex/Session.modulevalidation -package-name spi_builder_workspace -Xcc -I/Users/admin/builder/spi-builder-workspace/.derivedData/Build/Intermediates.noindex/AIEffectsKit.build/Debug/AIEffectsKit.build/swift-overrides.hmap -emit-const-values -Xfrontend -const-gather-protocols-file -Xfrontend /Users/admin/builder/spi-builder-workspace/.derivedData/Build/Intermediates.noindex/AIEffectsKit.build/Debug/AIEffectsKit.build/Objects-normal/arm64/AIEffectsKit_const_extract_protocols.json -Xcc -I/Users/admin/builder/spi-builder-workspace/.derivedData/Build/Products/Debug/include -Xcc -I/Users/admin/builder/spi-builder-workspace/.derivedData/Build/Intermediates.noindex/AIEffectsKit.build/Debug/AIEffectsKit.build/DerivedSources-normal/arm64 -Xcc -I/Users/admin/builder/spi-builder-workspace/.derivedData/Build/Intermediates.noindex/AIEffectsKit.build/Debug/AIEffectsKit.build/DerivedSources/arm64 -Xcc -I/Users/admin/builder/spi-builder-workspace/.derivedData/Build/Intermediates.noindex/AIEffectsKit.build/Debug/AIEffectsKit.build/DerivedSources -Xcc -DSWIFT_PACKAGE -Xcc -DDEBUG\=1 -emit-objc-header -emit-objc-header-path /Users/admin/builder/spi-builder-workspace/.derivedData/Build/Intermediates.noindex/AIEffectsKit.build/Debug/AIEffectsKit.build/Objects-normal/arm64/AIEffectsKit-Swift.h -working-directory /Users/admin/builder/spi-builder-workspace/.swiftpm/xcode -experimental-emit-module-separately -disable-cmo
SwiftExplicitDependencyGeneratePcm arm64 /Users/admin/builder/spi-builder-workspace/.derivedData/ModuleCache.noindex/_SwiftConcurrencyShims-7Q4MLD47DF7DGHIIY5YGOWC8E.pcm
SwiftExplicitDependencyGeneratePcm arm64 /Users/admin/builder/spi-builder-workspace/.derivedData/ModuleCache.noindex/SwiftShims-4YXFMW86ZNA3E25YTX928BCFY.pcm
SwiftExplicitDependencyGeneratePcm arm64 /Users/admin/builder/spi-builder-workspace/.derivedData/ModuleCache.noindex/ptrauth-30M5PMPXZKY1SN1BC5XRSDDC8.pcm
SwiftExplicitDependencyGeneratePcm arm64 /Users/admin/builder/spi-builder-workspace/.derivedData/ModuleCache.noindex/ptrcheck-93U344XYGKUS4DNA2KV06PF2V.pcm
SwiftExplicitDependencyGeneratePcm arm64 /Users/admin/builder/spi-builder-workspace/.derivedData/ModuleCache.noindex/_Builtin_float-3Q3RDZA5DH8SEP14GG0ECQUO3.pcm
SwiftExplicitDependencyGeneratePcm arm64 /Users/admin/builder/spi-builder-workspace/.derivedData/ModuleCache.noindex/_Builtin_stddef-9W0LLTF0U7WMZRHRDL6TEI2CU.pcm
SwiftExplicitDependencyGeneratePcm arm64 /Users/admin/builder/spi-builder-workspace/.derivedData/ModuleCache.noindex/_Builtin_stdarg-7UYNRABJ4EGIKYPA9PP5G18TP.pcm
SwiftExplicitDependencyGeneratePcm arm64 /Users/admin/builder/spi-builder-workspace/.derivedData/ModuleCache.noindex/_AvailabilityInternal-CONBUWD8MTJRT00VKOT5OUI53.pcm
SwiftExplicitDependencyGeneratePcm arm64 /Users/admin/builder/spi-builder-workspace/.derivedData/ModuleCache.noindex/_Builtin_stdbool-3327XH5DSKSDZST3ARZE59HKD.pcm
SwiftExplicitDependencyGeneratePcm arm64 /Users/admin/builder/spi-builder-workspace/.derivedData/ModuleCache.noindex/DeveloperToolsSupport-F57E58RD91LKU5J4C86J1AYCQ.pcm
SwiftExplicitDependencyGeneratePcm arm64 /Users/admin/builder/spi-builder-workspace/.derivedData/ModuleCache.noindex/_DarwinFoundation1-3IQUFTJ6KPJRBBQNAXN5WUHTS.pcm
SwiftExplicitDependencyGeneratePcm arm64 /Users/admin/builder/spi-builder-workspace/.derivedData/ModuleCache.noindex/_Builtin_limits-C55XJYQS5NCWTZP5NGVL0NFBU.pcm
SwiftExplicitDependencyGeneratePcm arm64 /Users/admin/builder/spi-builder-workspace/.derivedData/ModuleCache.noindex/_DarwinFoundation2-8QWCGYESGGPHMJMPOX30MBAYB.pcm
SwiftExplicitDependencyGeneratePcm arm64 /Users/admin/builder/spi-builder-workspace/.derivedData/ModuleCache.noindex/_Builtin_stdint-A1BOQDGCYL0CV73QSA8SBLQ3K.pcm
SwiftExplicitDependencyGeneratePcm arm64 /Users/admin/builder/spi-builder-workspace/.derivedData/ModuleCache.noindex/sys_types-C8HA1QAP4R5W0JW6IWTWHPS6E.pcm
SwiftExplicitDependencyGeneratePcm arm64 /Users/admin/builder/spi-builder-workspace/.derivedData/ModuleCache.noindex/_Builtin_tgmath-1Y3JDDXNFTKPZD2KCY09HIAR5.pcm
SwiftExplicitDependencyGeneratePcm arm64 /Users/admin/builder/spi-builder-workspace/.derivedData/ModuleCache.noindex/OpenGL-ESQ42KYLKS9RZEZVHPXQ17ZHG.pcm
SwiftExplicitDependencyGeneratePcm arm64 /Users/admin/builder/spi-builder-workspace/.derivedData/ModuleCache.noindex/_DarwinFoundation3-1P2TPGIYD0CX8B8GI4C9N0P7O.pcm
SwiftExplicitDependencyGeneratePcm arm64 /Users/admin/builder/spi-builder-workspace/.derivedData/ModuleCache.noindex/libDER-1IERM65SCXCXVWRZBQ37I2MTZ.pcm
SwiftExplicitDependencyGeneratePcm arm64 /Users/admin/builder/spi-builder-workspace/.derivedData/ModuleCache.noindex/_Builtin_intrinsics-7PGIUJN0F10B02Z1709UKF00.pcm
SwiftExplicitDependencyGeneratePcm arm64 /Users/admin/builder/spi-builder-workspace/.derivedData/ModuleCache.noindex/_Builtin_stdatomic-5LF635BDIAE1KUUY99OT8FW4K.pcm
SwiftExplicitDependencyGeneratePcm arm64 /Users/admin/builder/spi-builder-workspace/.derivedData/ModuleCache.noindex/_Builtin_inttypes-6EWB8KFVQSL4GFZGH34TYIZ5F.pcm
SwiftExplicitDependencyGeneratePcm arm64 /Users/admin/builder/spi-builder-workspace/.derivedData/ModuleCache.noindex/Darwin-78D4XFSGCA7GLIPNL5JDNXJLZ.pcm
SwiftExplicitDependencyGeneratePcm arm64 /Users/admin/builder/spi-builder-workspace/.derivedData/ModuleCache.noindex/simd-4ETD4BHD642SDRD6XN5GGSPNX.pcm
SwiftExplicitDependencyGeneratePcm arm64 /Users/admin/builder/spi-builder-workspace/.derivedData/ModuleCache.noindex/launch-DV39EUK2WED5FC2QGMP29TA0U.pcm
SwiftExplicitDependencyGeneratePcm arm64 /Users/admin/builder/spi-builder-workspace/.derivedData/ModuleCache.noindex/libkern-61ULT46VGF9QKFXCP5M4Y3KNR.pcm
SwiftExplicitDependencyGeneratePcm arm64 /Users/admin/builder/spi-builder-workspace/.derivedData/ModuleCache.noindex/CUPS-47U5YGJ0CSEVN1DBMRJ6MGZ4H.pcm
SwiftExplicitDependencyGeneratePcm arm64 /Users/admin/builder/spi-builder-workspace/.derivedData/ModuleCache.noindex/MachO-8BRYUWOB8RC68HZ7D4NO437Z6.pcm
SwiftExplicitDependencyGeneratePcm arm64 /Users/admin/builder/spi-builder-workspace/.derivedData/ModuleCache.noindex/ObjectiveC-3L1NNA27OQGEOESO3XPFYU9G5.pcm
SwiftExplicitDependencyGeneratePcm arm64 /Users/admin/builder/spi-builder-workspace/.derivedData/ModuleCache.noindex/Spatial-2958Z0ZZAEB357OUFB3HNJ6DP.pcm
SwiftExplicitDependencyGeneratePcm arm64 /Users/admin/builder/spi-builder-workspace/.derivedData/ModuleCache.noindex/os_object-851E8HAUEFTGFU8JJVFIE4OF4.pcm
SwiftExplicitDependencyGeneratePcm arm64 /Users/admin/builder/spi-builder-workspace/.derivedData/ModuleCache.noindex/os_workgroup-DG98ANYFQS6N5QX9MJ01CKM0I.pcm
SwiftExplicitDependencyGeneratePcm arm64 /Users/admin/builder/spi-builder-workspace/.derivedData/ModuleCache.noindex/Dispatch-8RGJITL7F37N5Q8PZYILU1EYH.pcm
SwiftExplicitDependencyGeneratePcm arm64 /Users/admin/builder/spi-builder-workspace/.derivedData/ModuleCache.noindex/XPC-CDUN7AQJC4EZPL1MJXSG35T2F.pcm
SwiftExplicitDependencyGeneratePcm arm64 /Users/admin/builder/spi-builder-workspace/.derivedData/ModuleCache.noindex/CoreFoundation-60QF51KR6YDZ9NF56MSQB3PS8.pcm
SwiftExplicitDependencyGeneratePcm arm64 /Users/admin/builder/spi-builder-workspace/.derivedData/ModuleCache.noindex/os-12ZKH435CHPSZOILQ8UKYPE3K.pcm
SwiftExplicitDependencyGeneratePcm arm64 /Users/admin/builder/spi-builder-workspace/.derivedData/ModuleCache.noindex/CFNetwork-A2FULI2KDUWJ2AALCQAUHW8O.pcm
SwiftExplicitDependencyGeneratePcm arm64 /Users/admin/builder/spi-builder-workspace/.derivedData/ModuleCache.noindex/IOKit-59QIPD86JC7FJUT1CVYIJHDW5.pcm
SwiftExplicitDependencyGeneratePcm arm64 /Users/admin/builder/spi-builder-workspace/.derivedData/ModuleCache.noindex/ColorSync-DTR3COHVEI22SYZFIZLVFNSUD.pcm
SwiftExplicitDependencyGeneratePcm arm64 /Users/admin/builder/spi-builder-workspace/.derivedData/ModuleCache.noindex/Security-HNPIJDCILYQ22FM8LZXIO5VA.pcm
SwiftExplicitDependencyGeneratePcm arm64 /Users/admin/builder/spi-builder-workspace/.derivedData/ModuleCache.noindex/DiskArbitration-CCEXUJJGZ25A5Z5U9UDJML6TY.pcm
SwiftExplicitDependencyGeneratePcm arm64 /Users/admin/builder/spi-builder-workspace/.derivedData/ModuleCache.noindex/CoreGraphics-2WYFIQ3E5EO34W7WS5E2GD5AI.pcm
SwiftExplicitDependencyGeneratePcm arm64 /Users/admin/builder/spi-builder-workspace/.derivedData/ModuleCache.noindex/CoreServices-8EKMPFIHRHZPGBPPOLK03EQWF.pcm
SwiftExplicitDependencyGeneratePcm arm64 /Users/admin/builder/spi-builder-workspace/.derivedData/ModuleCache.noindex/ImageIO-3HAX5X2LFONH4DPNY5WIISW66.pcm
SwiftExplicitDependencyGeneratePcm arm64 /Users/admin/builder/spi-builder-workspace/.derivedData/ModuleCache.noindex/CoreText-F4SLJPYU15BXM7017ULBK50ON.pcm
SwiftExplicitDependencyGeneratePcm arm64 /Users/admin/builder/spi-builder-workspace/.derivedData/ModuleCache.noindex/Foundation-64382SAUTIBQZ5EZN0NW52AS3.pcm
SwiftExplicitDependencyGeneratePcm arm64 /Users/admin/builder/spi-builder-workspace/.derivedData/ModuleCache.noindex/DataDetection-CN8SOGTSY0P8SYMMKEJZ8FX0N.pcm
SwiftExplicitDependencyGeneratePcm arm64 /Users/admin/builder/spi-builder-workspace/.derivedData/ModuleCache.noindex/CoreData-352EWMRH4970G4ZWAYFOT8VUF.pcm
SwiftExplicitDependencyGeneratePcm arm64 /Users/admin/builder/spi-builder-workspace/.derivedData/ModuleCache.noindex/OSLog-3759JE03UYYA476RLADCD3CIU.pcm
SwiftExplicitDependencyGeneratePcm arm64 /Users/admin/builder/spi-builder-workspace/.derivedData/ModuleCache.noindex/ApplicationServices-236BXV9S77L36AQFNEH882ABY.pcm
SwiftExplicitDependencyGeneratePcm arm64 /Users/admin/builder/spi-builder-workspace/.derivedData/ModuleCache.noindex/IOSurface-5Q44ZZOLWWV4X1EV29JCQZVS6.pcm
SwiftExplicitDependencyGeneratePcm arm64 /Users/admin/builder/spi-builder-workspace/.derivedData/ModuleCache.noindex/UniformTypeIdentifiers-KKSX9FKHR4TBZZH9JJ4LP9XK.pcm
SwiftExplicitDependencyGeneratePcm arm64 /Users/admin/builder/spi-builder-workspace/.derivedData/ModuleCache.noindex/Accessibility-1GQ7KDR676X9MEHRW8UPVCQH0.pcm
SwiftExplicitDependencyGeneratePcm arm64 /Users/admin/builder/spi-builder-workspace/.derivedData/ModuleCache.noindex/CoreTransferable-832DN67IDUSS56VWCEKEE0SH0.pcm
SwiftExplicitDependencyGeneratePcm arm64 /Users/admin/builder/spi-builder-workspace/.derivedData/ModuleCache.noindex/Symbols-AO05FY790APRGGWLR669U3U1A.pcm
SwiftExplicitDependencyGeneratePcm arm64 /Users/admin/builder/spi-builder-workspace/.derivedData/ModuleCache.noindex/Metal-9T2UQPHE28QVM8YQ0ZAOBR16C.pcm
SwiftExplicitDependencyGeneratePcm arm64 /Users/admin/builder/spi-builder-workspace/.derivedData/ModuleCache.noindex/CoreVideo-CKKVU0KZMR5CGJDGPFPFC3RQY.pcm
SwiftExplicitDependencyGeneratePcm arm64 /Users/admin/builder/spi-builder-workspace/.derivedData/ModuleCache.noindex/QuartzCore-DMUKRMJBPPQA1SPJ35VXCC47M.pcm
SwiftExplicitDependencyGeneratePcm arm64 /Users/admin/builder/spi-builder-workspace/.derivedData/ModuleCache.noindex/CoreImage-E35M6XVDT22Q36J8FRJSJLBJD.pcm
SwiftExplicitDependencyGeneratePcm arm64 /Users/admin/builder/spi-builder-workspace/.derivedData/ModuleCache.noindex/SwiftUICore-9GHOSX4NOI47F8NYFLOXSSGS9.pcm
SwiftExplicitDependencyGeneratePcm arm64 /Users/admin/builder/spi-builder-workspace/.derivedData/ModuleCache.noindex/AppKit-DBO947EZ28PAFV3QIIWUGVXZE.pcm
SwiftExplicitDependencyGeneratePcm arm64 /Users/admin/builder/spi-builder-workspace/.derivedData/ModuleCache.noindex/SwiftUI-3RZKUDUW23C12RGXZ2WPWG7YR.pcm
SwiftCompile normal arm64 Compiling\ TypewriterView.swift,\ WordAnimatedText.swift /Users/admin/builder/spi-builder-workspace/Sources/AIEffectsKit/StreamText/Renderers/TypewriterView.swift /Users/admin/builder/spi-builder-workspace/Sources/AIEffectsKit/StreamText/Renderers/WordAnimatedText.swift (in target 'AIEffectsKit' from project 'AIEffectsKit')
SwiftCompile normal arm64 /Users/admin/builder/spi-builder-workspace/Sources/AIEffectsKit/StreamText/Renderers/TypewriterView.swift (in target 'AIEffectsKit' from project 'AIEffectsKit')
    cd /Users/admin/builder/spi-builder-workspace/.swiftpm/xcode

SwiftCompile normal arm64 /Users/admin/builder/spi-builder-workspace/Sources/AIEffectsKit/StreamText/Renderers/WordAnimatedText.swift (in target 'AIEffectsKit' from project 'AIEffectsKit')
    cd /Users/admin/builder/spi-builder-workspace/.swiftpm/xcode

SwiftEmitModule normal arm64 Emitting\ module\ for\ AIEffectsKit (in target 'AIEffectsKit' from project 'AIEffectsKit')
EmitSwiftModule normal arm64 (in target 'AIEffectsKit' from project 'AIEffectsKit')
    cd /Users/admin/builder/spi-builder-workspace/.swiftpm/xcode

SwiftCompile normal arm64 Compiling\ StreamTextStyle.swift,\ StreamingTextRenderer.swift /Users/admin/builder/spi-builder-workspace/Sources/AIEffectsKit/StreamText/StreamTextStyle.swift /Users/admin/builder/spi-builder-workspace/Sources/AIEffectsKit/StreamText/StreamingTextRenderer.swift (in target 'AIEffectsKit' from project 'AIEffectsKit')
SwiftCompile normal arm64 /Users/admin/builder/spi-builder-workspace/Sources/AIEffectsKit/StreamText/StreamTextStyle.swift (in target 'AIEffectsKit' from project 'AIEffectsKit')
    cd /Users/admin/builder/spi-builder-workspace/.swiftpm/xcode

SwiftCompile normal arm64 /Users/admin/builder/spi-builder-workspace/Sources/AIEffectsKit/StreamText/StreamingTextRenderer.swift (in target 'AIEffectsKit' from project 'AIEffectsKit')
    cd /Users/admin/builder/spi-builder-workspace/.swiftpm/xcode

SwiftCompile normal arm64 Compiling\ StreamText+Typing.swift,\ StreamText.swift /Users/admin/builder/spi-builder-workspace/Sources/AIEffectsKit/StreamText/StreamText+Typing.swift /Users/admin/builder/spi-builder-workspace/Sources/AIEffectsKit/StreamText/StreamText.swift (in target 'AIEffectsKit' from project 'AIEffectsKit')
SwiftCompile normal arm64 /Users/admin/builder/spi-builder-workspace/Sources/AIEffectsKit/StreamText/StreamText+Typing.swift (in target 'AIEffectsKit' from project 'AIEffectsKit')
    cd /Users/admin/builder/spi-builder-workspace/.swiftpm/xcode

SwiftCompile normal arm64 /Users/admin/builder/spi-builder-workspace/Sources/AIEffectsKit/StreamText/StreamText.swift (in target 'AIEffectsKit' from project 'AIEffectsKit')
    cd /Users/admin/builder/spi-builder-workspace/.swiftpm/xcode

SwiftCompile normal arm64 Compiling\ TimedWord.swift,\ ThinkingIndicator.swift /Users/admin/builder/spi-builder-workspace/Sources/AIEffectsKit/StreamText/TimedWord.swift /Users/admin/builder/spi-builder-workspace/Sources/AIEffectsKit/ThinkingIndicator/ThinkingIndicator.swift (in target 'AIEffectsKit' from project 'AIEffectsKit')
SwiftCompile normal arm64 /Users/admin/builder/spi-builder-workspace/Sources/AIEffectsKit/StreamText/TimedWord.swift (in target 'AIEffectsKit' from project 'AIEffectsKit')
    cd /Users/admin/builder/spi-builder-workspace/.swiftpm/xcode

SwiftCompile normal arm64 /Users/admin/builder/spi-builder-workspace/Sources/AIEffectsKit/ThinkingIndicator/ThinkingIndicator.swift (in target 'AIEffectsKit' from project 'AIEffectsKit')
    cd /Users/admin/builder/spi-builder-workspace/.swiftpm/xcode

SwiftCompile normal arm64 Compiling\ LetterDropText.swift,\ LineCascadeText.swift /Users/admin/builder/spi-builder-workspace/Sources/AIEffectsKit/StreamText/Renderers/LetterDropText.swift /Users/admin/builder/spi-builder-workspace/Sources/AIEffectsKit/StreamText/Renderers/LineCascadeText.swift (in target 'AIEffectsKit' from project 'AIEffectsKit')
SwiftCompile normal arm64 /Users/admin/builder/spi-builder-workspace/Sources/AIEffectsKit/StreamText/Renderers/LetterDropText.swift (in target 'AIEffectsKit' from project 'AIEffectsKit')
    cd /Users/admin/builder/spi-builder-workspace/.swiftpm/xcode

SwiftCompile normal arm64 /Users/admin/builder/spi-builder-workspace/Sources/AIEffectsKit/StreamText/Renderers/LineCascadeText.swift (in target 'AIEffectsKit' from project 'AIEffectsKit')
    cd /Users/admin/builder/spi-builder-workspace/.swiftpm/xcode

SwiftCompile normal arm64 Compiling\ AIStateEnvironment.swift,\ IntelligenceGlow.swift /Users/admin/builder/spi-builder-workspace/Sources/AIEffectsKit/Environment/AIStateEnvironment.swift /Users/admin/builder/spi-builder-workspace/Sources/AIEffectsKit/IntelligenceGlow/IntelligenceGlow.swift (in target 'AIEffectsKit' from project 'AIEffectsKit')
Failed frontend command:
/Applications/Xcode-26.3.0.app/Contents/Developer/Toolchains/XcodeDefault.xctoolchain/usr/bin/swift-frontend -frontend -c /Users/admin/builder/spi-builder-workspace/Sources/AIEffectsKit/AIPhase.swift /Users/admin/builder/spi-builder-workspace/Sources/AIEffectsKit/AIState.swift -primary-file /Users/admin/builder/spi-builder-workspace/Sources/AIEffectsKit/Environment/AIStateEnvironment.swift -primary-file /Users/admin/builder/spi-builder-workspace/Sources/AIEffectsKit/IntelligenceGlow/IntelligenceGlow.swift /Users/admin/builder/spi-builder-workspace/Sources/AIEffectsKit/Internal/Duration+Seconds.swift /Users/admin/builder/spi-builder-workspace/Sources/AIEffectsKit/StreamText/FlowLayout.swift /Users/admin/builder/spi-builder-workspace/Sources/AIEffectsKit/StreamText/Renderers/LetterDropText.swift /Users/admin/builder/spi-builder-workspace/Sources/AIEffectsKit/StreamText/Renderers/LineCascadeText.swift /Users/admin/builder/spi-builder-workspace/Sources/AIEffectsKit/StreamText/Renderers/ScrambleText.swift /Users/admin/builder/spi-builder-workspace/Sources/AIEffectsKit/StreamText/Renderers/ShimmerWipeText.swift /Users/admin/builder/spi-builder-workspace/Sources/AIEffectsKit/StreamText/Renderers/SkeletonText.swift /Users/admin/builder/spi-builder-workspace/Sources/AIEffectsKit/StreamText/Renderers/TokenChunkText.swift /Users/admin/builder/spi-builder-workspace/Sources/AIEffectsKit/StreamText/Renderers/TypewriterView.swift /Users/admin/builder/spi-builder-workspace/Sources/AIEffectsKit/StreamText/Renderers/WordAnimatedText.swift /Users/admin/builder/spi-builder-workspace/Sources/AIEffectsKit/StreamText/StreamText+Typing.swift /Users/admin/builder/spi-builder-workspace/Sources/AIEffectsKit/StreamText/StreamText.swift /Users/admin/builder/spi-builder-workspace/Sources/AIEffectsKit/StreamText/StreamTextStyle.swift /Users/admin/builder/spi-builder-workspace/Sources/AIEffectsKit/StreamText/StreamingTextRenderer.swift /Users/admin/builder/spi-builder-workspace/Sources/AIEffectsKit/StreamText/TimedWord.swift /Users/admin/builder/spi-builder-workspace/Sources/AIEffectsKit/ThinkingIndicator/ThinkingIndicator.swift -emit-dependencies-path /Users/admin/builder/spi-builder-workspace/.derivedData/Build/Intermediates.noindex/AIEffectsKit.build/Debug/AIEffectsKit.build/Objects-normal/arm64/AIStateEnvironment.d -emit-const-values-path /Users/admin/builder/spi-builder-workspace/.derivedData/Build/Intermediates.noindex/AIEffectsKit.build/Debug/AIEffectsKit.build/Objects-normal/arm64/AIStateEnvironment.swiftconstvalues -emit-reference-dependencies-path /Users/admin/builder/spi-builder-workspace/.derivedData/Build/Intermediates.noindex/AIEffectsKit.build/Debug/AIEffectsKit.build/Objects-normal/arm64/AIStateEnvironment.swiftdeps -serialize-diagnostics-path /Users/admin/builder/spi-builder-workspace/.derivedData/Build/Intermediates.noindex/AIEffectsKit.build/Debug/AIEffectsKit.build/Objects-normal/arm64/AIStateEnvironment.dia -emit-dependencies-path /Users/admin/builder/spi-builder-workspace/.derivedData/Build/Intermediates.noindex/AIEffectsKit.build/Debug/AIEffectsKit.build/Objects-normal/arm64/IntelligenceGlow.d -emit-const-values-path /Users/admin/builder/spi-builder-workspace/.derivedData/Build/Intermediates.noindex/AIEffectsKit.build/Debug/AIEffectsKit.build/Objects-normal/arm64/IntelligenceGlow.swiftconstvalues -emit-reference-dependencies-path /Users/admin/builder/spi-builder-workspace/.derivedData/Build/Intermediates.noindex/AIEffectsKit.build/Debug/AIEffectsKit.build/Objects-normal/arm64/IntelligenceGlow.swiftdeps -serialize-diagnostics-path /Users/admin/builder/spi-builder-workspace/.derivedData/Build/Intermediates.noindex/AIEffectsKit.build/Debug/AIEffectsKit.build/Objects-normal/arm64/IntelligenceGlow.dia -target arm64-apple-macos14.0 -load-resolved-plugin /Applications/Xcode-26.3.0.app/Contents/Developer/Platforms/MacOSX.platform/Developer/usr/lib/swift/host/plugins/libFoundationMacros.dylib\#/Applications/Xcode-26.3.0.app/Contents/Developer/Platforms/MacOSX.platform/Developer/usr/bin/swift-plugin-server\#FoundationMacros -load-resolved-plugin /Applications/Xcode-26.3.0.app/Contents/Developer/Platforms/MacOSX.platform/Developer/usr/lib/swift/host/plugins/libObservationMacros.dylib\#/Applications/Xcode-26.3.0.app/Contents/Developer/Platforms/MacOSX.platform/Developer/usr/bin/swift-plugin-server\#ObservationMacros -load-resolved-plugin /Applications/Xcode-26.3.0.app/Contents/Developer/Platforms/MacOSX.platform/Developer/usr/lib/swift/host/plugins/libPreviewsMacros.dylib\#/Applications/Xcode-26.3.0.app/Contents/Developer/Platforms/MacOSX.platform/Developer/usr/bin/swift-plugin-server\#PreviewsMacros -load-resolved-plugin /Applications/Xcode-26.3.0.app/Contents/Developer/Platforms/MacOSX.platform/Developer/usr/lib/swift/host/plugins/libSwiftMacros.dylib\#/Applications/Xcode-26.3.0.app/Contents/Developer/Platforms/MacOSX.platform/Developer/usr/bin/swift-plugin-server\#SwiftMacros -load-resolved-plugin /Applications/Xcode-26.3.0.app/Contents/Developer/Platforms/MacOSX.platform/Developer/usr/lib/swift/host/plugins/libSwiftUIMacros.dylib\#/Applications/Xcode-26.3.0.app/Contents/Developer/Platforms/MacOSX.platform/Developer/usr/bin/swift-plugin-server\#SwiftUIMacros -disable-implicit-swift-modules -Xcc -fno-implicit-modules -Xcc -fno-implicit-module-maps -explicit-swift-module-map-file /Users/admin/builder/spi-builder-workspace/.derivedData/Build/Intermediates.noindex/AIEffectsKit.build/Debug/AIEffectsKit.build/Objects-normal/arm64/AIEffectsKit-dependencies-1.json -Xllvm -aarch64-use-tbi -enable-objc-interop -stack-check -sdk /Applications/Xcode-26.3.0.app/Contents/Developer/Platforms/MacOSX.platform/Developer/SDKs/MacOSX26.2.sdk -I /Users/admin/builder/spi-builder-workspace/.derivedData/Build/Products/Debug -Isystem /Applications/Xcode-26.3.0.app/Contents/Developer/Platforms/MacOSX.platform/Developer/usr/lib -F /Users/admin/builder/spi-builder-workspace/.derivedData/Build/Products/Debug -F /Applications/Xcode-26.3.0.app/Contents/Developer/Platforms/MacOSX.platform/Developer/Library/Frameworks -no-color-diagnostics -Xcc -fno-color-diagnostics -enable-testing -g -debug-info-format\=dwarf -dwarf-version\=4 -module-cache-path /Users/admin/builder/spi-builder-workspace/.derivedData/Build/Intermediates.noindex/SwiftExplicitPrecompiledModules -profile-generate -profile-coverage-mapping -swift-version 5 -enforce-exclusivity\=checked -Onone -D SWIFT_PACKAGE -D DEBUG -D SWIFT_MODULE_RESOURCE_BUNDLE_UNAVAILABLE -D Xcode -serialize-debugging-options -const-gather-protocols-file /Users/admin/builder/spi-builder-workspace/.derivedData/Build/Intermediates.noindex/AIEffectsKit.build/Debug/AIEffectsKit.build/Objects-normal/arm64/AIEffectsKit_const_extract_protocols.json -enable-experimental-feature DebugDescriptionMacro -empty-abi-descriptor -validate-clang-modules-once -clang-build-session-file /Users/admin/builder/spi-builder-workspace/.derivedData/ModuleCache.noindex/Session.modulevalidation -Xcc -working-directory -Xcc /Users/admin/builder/spi-builder-workspace/.swiftpm/xcode -enable-anonymous-context-mangled-names -file-compilation-dir /Users/admin/builder/spi-builder-workspace/.swiftpm/xcode -Xcc -D_LIBCPP_HARDENING_MODE\=_LIBCPP_HARDENING_MODE_DEBUG -Xcc -ivfsstatcache -Xcc /Users/admin/builder/spi-builder-workspace/.derivedData/SDKStatCaches.noindex/macosx26.2-25C58-dc75598d0054f22ec865fa860f139d726b10091eae1b9012e514a50b0de53ce7.sdkstatcache -Xcc -I/Users/admin/builder/spi-builder-workspace/.derivedData/Build/Intermediates.noindex/AIEffectsKit.build/Debug/AIEffectsKit.build/swift-overrides.hmap -Xcc -I/Users/admin/builder/spi-builder-workspace/.derivedData/Build/Products/Debug/include -Xcc -I/Users/admin/builder/spi-builder-workspace/.derivedData/Build/Intermediates.noindex/AIEffectsKit.build/Debug/AIEffectsKit.build/DerivedSources-normal/arm64 -Xcc -I/Users/admin/builder/spi-builder-workspace/.derivedData/Build/Intermediates.noindex/AIEffectsKit.build/Debug/AIEffectsKit.build/DerivedSources/arm64 -Xcc -I/Users/admin/builder/spi-builder-workspace/.derivedData/Build/Intermediates.noindex/AIEffectsKit.build/Debug/AIEffectsKit.build/DerivedSources -Xcc -DSWIFT_PACKAGE -Xcc -DDEBUG\=1 -no-auto-bridging-header-chaining -module-name AIEffectsKit -package-name spi_builder_workspace -frontend-parseable-output -disable-clang-spi -target-sdk-version 26.2 -target-sdk-name macosx26.2 -clang-target arm64-apple-macos26.2 -in-process-plugin-server-path /Applications/Xcode-26.3.0.app/Contents/Developer/Toolchains/XcodeDefault.xctoolchain/usr/lib/swift/host/libSwiftInProcPluginServer.dylib -o /Users/admin/builder/spi-builder-workspace/.derivedData/Build/Intermediates.noindex/AIEffectsKit.build/Debug/AIEffectsKit.build/Objects-normal/arm64/AIStateEnvironment.o -o /Users/admin/builder/spi-builder-workspace/.derivedData/Build/Intermediates.noindex/AIEffectsKit.build/Debug/AIEffectsKit.build/Objects-normal/arm64/IntelligenceGlow.o -index-unit-output-path /AIEffectsKit.build/Debug/AIEffectsKit.build/Objects-normal/arm64/AIStateEnvironment.o -index-unit-output-path /AIEffectsKit.build/Debug/AIEffectsKit.build/Objects-normal/arm64/IntelligenceGlow.o -index-store-path /Users/admin/builder/spi-builder-workspace/.derivedData/Index.noindex/DataStore -index-system-modules
SwiftCompile normal arm64 /Users/admin/builder/spi-builder-workspace/Sources/AIEffectsKit/Environment/AIStateEnvironment.swift (in target 'AIEffectsKit' from project 'AIEffectsKit')
    cd /Users/admin/builder/spi-builder-workspace/.swiftpm/xcode

SwiftCompile normal arm64 /Users/admin/builder/spi-builder-workspace/Sources/AIEffectsKit/IntelligenceGlow/IntelligenceGlow.swift (in target 'AIEffectsKit' from project 'AIEffectsKit')
    cd /Users/admin/builder/spi-builder-workspace/.swiftpm/xcode

/Users/admin/builder/spi-builder-workspace/Sources/AIEffectsKit/IntelligenceGlow/IntelligenceGlow.swift:145:25: error: no exact matches in call to initializer
            .background(Color(uiColor: .secondarySystemBackground))
                        ^
/Users/admin/builder/spi-builder-workspace/Sources/AIEffectsKit/IntelligenceGlow/IntelligenceGlow.swift:145:25: note: candidate has partially matching parameter list (importing: URL, contentType: UTType?)
            .background(Color(uiColor: .secondarySystemBackground))
                        ^
/Users/admin/builder/spi-builder-workspace/Sources/AIEffectsKit/IntelligenceGlow/IntelligenceGlow.swift:145:25: note: candidate has partially matching parameter list (importing: Data, contentType: UTType?)
            .background(Color(uiColor: .secondarySystemBackground))
                        ^
/Users/admin/builder/spi-builder-workspace/Sources/AIEffectsKit/IntelligenceGlow/IntelligenceGlow.swift:145:41: error: cannot infer contextual base in reference to member 'secondarySystemBackground'
            .background(Color(uiColor: .secondarySystemBackground))
                                       ~^~~~~~~~~~~~~~~~~~~~~~~~~
SwiftCompile normal arm64 Compiling\ Duration+Seconds.swift,\ FlowLayout.swift /Users/admin/builder/spi-builder-workspace/Sources/AIEffectsKit/Internal/Duration+Seconds.swift /Users/admin/builder/spi-builder-workspace/Sources/AIEffectsKit/StreamText/FlowLayout.swift (in target 'AIEffectsKit' from project 'AIEffectsKit')
SwiftCompile normal arm64 /Users/admin/builder/spi-builder-workspace/Sources/AIEffectsKit/Internal/Duration+Seconds.swift (in target 'AIEffectsKit' from project 'AIEffectsKit')
    cd /Users/admin/builder/spi-builder-workspace/.swiftpm/xcode

SwiftCompile normal arm64 /Users/admin/builder/spi-builder-workspace/Sources/AIEffectsKit/StreamText/FlowLayout.swift (in target 'AIEffectsKit' from project 'AIEffectsKit')
    cd /Users/admin/builder/spi-builder-workspace/.swiftpm/xcode

SwiftCompile normal arm64 Compiling\ AIPhase.swift,\ AIState.swift /Users/admin/builder/spi-builder-workspace/Sources/AIEffectsKit/AIPhase.swift /Users/admin/builder/spi-builder-workspace/Sources/AIEffectsKit/AIState.swift (in target 'AIEffectsKit' from project 'AIEffectsKit')
SwiftCompile normal arm64 /Users/admin/builder/spi-builder-workspace/Sources/AIEffectsKit/AIPhase.swift (in target 'AIEffectsKit' from project 'AIEffectsKit')
    cd /Users/admin/builder/spi-builder-workspace/.swiftpm/xcode

SwiftCompile normal arm64 /Users/admin/builder/spi-builder-workspace/Sources/AIEffectsKit/AIState.swift (in target 'AIEffectsKit' from project 'AIEffectsKit')
    cd /Users/admin/builder/spi-builder-workspace/.swiftpm/xcode

SwiftCompile normal arm64 Compiling\ ScrambleText.swift,\ ShimmerWipeText.swift /Users/admin/builder/spi-builder-workspace/Sources/AIEffectsKit/StreamText/Renderers/ScrambleText.swift /Users/admin/builder/spi-builder-workspace/Sources/AIEffectsKit/StreamText/Renderers/ShimmerWipeText.swift (in target 'AIEffectsKit' from project 'AIEffectsKit')
SwiftCompile normal arm64 /Users/admin/builder/spi-builder-workspace/Sources/AIEffectsKit/StreamText/Renderers/ScrambleText.swift (in target 'AIEffectsKit' from project 'AIEffectsKit')
    cd /Users/admin/builder/spi-builder-workspace/.swiftpm/xcode

SwiftCompile normal arm64 /Users/admin/builder/spi-builder-workspace/Sources/AIEffectsKit/StreamText/Renderers/ShimmerWipeText.swift (in target 'AIEffectsKit' from project 'AIEffectsKit')
    cd /Users/admin/builder/spi-builder-workspace/.swiftpm/xcode

SwiftCompile normal arm64 Compiling\ SkeletonText.swift,\ TokenChunkText.swift /Users/admin/builder/spi-builder-workspace/Sources/AIEffectsKit/StreamText/Renderers/SkeletonText.swift /Users/admin/builder/spi-builder-workspace/Sources/AIEffectsKit/StreamText/Renderers/TokenChunkText.swift (in target 'AIEffectsKit' from project 'AIEffectsKit')
SwiftCompile normal arm64 /Users/admin/builder/spi-builder-workspace/Sources/AIEffectsKit/StreamText/Renderers/SkeletonText.swift (in target 'AIEffectsKit' from project 'AIEffectsKit')
    cd /Users/admin/builder/spi-builder-workspace/.swiftpm/xcode

SwiftCompile normal arm64 /Users/admin/builder/spi-builder-workspace/Sources/AIEffectsKit/StreamText/Renderers/TokenChunkText.swift (in target 'AIEffectsKit' from project 'AIEffectsKit')
    cd /Users/admin/builder/spi-builder-workspace/.swiftpm/xcode

SwiftDriverJobDiscovery normal arm64 Emitting module for AIEffectsKit (in target 'AIEffectsKit' from project 'AIEffectsKit')
SwiftDriver\ Compilation\ Requirements AIEffectsKit normal arm64 com.apple.xcode.tools.swift.compiler (in target 'AIEffectsKit' from project 'AIEffectsKit')
    cd /Users/admin/builder/spi-builder-workspace/.swiftpm/xcode
    builtin-Swift-Compilation-Requirements -- /Applications/Xcode-26.3.0.app/Contents/Developer/Toolchains/XcodeDefault.xctoolchain/usr/bin/swiftc -module-name AIEffectsKit -Onone -enforce-exclusivity\=checked @/Users/admin/builder/spi-builder-workspace/.derivedData/Build/Intermediates.noindex/AIEffectsKit.build/Debug/AIEffectsKit.build/Objects-normal/arm64/AIEffectsKit.SwiftFileList -DSWIFT_PACKAGE -DDEBUG -DSWIFT_MODULE_RESOURCE_BUNDLE_UNAVAILABLE -DXcode -plugin-path /Applications/Xcode-26.3.0.app/Contents/Developer/Toolchains/XcodeDefault.xctoolchain/usr/lib/swift/host/plugins/testing -enable-experimental-feature DebugDescriptionMacro -sdk /Applications/Xcode-26.3.0.app/Contents/Developer/Platforms/MacOSX.platform/Developer/SDKs/MacOSX26.2.sdk -target arm64-apple-macos14.0 -g -module-cache-path /Users/admin/builder/spi-builder-workspace/.derivedData/ModuleCache.noindex -Xfrontend -serialize-debugging-options -profile-coverage-mapping -profile-generate -enable-testing -index-store-path /Users/admin/builder/spi-builder-workspace/.derivedData/Index.noindex/DataStore -Xcc -D_LIBCPP_HARDENING_MODE\=_LIBCPP_HARDENING_MODE_DEBUG -swift-version 5 -I /Users/admin/builder/spi-builder-workspace/.derivedData/Build/Products/Debug -Isystem /Applications/Xcode-26.3.0.app/Contents/Developer/Platforms/MacOSX.platform/Developer/usr/lib -F /Users/admin/builder/spi-builder-workspace/.derivedData/Build/Products/Debug -F /Applications/Xcode-26.3.0.app/Contents/Developer/Platforms/MacOSX.platform/Developer/Library/Frameworks -c -j10 -enable-batch-mode -incremental -Xcc -ivfsstatcache -Xcc /Users/admin/builder/spi-builder-workspace/.derivedData/SDKStatCaches.noindex/macosx26.2-25C58-dc75598d0054f22ec865fa860f139d726b10091eae1b9012e514a50b0de53ce7.sdkstatcache -output-file-map /Users/admin/builder/spi-builder-workspace/.derivedData/Build/Intermediates.noindex/AIEffectsKit.build/Debug/AIEffectsKit.build/Objects-normal/arm64/AIEffectsKit-OutputFileMap.json -use-frontend-parseable-output -save-temps -no-color-diagnostics -explicit-module-build -module-cache-path /Users/admin/builder/spi-builder-workspace/.derivedData/Build/Intermediates.noindex/SwiftExplicitPrecompiledModules -clang-scanner-module-cache-path /Users/admin/builder/spi-builder-workspace/.derivedData/ModuleCache.noindex -sdk-module-cache-path /Users/admin/builder/spi-builder-workspace/.derivedData/ModuleCache.noindex -serialize-diagnostics -emit-dependencies -emit-module -emit-module-path /Users/admin/builder/spi-builder-workspace/.derivedData/Build/Intermediates.noindex/AIEffectsKit.build/Debug/AIEffectsKit.build/Objects-normal/arm64/AIEffectsKit.swiftmodule -validate-clang-modules-once -clang-build-session-file /Users/admin/builder/spi-builder-workspace/.derivedData/ModuleCache.noindex/Session.modulevalidation -package-name spi_builder_workspace -Xcc -I/Users/admin/builder/spi-builder-workspace/.derivedData/Build/Intermediates.noindex/AIEffectsKit.build/Debug/AIEffectsKit.build/swift-overrides.hmap -emit-const-values -Xfrontend -const-gather-protocols-file -Xfrontend /Users/admin/builder/spi-builder-workspace/.derivedData/Build/Intermediates.noindex/AIEffectsKit.build/Debug/AIEffectsKit.build/Objects-normal/arm64/AIEffectsKit_const_extract_protocols.json -Xcc -I/Users/admin/builder/spi-builder-workspace/.derivedData/Build/Products/Debug/include -Xcc -I/Users/admin/builder/spi-builder-workspace/.derivedData/Build/Intermediates.noindex/AIEffectsKit.build/Debug/AIEffectsKit.build/DerivedSources-normal/arm64 -Xcc -I/Users/admin/builder/spi-builder-workspace/.derivedData/Build/Intermediates.noindex/AIEffectsKit.build/Debug/AIEffectsKit.build/DerivedSources/arm64 -Xcc -I/Users/admin/builder/spi-builder-workspace/.derivedData/Build/Intermediates.noindex/AIEffectsKit.build/Debug/AIEffectsKit.build/DerivedSources -Xcc -DSWIFT_PACKAGE -Xcc -DDEBUG\=1 -emit-objc-header -emit-objc-header-path /Users/admin/builder/spi-builder-workspace/.derivedData/Build/Intermediates.noindex/AIEffectsKit.build/Debug/AIEffectsKit.build/Objects-normal/arm64/AIEffectsKit-Swift.h -working-directory /Users/admin/builder/spi-builder-workspace/.swiftpm/xcode -experimental-emit-module-separately -disable-cmo
SwiftDriverJobDiscovery normal arm64 Compiling AIPhase.swift, AIState.swift (in target 'AIEffectsKit' from project 'AIEffectsKit')
SwiftMergeGeneratedHeaders /Users/admin/builder/spi-builder-workspace/.derivedData/Build/Intermediates.noindex/GeneratedModuleMaps/AIEffectsKit-Swift.h /Users/admin/builder/spi-builder-workspace/.derivedData/Build/Intermediates.noindex/AIEffectsKit.build/Debug/AIEffectsKit.build/Objects-normal/arm64/AIEffectsKit-Swift.h (in target 'AIEffectsKit' from project 'AIEffectsKit')
    cd /Users/admin/builder/spi-builder-workspace
    builtin-swiftHeaderTool -arch arm64 /Users/admin/builder/spi-builder-workspace/.derivedData/Build/Intermediates.noindex/AIEffectsKit.build/Debug/AIEffectsKit.build/Objects-normal/arm64/AIEffectsKit-Swift.h -o /Users/admin/builder/spi-builder-workspace/.derivedData/Build/Intermediates.noindex/GeneratedModuleMaps/AIEffectsKit-Swift.h
Copy /Users/admin/builder/spi-builder-workspace/.derivedData/Build/Products/Debug/AIEffectsKit.swiftmodule/arm64-apple-macos.swiftmodule /Users/admin/builder/spi-builder-workspace/.derivedData/Build/Intermediates.noindex/AIEffectsKit.build/Debug/AIEffectsKit.build/Objects-normal/arm64/AIEffectsKit.swiftmodule (in target 'AIEffectsKit' from project 'AIEffectsKit')
    cd /Users/admin/builder/spi-builder-workspace
    builtin-copy -exclude .DS_Store -exclude CVS -exclude .svn -exclude .git -exclude .hg -resolve-src-symlinks -rename /Users/admin/builder/spi-builder-workspace/.derivedData/Build/Intermediates.noindex/AIEffectsKit.build/Debug/AIEffectsKit.build/Objects-normal/arm64/AIEffectsKit.swiftmodule /Users/admin/builder/spi-builder-workspace/.derivedData/Build/Products/Debug/AIEffectsKit.swiftmodule/arm64-apple-macos.swiftmodule
Copy /Users/admin/builder/spi-builder-workspace/.derivedData/Build/Products/Debug/AIEffectsKit.swiftmodule/arm64-apple-macos.swiftdoc /Users/admin/builder/spi-builder-workspace/.derivedData/Build/Intermediates.noindex/AIEffectsKit.build/Debug/AIEffectsKit.build/Objects-normal/arm64/AIEffectsKit.swiftdoc (in target 'AIEffectsKit' from project 'AIEffectsKit')
    cd /Users/admin/builder/spi-builder-workspace
    builtin-copy -exclude .DS_Store -exclude CVS -exclude .svn -exclude .git -exclude .hg -resolve-src-symlinks -rename /Users/admin/builder/spi-builder-workspace/.derivedData/Build/Intermediates.noindex/AIEffectsKit.build/Debug/AIEffectsKit.build/Objects-normal/arm64/AIEffectsKit.swiftdoc /Users/admin/builder/spi-builder-workspace/.derivedData/Build/Products/Debug/AIEffectsKit.swiftmodule/arm64-apple-macos.swiftdoc
Copy /Users/admin/builder/spi-builder-workspace/.derivedData/Build/Products/Debug/AIEffectsKit.swiftmodule/arm64-apple-macos.abi.json /Users/admin/builder/spi-builder-workspace/.derivedData/Build/Intermediates.noindex/AIEffectsKit.build/Debug/AIEffectsKit.build/Objects-normal/arm64/AIEffectsKit.abi.json (in target 'AIEffectsKit' from project 'AIEffectsKit')
    cd /Users/admin/builder/spi-builder-workspace
    builtin-copy -exclude .DS_Store -exclude CVS -exclude .svn -exclude .git -exclude .hg -resolve-src-symlinks -rename /Users/admin/builder/spi-builder-workspace/.derivedData/Build/Intermediates.noindex/AIEffectsKit.build/Debug/AIEffectsKit.build/Objects-normal/arm64/AIEffectsKit.abi.json /Users/admin/builder/spi-builder-workspace/.derivedData/Build/Products/Debug/AIEffectsKit.swiftmodule/arm64-apple-macos.abi.json
Copy /Users/admin/builder/spi-builder-workspace/.derivedData/Build/Products/Debug/AIEffectsKit.swiftmodule/Project/arm64-apple-macos.swiftsourceinfo /Users/admin/builder/spi-builder-workspace/.derivedData/Build/Intermediates.noindex/AIEffectsKit.build/Debug/AIEffectsKit.build/Objects-normal/arm64/AIEffectsKit.swiftsourceinfo (in target 'AIEffectsKit' from project 'AIEffectsKit')
    cd /Users/admin/builder/spi-builder-workspace
    builtin-copy -exclude .DS_Store -exclude CVS -exclude .svn -exclude .git -exclude .hg -resolve-src-symlinks -rename /Users/admin/builder/spi-builder-workspace/.derivedData/Build/Intermediates.noindex/AIEffectsKit.build/Debug/AIEffectsKit.build/Objects-normal/arm64/AIEffectsKit.swiftsourceinfo /Users/admin/builder/spi-builder-workspace/.derivedData/Build/Products/Debug/AIEffectsKit.swiftmodule/Project/arm64-apple-macos.swiftsourceinfo
2026-06-26 12:52:28.906 xcodebuild[717:4307] [MT] IDERunDestination: Supported platforms for the buildables in the current scheme is empty.
--- xcodebuild: WARNING: Using the first of multiple matching destinations:
{ platform:macOS, arch:arm64, id:ce91083d3656f65e3982b1fa470272f6b6790588, name:My Mac }
{ platform:macOS, arch:arm64, variant:Mac Catalyst, id:ce91083d3656f65e3982b1fa470272f6b6790588, name:My Mac }
{ platform:macOS, arch:arm64, variant:DriverKit, id:ce91083d3656f65e3982b1fa470272f6b6790588, name:My Mac }
{ platform:macOS, arch:arm64, variant:Designed for [iPad,iPhone], id:ce91083d3656f65e3982b1fa470272f6b6790588, name:My Mac }
** BUILD FAILED **
The following build commands failed:
	SwiftCompile normal arm64 Compiling\ AIStateEnvironment.swift,\ IntelligenceGlow.swift /Users/admin/builder/spi-builder-workspace/Sources/AIEffectsKit/Environment/AIStateEnvironment.swift /Users/admin/builder/spi-builder-workspace/Sources/AIEffectsKit/IntelligenceGlow/IntelligenceGlow.swift (in target 'AIEffectsKit' from project 'AIEffectsKit')
	SwiftCompile normal arm64 /Users/admin/builder/spi-builder-workspace/Sources/AIEffectsKit/IntelligenceGlow/IntelligenceGlow.swift (in target 'AIEffectsKit' from project 'AIEffectsKit')
	Building workspace spi-builder-workspace with scheme AIEffectsKit
(3 failures)
Command line invocation:
    /Applications/Xcode-26.3.0.app/Contents/Developer/usr/bin/xcodebuild -IDEClonedSourcePackagesDirPathOverride=/Users/admin/builder/spi-builder-workspace/.dependencies -resolvePackageDependencies
Resolve Package Graph
Resolved source packages:
  AIEffectsKit: /Users/admin/builder/spi-builder-workspace
resolved source packages: AIEffectsKit
2026-06-26 12:52:42.635 xcodebuild[811:4714] [MT] IDERunDestination: Supported platforms for the buildables in the current scheme is empty.
{
  "dependencies" : [
  ],
  "manifest_display_name" : "AIEffectsKit",
  "name" : "AIEffectsKit",
  "path" : "/Users/admin/builder/spi-builder-workspace",
  "platforms" : [
    {
      "name" : "ios",
      "version" : "17.0"
    },
    {
      "name" : "macos",
      "version" : "14.0"
    },
    {
      "name" : "watchos",
      "version" : "10.0"
    },
    {
      "name" : "visionos",
      "version" : "1.0"
    }
  ],
  "products" : [
    {
      "name" : "AIEffectsKit",
      "targets" : [
        "AIEffectsKit"
      ],
      "type" : {
        "library" : [
          "automatic"
        ]
      }
    }
  ],
  "targets" : [
    {
      "c99name" : "AIEffectsKitTests",
      "module_type" : "SwiftTarget",
      "name" : "AIEffectsKitTests",
      "path" : "Tests/AIEffectsKitTests",
      "sources" : [
        "AIStateTests.swift",
        "IntelligenceGlowTests.swift",
        "StreamTextStyleTests.swift",
        "StreamTextTests.swift",
        "ThinkingIndicatorTests.swift",
        "TimedWordTests.swift"
      ],
      "target_dependencies" : [
        "AIEffectsKit"
      ],
      "type" : "test"
    },
    {
      "c99name" : "AIEffectsKit",
      "module_type" : "SwiftTarget",
      "name" : "AIEffectsKit",
      "path" : "Sources/AIEffectsKit",
      "product_memberships" : [
        "AIEffectsKit"
      ],
      "sources" : [
        "AIPhase.swift",
        "AIState.swift",
        "Environment/AIStateEnvironment.swift",
        "IntelligenceGlow/IntelligenceGlow.swift",
        "Internal/Duration+Seconds.swift",
        "StreamText/FlowLayout.swift",
        "StreamText/Renderers/LetterDropText.swift",
        "StreamText/Renderers/LineCascadeText.swift",
        "StreamText/Renderers/ScrambleText.swift",
        "StreamText/Renderers/ShimmerWipeText.swift",
        "StreamText/Renderers/SkeletonText.swift",
        "StreamText/Renderers/TokenChunkText.swift",
        "StreamText/Renderers/TypewriterView.swift",
        "StreamText/Renderers/WordAnimatedText.swift",
        "StreamText/StreamText+Typing.swift",
        "StreamText/StreamText.swift",
        "StreamText/StreamTextStyle.swift",
        "StreamText/StreamingTextRenderer.swift",
        "StreamText/TimedWord.swift",
        "ThinkingIndicator/ThinkingIndicator.swift"
      ],
      "type" : "library"
    }
  ],
  "tools_version" : "5.10"
}
{
  "workspace" : {
    "name" : "spi-builder-workspace",
    "schemes" : [
      "AIEffectsKit"
    ]
  }
}
2026-06-26 12:52:43.824 xcodebuild[819:4789] [MT] IDERunDestination: Supported platforms for the buildables in the current scheme is empty.
Running build ...
env DEVELOPER_DIR=/Applications/Xcode-26.3.0.app xcrun xcodebuild -IDEClonedSourcePackagesDirPathOverride=$PWD/.dependencies -skipMacroValidation -skipPackagePluginValidation -derivedDataPath $PWD/.derivedData build -scheme AIEffectsKit -destination platform=macOS,arch=arm64
Command line invocation:
    /Applications/Xcode-26.3.0.app/Contents/Developer/usr/bin/xcodebuild -IDEClonedSourcePackagesDirPathOverride=/Users/admin/builder/spi-builder-workspace/.dependencies -skipMacroValidation -skipPackagePluginValidation -derivedDataPath /Users/admin/builder/spi-builder-workspace/.derivedData build -scheme AIEffectsKit -destination platform=macOS,arch=arm64
Resolve Package Graph
Resolved source packages:
  AIEffectsKit: /Users/admin/builder/spi-builder-workspace
ComputePackagePrebuildTargetDependencyGraph
Prepare packages
CreateBuildRequest
SendProjectDescription
CreateBuildOperation
ComputeTargetDependencyGraph
note: Building targets in dependency order
note: Target dependency graph (2 targets)
    Target 'AIEffectsKit' in project 'AIEffectsKit'
        ➜ Explicit dependency on target 'AIEffectsKit' in project 'AIEffectsKit'
    Target 'AIEffectsKit' in project 'AIEffectsKit' (no dependencies)
GatherProvisioningInputs
CreateBuildDescription
ClangStatCache /Applications/Xcode-26.3.0.app/Contents/Developer/Toolchains/XcodeDefault.xctoolchain/usr/bin/clang-stat-cache /Applications/Xcode-26.3.0.app/Contents/Developer/Platforms/MacOSX.platform/Developer/SDKs/MacOSX26.2.sdk /Users/admin/builder/spi-builder-workspace/.derivedData/SDKStatCaches.noindex/macosx26.2-25C58-dc75598d0054f22ec865fa860f139d726b10091eae1b9012e514a50b0de53ce7.sdkstatcache
    cd /Users/admin/builder/spi-builder-workspace/.swiftpm/xcode
    /Applications/Xcode-26.3.0.app/Contents/Developer/Toolchains/XcodeDefault.xctoolchain/usr/bin/clang-stat-cache /Applications/Xcode-26.3.0.app/Contents/Developer/Platforms/MacOSX.platform/Developer/SDKs/MacOSX26.2.sdk -o /Users/admin/builder/spi-builder-workspace/.derivedData/SDKStatCaches.noindex/macosx26.2-25C58-dc75598d0054f22ec865fa860f139d726b10091eae1b9012e514a50b0de53ce7.sdkstatcache
SwiftDriver AIEffectsKit normal arm64 com.apple.xcode.tools.swift.compiler (in target 'AIEffectsKit' from project 'AIEffectsKit')
    cd /Users/admin/builder/spi-builder-workspace/.swiftpm/xcode
    builtin-SwiftDriver -- /Applications/Xcode-26.3.0.app/Contents/Developer/Toolchains/XcodeDefault.xctoolchain/usr/bin/swiftc -module-name AIEffectsKit -Onone -enforce-exclusivity\=checked @/Users/admin/builder/spi-builder-workspace/.derivedData/Build/Intermediates.noindex/AIEffectsKit.build/Debug/AIEffectsKit.build/Objects-normal/arm64/AIEffectsKit.SwiftFileList -DSWIFT_PACKAGE -DDEBUG -DSWIFT_MODULE_RESOURCE_BUNDLE_UNAVAILABLE -DXcode -plugin-path /Applications/Xcode-26.3.0.app/Contents/Developer/Toolchains/XcodeDefault.xctoolchain/usr/lib/swift/host/plugins/testing -enable-experimental-feature DebugDescriptionMacro -sdk /Applications/Xcode-26.3.0.app/Contents/Developer/Platforms/MacOSX.platform/Developer/SDKs/MacOSX26.2.sdk -target arm64-apple-macos14.0 -g -module-cache-path /Users/admin/builder/spi-builder-workspace/.derivedData/ModuleCache.noindex -Xfrontend -serialize-debugging-options -profile-coverage-mapping -profile-generate -enable-testing -index-store-path /Users/admin/builder/spi-builder-workspace/.derivedData/Index.noindex/DataStore -Xcc -D_LIBCPP_HARDENING_MODE\=_LIBCPP_HARDENING_MODE_DEBUG -swift-version 5 -I /Users/admin/builder/spi-builder-workspace/.derivedData/Build/Products/Debug -Isystem /Applications/Xcode-26.3.0.app/Contents/Developer/Platforms/MacOSX.platform/Developer/usr/lib -F /Users/admin/builder/spi-builder-workspace/.derivedData/Build/Products/Debug -F /Applications/Xcode-26.3.0.app/Contents/Developer/Platforms/MacOSX.platform/Developer/Library/Frameworks -c -j10 -enable-batch-mode -incremental -Xcc -ivfsstatcache -Xcc /Users/admin/builder/spi-builder-workspace/.derivedData/SDKStatCaches.noindex/macosx26.2-25C58-dc75598d0054f22ec865fa860f139d726b10091eae1b9012e514a50b0de53ce7.sdkstatcache -output-file-map /Users/admin/builder/spi-builder-workspace/.derivedData/Build/Intermediates.noindex/AIEffectsKit.build/Debug/AIEffectsKit.build/Objects-normal/arm64/AIEffectsKit-OutputFileMap.json -use-frontend-parseable-output -save-temps -no-color-diagnostics -explicit-module-build -module-cache-path /Users/admin/builder/spi-builder-workspace/.derivedData/Build/Intermediates.noindex/SwiftExplicitPrecompiledModules -clang-scanner-module-cache-path /Users/admin/builder/spi-builder-workspace/.derivedData/ModuleCache.noindex -sdk-module-cache-path /Users/admin/builder/spi-builder-workspace/.derivedData/ModuleCache.noindex -serialize-diagnostics -emit-dependencies -emit-module -emit-module-path /Users/admin/builder/spi-builder-workspace/.derivedData/Build/Intermediates.noindex/AIEffectsKit.build/Debug/AIEffectsKit.build/Objects-normal/arm64/AIEffectsKit.swiftmodule -validate-clang-modules-once -clang-build-session-file /Users/admin/builder/spi-builder-workspace/.derivedData/ModuleCache.noindex/Session.modulevalidation -package-name spi_builder_workspace -Xcc -I/Users/admin/builder/spi-builder-workspace/.derivedData/Build/Intermediates.noindex/AIEffectsKit.build/Debug/AIEffectsKit.build/swift-overrides.hmap -emit-const-values -Xfrontend -const-gather-protocols-file -Xfrontend /Users/admin/builder/spi-builder-workspace/.derivedData/Build/Intermediates.noindex/AIEffectsKit.build/Debug/AIEffectsKit.build/Objects-normal/arm64/AIEffectsKit_const_extract_protocols.json -Xcc -I/Users/admin/builder/spi-builder-workspace/.derivedData/Build/Products/Debug/include -Xcc -I/Users/admin/builder/spi-builder-workspace/.derivedData/Build/Intermediates.noindex/AIEffectsKit.build/Debug/AIEffectsKit.build/DerivedSources-normal/arm64 -Xcc -I/Users/admin/builder/spi-builder-workspace/.derivedData/Build/Intermediates.noindex/AIEffectsKit.build/Debug/AIEffectsKit.build/DerivedSources/arm64 -Xcc -I/Users/admin/builder/spi-builder-workspace/.derivedData/Build/Intermediates.noindex/AIEffectsKit.build/Debug/AIEffectsKit.build/DerivedSources -Xcc -DSWIFT_PACKAGE -Xcc -DDEBUG\=1 -emit-objc-header -emit-objc-header-path /Users/admin/builder/spi-builder-workspace/.derivedData/Build/Intermediates.noindex/AIEffectsKit.build/Debug/AIEffectsKit.build/Objects-normal/arm64/AIEffectsKit-Swift.h -working-directory /Users/admin/builder/spi-builder-workspace/.swiftpm/xcode -experimental-emit-module-separately -disable-cmo
SwiftCompile normal arm64 Compiling\ AIStateEnvironment.swift,\ IntelligenceGlow.swift /Users/admin/builder/spi-builder-workspace/Sources/AIEffectsKit/Environment/AIStateEnvironment.swift /Users/admin/builder/spi-builder-workspace/Sources/AIEffectsKit/IntelligenceGlow/IntelligenceGlow.swift (in target 'AIEffectsKit' from project 'AIEffectsKit')
SwiftCompile normal arm64 /Users/admin/builder/spi-builder-workspace/Sources/AIEffectsKit/Environment/AIStateEnvironment.swift (in target 'AIEffectsKit' from project 'AIEffectsKit')
    cd /Users/admin/builder/spi-builder-workspace/.swiftpm/xcode

SwiftCompile normal arm64 /Users/admin/builder/spi-builder-workspace/Sources/AIEffectsKit/IntelligenceGlow/IntelligenceGlow.swift (in target 'AIEffectsKit' from project 'AIEffectsKit')
    cd /Users/admin/builder/spi-builder-workspace/.swiftpm/xcode

/Users/admin/builder/spi-builder-workspace/Sources/AIEffectsKit/IntelligenceGlow/IntelligenceGlow.swift:145:25: error: no exact matches in call to initializer
            .background(Color(uiColor: .secondarySystemBackground))
                        ^
/Users/admin/builder/spi-builder-workspace/Sources/AIEffectsKit/IntelligenceGlow/IntelligenceGlow.swift:145:25: note: candidate has partially matching parameter list (importing: URL, contentType: UTType?)
            .background(Color(uiColor: .secondarySystemBackground))
                        ^
/Users/admin/builder/spi-builder-workspace/Sources/AIEffectsKit/IntelligenceGlow/IntelligenceGlow.swift:145:25: note: candidate has partially matching parameter list (importing: Data, contentType: UTType?)
            .background(Color(uiColor: .secondarySystemBackground))
                        ^
/Users/admin/builder/spi-builder-workspace/Sources/AIEffectsKit/IntelligenceGlow/IntelligenceGlow.swift:145:41: error: cannot infer contextual base in reference to member 'secondarySystemBackground'
            .background(Color(uiColor: .secondarySystemBackground))
                                       ~^~~~~~~~~~~~~~~~~~~~~~~~~
Failed frontend command:
/Applications/Xcode-26.3.0.app/Contents/Developer/Toolchains/XcodeDefault.xctoolchain/usr/bin/swift-frontend -frontend -c /Users/admin/builder/spi-builder-workspace/Sources/AIEffectsKit/AIPhase.swift /Users/admin/builder/spi-builder-workspace/Sources/AIEffectsKit/AIState.swift -primary-file /Users/admin/builder/spi-builder-workspace/Sources/AIEffectsKit/Environment/AIStateEnvironment.swift -primary-file /Users/admin/builder/spi-builder-workspace/Sources/AIEffectsKit/IntelligenceGlow/IntelligenceGlow.swift /Users/admin/builder/spi-builder-workspace/Sources/AIEffectsKit/Internal/Duration+Seconds.swift /Users/admin/builder/spi-builder-workspace/Sources/AIEffectsKit/StreamText/FlowLayout.swift /Users/admin/builder/spi-builder-workspace/Sources/AIEffectsKit/StreamText/Renderers/LetterDropText.swift /Users/admin/builder/spi-builder-workspace/Sources/AIEffectsKit/StreamText/Renderers/LineCascadeText.swift /Users/admin/builder/spi-builder-workspace/Sources/AIEffectsKit/StreamText/Renderers/ScrambleText.swift /Users/admin/builder/spi-builder-workspace/Sources/AIEffectsKit/StreamText/Renderers/ShimmerWipeText.swift /Users/admin/builder/spi-builder-workspace/Sources/AIEffectsKit/StreamText/Renderers/SkeletonText.swift /Users/admin/builder/spi-builder-workspace/Sources/AIEffectsKit/StreamText/Renderers/TokenChunkText.swift /Users/admin/builder/spi-builder-workspace/Sources/AIEffectsKit/StreamText/Renderers/TypewriterView.swift /Users/admin/builder/spi-builder-workspace/Sources/AIEffectsKit/StreamText/Renderers/WordAnimatedText.swift /Users/admin/builder/spi-builder-workspace/Sources/AIEffectsKit/StreamText/StreamText+Typing.swift /Users/admin/builder/spi-builder-workspace/Sources/AIEffectsKit/StreamText/StreamText.swift /Users/admin/builder/spi-builder-workspace/Sources/AIEffectsKit/StreamText/StreamTextStyle.swift /Users/admin/builder/spi-builder-workspace/Sources/AIEffectsKit/StreamText/StreamingTextRenderer.swift /Users/admin/builder/spi-builder-workspace/Sources/AIEffectsKit/StreamText/TimedWord.swift /Users/admin/builder/spi-builder-workspace/Sources/AIEffectsKit/ThinkingIndicator/ThinkingIndicator.swift -emit-dependencies-path /Users/admin/builder/spi-builder-workspace/.derivedData/Build/Intermediates.noindex/AIEffectsKit.build/Debug/AIEffectsKit.build/Objects-normal/arm64/AIStateEnvironment.d -emit-const-values-path /Users/admin/builder/spi-builder-workspace/.derivedData/Build/Intermediates.noindex/AIEffectsKit.build/Debug/AIEffectsKit.build/Objects-normal/arm64/AIStateEnvironment.swiftconstvalues -emit-reference-dependencies-path /Users/admin/builder/spi-builder-workspace/.derivedData/Build/Intermediates.noindex/AIEffectsKit.build/Debug/AIEffectsKit.build/Objects-normal/arm64/AIStateEnvironment.swiftdeps -serialize-diagnostics-path /Users/admin/builder/spi-builder-workspace/.derivedData/Build/Intermediates.noindex/AIEffectsKit.build/Debug/AIEffectsKit.build/Objects-normal/arm64/AIStateEnvironment.dia -emit-dependencies-path /Users/admin/builder/spi-builder-workspace/.derivedData/Build/Intermediates.noindex/AIEffectsKit.build/Debug/AIEffectsKit.build/Objects-normal/arm64/IntelligenceGlow.d -emit-const-values-path /Users/admin/builder/spi-builder-workspace/.derivedData/Build/Intermediates.noindex/AIEffectsKit.build/Debug/AIEffectsKit.build/Objects-normal/arm64/IntelligenceGlow.swiftconstvalues -emit-reference-dependencies-path /Users/admin/builder/spi-builder-workspace/.derivedData/Build/Intermediates.noindex/AIEffectsKit.build/Debug/AIEffectsKit.build/Objects-normal/arm64/IntelligenceGlow.swiftdeps -serialize-diagnostics-path /Users/admin/builder/spi-builder-workspace/.derivedData/Build/Intermediates.noindex/AIEffectsKit.build/Debug/AIEffectsKit.build/Objects-normal/arm64/IntelligenceGlow.dia -target arm64-apple-macos14.0 -load-resolved-plugin /Applications/Xcode-26.3.0.app/Contents/Developer/Platforms/MacOSX.platform/Developer/usr/lib/swift/host/plugins/libFoundationMacros.dylib\#/Applications/Xcode-26.3.0.app/Contents/Developer/Platforms/MacOSX.platform/Developer/usr/bin/swift-plugin-server\#FoundationMacros -load-resolved-plugin /Applications/Xcode-26.3.0.app/Contents/Developer/Platforms/MacOSX.platform/Developer/usr/lib/swift/host/plugins/libObservationMacros.dylib\#/Applications/Xcode-26.3.0.app/Contents/Developer/Platforms/MacOSX.platform/Developer/usr/bin/swift-plugin-server\#ObservationMacros -load-resolved-plugin /Applications/Xcode-26.3.0.app/Contents/Developer/Platforms/MacOSX.platform/Developer/usr/lib/swift/host/plugins/libPreviewsMacros.dylib\#/Applications/Xcode-26.3.0.app/Contents/Developer/Platforms/MacOSX.platform/Developer/usr/bin/swift-plugin-server\#PreviewsMacros -load-resolved-plugin /Applications/Xcode-26.3.0.app/Contents/Developer/Platforms/MacOSX.platform/Developer/usr/lib/swift/host/plugins/libSwiftMacros.dylib\#/Applications/Xcode-26.3.0.app/Contents/Developer/Platforms/MacOSX.platform/Developer/usr/bin/swift-plugin-server\#SwiftMacros -load-resolved-plugin /Applications/Xcode-26.3.0.app/Contents/Developer/Platforms/MacOSX.platform/Developer/usr/lib/swift/host/plugins/libSwiftUIMacros.dylib\#/Applications/Xcode-26.3.0.app/Contents/Developer/Platforms/MacOSX.platform/Developer/usr/bin/swift-plugin-server\#SwiftUIMacros -disable-implicit-swift-modules -Xcc -fno-implicit-modules -Xcc -fno-implicit-module-maps -explicit-swift-module-map-file /Users/admin/builder/spi-builder-workspace/.derivedData/Build/Intermediates.noindex/AIEffectsKit.build/Debug/AIEffectsKit.build/Objects-normal/arm64/AIEffectsKit-dependencies-1.json -Xllvm -aarch64-use-tbi -enable-objc-interop -stack-check -sdk /Applications/Xcode-26.3.0.app/Contents/Developer/Platforms/MacOSX.platform/Developer/SDKs/MacOSX26.2.sdk -I /Users/admin/builder/spi-builder-workspace/.derivedData/Build/Products/Debug -Isystem /Applications/Xcode-26.3.0.app/Contents/Developer/Platforms/MacOSX.platform/Developer/usr/lib -F /Users/admin/builder/spi-builder-workspace/.derivedData/Build/Products/Debug -F /Applications/Xcode-26.3.0.app/Contents/Developer/Platforms/MacOSX.platform/Developer/Library/Frameworks -no-color-diagnostics -Xcc -fno-color-diagnostics -enable-testing -g -debug-info-format\=dwarf -dwarf-version\=4 -module-cache-path /Users/admin/builder/spi-builder-workspace/.derivedData/Build/Intermediates.noindex/SwiftExplicitPrecompiledModules -profile-generate -profile-coverage-mapping -swift-version 5 -enforce-exclusivity\=checked -Onone -D SWIFT_PACKAGE -D DEBUG -D SWIFT_MODULE_RESOURCE_BUNDLE_UNAVAILABLE -D Xcode -serialize-debugging-options -const-gather-protocols-file /Users/admin/builder/spi-builder-workspace/.derivedData/Build/Intermediates.noindex/AIEffectsKit.build/Debug/AIEffectsKit.build/Objects-normal/arm64/AIEffectsKit_const_extract_protocols.json -enable-experimental-feature DebugDescriptionMacro -empty-abi-descriptor -validate-clang-modules-once -clang-build-session-file /Users/admin/builder/spi-builder-workspace/.derivedData/ModuleCache.noindex/Session.modulevalidation -Xcc -working-directory -Xcc /Users/admin/builder/spi-builder-workspace/.swiftpm/xcode -enable-anonymous-context-mangled-names -file-compilation-dir /Users/admin/builder/spi-builder-workspace/.swiftpm/xcode -Xcc -D_LIBCPP_HARDENING_MODE\=_LIBCPP_HARDENING_MODE_DEBUG -Xcc -ivfsstatcache -Xcc /Users/admin/builder/spi-builder-workspace/.derivedData/SDKStatCaches.noindex/macosx26.2-25C58-dc75598d0054f22ec865fa860f139d726b10091eae1b9012e514a50b0de53ce7.sdkstatcache -Xcc -I/Users/admin/builder/spi-builder-workspace/.derivedData/Build/Intermediates.noindex/AIEffectsKit.build/Debug/AIEffectsKit.build/swift-overrides.hmap -Xcc -I/Users/admin/builder/spi-builder-workspace/.derivedData/Build/Products/Debug/include -Xcc -I/Users/admin/builder/spi-builder-workspace/.derivedData/Build/Intermediates.noindex/AIEffectsKit.build/Debug/AIEffectsKit.build/DerivedSources-normal/arm64 -Xcc -I/Users/admin/builder/spi-builder-workspace/.derivedData/Build/Intermediates.noindex/AIEffectsKit.build/Debug/AIEffectsKit.build/DerivedSources/arm64 -Xcc -I/Users/admin/builder/spi-builder-workspace/.derivedData/Build/Intermediates.noindex/AIEffectsKit.build/Debug/AIEffectsKit.build/DerivedSources -Xcc -DSWIFT_PACKAGE -Xcc -DDEBUG\=1 -no-auto-bridging-header-chaining -module-name AIEffectsKit -package-name spi_builder_workspace -frontend-parseable-output -disable-clang-spi -target-sdk-version 26.2 -target-sdk-name macosx26.2 -clang-target arm64-apple-macos26.2 -in-process-plugin-server-path /Applications/Xcode-26.3.0.app/Contents/Developer/Toolchains/XcodeDefault.xctoolchain/usr/lib/swift/host/libSwiftInProcPluginServer.dylib -o /Users/admin/builder/spi-builder-workspace/.derivedData/Build/Intermediates.noindex/AIEffectsKit.build/Debug/AIEffectsKit.build/Objects-normal/arm64/AIStateEnvironment.o -o /Users/admin/builder/spi-builder-workspace/.derivedData/Build/Intermediates.noindex/AIEffectsKit.build/Debug/AIEffectsKit.build/Objects-normal/arm64/IntelligenceGlow.o -index-unit-output-path /AIEffectsKit.build/Debug/AIEffectsKit.build/Objects-normal/arm64/AIStateEnvironment.o -index-unit-output-path /AIEffectsKit.build/Debug/AIEffectsKit.build/Objects-normal/arm64/IntelligenceGlow.o -index-store-path /Users/admin/builder/spi-builder-workspace/.derivedData/Index.noindex/DataStore -index-system-modules
SwiftCompile normal arm64 Compiling\ LetterDropText.swift,\ LineCascadeText.swift /Users/admin/builder/spi-builder-workspace/Sources/AIEffectsKit/StreamText/Renderers/LetterDropText.swift /Users/admin/builder/spi-builder-workspace/Sources/AIEffectsKit/StreamText/Renderers/LineCascadeText.swift (in target 'AIEffectsKit' from project 'AIEffectsKit')
SwiftCompile normal arm64 /Users/admin/builder/spi-builder-workspace/Sources/AIEffectsKit/StreamText/Renderers/LetterDropText.swift (in target 'AIEffectsKit' from project 'AIEffectsKit')
    cd /Users/admin/builder/spi-builder-workspace/.swiftpm/xcode

SwiftCompile normal arm64 /Users/admin/builder/spi-builder-workspace/Sources/AIEffectsKit/StreamText/Renderers/LineCascadeText.swift (in target 'AIEffectsKit' from project 'AIEffectsKit')
    cd /Users/admin/builder/spi-builder-workspace/.swiftpm/xcode

SwiftCompile normal arm64 Compiling\ SkeletonText.swift,\ TokenChunkText.swift /Users/admin/builder/spi-builder-workspace/Sources/AIEffectsKit/StreamText/Renderers/SkeletonText.swift /Users/admin/builder/spi-builder-workspace/Sources/AIEffectsKit/StreamText/Renderers/TokenChunkText.swift (in target 'AIEffectsKit' from project 'AIEffectsKit')
SwiftCompile normal arm64 /Users/admin/builder/spi-builder-workspace/Sources/AIEffectsKit/StreamText/Renderers/SkeletonText.swift (in target 'AIEffectsKit' from project 'AIEffectsKit')
    cd /Users/admin/builder/spi-builder-workspace/.swiftpm/xcode

SwiftCompile normal arm64 /Users/admin/builder/spi-builder-workspace/Sources/AIEffectsKit/StreamText/Renderers/TokenChunkText.swift (in target 'AIEffectsKit' from project 'AIEffectsKit')
    cd /Users/admin/builder/spi-builder-workspace/.swiftpm/xcode

SwiftCompile normal arm64 Compiling\ ScrambleText.swift,\ ShimmerWipeText.swift /Users/admin/builder/spi-builder-workspace/Sources/AIEffectsKit/StreamText/Renderers/ScrambleText.swift /Users/admin/builder/spi-builder-workspace/Sources/AIEffectsKit/StreamText/Renderers/ShimmerWipeText.swift (in target 'AIEffectsKit' from project 'AIEffectsKit')
SwiftCompile normal arm64 /Users/admin/builder/spi-builder-workspace/Sources/AIEffectsKit/StreamText/Renderers/ScrambleText.swift (in target 'AIEffectsKit' from project 'AIEffectsKit')
    cd /Users/admin/builder/spi-builder-workspace/.swiftpm/xcode

SwiftCompile normal arm64 /Users/admin/builder/spi-builder-workspace/Sources/AIEffectsKit/StreamText/Renderers/ShimmerWipeText.swift (in target 'AIEffectsKit' from project 'AIEffectsKit')
    cd /Users/admin/builder/spi-builder-workspace/.swiftpm/xcode

SwiftCompile normal arm64 Compiling\ Duration+Seconds.swift,\ FlowLayout.swift /Users/admin/builder/spi-builder-workspace/Sources/AIEffectsKit/Internal/Duration+Seconds.swift /Users/admin/builder/spi-builder-workspace/Sources/AIEffectsKit/StreamText/FlowLayout.swift (in target 'AIEffectsKit' from project 'AIEffectsKit')
SwiftCompile normal arm64 /Users/admin/builder/spi-builder-workspace/Sources/AIEffectsKit/Internal/Duration+Seconds.swift (in target 'AIEffectsKit' from project 'AIEffectsKit')
    cd /Users/admin/builder/spi-builder-workspace/.swiftpm/xcode

SwiftCompile normal arm64 /Users/admin/builder/spi-builder-workspace/Sources/AIEffectsKit/StreamText/FlowLayout.swift (in target 'AIEffectsKit' from project 'AIEffectsKit')
    cd /Users/admin/builder/spi-builder-workspace/.swiftpm/xcode

SwiftEmitModule normal arm64 Emitting\ module\ for\ AIEffectsKit (in target 'AIEffectsKit' from project 'AIEffectsKit')
EmitSwiftModule normal arm64 (in target 'AIEffectsKit' from project 'AIEffectsKit')
    cd /Users/admin/builder/spi-builder-workspace/.swiftpm/xcode

SwiftCompile normal arm64 Compiling\ TimedWord.swift /Users/admin/builder/spi-builder-workspace/Sources/AIEffectsKit/StreamText/TimedWord.swift (in target 'AIEffectsKit' from project 'AIEffectsKit')
SwiftCompile normal arm64 /Users/admin/builder/spi-builder-workspace/Sources/AIEffectsKit/StreamText/TimedWord.swift (in target 'AIEffectsKit' from project 'AIEffectsKit')
    cd /Users/admin/builder/spi-builder-workspace/.swiftpm/xcode

SwiftCompile normal arm64 Compiling\ StreamTextStyle.swift,\ StreamingTextRenderer.swift /Users/admin/builder/spi-builder-workspace/Sources/AIEffectsKit/StreamText/StreamTextStyle.swift /Users/admin/builder/spi-builder-workspace/Sources/AIEffectsKit/StreamText/StreamingTextRenderer.swift (in target 'AIEffectsKit' from project 'AIEffectsKit')
SwiftCompile normal arm64 /Users/admin/builder/spi-builder-workspace/Sources/AIEffectsKit/StreamText/StreamTextStyle.swift (in target 'AIEffectsKit' from project 'AIEffectsKit')
    cd /Users/admin/builder/spi-builder-workspace/.swiftpm/xcode

SwiftCompile normal arm64 /Users/admin/builder/spi-builder-workspace/Sources/AIEffectsKit/StreamText/StreamingTextRenderer.swift (in target 'AIEffectsKit' from project 'AIEffectsKit')
    cd /Users/admin/builder/spi-builder-workspace/.swiftpm/xcode

SwiftCompile normal arm64 Compiling\ StreamText+Typing.swift,\ StreamText.swift /Users/admin/builder/spi-builder-workspace/Sources/AIEffectsKit/StreamText/StreamText+Typing.swift /Users/admin/builder/spi-builder-workspace/Sources/AIEffectsKit/StreamText/StreamText.swift (in target 'AIEffectsKit' from project 'AIEffectsKit')
SwiftCompile normal arm64 /Users/admin/builder/spi-builder-workspace/Sources/AIEffectsKit/StreamText/StreamText+Typing.swift (in target 'AIEffectsKit' from project 'AIEffectsKit')
    cd /Users/admin/builder/spi-builder-workspace/.swiftpm/xcode

SwiftCompile normal arm64 /Users/admin/builder/spi-builder-workspace/Sources/AIEffectsKit/StreamText/StreamText.swift (in target 'AIEffectsKit' from project 'AIEffectsKit')
    cd /Users/admin/builder/spi-builder-workspace/.swiftpm/xcode

SwiftCompile normal arm64 Compiling\ ThinkingIndicator.swift /Users/admin/builder/spi-builder-workspace/Sources/AIEffectsKit/ThinkingIndicator/ThinkingIndicator.swift (in target 'AIEffectsKit' from project 'AIEffectsKit')
SwiftCompile normal arm64 /Users/admin/builder/spi-builder-workspace/Sources/AIEffectsKit/ThinkingIndicator/ThinkingIndicator.swift (in target 'AIEffectsKit' from project 'AIEffectsKit')
    cd /Users/admin/builder/spi-builder-workspace/.swiftpm/xcode

SwiftCompile normal arm64 Compiling\ TypewriterView.swift,\ WordAnimatedText.swift /Users/admin/builder/spi-builder-workspace/Sources/AIEffectsKit/StreamText/Renderers/TypewriterView.swift /Users/admin/builder/spi-builder-workspace/Sources/AIEffectsKit/StreamText/Renderers/WordAnimatedText.swift (in target 'AIEffectsKit' from project 'AIEffectsKit')
SwiftCompile normal arm64 /Users/admin/builder/spi-builder-workspace/Sources/AIEffectsKit/StreamText/Renderers/TypewriterView.swift (in target 'AIEffectsKit' from project 'AIEffectsKit')
    cd /Users/admin/builder/spi-builder-workspace/.swiftpm/xcode

SwiftCompile normal arm64 /Users/admin/builder/spi-builder-workspace/Sources/AIEffectsKit/StreamText/Renderers/WordAnimatedText.swift (in target 'AIEffectsKit' from project 'AIEffectsKit')
    cd /Users/admin/builder/spi-builder-workspace/.swiftpm/xcode

SwiftDriverJobDiscovery normal arm64 Compiling TimedWord.swift (in target 'AIEffectsKit' from project 'AIEffectsKit')
SwiftCompile normal arm64 Compiling\ AIState.swift /Users/admin/builder/spi-builder-workspace/Sources/AIEffectsKit/AIState.swift (in target 'AIEffectsKit' from project 'AIEffectsKit')
SwiftDriverJobDiscovery normal arm64 Compiling Duration+Seconds.swift, FlowLayout.swift (in target 'AIEffectsKit' from project 'AIEffectsKit')
SwiftCompile normal arm64 Compiling\ AIPhase.swift /Users/admin/builder/spi-builder-workspace/Sources/AIEffectsKit/AIPhase.swift (in target 'AIEffectsKit' from project 'AIEffectsKit')
SwiftDriverJobDiscovery normal arm64 Compiling StreamTextStyle.swift, StreamingTextRenderer.swift (in target 'AIEffectsKit' from project 'AIEffectsKit')
2026-06-26 12:52:44.766 xcodebuild[821:4820] [MT] IDERunDestination: Supported platforms for the buildables in the current scheme is empty.
--- xcodebuild: WARNING: Using the first of multiple matching destinations:
{ platform:macOS, arch:arm64, id:ce91083d3656f65e3982b1fa470272f6b6790588, name:My Mac }
{ platform:macOS, arch:arm64, variant:Mac Catalyst, id:ce91083d3656f65e3982b1fa470272f6b6790588, name:My Mac }
{ platform:macOS, arch:arm64, variant:DriverKit, id:ce91083d3656f65e3982b1fa470272f6b6790588, name:My Mac }
{ platform:macOS, arch:arm64, variant:Designed for [iPad,iPhone], id:ce91083d3656f65e3982b1fa470272f6b6790588, name:My Mac }
** BUILD FAILED **
The following build commands failed:
	SwiftCompile normal arm64 /Users/admin/builder/spi-builder-workspace/Sources/AIEffectsKit/IntelligenceGlow/IntelligenceGlow.swift (in target 'AIEffectsKit' from project 'AIEffectsKit')
	SwiftCompile normal arm64 Compiling\ AIStateEnvironment.swift,\ IntelligenceGlow.swift /Users/admin/builder/spi-builder-workspace/Sources/AIEffectsKit/Environment/AIStateEnvironment.swift /Users/admin/builder/spi-builder-workspace/Sources/AIEffectsKit/IntelligenceGlow/IntelligenceGlow.swift (in target 'AIEffectsKit' from project 'AIEffectsKit')
	Building workspace spi-builder-workspace with scheme AIEffectsKit
(3 failures)
BUILD FAILURE 6.2 macosXcodebuild