The Swift Package Index logo.Swift Package Index

Build Information

Failed to build SiriusRating, reference 2.0.0 (484075), with Swift 6.4 for visionOS using Xcode 27.0 on 24 Sep 2026 19:28:20 UTC.

Build Command

env DEVELOPER_DIR=/Applications/Xcode-27.0.0-Release.Candidate.app xcrun xcodebuild -IDEClonedSourcePackagesDirPathOverride=$PWD/.dependencies -skipMacroValidation -skipPackagePluginValidation -derivedDataPath $PWD/.derivedData build -scheme SiriusRating -destination generic/platform=xrOS

Build Log

========================================
RunAll
========================================
Builder version: 5.1.0
Interrupt handler set up.
========================================
Checkout
========================================
Clone URL: https://github.com/theappcapital/SiriusRating-iOS.git
Reference: 2.0.0
Initialized empty Git repository in /Users/admin/builder/spi-builder-workspace/.git/
From https://github.com/theappcapital/SiriusRating-iOS
 * tag               2.0.0      -> FETCH_HEAD
HEAD is now at 4840755 Added Swift 5.4+ requirement to the Readme.
Cloned https://github.com/theappcapital/SiriusRating-iOS.git
Revision (git rev-parse @):
484075528becef8c43b628e3732c99dc52828fa2
SUCCESS checkout https://github.com/theappcapital/SiriusRating-iOS.git at 2.0.0
========================================
Build
========================================
Selected platform:         visionOS
Swift version:             6.4
Building package at path:  $PWD
https://github.com/theappcapital/SiriusRating-iOS.git
Command line invocation:
    /Applications/Xcode-27.0.0-Release.Candidate.app/Contents/Developer/usr/bin/xcodebuild -IDEClonedSourcePackagesDirPathOverride=/Users/admin/builder/spi-builder-workspace/.dependencies -resolvePackageDependencies
Resolve Package Graph
Resolve Package Graph
Resolved source packages:
  SiriusRating: /Users/admin/builder/spi-builder-workspace
resolved source packages: SiriusRating
2026-09-24 15:27:21.978 xcodebuild[529:3054] [MT] IDERunDestination: Supported platforms for the buildables in the current scheme is empty.
{
  "default_localization" : "en",
  "dependencies" : [
  ],
  "manifest_display_name" : "SiriusRating",
  "name" : "SiriusRating",
  "path" : "/Users/admin/builder/spi-builder-workspace",
  "platforms" : [
    {
      "name" : "ios",
      "version" : "13.0"
    }
  ],
  "products" : [
    {
      "name" : "SiriusRating",
      "targets" : [
        "SiriusRating"
      ],
      "type" : {
        "library" : [
          "automatic"
        ]
      }
    }
  ],
  "targets" : [
    {
      "c99name" : "SiriusRatingTests",
      "module_type" : "SwiftTarget",
      "name" : "SiriusRatingTests",
      "path" : "Tests/SiriusRatingTests",
      "sources" : [
        "DataStores/InMemoryDataStore.swift",
        "RatingConditions/EnoughAppSessionsRatingConditionTest.swift",
        "RatingConditions/EnoughDaysUsedRatingConditionTest.swift",
        "RatingConditions/EnoughSignificantEventsRatingConditionTest.swift",
        "RatingConditions/NotDeclinedToRateAnyVersionRatingConditionTest.swift",
        "RatingConditions/NotDeclinedToRateCurrentVersionRatingConditionTest.swift",
        "RatingConditions/NotPostponedDueToReminderRatingConditionTest.swift",
        "RatingConditions/NotRatedAnyVersionRatingConditionTest.swift",
        "RatingConditions/NotRatedCurrentVersionRatingConditionTest.swift",
        "SiriusRatingTest.swift",
        "_Support/InMemoryAppVersionProvider.swift"
      ],
      "target_dependencies" : [
        "SiriusRating"
      ],
      "type" : "test"
    },
    {
      "c99name" : "SiriusRating",
      "module_type" : "SwiftTarget",
      "name" : "SiriusRating",
      "path" : "Sources/SiriusRating",
      "product_memberships" : [
        "SiriusRating"
      ],
      "resources" : [
        {
          "path" : "/Users/admin/builder/spi-builder-workspace/Sources/SiriusRating/Resources/Images.xcassets",
          "rule" : {
            "process" : {
            }
          }
        },
        {
          "path" : "/Users/admin/builder/spi-builder-workspace/Sources/SiriusRating/Resources/Localizable.xcstrings",
          "rule" : {
            "process" : {
            }
          }
        }
      ],
      "sources" : [
        "AppVersionProviders/AppVersionProvider.swift",
        "AppVersionProviders/BundleAppVersionProvider.swift",
        "Configuration.swift",
        "DataStores/DataStore.swift",
        "DataStores/UserDefaultsDataStore.swift",
        "Prompts/Presenters/Rate/ExternalAppleStoreRatePromptPresenter.swift",
        "Prompts/Presenters/Rate/InAppRatePromptPresenter.swift",
        "Prompts/Presenters/Rate/RatePromptPresenter.swift",
        "Prompts/Presenters/Request/RequestPromptPresenter.swift",
        "Prompts/Presenters/Request/StyleOneRequestPromptPresenter.swift",
        "Prompts/Presenters/Request/StyleTwoRequestPromptPresenter.swift",
        "Prompts/Presenters/Request/Views/StyleOneRequestViewController.swift",
        "Prompts/Presenters/Request/Views/StyleTwoRequestAlertController.swift",
        "RatingConditions/ClosureRatingCondition.swift",
        "RatingConditions/EnoughAppSessionsRatingCondition.swift",
        "RatingConditions/EnoughDaysUsedRatingCondition.swift",
        "RatingConditions/EnoughSignificantEventsRatingCondition.swift",
        "RatingConditions/NotDeclinedToRateAnyVersionRatingCondition.swift",
        "RatingConditions/NotDeclinedToRateCurrentVersionRatingCondition.swift",
        "RatingConditions/NotPostponedDueToReminderRatingCondition.swift",
        "RatingConditions/NotRatedAnyVersionRatingCondition.swift",
        "RatingConditions/NotRatedCurrentVersionRatingCondition.swift",
        "RatingConditions/RatingCondition.swift",
        "SiriusRating.swift",
        "UserAction.swift",
        "_Support/Extensions/BundleExtension.swift"
      ],
      "type" : "library"
    }
  ],
  "tools_version" : "5.4"
}
{
  "workspace" : {
    "name" : "SiriusRating",
    "schemes" : [
      "SiriusRating"
    ]
  }
}
2026-09-24 15:28:03.379 xcodebuild[683:4385] [MT] IDERunDestination: Supported platforms for the buildables in the current scheme is empty.
Running build ...
env DEVELOPER_DIR=/Applications/Xcode-27.0.0-Release.Candidate.app xcrun xcodebuild -IDEClonedSourcePackagesDirPathOverride=$PWD/.dependencies -skipMacroValidation -skipPackagePluginValidation -derivedDataPath $PWD/.derivedData build -scheme SiriusRating -destination generic/platform=xrOS
Command line invocation:
    /Applications/Xcode-27.0.0-Release.Candidate.app/Contents/Developer/usr/bin/xcodebuild -IDEClonedSourcePackagesDirPathOverride=/Users/admin/builder/spi-builder-workspace/.dependencies -skipMacroValidation -skipPackagePluginValidation -derivedDataPath /Users/admin/builder/spi-builder-workspace/.derivedData build -scheme SiriusRating -destination generic/platform=xrOS
Resolve Package Graph
Resolved source packages:
  SiriusRating: /Users/admin/builder/spi-builder-workspace
ComputePackagePrebuildTargetDependencyGraph
Prepare packages
CreateBuildRequest
SendProjectDescription
CreateBuildOperation
ComputeTargetDependencyGraph
note: Building targets in dependency order
note: Target dependency graph (3 targets)
    Target 'SiriusRating-product' in project 'SiriusRating'
        ➜ Explicit dependency on target 'SiriusRating' in project 'SiriusRating'
        ➜ Explicit dependency on target 'SiriusRating_SiriusRating' in project 'SiriusRating'
    Target 'SiriusRating' in project 'SiriusRating'
        ➜ Explicit dependency on target 'SiriusRating_SiriusRating' in project 'SiriusRating'
    Target 'SiriusRating_SiriusRating' in project 'SiriusRating' (no dependencies)
GatherProvisioningInputs
CreateBuildDescription
ExecuteExternalTool /Applications/Xcode-27.0.0-Release.Candidate.app/Contents/Developer/Toolchains/XcodeDefault.xctoolchain/usr/bin/clang -v -E -dM -isysroot /Applications/Xcode-27.0.0-Release.Candidate.app/Contents/Developer/Platforms/XROS.platform/Developer/SDKs/XROS27.0.sdk -x c -c /dev/null
ExecuteExternalTool /Applications/Xcode-27.0.0-Release.Candidate.app/Contents/Developer/usr/bin/actool --version --output-format xml1
ExecuteExternalTool /Applications/Xcode-27.0.0-Release.Candidate.app/Contents/Developer/usr/bin/xcstringstool compile --dry-run --output-directory /Users/admin/builder/spi-builder-workspace/.derivedData/Build/Intermediates.noindex/SiriusRating.build/Debug-xros/SiriusRating_SiriusRating-b.build /Users/admin/builder/spi-builder-workspace/Sources/SiriusRating/Resources/Localizable.xcstrings
ExecuteExternalTool /Applications/Xcode-27.0.0-Release.Candidate.app/Contents/Developer/Toolchains/XcodeDefault.xctoolchain/usr/bin/swiftc --version
ExecuteExternalTool /Applications/Xcode-27.0.0-Release.Candidate.app/Contents/Developer/Toolchains/XcodeDefault.xctoolchain/usr/bin/ld -version_details
Build description signature: 411b9d9af94b5793b1eb11f91915dd21
Build description path: /Users/admin/builder/spi-builder-workspace/.derivedData/Build/Intermediates.noindex/XCBuildData/411b9d9af94b5793b1eb11f91915dd21.xcbuilddata
CreateBuildDirectory /Users/admin/builder/spi-builder-workspace/.derivedData/ModuleCache.noindex
    cd /Users/admin/builder/spi-builder-workspace/.swiftpm/xcode
    builtin-create-build-directory /Users/admin/builder/spi-builder-workspace/.derivedData/ModuleCache.noindex
CreateBuildDirectory /Users/admin/builder/spi-builder-workspace/.derivedData/SDKExplicitPrecompiledModules
    cd /Users/admin/builder/spi-builder-workspace/.swiftpm/xcode
    builtin-create-build-directory /Users/admin/builder/spi-builder-workspace/.derivedData/SDKExplicitPrecompiledModules
CreateBuildDirectory /Users/admin/builder/spi-builder-workspace/.derivedData/CompilationCache.noindex
    cd /Users/admin/builder/spi-builder-workspace/.swiftpm/xcode
    builtin-create-build-directory /Users/admin/builder/spi-builder-workspace/.derivedData/CompilationCache.noindex
ClangStatCache /Applications/Xcode-27.0.0-Release.Candidate.app/Contents/Developer/Toolchains/XcodeDefault.xctoolchain/usr/bin/clang-stat-cache /Applications/Xcode-27.0.0-Release.Candidate.app/Contents/Developer/Platforms/XROS.platform/Developer/SDKs/XROS27.0.sdk /Users/admin/builder/spi-builder-workspace/.derivedData/SDKStatCaches.noindex/xros27.0-24M361-e829b21a6f8c9b70876ba0858053c044735bd543db762f57723cac368afd1ce4.sdkstatcache
    cd /Users/admin/builder/spi-builder-workspace/.swiftpm/xcode
    /Applications/Xcode-27.0.0-Release.Candidate.app/Contents/Developer/Toolchains/XcodeDefault.xctoolchain/usr/bin/clang-stat-cache /Applications/Xcode-27.0.0-Release.Candidate.app/Contents/Developer/Platforms/XROS.platform/Developer/SDKs/XROS27.0.sdk -o /Users/admin/builder/spi-builder-workspace/.derivedData/SDKStatCaches.noindex/xros27.0-24M361-e829b21a6f8c9b70876ba0858053c044735bd543db762f57723cac368afd1ce4.sdkstatcache
CreateBuildDirectory /Users/admin/builder/spi-builder-workspace/.derivedData/Build/Products
    cd /Users/admin/builder/spi-builder-workspace/.swiftpm/xcode
    builtin-create-build-directory /Users/admin/builder/spi-builder-workspace/.derivedData/Build/Products
CreateBuildDirectory /Users/admin/builder/spi-builder-workspace/.derivedData/Build/Intermediates.noindex
    cd /Users/admin/builder/spi-builder-workspace/.swiftpm/xcode
    builtin-create-build-directory /Users/admin/builder/spi-builder-workspace/.derivedData/Build/Intermediates.noindex
CreateBuildDirectory /Users/admin/builder/spi-builder-workspace/.derivedData/Build/Intermediates.noindex/SwiftExplicitPrecompiledModules
    cd /Users/admin/builder/spi-builder-workspace/.swiftpm/xcode
    builtin-create-build-directory /Users/admin/builder/spi-builder-workspace/.derivedData/Build/Intermediates.noindex/SwiftExplicitPrecompiledModules
CreateBuildDirectory /Users/admin/builder/spi-builder-workspace/.derivedData/Build/Intermediates.noindex/ExplicitPrecompiledModules
    cd /Users/admin/builder/spi-builder-workspace/.swiftpm/xcode
    builtin-create-build-directory /Users/admin/builder/spi-builder-workspace/.derivedData/Build/Intermediates.noindex/ExplicitPrecompiledModules
CreateBuildDirectory /Users/admin/builder/spi-builder-workspace/.derivedData/Build/Intermediates.noindex/PrecompiledHeaders
    cd /Users/admin/builder/spi-builder-workspace/.swiftpm/xcode
    builtin-create-build-directory /Users/admin/builder/spi-builder-workspace/.derivedData/Build/Intermediates.noindex/PrecompiledHeaders
CreateBuildDirectory /Users/admin/builder/spi-builder-workspace/.derivedData/Build/Intermediates.noindex/EagerLinkingTBDs/Debug-xros
    cd /Users/admin/builder/spi-builder-workspace/.swiftpm/xcode
    builtin-create-build-directory /Users/admin/builder/spi-builder-workspace/.derivedData/Build/Intermediates.noindex/EagerLinkingTBDs/Debug-xros
CreateBuildDirectory /Users/admin/builder/spi-builder-workspace/.derivedData/Build/Products/Debug-xros
    cd /Users/admin/builder/spi-builder-workspace/.swiftpm/xcode
    builtin-create-build-directory /Users/admin/builder/spi-builder-workspace/.derivedData/Build/Products/Debug-xros
CreateBuildDirectory /Users/admin/builder/spi-builder-workspace/.derivedData/Build/Products/Debug-xros/PackageFrameworks
    cd /Users/admin/builder/spi-builder-workspace/.swiftpm/xcode
    builtin-create-build-directory /Users/admin/builder/spi-builder-workspace/.derivedData/Build/Products/Debug-xros/PackageFrameworks
WriteAuxiliaryFile /Users/admin/builder/spi-builder-workspace/.derivedData/Build/Intermediates.noindex/SiriusRating.build/Debug-xros/SiriusRating-t.build/SiriusRating.DependencyStaticMetadataFileList (in target 'SiriusRating' from project 'SiriusRating')
    cd /Users/admin/builder/spi-builder-workspace
    write-file /Users/admin/builder/spi-builder-workspace/.derivedData/Build/Intermediates.noindex/SiriusRating.build/Debug-xros/SiriusRating-t.build/SiriusRating.DependencyStaticMetadataFileList
WriteAuxiliaryFile /Users/admin/builder/spi-builder-workspace/.derivedData/Build/Intermediates.noindex/SiriusRating.build/Debug-xros/SiriusRating-t.build/SiriusRating.modulemap (in target 'SiriusRating' from project 'SiriusRating')
    cd /Users/admin/builder/spi-builder-workspace
    write-file /Users/admin/builder/spi-builder-workspace/.derivedData/Build/Intermediates.noindex/SiriusRating.build/Debug-xros/SiriusRating-t.build/SiriusRating.modulemap
WriteAuxiliaryFile /Users/admin/builder/spi-builder-workspace/.derivedData/Build/Intermediates.noindex/SiriusRating.build/Debug-xros/SiriusRating-t.build/SiriusRating.DependencyMetadataFileList (in target 'SiriusRating' from project 'SiriusRating')
    cd /Users/admin/builder/spi-builder-workspace
    write-file /Users/admin/builder/spi-builder-workspace/.derivedData/Build/Intermediates.noindex/SiriusRating.build/Debug-xros/SiriusRating-t.build/SiriusRating.DependencyMetadataFileList
WriteAuxiliaryFile /Users/admin/builder/spi-builder-workspace/.derivedData/Build/Intermediates.noindex/SiriusRating.build/Debug-xros/SiriusRating_SiriusRating-b.build/SiriusRating_SiriusRating.DependencyMetadataFileList (in target 'SiriusRating_SiriusRating' from project 'SiriusRating')
    cd /Users/admin/builder/spi-builder-workspace
    write-file /Users/admin/builder/spi-builder-workspace/.derivedData/Build/Intermediates.noindex/SiriusRating.build/Debug-xros/SiriusRating_SiriusRating-b.build/SiriusRating_SiriusRating.DependencyMetadataFileList
WriteAuxiliaryFile /Users/admin/builder/spi-builder-workspace/.derivedData/Build/Intermediates.noindex/SiriusRating.build/Debug-xros/SiriusRating_SiriusRating-b.build/SiriusRating_SiriusRating.DependencyStaticMetadataFileList (in target 'SiriusRating_SiriusRating' from project 'SiriusRating')
    cd /Users/admin/builder/spi-builder-workspace
    write-file /Users/admin/builder/spi-builder-workspace/.derivedData/Build/Intermediates.noindex/SiriusRating.build/Debug-xros/SiriusRating_SiriusRating-b.build/SiriusRating_SiriusRating.DependencyStaticMetadataFileList
WriteAuxiliaryFile /Users/admin/builder/spi-builder-workspace/.derivedData/Build/Intermediates.noindex/SiriusRating.build/Debug-xros/SiriusRating_SiriusRating-b.build/empty-SiriusRating_SiriusRating.plist (in target 'SiriusRating_SiriusRating' from project 'SiriusRating')
    cd /Users/admin/builder/spi-builder-workspace
    write-file /Users/admin/builder/spi-builder-workspace/.derivedData/Build/Intermediates.noindex/SiriusRating.build/Debug-xros/SiriusRating_SiriusRating-b.build/empty-SiriusRating_SiriusRating.plist
WriteAuxiliaryFile /Users/admin/builder/spi-builder-workspace/.derivedData/Build/Intermediates.noindex/SiriusRating.build/Debug-xros/SiriusRating-t.build/Objects-normal/arm64/SiriusRating_const_extract_protocols.json (in target 'SiriusRating' from project 'SiriusRating')
    cd /Users/admin/builder/spi-builder-workspace
    write-file /Users/admin/builder/spi-builder-workspace/.derivedData/Build/Intermediates.noindex/SiriusRating.build/Debug-xros/SiriusRating-t.build/Objects-normal/arm64/SiriusRating_const_extract_protocols.json
WriteAuxiliaryFile /Users/admin/builder/spi-builder-workspace/.derivedData/Build/Intermediates.noindex/SiriusRating.build/Debug-xros/SiriusRating-t.build/Objects-normal/arm64/SiriusRating.SwiftFileList (in target 'SiriusRating' from project 'SiriusRating')
    cd /Users/admin/builder/spi-builder-workspace
    write-file /Users/admin/builder/spi-builder-workspace/.derivedData/Build/Intermediates.noindex/SiriusRating.build/Debug-xros/SiriusRating-t.build/Objects-normal/arm64/SiriusRating.SwiftFileList
WriteAuxiliaryFile /Users/admin/builder/spi-builder-workspace/.derivedData/Build/Intermediates.noindex/SiriusRating.build/Debug-xros/SiriusRating-t.build/Objects-normal/arm64/SiriusRating.LinkFileList (in target 'SiriusRating' from project 'SiriusRating')
    cd /Users/admin/builder/spi-builder-workspace
    write-file /Users/admin/builder/spi-builder-workspace/.derivedData/Build/Intermediates.noindex/SiriusRating.build/Debug-xros/SiriusRating-t.build/Objects-normal/arm64/SiriusRating.LinkFileList
WriteAuxiliaryFile /Users/admin/builder/spi-builder-workspace/.derivedData/Build/Intermediates.noindex/SiriusRating.build/Debug-xros/SiriusRating-t.build/Objects-normal/arm64/SiriusRating.SwiftConstValuesFileList (in target 'SiriusRating' from project 'SiriusRating')
    cd /Users/admin/builder/spi-builder-workspace
    write-file /Users/admin/builder/spi-builder-workspace/.derivedData/Build/Intermediates.noindex/SiriusRating.build/Debug-xros/SiriusRating-t.build/Objects-normal/arm64/SiriusRating.SwiftConstValuesFileList
WriteAuxiliaryFile /Users/admin/builder/spi-builder-workspace/.derivedData/Build/Intermediates.noindex/SiriusRating.build/Debug-xros/SiriusRating-t.build/Objects-normal/arm64/SiriusRating-OutputFileMap.json (in target 'SiriusRating' from project 'SiriusRating')
    cd /Users/admin/builder/spi-builder-workspace
    write-file /Users/admin/builder/spi-builder-workspace/.derivedData/Build/Intermediates.noindex/SiriusRating.build/Debug-xros/SiriusRating-t.build/Objects-normal/arm64/SiriusRating-OutputFileMap.json
MkDir /Users/admin/builder/spi-builder-workspace/.derivedData/Build/Products/Debug-xros/SiriusRating_SiriusRating.bundle (in target 'SiriusRating_SiriusRating' from project 'SiriusRating')
    cd /Users/admin/builder/spi-builder-workspace
    /bin/mkdir -p /Users/admin/builder/spi-builder-workspace/.derivedData/Build/Products/Debug-xros/SiriusRating_SiriusRating.bundle
WriteAuxiliaryFile /Users/admin/builder/spi-builder-workspace/.derivedData/Build/Intermediates.noindex/SiriusRating.build/Debug-xros/SiriusRating-t.build/DerivedSources/resource_bundle_accessor.swift (in target 'SiriusRating' from project 'SiriusRating')
    cd /Users/admin/builder/spi-builder-workspace
    write-file /Users/admin/builder/spi-builder-workspace/.derivedData/Build/Intermediates.noindex/SiriusRating.build/Debug-xros/SiriusRating-t.build/DerivedSources/resource_bundle_accessor.swift
Copy /Users/admin/builder/spi-builder-workspace/.derivedData/Build/Intermediates.noindex/GeneratedModuleMaps-xros/SiriusRating.modulemap /Users/admin/builder/spi-builder-workspace/.derivedData/Build/Intermediates.noindex/SiriusRating.build/Debug-xros/SiriusRating-t.build/SiriusRating.modulemap (in target 'SiriusRating' from project 'SiriusRating')
    cd /Users/admin/builder/spi-builder-workspace
    builtin-copy -exclude .DS_Store -exclude CVS -exclude .svn -exclude .git -exclude .hg -resolve-src-symlinks /Users/admin/builder/spi-builder-workspace/.derivedData/Build/Intermediates.noindex/SiriusRating.build/Debug-xros/SiriusRating-t.build/SiriusRating.modulemap /Users/admin/builder/spi-builder-workspace/.derivedData/Build/Intermediates.noindex/GeneratedModuleMaps-xros
GenerateStringSymbols /Users/admin/builder/spi-builder-workspace/.derivedData/Build/Intermediates.noindex/SiriusRating.build/Debug-xros/SiriusRating-t.build/DerivedSources/GeneratedStringSymbols_Localizable.swift /Users/admin/builder/spi-builder-workspace/Sources/SiriusRating/Resources/Localizable.xcstrings (in target 'SiriusRating' from project 'SiriusRating')
    cd /Users/admin/builder/spi-builder-workspace
    /Applications/Xcode-27.0.0-Release.Candidate.app/Contents/Developer/usr/bin/xcstringstool generate-symbols --language swift --output-directory /Users/admin/builder/spi-builder-workspace/.derivedData/Build/Intermediates.noindex/SiriusRating.build/Debug-xros/SiriusRating-t.build/DerivedSources /Users/admin/builder/spi-builder-workspace/Sources/SiriusRating/Resources/Localizable.xcstrings
MkDir /Users/admin/builder/spi-builder-workspace/.derivedData/Build/Intermediates.noindex/SiriusRating.build/Debug-xros/SiriusRating_SiriusRating-b.build/assetcatalog_output/thinned (in target 'SiriusRating_SiriusRating' from project 'SiriusRating')
    cd /Users/admin/builder/spi-builder-workspace
    /bin/mkdir -p /Users/admin/builder/spi-builder-workspace/.derivedData/Build/Intermediates.noindex/SiriusRating.build/Debug-xros/SiriusRating_SiriusRating-b.build/assetcatalog_output/thinned
GenerateAssetSymbols /Users/admin/builder/spi-builder-workspace/Sources/SiriusRating/Resources/Images.xcassets (in target 'SiriusRating' from project 'SiriusRating')
    cd /Users/admin/builder/spi-builder-workspace
    /Applications/Xcode-27.0.0-Release.Candidate.app/Contents/Developer/usr/bin/actool /Users/admin/builder/spi-builder-workspace/Sources/SiriusRating/Resources/Images.xcassets --compile /Users/admin/builder/spi-builder-workspace/.derivedData/Build/Products/Debug-xros --output-format human-readable-text --notices --warnings --export-dependency-info /Users/admin/builder/spi-builder-workspace/.derivedData/Build/Intermediates.noindex/SiriusRating.build/Debug-xros/SiriusRating-t.build/assetcatalog_dependencies --output-partial-info-plist /Users/admin/builder/spi-builder-workspace/.derivedData/Build/Intermediates.noindex/SiriusRating.build/Debug-xros/SiriusRating-t.build/assetcatalog_generated_info.plist --compress-pngs --enable-on-demand-resources NO --development-region en --target-device vision --minimum-deployment-target 1.0 --platform xros --bundle-identifier spi-builder-workspace.SiriusRating --generate-swift-asset-symbol-extensions NO --generate-swift-asset-symbols /Users/admin/builder/spi-builder-workspace/.derivedData/Build/Intermediates.noindex/SiriusRating.build/Debug-xros/SiriusRating-t.build/DerivedSources/GeneratedAssetSymbols.swift --generate-objc-asset-symbols /Users/admin/builder/spi-builder-workspace/.derivedData/Build/Intermediates.noindex/SiriusRating.build/Debug-xros/SiriusRating-t.build/DerivedSources/GeneratedAssetSymbols.h --generate-asset-symbol-index /Users/admin/builder/spi-builder-workspace/.derivedData/Build/Intermediates.noindex/SiriusRating.build/Debug-xros/SiriusRating-t.build/DerivedSources/GeneratedAssetSymbols-Index.plist
/* com.apple.actool.compilation-results */
/Users/admin/builder/spi-builder-workspace/.derivedData/Build/Intermediates.noindex/SiriusRating.build/Debug-xros/SiriusRating-t.build/DerivedSources/GeneratedAssetSymbols-Index.plist
/Users/admin/builder/spi-builder-workspace/.derivedData/Build/Intermediates.noindex/SiriusRating.build/Debug-xros/SiriusRating-t.build/DerivedSources/GeneratedAssetSymbols.h
/Users/admin/builder/spi-builder-workspace/.derivedData/Build/Intermediates.noindex/SiriusRating.build/Debug-xros/SiriusRating-t.build/DerivedSources/GeneratedAssetSymbols.swift
MkDir /Users/admin/builder/spi-builder-workspace/.derivedData/Build/Intermediates.noindex/SiriusRating.build/Debug-xros/SiriusRating_SiriusRating-b.build/assetcatalog_output/unthinned (in target 'SiriusRating_SiriusRating' from project 'SiriusRating')
    cd /Users/admin/builder/spi-builder-workspace
    /bin/mkdir -p /Users/admin/builder/spi-builder-workspace/.derivedData/Build/Intermediates.noindex/SiriusRating.build/Debug-xros/SiriusRating_SiriusRating-b.build/assetcatalog_output/unthinned
CompileAssetCatalogVariant thinned /Users/admin/builder/spi-builder-workspace/.derivedData/Build/Products/Debug-xros/SiriusRating_SiriusRating.bundle /Users/admin/builder/spi-builder-workspace/Sources/SiriusRating/Resources/Images.xcassets (in target 'SiriusRating_SiriusRating' from project 'SiriusRating')
    cd /Users/admin/builder/spi-builder-workspace
    /Applications/Xcode-27.0.0-Release.Candidate.app/Contents/Developer/usr/bin/actool /Users/admin/builder/spi-builder-workspace/Sources/SiriusRating/Resources/Images.xcassets --compile /Users/admin/builder/spi-builder-workspace/.derivedData/Build/Intermediates.noindex/SiriusRating.build/Debug-xros/SiriusRating_SiriusRating-b.build/assetcatalog_output/thinned --output-format human-readable-text --notices --warnings --export-dependency-info /Users/admin/builder/spi-builder-workspace/.derivedData/Build/Intermediates.noindex/SiriusRating.build/Debug-xros/SiriusRating_SiriusRating-b.build/assetcatalog_dependencies_thinned --output-partial-info-plist /Users/admin/builder/spi-builder-workspace/.derivedData/Build/Intermediates.noindex/SiriusRating.build/Debug-xros/SiriusRating_SiriusRating-b.build/assetcatalog_generated_info.plist_thinned --compress-pngs --enable-on-demand-resources NO --development-region en --target-device vision --minimum-deployment-target 1.0 --platform xros
/* com.apple.actool.compilation-results */
/Users/admin/builder/spi-builder-workspace/.derivedData/Build/Intermediates.noindex/SiriusRating.build/Debug-xros/SiriusRating_SiriusRating-b.build/assetcatalog_generated_info.plist_thinned
/Users/admin/builder/spi-builder-workspace/.derivedData/Build/Intermediates.noindex/SiriusRating.build/Debug-xros/SiriusRating_SiriusRating-b.build/assetcatalog_output/thinned/Assets.car
CompileXCStrings /Users/admin/builder/spi-builder-workspace/.derivedData/Build/Intermediates.noindex/SiriusRating.build/Debug-xros/SiriusRating_SiriusRating-b.build/ /Users/admin/builder/spi-builder-workspace/Sources/SiriusRating/Resources/Localizable.xcstrings (in target 'SiriusRating_SiriusRating' from project 'SiriusRating')
    cd /Users/admin/builder/spi-builder-workspace
    /Applications/Xcode-27.0.0-Release.Candidate.app/Contents/Developer/usr/bin/xcstringstool compile --output-directory /Users/admin/builder/spi-builder-workspace/.derivedData/Build/Intermediates.noindex/SiriusRating.build/Debug-xros/SiriusRating_SiriusRating-b.build /Users/admin/builder/spi-builder-workspace/Sources/SiriusRating/Resources/Localizable.xcstrings
CopyStringsFile /Users/admin/builder/spi-builder-workspace/.derivedData/Build/Products/Debug-xros/SiriusRating_SiriusRating.bundle/zh-Hans.lproj/Localizable.strings /Users/admin/builder/spi-builder-workspace/.derivedData/Build/Intermediates.noindex/SiriusRating.build/Debug-xros/SiriusRating_SiriusRating-b.build/zh-Hans.lproj/Localizable.strings (in target 'SiriusRating_SiriusRating' from project 'SiriusRating')
    cd /Users/admin/builder/spi-builder-workspace
    builtin-copyStrings --validate --outputencoding binary --outfilename Localizable.strings --outdir /Users/admin/builder/spi-builder-workspace/.derivedData/Build/Products/Debug-xros/SiriusRating_SiriusRating.bundle/zh-Hans.lproj -- /Users/admin/builder/spi-builder-workspace/.derivedData/Build/Intermediates.noindex/SiriusRating.build/Debug-xros/SiriusRating_SiriusRating-b.build/zh-Hans.lproj/Localizable.strings
/Users/admin/builder/spi-builder-workspace/.derivedData/Build/Intermediates.noindex/SiriusRating.build/Debug-xros/SiriusRating_SiriusRating-b.build/zh-Hans.lproj/Localizable.strings:1:1: note: detected encoding of input file as Unicode (UTF-8) (in target 'SiriusRating_SiriusRating' from project 'SiriusRating')
CopyStringsFile /Users/admin/builder/spi-builder-workspace/.derivedData/Build/Products/Debug-xros/SiriusRating_SiriusRating.bundle/tr.lproj/Localizable.strings /Users/admin/builder/spi-builder-workspace/.derivedData/Build/Intermediates.noindex/SiriusRating.build/Debug-xros/SiriusRating_SiriusRating-b.build/tr.lproj/Localizable.strings (in target 'SiriusRating_SiriusRating' from project 'SiriusRating')
    cd /Users/admin/builder/spi-builder-workspace
    builtin-copyStrings --validate --outputencoding binary --outfilename Localizable.strings --outdir /Users/admin/builder/spi-builder-workspace/.derivedData/Build/Products/Debug-xros/SiriusRating_SiriusRating.bundle/tr.lproj -- /Users/admin/builder/spi-builder-workspace/.derivedData/Build/Intermediates.noindex/SiriusRating.build/Debug-xros/SiriusRating_SiriusRating-b.build/tr.lproj/Localizable.strings
/Users/admin/builder/spi-builder-workspace/.derivedData/Build/Intermediates.noindex/SiriusRating.build/Debug-xros/SiriusRating_SiriusRating-b.build/tr.lproj/Localizable.strings:1:1: note: detected encoding of input file as Unicode (UTF-8) (in target 'SiriusRating_SiriusRating' from project 'SiriusRating')
CopyStringsFile /Users/admin/builder/spi-builder-workspace/.derivedData/Build/Products/Debug-xros/SiriusRating_SiriusRating.bundle/zh-Hant.lproj/Localizable.strings /Users/admin/builder/spi-builder-workspace/.derivedData/Build/Intermediates.noindex/SiriusRating.build/Debug-xros/SiriusRating_SiriusRating-b.build/zh-Hant.lproj/Localizable.strings (in target 'SiriusRating_SiriusRating' from project 'SiriusRating')
    cd /Users/admin/builder/spi-builder-workspace
    builtin-copyStrings --validate --outputencoding binary --outfilename Localizable.strings --outdir /Users/admin/builder/spi-builder-workspace/.derivedData/Build/Products/Debug-xros/SiriusRating_SiriusRating.bundle/zh-Hant.lproj -- /Users/admin/builder/spi-builder-workspace/.derivedData/Build/Intermediates.noindex/SiriusRating.build/Debug-xros/SiriusRating_SiriusRating-b.build/zh-Hant.lproj/Localizable.strings
/Users/admin/builder/spi-builder-workspace/.derivedData/Build/Intermediates.noindex/SiriusRating.build/Debug-xros/SiriusRating_SiriusRating-b.build/zh-Hant.lproj/Localizable.strings:1:1: note: detected encoding of input file as Unicode (UTF-8) (in target 'SiriusRating_SiriusRating' from project 'SiriusRating')
CopyStringsFile /Users/admin/builder/spi-builder-workspace/.derivedData/Build/Products/Debug-xros/SiriusRating_SiriusRating.bundle/vi.lproj/Localizable.strings /Users/admin/builder/spi-builder-workspace/.derivedData/Build/Intermediates.noindex/SiriusRating.build/Debug-xros/SiriusRating_SiriusRating-b.build/vi.lproj/Localizable.strings (in target 'SiriusRating_SiriusRating' from project 'SiriusRating')
    cd /Users/admin/builder/spi-builder-workspace
    builtin-copyStrings --validate --outputencoding binary --outfilename Localizable.strings --outdir /Users/admin/builder/spi-builder-workspace/.derivedData/Build/Products/Debug-xros/SiriusRating_SiriusRating.bundle/vi.lproj -- /Users/admin/builder/spi-builder-workspace/.derivedData/Build/Intermediates.noindex/SiriusRating.build/Debug-xros/SiriusRating_SiriusRating-b.build/vi.lproj/Localizable.strings
/Users/admin/builder/spi-builder-workspace/.derivedData/Build/Intermediates.noindex/SiriusRating.build/Debug-xros/SiriusRating_SiriusRating-b.build/vi.lproj/Localizable.strings:1:1: note: detected encoding of input file as Unicode (UTF-8) (in target 'SiriusRating_SiriusRating' from project 'SiriusRating')
CopyStringsFile /Users/admin/builder/spi-builder-workspace/.derivedData/Build/Products/Debug-xros/SiriusRating_SiriusRating.bundle/th.lproj/Localizable.strings /Users/admin/builder/spi-builder-workspace/.derivedData/Build/Intermediates.noindex/SiriusRating.build/Debug-xros/SiriusRating_SiriusRating-b.build/th.lproj/Localizable.strings (in target 'SiriusRating_SiriusRating' from project 'SiriusRating')
    cd /Users/admin/builder/spi-builder-workspace
    builtin-copyStrings --validate --outputencoding binary --outfilename Localizable.strings --outdir /Users/admin/builder/spi-builder-workspace/.derivedData/Build/Products/Debug-xros/SiriusRating_SiriusRating.bundle/th.lproj -- /Users/admin/builder/spi-builder-workspace/.derivedData/Build/Intermediates.noindex/SiriusRating.build/Debug-xros/SiriusRating_SiriusRating-b.build/th.lproj/Localizable.strings
/Users/admin/builder/spi-builder-workspace/.derivedData/Build/Intermediates.noindex/SiriusRating.build/Debug-xros/SiriusRating_SiriusRating-b.build/th.lproj/Localizable.strings:1:1: note: detected encoding of input file as Unicode (UTF-8) (in target 'SiriusRating_SiriusRating' from project 'SiriusRating')
CopyStringsFile /Users/admin/builder/spi-builder-workspace/.derivedData/Build/Products/Debug-xros/SiriusRating_SiriusRating.bundle/sv.lproj/Localizable.strings /Users/admin/builder/spi-builder-workspace/.derivedData/Build/Intermediates.noindex/SiriusRating.build/Debug-xros/SiriusRating_SiriusRating-b.build/sv.lproj/Localizable.strings (in target 'SiriusRating_SiriusRating' from project 'SiriusRating')
    cd /Users/admin/builder/spi-builder-workspace
    builtin-copyStrings --validate --outputencoding binary --outfilename Localizable.strings --outdir /Users/admin/builder/spi-builder-workspace/.derivedData/Build/Products/Debug-xros/SiriusRating_SiriusRating.bundle/sv.lproj -- /Users/admin/builder/spi-builder-workspace/.derivedData/Build/Intermediates.noindex/SiriusRating.build/Debug-xros/SiriusRating_SiriusRating-b.build/sv.lproj/Localizable.strings
/Users/admin/builder/spi-builder-workspace/.derivedData/Build/Intermediates.noindex/SiriusRating.build/Debug-xros/SiriusRating_SiriusRating-b.build/sv.lproj/Localizable.strings:1:1: note: detected encoding of input file as Unicode (UTF-8) (in target 'SiriusRating_SiriusRating' from project 'SiriusRating')
CopyStringsFile /Users/admin/builder/spi-builder-workspace/.derivedData/Build/Products/Debug-xros/SiriusRating_SiriusRating.bundle/ru.lproj/Localizable.strings /Users/admin/builder/spi-builder-workspace/.derivedData/Build/Intermediates.noindex/SiriusRating.build/Debug-xros/SiriusRating_SiriusRating-b.build/ru.lproj/Localizable.strings (in target 'SiriusRating_SiriusRating' from project 'SiriusRating')
    cd /Users/admin/builder/spi-builder-workspace
    builtin-copyStrings --validate --outputencoding binary --outfilename Localizable.strings --outdir /Users/admin/builder/spi-builder-workspace/.derivedData/Build/Products/Debug-xros/SiriusRating_SiriusRating.bundle/ru.lproj -- /Users/admin/builder/spi-builder-workspace/.derivedData/Build/Intermediates.noindex/SiriusRating.build/Debug-xros/SiriusRating_SiriusRating-b.build/ru.lproj/Localizable.strings
/Users/admin/builder/spi-builder-workspace/.derivedData/Build/Intermediates.noindex/SiriusRating.build/Debug-xros/SiriusRating_SiriusRating-b.build/ru.lproj/Localizable.strings:1:1: note: detected encoding of input file as Unicode (UTF-8) (in target 'SiriusRating_SiriusRating' from project 'SiriusRating')
CopyStringsFile /Users/admin/builder/spi-builder-workspace/.derivedData/Build/Products/Debug-xros/SiriusRating_SiriusRating.bundle/sk.lproj/Localizable.strings /Users/admin/builder/spi-builder-workspace/.derivedData/Build/Intermediates.noindex/SiriusRating.build/Debug-xros/SiriusRating_SiriusRating-b.build/sk.lproj/Localizable.strings (in target 'SiriusRating_SiriusRating' from project 'SiriusRating')
    cd /Users/admin/builder/spi-builder-workspace
    builtin-copyStrings --validate --outputencoding binary --outfilename Localizable.strings --outdir /Users/admin/builder/spi-builder-workspace/.derivedData/Build/Products/Debug-xros/SiriusRating_SiriusRating.bundle/sk.lproj -- /Users/admin/builder/spi-builder-workspace/.derivedData/Build/Intermediates.noindex/SiriusRating.build/Debug-xros/SiriusRating_SiriusRating-b.build/sk.lproj/Localizable.strings
/Users/admin/builder/spi-builder-workspace/.derivedData/Build/Intermediates.noindex/SiriusRating.build/Debug-xros/SiriusRating_SiriusRating-b.build/sk.lproj/Localizable.strings:1:1: note: detected encoding of input file as Unicode (UTF-8) (in target 'SiriusRating_SiriusRating' from project 'SiriusRating')
CopyStringsFile /Users/admin/builder/spi-builder-workspace/.derivedData/Build/Products/Debug-xros/SiriusRating_SiriusRating.bundle/ro.lproj/Localizable.strings /Users/admin/builder/spi-builder-workspace/.derivedData/Build/Intermediates.noindex/SiriusRating.build/Debug-xros/SiriusRating_SiriusRating-b.build/ro.lproj/Localizable.strings (in target 'SiriusRating_SiriusRating' from project 'SiriusRating')
    cd /Users/admin/builder/spi-builder-workspace
    builtin-copyStrings --validate --outputencoding binary --outfilename Localizable.strings --outdir /Users/admin/builder/spi-builder-workspace/.derivedData/Build/Products/Debug-xros/SiriusRating_SiriusRating.bundle/ro.lproj -- /Users/admin/builder/spi-builder-workspace/.derivedData/Build/Intermediates.noindex/SiriusRating.build/Debug-xros/SiriusRating_SiriusRating-b.build/ro.lproj/Localizable.strings
/Users/admin/builder/spi-builder-workspace/.derivedData/Build/Intermediates.noindex/SiriusRating.build/Debug-xros/SiriusRating_SiriusRating-b.build/ro.lproj/Localizable.strings:1:1: note: detected encoding of input file as Unicode (UTF-8) (in target 'SiriusRating_SiriusRating' from project 'SiriusRating')
CopyStringsFile /Users/admin/builder/spi-builder-workspace/.derivedData/Build/Products/Debug-xros/SiriusRating_SiriusRating.bundle/pt-BR.lproj/Localizable.strings /Users/admin/builder/spi-builder-workspace/.derivedData/Build/Intermediates.noindex/SiriusRating.build/Debug-xros/SiriusRating_SiriusRating-b.build/pt-BR.lproj/Localizable.strings (in target 'SiriusRating_SiriusRating' from project 'SiriusRating')
    cd /Users/admin/builder/spi-builder-workspace
    builtin-copyStrings --validate --outputencoding binary --outfilename Localizable.strings --outdir /Users/admin/builder/spi-builder-workspace/.derivedData/Build/Products/Debug-xros/SiriusRating_SiriusRating.bundle/pt-BR.lproj -- /Users/admin/builder/spi-builder-workspace/.derivedData/Build/Intermediates.noindex/SiriusRating.build/Debug-xros/SiriusRating_SiriusRating-b.build/pt-BR.lproj/Localizable.strings
/Users/admin/builder/spi-builder-workspace/.derivedData/Build/Intermediates.noindex/SiriusRating.build/Debug-xros/SiriusRating_SiriusRating-b.build/pt-BR.lproj/Localizable.strings:1:1: note: detected encoding of input file as Unicode (UTF-8) (in target 'SiriusRating_SiriusRating' from project 'SiriusRating')
CopyStringsFile /Users/admin/builder/spi-builder-workspace/.derivedData/Build/Products/Debug-xros/SiriusRating_SiriusRating.bundle/pt.lproj/Localizable.strings /Users/admin/builder/spi-builder-workspace/.derivedData/Build/Intermediates.noindex/SiriusRating.build/Debug-xros/SiriusRating_SiriusRating-b.build/pt.lproj/Localizable.strings (in target 'SiriusRating_SiriusRating' from project 'SiriusRating')
    cd /Users/admin/builder/spi-builder-workspace
    builtin-copyStrings --validate --outputencoding binary --outfilename Localizable.strings --outdir /Users/admin/builder/spi-builder-workspace/.derivedData/Build/Products/Debug-xros/SiriusRating_SiriusRating.bundle/pt.lproj -- /Users/admin/builder/spi-builder-workspace/.derivedData/Build/Intermediates.noindex/SiriusRating.build/Debug-xros/SiriusRating_SiriusRating-b.build/pt.lproj/Localizable.strings
/Users/admin/builder/spi-builder-workspace/.derivedData/Build/Intermediates.noindex/SiriusRating.build/Debug-xros/SiriusRating_SiriusRating-b.build/pt.lproj/Localizable.strings:1:1: note: detected encoding of input file as Unicode (UTF-8) (in target 'SiriusRating_SiriusRating' from project 'SiriusRating')
CopyStringsFile /Users/admin/builder/spi-builder-workspace/.derivedData/Build/Products/Debug-xros/SiriusRating_SiriusRating.bundle/pl.lproj/Localizable.strings /Users/admin/builder/spi-builder-workspace/.derivedData/Build/Intermediates.noindex/SiriusRating.build/Debug-xros/SiriusRating_SiriusRating-b.build/pl.lproj/Localizable.strings (in target 'SiriusRating_SiriusRating' from project 'SiriusRating')
    cd /Users/admin/builder/spi-builder-workspace
    builtin-copyStrings --validate --outputencoding binary --outfilename Localizable.strings --outdir /Users/admin/builder/spi-builder-workspace/.derivedData/Build/Products/Debug-xros/SiriusRating_SiriusRating.bundle/pl.lproj -- /Users/admin/builder/spi-builder-workspace/.derivedData/Build/Intermediates.noindex/SiriusRating.build/Debug-xros/SiriusRating_SiriusRating-b.build/pl.lproj/Localizable.strings
/Users/admin/builder/spi-builder-workspace/.derivedData/Build/Intermediates.noindex/SiriusRating.build/Debug-xros/SiriusRating_SiriusRating-b.build/pl.lproj/Localizable.strings:1:1: note: detected encoding of input file as Unicode (UTF-8) (in target 'SiriusRating_SiriusRating' from project 'SiriusRating')
CopyStringsFile /Users/admin/builder/spi-builder-workspace/.derivedData/Build/Products/Debug-xros/SiriusRating_SiriusRating.bundle/ms.lproj/Localizable.strings /Users/admin/builder/spi-builder-workspace/.derivedData/Build/Intermediates.noindex/SiriusRating.build/Debug-xros/SiriusRating_SiriusRating-b.build/ms.lproj/Localizable.strings (in target 'SiriusRating_SiriusRating' from project 'SiriusRating')
    cd /Users/admin/builder/spi-builder-workspace
    builtin-copyStrings --validate --outputencoding binary --outfilename Localizable.strings --outdir /Users/admin/builder/spi-builder-workspace/.derivedData/Build/Products/Debug-xros/SiriusRating_SiriusRating.bundle/ms.lproj -- /Users/admin/builder/spi-builder-workspace/.derivedData/Build/Intermediates.noindex/SiriusRating.build/Debug-xros/SiriusRating_SiriusRating-b.build/ms.lproj/Localizable.strings
/Users/admin/builder/spi-builder-workspace/.derivedData/Build/Intermediates.noindex/SiriusRating.build/Debug-xros/SiriusRating_SiriusRating-b.build/ms.lproj/Localizable.strings:1:1: note: detected encoding of input file as Unicode (UTF-8) (in target 'SiriusRating_SiriusRating' from project 'SiriusRating')
CopyStringsFile /Users/admin/builder/spi-builder-workspace/.derivedData/Build/Products/Debug-xros/SiriusRating_SiriusRating.bundle/nb.lproj/Localizable.strings /Users/admin/builder/spi-builder-workspace/.derivedData/Build/Intermediates.noindex/SiriusRating.build/Debug-xros/SiriusRating_SiriusRating-b.build/nb.lproj/Localizable.strings (in target 'SiriusRating_SiriusRating' from project 'SiriusRating')
    cd /Users/admin/builder/spi-builder-workspace
    builtin-copyStrings --validate --outputencoding binary --outfilename Localizable.strings --outdir /Users/admin/builder/spi-builder-workspace/.derivedData/Build/Products/Debug-xros/SiriusRating_SiriusRating.bundle/nb.lproj -- /Users/admin/builder/spi-builder-workspace/.derivedData/Build/Intermediates.noindex/SiriusRating.build/Debug-xros/SiriusRating_SiriusRating-b.build/nb.lproj/Localizable.strings
/Users/admin/builder/spi-builder-workspace/.derivedData/Build/Intermediates.noindex/SiriusRating.build/Debug-xros/SiriusRating_SiriusRating-b.build/nb.lproj/Localizable.strings:1:1: note: detected encoding of input file as Unicode (UTF-8) (in target 'SiriusRating_SiriusRating' from project 'SiriusRating')
CopyStringsFile /Users/admin/builder/spi-builder-workspace/.derivedData/Build/Products/Debug-xros/SiriusRating_SiriusRating.bundle/nl.lproj/Localizable.strings /Users/admin/builder/spi-builder-workspace/.derivedData/Build/Intermediates.noindex/SiriusRating.build/Debug-xros/SiriusRating_SiriusRating-b.build/nl.lproj/Localizable.strings (in target 'SiriusRating_SiriusRating' from project 'SiriusRating')
    cd /Users/admin/builder/spi-builder-workspace
    builtin-copyStrings --validate --outputencoding binary --outfilename Localizable.strings --outdir /Users/admin/builder/spi-builder-workspace/.derivedData/Build/Products/Debug-xros/SiriusRating_SiriusRating.bundle/nl.lproj -- /Users/admin/builder/spi-builder-workspace/.derivedData/Build/Intermediates.noindex/SiriusRating.build/Debug-xros/SiriusRating_SiriusRating-b.build/nl.lproj/Localizable.strings
/Users/admin/builder/spi-builder-workspace/.derivedData/Build/Intermediates.noindex/SiriusRating.build/Debug-xros/SiriusRating_SiriusRating-b.build/nl.lproj/Localizable.strings:1:1: note: detected encoding of input file as Unicode (UTF-8) (in target 'SiriusRating_SiriusRating' from project 'SiriusRating')
CopyStringsFile /Users/admin/builder/spi-builder-workspace/.derivedData/Build/Products/Debug-xros/SiriusRating_SiriusRating.bundle/ko.lproj/Localizable.strings /Users/admin/builder/spi-builder-workspace/.derivedData/Build/Intermediates.noindex/SiriusRating.build/Debug-xros/SiriusRating_SiriusRating-b.build/ko.lproj/Localizable.strings (in target 'SiriusRating_SiriusRating' from project 'SiriusRating')
    cd /Users/admin/builder/spi-builder-workspace
    builtin-copyStrings --validate --outputencoding binary --outfilename Localizable.strings --outdir /Users/admin/builder/spi-builder-workspace/.derivedData/Build/Products/Debug-xros/SiriusRating_SiriusRating.bundle/ko.lproj -- /Users/admin/builder/spi-builder-workspace/.derivedData/Build/Intermediates.noindex/SiriusRating.build/Debug-xros/SiriusRating_SiriusRating-b.build/ko.lproj/Localizable.strings
/Users/admin/builder/spi-builder-workspace/.derivedData/Build/Intermediates.noindex/SiriusRating.build/Debug-xros/SiriusRating_SiriusRating-b.build/ko.lproj/Localizable.strings:1:1: note: detected encoding of input file as Unicode (UTF-8) (in target 'SiriusRating_SiriusRating' from project 'SiriusRating')
CopyStringsFile /Users/admin/builder/spi-builder-workspace/.derivedData/Build/Products/Debug-xros/SiriusRating_SiriusRating.bundle/ja.lproj/Localizable.strings /Users/admin/builder/spi-builder-workspace/.derivedData/Build/Intermediates.noindex/SiriusRating.build/Debug-xros/SiriusRating_SiriusRating-b.build/ja.lproj/Localizable.strings (in target 'SiriusRating_SiriusRating' from project 'SiriusRating')
    cd /Users/admin/builder/spi-builder-workspace
    builtin-copyStrings --validate --outputencoding binary --outfilename Localizable.strings --outdir /Users/admin/builder/spi-builder-workspace/.derivedData/Build/Products/Debug-xros/SiriusRating_SiriusRating.bundle/ja.lproj -- /Users/admin/builder/spi-builder-workspace/.derivedData/Build/Intermediates.noindex/SiriusRating.build/Debug-xros/SiriusRating_SiriusRating-b.build/ja.lproj/Localizable.strings
/Users/admin/builder/spi-builder-workspace/.derivedData/Build/Intermediates.noindex/SiriusRating.build/Debug-xros/SiriusRating_SiriusRating-b.build/ja.lproj/Localizable.strings:1:1: note: detected encoding of input file as Unicode (UTF-8) (in target 'SiriusRating_SiriusRating' from project 'SiriusRating')
CopyStringsFile /Users/admin/builder/spi-builder-workspace/.derivedData/Build/Products/Debug-xros/SiriusRating_SiriusRating.bundle/id.lproj/Localizable.strings /Users/admin/builder/spi-builder-workspace/.derivedData/Build/Intermediates.noindex/SiriusRating.build/Debug-xros/SiriusRating_SiriusRating-b.build/id.lproj/Localizable.strings (in target 'SiriusRating_SiriusRating' from project 'SiriusRating')
    cd /Users/admin/builder/spi-builder-workspace
    builtin-copyStrings --validate --outputencoding binary --outfilename Localizable.strings --outdir /Users/admin/builder/spi-builder-workspace/.derivedData/Build/Products/Debug-xros/SiriusRating_SiriusRating.bundle/id.lproj -- /Users/admin/builder/spi-builder-workspace/.derivedData/Build/Intermediates.noindex/SiriusRating.build/Debug-xros/SiriusRating_SiriusRating-b.build/id.lproj/Localizable.strings
/Users/admin/builder/spi-builder-workspace/.derivedData/Build/Intermediates.noindex/SiriusRating.build/Debug-xros/SiriusRating_SiriusRating-b.build/id.lproj/Localizable.strings:1:1: note: detected encoding of input file as Unicode (UTF-8) (in target 'SiriusRating_SiriusRating' from project 'SiriusRating')
CopyStringsFile /Users/admin/builder/spi-builder-workspace/.derivedData/Build/Products/Debug-xros/SiriusRating_SiriusRating.bundle/it.lproj/Localizable.strings /Users/admin/builder/spi-builder-workspace/.derivedData/Build/Intermediates.noindex/SiriusRating.build/Debug-xros/SiriusRating_SiriusRating-b.build/it.lproj/Localizable.strings (in target 'SiriusRating_SiriusRating' from project 'SiriusRating')
    cd /Users/admin/builder/spi-builder-workspace
    builtin-copyStrings --validate --outputencoding binary --outfilename Localizable.strings --outdir /Users/admin/builder/spi-builder-workspace/.derivedData/Build/Products/Debug-xros/SiriusRating_SiriusRating.bundle/it.lproj -- /Users/admin/builder/spi-builder-workspace/.derivedData/Build/Intermediates.noindex/SiriusRating.build/Debug-xros/SiriusRating_SiriusRating-b.build/it.lproj/Localizable.strings
/Users/admin/builder/spi-builder-workspace/.derivedData/Build/Intermediates.noindex/SiriusRating.build/Debug-xros/SiriusRating_SiriusRating-b.build/it.lproj/Localizable.strings:1:1: note: detected encoding of input file as Unicode (UTF-8) (in target 'SiriusRating_SiriusRating' from project 'SiriusRating')
CopyStringsFile /Users/admin/builder/spi-builder-workspace/.derivedData/Build/Products/Debug-xros/SiriusRating_SiriusRating.bundle/hy.lproj/Localizable.strings /Users/admin/builder/spi-builder-workspace/.derivedData/Build/Intermediates.noindex/SiriusRating.build/Debug-xros/SiriusRating_SiriusRating-b.build/hy.lproj/Localizable.strings (in target 'SiriusRating_SiriusRating' from project 'SiriusRating')
    cd /Users/admin/builder/spi-builder-workspace
    builtin-copyStrings --validate --outputencoding binary --outfilename Localizable.strings --outdir /Users/admin/builder/spi-builder-workspace/.derivedData/Build/Products/Debug-xros/SiriusRating_SiriusRating.bundle/hy.lproj -- /Users/admin/builder/spi-builder-workspace/.derivedData/Build/Intermediates.noindex/SiriusRating.build/Debug-xros/SiriusRating_SiriusRating-b.build/hy.lproj/Localizable.strings
/Users/admin/builder/spi-builder-workspace/.derivedData/Build/Intermediates.noindex/SiriusRating.build/Debug-xros/SiriusRating_SiriusRating-b.build/hy.lproj/Localizable.strings:1:1: note: detected encoding of input file as Unicode (UTF-8) (in target 'SiriusRating_SiriusRating' from project 'SiriusRating')
CopyStringsFile /Users/admin/builder/spi-builder-workspace/.derivedData/Build/Products/Debug-xros/SiriusRating_SiriusRating.bundle/hu.lproj/Localizable.strings /Users/admin/builder/spi-builder-workspace/.derivedData/Build/Intermediates.noindex/SiriusRating.build/Debug-xros/SiriusRating_SiriusRating-b.build/hu.lproj/Localizable.strings (in target 'SiriusRating_SiriusRating' from project 'SiriusRating')
    cd /Users/admin/builder/spi-builder-workspace
    builtin-copyStrings --validate --outputencoding binary --outfilename Localizable.strings --outdir /Users/admin/builder/spi-builder-workspace/.derivedData/Build/Products/Debug-xros/SiriusRating_SiriusRating.bundle/hu.lproj -- /Users/admin/builder/spi-builder-workspace/.derivedData/Build/Intermediates.noindex/SiriusRating.build/Debug-xros/SiriusRating_SiriusRating-b.build/hu.lproj/Localizable.strings
/Users/admin/builder/spi-builder-workspace/.derivedData/Build/Intermediates.noindex/SiriusRating.build/Debug-xros/SiriusRating_SiriusRating-b.build/hu.lproj/Localizable.strings:1:1: note: detected encoding of input file as Unicode (UTF-8) (in target 'SiriusRating_SiriusRating' from project 'SiriusRating')
CopyStringsFile /Users/admin/builder/spi-builder-workspace/.derivedData/Build/Products/Debug-xros/SiriusRating_SiriusRating.bundle/he.lproj/Localizable.strings /Users/admin/builder/spi-builder-workspace/.derivedData/Build/Intermediates.noindex/SiriusRating.build/Debug-xros/SiriusRating_SiriusRating-b.build/he.lproj/Localizable.strings (in target 'SiriusRating_SiriusRating' from project 'SiriusRating')
    cd /Users/admin/builder/spi-builder-workspace
    builtin-copyStrings --validate --outputencoding binary --outfilename Localizable.strings --outdir /Users/admin/builder/spi-builder-workspace/.derivedData/Build/Products/Debug-xros/SiriusRating_SiriusRating.bundle/he.lproj -- /Users/admin/builder/spi-builder-workspace/.derivedData/Build/Intermediates.noindex/SiriusRating.build/Debug-xros/SiriusRating_SiriusRating-b.build/he.lproj/Localizable.strings
/Users/admin/builder/spi-builder-workspace/.derivedData/Build/Intermediates.noindex/SiriusRating.build/Debug-xros/SiriusRating_SiriusRating-b.build/he.lproj/Localizable.strings:1:1: note: detected encoding of input file as Unicode (UTF-8) (in target 'SiriusRating_SiriusRating' from project 'SiriusRating')
CopyStringsFile /Users/admin/builder/spi-builder-workspace/.derivedData/Build/Products/Debug-xros/SiriusRating_SiriusRating.bundle/fr.lproj/Localizable.strings /Users/admin/builder/spi-builder-workspace/.derivedData/Build/Intermediates.noindex/SiriusRating.build/Debug-xros/SiriusRating_SiriusRating-b.build/fr.lproj/Localizable.strings (in target 'SiriusRating_SiriusRating' from project 'SiriusRating')
    cd /Users/admin/builder/spi-builder-workspace
    builtin-copyStrings --validate --outputencoding binary --outfilename Localizable.strings --outdir /Users/admin/builder/spi-builder-workspace/.derivedData/Build/Products/Debug-xros/SiriusRating_SiriusRating.bundle/fr.lproj -- /Users/admin/builder/spi-builder-workspace/.derivedData/Build/Intermediates.noindex/SiriusRating.build/Debug-xros/SiriusRating_SiriusRating-b.build/fr.lproj/Localizable.strings
/Users/admin/builder/spi-builder-workspace/.derivedData/Build/Intermediates.noindex/SiriusRating.build/Debug-xros/SiriusRating_SiriusRating-b.build/fr.lproj/Localizable.strings:1:1: note: detected encoding of input file as Unicode (UTF-8) (in target 'SiriusRating_SiriusRating' from project 'SiriusRating')
CopyStringsFile /Users/admin/builder/spi-builder-workspace/.derivedData/Build/Products/Debug-xros/SiriusRating_SiriusRating.bundle/fi.lproj/Localizable.strings /Users/admin/builder/spi-builder-workspace/.derivedData/Build/Intermediates.noindex/SiriusRating.build/Debug-xros/SiriusRating_SiriusRating-b.build/fi.lproj/Localizable.strings (in target 'SiriusRating_SiriusRating' from project 'SiriusRating')
    cd /Users/admin/builder/spi-builder-workspace
    builtin-copyStrings --validate --outputencoding binary --outfilename Localizable.strings --outdir /Users/admin/builder/spi-builder-workspace/.derivedData/Build/Products/Debug-xros/SiriusRating_SiriusRating.bundle/fi.lproj -- /Users/admin/builder/spi-builder-workspace/.derivedData/Build/Intermediates.noindex/SiriusRating.build/Debug-xros/SiriusRating_SiriusRating-b.build/fi.lproj/Localizable.strings
/Users/admin/builder/spi-builder-workspace/.derivedData/Build/Intermediates.noindex/SiriusRating.build/Debug-xros/SiriusRating_SiriusRating-b.build/fi.lproj/Localizable.strings:1:1: note: detected encoding of input file as Unicode (UTF-8) (in target 'SiriusRating_SiriusRating' from project 'SiriusRating')
CopyStringsFile /Users/admin/builder/spi-builder-workspace/.derivedData/Build/Products/Debug-xros/SiriusRating_SiriusRating.bundle/es.lproj/Localizable.strings /Users/admin/builder/spi-builder-workspace/.derivedData/Build/Intermediates.noindex/SiriusRating.build/Debug-xros/SiriusRating_SiriusRating-b.build/es.lproj/Localizable.strings (in target 'SiriusRating_SiriusRating' from project 'SiriusRating')
    cd /Users/admin/builder/spi-builder-workspace
    builtin-copyStrings --validate --outputencoding binary --outfilename Localizable.strings --outdir /Users/admin/builder/spi-builder-workspace/.derivedData/Build/Products/Debug-xros/SiriusRating_SiriusRating.bundle/es.lproj -- /Users/admin/builder/spi-builder-workspace/.derivedData/Build/Intermediates.noindex/SiriusRating.build/Debug-xros/SiriusRating_SiriusRating-b.build/es.lproj/Localizable.strings
/Users/admin/builder/spi-builder-workspace/.derivedData/Build/Intermediates.noindex/SiriusRating.build/Debug-xros/SiriusRating_SiriusRating-b.build/es.lproj/Localizable.strings:1:1: note: detected encoding of input file as Unicode (UTF-8) (in target 'SiriusRating_SiriusRating' from project 'SiriusRating')
CopyStringsFile /Users/admin/builder/spi-builder-workspace/.derivedData/Build/Products/Debug-xros/SiriusRating_SiriusRating.bundle/en.lproj/Localizable.strings /Users/admin/builder/spi-builder-workspace/.derivedData/Build/Intermediates.noindex/SiriusRating.build/Debug-xros/SiriusRating_SiriusRating-b.build/en.lproj/Localizable.strings (in target 'SiriusRating_SiriusRating' from project 'SiriusRating')
    cd /Users/admin/builder/spi-builder-workspace
    builtin-copyStrings --validate --outputencoding binary --outfilename Localizable.strings --outdir /Users/admin/builder/spi-builder-workspace/.derivedData/Build/Products/Debug-xros/SiriusRating_SiriusRating.bundle/en.lproj -- /Users/admin/builder/spi-builder-workspace/.derivedData/Build/Intermediates.noindex/SiriusRating.build/Debug-xros/SiriusRating_SiriusRating-b.build/en.lproj/Localizable.strings
/Users/admin/builder/spi-builder-workspace/.derivedData/Build/Intermediates.noindex/SiriusRating.build/Debug-xros/SiriusRating_SiriusRating-b.build/en.lproj/Localizable.strings:1:1: note: detected encoding of input file as Unicode (UTF-8) (in target 'SiriusRating_SiriusRating' from project 'SiriusRating')
CopyStringsFile /Users/admin/builder/spi-builder-workspace/.derivedData/Build/Products/Debug-xros/SiriusRating_SiriusRating.bundle/el.lproj/Localizable.strings /Users/admin/builder/spi-builder-workspace/.derivedData/Build/Intermediates.noindex/SiriusRating.build/Debug-xros/SiriusRating_SiriusRating-b.build/el.lproj/Localizable.strings (in target 'SiriusRating_SiriusRating' from project 'SiriusRating')
    cd /Users/admin/builder/spi-builder-workspace
    builtin-copyStrings --validate --outputencoding binary --outfilename Localizable.strings --outdir /Users/admin/builder/spi-builder-workspace/.derivedData/Build/Products/Debug-xros/SiriusRating_SiriusRating.bundle/el.lproj -- /Users/admin/builder/spi-builder-workspace/.derivedData/Build/Intermediates.noindex/SiriusRating.build/Debug-xros/SiriusRating_SiriusRating-b.build/el.lproj/Localizable.strings
/Users/admin/builder/spi-builder-workspace/.derivedData/Build/Intermediates.noindex/SiriusRating.build/Debug-xros/SiriusRating_SiriusRating-b.build/el.lproj/Localizable.strings:1:1: note: detected encoding of input file as Unicode (UTF-8) (in target 'SiriusRating_SiriusRating' from project 'SiriusRating')
CopyStringsFile /Users/admin/builder/spi-builder-workspace/.derivedData/Build/Products/Debug-xros/SiriusRating_SiriusRating.bundle/de.lproj/Localizable.strings /Users/admin/builder/spi-builder-workspace/.derivedData/Build/Intermediates.noindex/SiriusRating.build/Debug-xros/SiriusRating_SiriusRating-b.build/de.lproj/Localizable.strings (in target 'SiriusRating_SiriusRating' from project 'SiriusRating')
    cd /Users/admin/builder/spi-builder-workspace
    builtin-copyStrings --validate --outputencoding binary --outfilename Localizable.strings --outdir /Users/admin/builder/spi-builder-workspace/.derivedData/Build/Products/Debug-xros/SiriusRating_SiriusRating.bundle/de.lproj -- /Users/admin/builder/spi-builder-workspace/.derivedData/Build/Intermediates.noindex/SiriusRating.build/Debug-xros/SiriusRating_SiriusRating-b.build/de.lproj/Localizable.strings
/Users/admin/builder/spi-builder-workspace/.derivedData/Build/Intermediates.noindex/SiriusRating.build/Debug-xros/SiriusRating_SiriusRating-b.build/de.lproj/Localizable.strings:1:1: note: detected encoding of input file as Unicode (UTF-8) (in target 'SiriusRating_SiriusRating' from project 'SiriusRating')
CopyStringsFile /Users/admin/builder/spi-builder-workspace/.derivedData/Build/Products/Debug-xros/SiriusRating_SiriusRating.bundle/da.lproj/Localizable.strings /Users/admin/builder/spi-builder-workspace/.derivedData/Build/Intermediates.noindex/SiriusRating.build/Debug-xros/SiriusRating_SiriusRating-b.build/da.lproj/Localizable.strings (in target 'SiriusRating_SiriusRating' from project 'SiriusRating')
    cd /Users/admin/builder/spi-builder-workspace
    builtin-copyStrings --validate --outputencoding binary --outfilename Localizable.strings --outdir /Users/admin/builder/spi-builder-workspace/.derivedData/Build/Products/Debug-xros/SiriusRating_SiriusRating.bundle/da.lproj -- /Users/admin/builder/spi-builder-workspace/.derivedData/Build/Intermediates.noindex/SiriusRating.build/Debug-xros/SiriusRating_SiriusRating-b.build/da.lproj/Localizable.strings
/Users/admin/builder/spi-builder-workspace/.derivedData/Build/Intermediates.noindex/SiriusRating.build/Debug-xros/SiriusRating_SiriusRating-b.build/da.lproj/Localizable.strings:1:1: note: detected encoding of input file as Unicode (UTF-8) (in target 'SiriusRating_SiriusRating' from project 'SiriusRating')
CopyStringsFile /Users/admin/builder/spi-builder-workspace/.derivedData/Build/Products/Debug-xros/SiriusRating_SiriusRating.bundle/cs.lproj/Localizable.strings /Users/admin/builder/spi-builder-workspace/.derivedData/Build/Intermediates.noindex/SiriusRating.build/Debug-xros/SiriusRating_SiriusRating-b.build/cs.lproj/Localizable.strings (in target 'SiriusRating_SiriusRating' from project 'SiriusRating')
    cd /Users/admin/builder/spi-builder-workspace
    builtin-copyStrings --validate --outputencoding binary --outfilename Localizable.strings --outdir /Users/admin/builder/spi-builder-workspace/.derivedData/Build/Products/Debug-xros/SiriusRating_SiriusRating.bundle/cs.lproj -- /Users/admin/builder/spi-builder-workspace/.derivedData/Build/Intermediates.noindex/SiriusRating.build/Debug-xros/SiriusRating_SiriusRating-b.build/cs.lproj/Localizable.strings
/Users/admin/builder/spi-builder-workspace/.derivedData/Build/Intermediates.noindex/SiriusRating.build/Debug-xros/SiriusRating_SiriusRating-b.build/cs.lproj/Localizable.strings:1:1: note: detected encoding of input file as Unicode (UTF-8) (in target 'SiriusRating_SiriusRating' from project 'SiriusRating')
CopyStringsFile /Users/admin/builder/spi-builder-workspace/.derivedData/Build/Products/Debug-xros/SiriusRating_SiriusRating.bundle/ca.lproj/Localizable.strings /Users/admin/builder/spi-builder-workspace/.derivedData/Build/Intermediates.noindex/SiriusRating.build/Debug-xros/SiriusRating_SiriusRating-b.build/ca.lproj/Localizable.strings (in target 'SiriusRating_SiriusRating' from project 'SiriusRating')
    cd /Users/admin/builder/spi-builder-workspace
    builtin-copyStrings --validate --outputencoding binary --outfilename Localizable.strings --outdir /Users/admin/builder/spi-builder-workspace/.derivedData/Build/Products/Debug-xros/SiriusRating_SiriusRating.bundle/ca.lproj -- /Users/admin/builder/spi-builder-workspace/.derivedData/Build/Intermediates.noindex/SiriusRating.build/Debug-xros/SiriusRating_SiriusRating-b.build/ca.lproj/Localizable.strings
/Users/admin/builder/spi-builder-workspace/.derivedData/Build/Intermediates.noindex/SiriusRating.build/Debug-xros/SiriusRating_SiriusRating-b.build/ca.lproj/Localizable.strings:1:1: note: detected encoding of input file as Unicode (UTF-8) (in target 'SiriusRating_SiriusRating' from project 'SiriusRating')
CopyStringsFile /Users/admin/builder/spi-builder-workspace/.derivedData/Build/Products/Debug-xros/SiriusRating_SiriusRating.bundle/ar.lproj/Localizable.strings /Users/admin/builder/spi-builder-workspace/.derivedData/Build/Intermediates.noindex/SiriusRating.build/Debug-xros/SiriusRating_SiriusRating-b.build/ar.lproj/Localizable.strings (in target 'SiriusRating_SiriusRating' from project 'SiriusRating')
    cd /Users/admin/builder/spi-builder-workspace
    builtin-copyStrings --validate --outputencoding binary --outfilename Localizable.strings --outdir /Users/admin/builder/spi-builder-workspace/.derivedData/Build/Products/Debug-xros/SiriusRating_SiriusRating.bundle/ar.lproj -- /Users/admin/builder/spi-builder-workspace/.derivedData/Build/Intermediates.noindex/SiriusRating.build/Debug-xros/SiriusRating_SiriusRating-b.build/ar.lproj/Localizable.strings
/Users/admin/builder/spi-builder-workspace/.derivedData/Build/Intermediates.noindex/SiriusRating.build/Debug-xros/SiriusRating_SiriusRating-b.build/ar.lproj/Localizable.strings:1:1: note: detected encoding of input file as Unicode (UTF-8) (in target 'SiriusRating_SiriusRating' from project 'SiriusRating')
SwiftDriver SiriusRating normal arm64 com.apple.xcode.tools.swift.compiler (in target 'SiriusRating' from project 'SiriusRating')
    cd /Users/admin/builder/spi-builder-workspace/.swiftpm/xcode
    builtin-SwiftDriver -- /Applications/Xcode-27.0.0-Release.Candidate.app/Contents/Developer/Toolchains/XcodeDefault.xctoolchain/usr/bin/swiftc -parse-as-library -module-name SiriusRating -Onone @/Users/admin/builder/spi-builder-workspace/.derivedData/Build/Intermediates.noindex/SiriusRating.build/Debug-xros/SiriusRating-t.build/Objects-normal/arm64/SiriusRating.SwiftFileList -DSWIFT_PACKAGE -DDEBUG -DSWIFT_MODULE_RESOURCE_BUNDLE_AVAILABLE -DXcode -plugin-path /Applications/Xcode-27.0.0-Release.Candidate.app/Contents/Developer/Toolchains/XcodeDefault.xctoolchain/usr/lib/swift/host/plugins/testing -enable-experimental-feature DebugDescriptionMacro -sdk /Applications/Xcode-27.0.0-Release.Candidate.app/Contents/Developer/Platforms/XROS.platform/Developer/SDKs/XROS27.0.sdk -target arm64-apple-xros1.0 -g -module-cache-path /Users/admin/builder/spi-builder-workspace/.derivedData/ModuleCache.noindex -Xfrontend -serialize-debugging-options -profile-coverage-mapping -profile-generate -enable-testing -index-store-path /Users/admin/builder/spi-builder-workspace/.derivedData/Index.noindex/DataStore -Xcc -D_LIBCPP_HARDENING_MODE\=_LIBCPP_HARDENING_MODE_DEBUG -swift-version 5 -I /Users/admin/builder/spi-builder-workspace/.derivedData/Build/Products/Debug-xros -Isystem /Applications/Xcode-27.0.0-Release.Candidate.app/Contents/Developer/Platforms/XROS.platform/Developer/usr/lib -F /Users/admin/builder/spi-builder-workspace/.derivedData/Build/Products/Debug-xros -F /Applications/Xcode-27.0.0-Release.Candidate.app/Contents/Developer/Platforms/XROS.platform/Developer/Library/Frameworks -F /Applications/Xcode-27.0.0-Release.Candidate.app/Contents/Developer/Platforms/XROS.platform/Developer/SDKs/XROS27.0.sdk/Developer/Library/Frameworks -emit-localized-strings -emit-localized-strings-path /Users/admin/builder/spi-builder-workspace/.derivedData/Build/Intermediates.noindex/SiriusRating.build/Debug-xros/SiriusRating-t.build/Objects-normal/arm64 -c -j10 -enable-batch-mode -incremental -Xcc -ivfsstatcache -Xcc /Users/admin/builder/spi-builder-workspace/.derivedData/SDKStatCaches.noindex/xros27.0-24M361-e829b21a6f8c9b70876ba0858053c044735bd543db762f57723cac368afd1ce4.sdkstatcache -output-file-map /Users/admin/builder/spi-builder-workspace/.derivedData/Build/Intermediates.noindex/SiriusRating.build/Debug-xros/SiriusRating-t.build/Objects-normal/arm64/SiriusRating-OutputFileMap.json -save-temps -no-color-diagnostics -explicit-module-build -module-cache-path /Users/admin/builder/spi-builder-workspace/.derivedData/Build/Intermediates.noindex/SwiftExplicitPrecompiledModules -clang-scanner-module-cache-path /Users/admin/builder/spi-builder-workspace/.derivedData/ModuleCache.noindex -sdk-module-cache-path /Users/admin/builder/spi-builder-workspace/.derivedData/SDKExplicitPrecompiledModules -emit-dependencies -emit-module -emit-module-path /Users/admin/builder/spi-builder-workspace/.derivedData/Build/Intermediates.noindex/SiriusRating.build/Debug-xros/SiriusRating-t.build/Objects-normal/arm64/SiriusRating.swiftmodule -serialize-diagnostics -dependency-scan-serialize-diagnostics-path /Users/admin/builder/spi-builder-workspace/.derivedData/Build/Intermediates.noindex/SiriusRating.build/Debug-xros/SiriusRating-t.build/Objects-normal/arm64/SiriusRating-dependency-scan.dia -validate-clang-modules-once -clang-build-session-file /Users/admin/builder/spi-builder-workspace/.derivedData/ModuleCache.noindex/Session.modulevalidation -Xcc -fmodules-prune-interval\=86400 -Xcc -fmodules-prune-after\=345600 -emit-const-values -const-gather-protocols-list /Users/admin/builder/spi-builder-workspace/.derivedData/Build/Intermediates.noindex/SiriusRating.build/Debug-xros/SiriusRating-t.build/Objects-normal/arm64/SiriusRating_const_extract_protocols.json -Xcc -I/Users/admin/builder/spi-builder-workspace/.derivedData/Build/Products/Debug-xros/include -Xcc -I/Users/admin/builder/spi-builder-workspace/.derivedData/Build/Intermediates.noindex/SiriusRating.build/Debug-xros/SiriusRating-t.build/DerivedSources-normal/arm64 -Xcc -I/Users/admin/builder/spi-builder-workspace/.derivedData/Build/Intermediates.noindex/SiriusRating.build/Debug-xros/SiriusRating-t.build/DerivedSources/arm64 -Xcc -I/Users/admin/builder/spi-builder-workspace/.derivedData/Build/Intermediates.noindex/SiriusRating.build/Debug-xros/SiriusRating-t.build/DerivedSources -Xcc -DSWIFT_PACKAGE -Xcc -DDEBUG\=1 -emit-objc-header -emit-objc-header-path /Users/admin/builder/spi-builder-workspace/.derivedData/Build/Intermediates.noindex/SiriusRating.build/Debug-xros/SiriusRating-t.build/Objects-normal/arm64/SiriusRating-Swift.h -working-directory /Users/admin/builder/spi-builder-workspace/.swiftpm/xcode -experimental-emit-module-separately -disable-cmo
LinkAssetCatalog /Users/admin/builder/spi-builder-workspace/Sources/SiriusRating/Resources/Images.xcassets (in target 'SiriusRating_SiriusRating' from project 'SiriusRating')
    cd /Users/admin/builder/spi-builder-workspace
    builtin-linkAssetCatalog --thinned /Users/admin/builder/spi-builder-workspace/.derivedData/Build/Intermediates.noindex/SiriusRating.build/Debug-xros/SiriusRating_SiriusRating-b.build/assetcatalog_output/thinned --thinned-dependencies /Users/admin/builder/spi-builder-workspace/.derivedData/Build/Intermediates.noindex/SiriusRating.build/Debug-xros/SiriusRating_SiriusRating-b.build/assetcatalog_dependencies_thinned --thinned-info-plist-content /Users/admin/builder/spi-builder-workspace/.derivedData/Build/Intermediates.noindex/SiriusRating.build/Debug-xros/SiriusRating_SiriusRating-b.build/assetcatalog_generated_info.plist_thinned --unthinned /Users/admin/builder/spi-builder-workspace/.derivedData/Build/Intermediates.noindex/SiriusRating.build/Debug-xros/SiriusRating_SiriusRating-b.build/assetcatalog_output/unthinned --unthinned-dependencies /Users/admin/builder/spi-builder-workspace/.derivedData/Build/Intermediates.noindex/SiriusRating.build/Debug-xros/SiriusRating_SiriusRating-b.build/assetcatalog_dependencies_unthinned --unthinned-info-plist-content /Users/admin/builder/spi-builder-workspace/.derivedData/Build/Intermediates.noindex/SiriusRating.build/Debug-xros/SiriusRating_SiriusRating-b.build/assetcatalog_generated_info.plist_unthinned --output /Users/admin/builder/spi-builder-workspace/.derivedData/Build/Products/Debug-xros/SiriusRating_SiriusRating.bundle --plist-output /Users/admin/builder/spi-builder-workspace/.derivedData/Build/Intermediates.noindex/SiriusRating.build/Debug-xros/SiriusRating_SiriusRating-b.build/assetcatalog_generated_info.plist
note: Emplaced /Users/admin/builder/spi-builder-workspace/.derivedData/Build/Products/Debug-xros/SiriusRating_SiriusRating.bundle/Assets.car (in target 'SiriusRating_SiriusRating' from project 'SiriusRating')
ProcessInfoPlistFile /Users/admin/builder/spi-builder-workspace/.derivedData/Build/Products/Debug-xros/SiriusRating_SiriusRating.bundle/Info.plist /Users/admin/builder/spi-builder-workspace/.derivedData/Build/Intermediates.noindex/SiriusRating.build/Debug-xros/SiriusRating_SiriusRating-b.build/empty-SiriusRating_SiriusRating.plist (in target 'SiriusRating_SiriusRating' from project 'SiriusRating')
    cd /Users/admin/builder/spi-builder-workspace
    builtin-infoPlistUtility /Users/admin/builder/spi-builder-workspace/.derivedData/Build/Intermediates.noindex/SiriusRating.build/Debug-xros/SiriusRating_SiriusRating-b.build/empty-SiriusRating_SiriusRating.plist -producttype com.apple.product-type.bundle -expandbuildsettings -format binary -platform xros -additionalcontentfile /Users/admin/builder/spi-builder-workspace/.derivedData/Build/Intermediates.noindex/SiriusRating.build/Debug-xros/SiriusRating_SiriusRating-b.build/assetcatalog_generated_info.plist -o /Users/admin/builder/spi-builder-workspace/.derivedData/Build/Products/Debug-xros/SiriusRating_SiriusRating.bundle/Info.plist
RegisterExecutionPolicyException /Users/admin/builder/spi-builder-workspace/.derivedData/Build/Products/Debug-xros/SiriusRating_SiriusRating.bundle (in target 'SiriusRating_SiriusRating' from project 'SiriusRating')
    cd /Users/admin/builder/spi-builder-workspace
    builtin-RegisterExecutionPolicyException /Users/admin/builder/spi-builder-workspace/.derivedData/Build/Products/Debug-xros/SiriusRating_SiriusRating.bundle
Touch /Users/admin/builder/spi-builder-workspace/.derivedData/Build/Products/Debug-xros/SiriusRating_SiriusRating.bundle (in target 'SiriusRating_SiriusRating' from project 'SiriusRating')
    cd /Users/admin/builder/spi-builder-workspace
    /usr/bin/touch -c /Users/admin/builder/spi-builder-workspace/.derivedData/Build/Products/Debug-xros/SiriusRating_SiriusRating.bundle
SwiftExplicitDependencyGeneratePcm arm64 /Users/admin/builder/spi-builder-workspace/.derivedData/SDKExplicitPrecompiledModules/SwiftShims-CI4H5RO9IYFFWQ2COB512Q2S9.pcm
SwiftExplicitDependencyGeneratePcm arm64 /Users/admin/builder/spi-builder-workspace/.derivedData/SDKExplicitPrecompiledModules/_Builtin_stdbool-5BU2ADS7JXQMYENKQHW9X8XOU.pcm
SwiftExplicitDependencyGeneratePcm arm64 /Users/admin/builder/spi-builder-workspace/.derivedData/SDKExplicitPrecompiledModules/DeveloperToolsSupport-46GOQP8J1QTHLYQSJW81T8UZ3.pcm
SwiftExplicitDependencyGeneratePcm arm64 /Users/admin/builder/spi-builder-workspace/.derivedData/SDKExplicitPrecompiledModules/_Builtin_float-6WKHNW5S40U2QGHXXGETUDIRA.pcm
SwiftExplicitDependencyGeneratePcm arm64 /Users/admin/builder/spi-builder-workspace/.derivedData/SDKExplicitPrecompiledModules/_AvailabilityInternal-1Q8IQP6M38UWSGZ95UCEY2M44.pcm
SwiftExplicitDependencyGeneratePcm arm64 /Users/admin/builder/spi-builder-workspace/.derivedData/SDKExplicitPrecompiledModules/ptrcheck-BXA97MNLI4BB0HF5I8MJE403D.pcm
SwiftExplicitDependencyGeneratePcm arm64 /Users/admin/builder/spi-builder-workspace/.derivedData/SDKExplicitPrecompiledModules/_Builtin_stdarg-CDA349K2K4US766844K8E0PVA.pcm
SwiftExplicitDependencyGeneratePcm arm64 /Users/admin/builder/spi-builder-workspace/.derivedData/SDKExplicitPrecompiledModules/_Builtin_stddef-5NQ9Z1GV07GBSRQGAQCGXGVRI.pcm
SwiftExplicitDependencyGeneratePcm arm64 /Users/admin/builder/spi-builder-workspace/.derivedData/SDKExplicitPrecompiledModules/ptrauth-1WBA714DZSVUL5JQDJ08CLKZ.pcm
SwiftExplicitDependencyGeneratePcm arm64 /Users/admin/builder/spi-builder-workspace/.derivedData/SDKExplicitPrecompiledModules/_SwiftConcurrencyShims-C8XHKSHX96D5YYALNM4W70Z0O.pcm
SwiftExplicitDependencyGeneratePcm arm64 /Users/admin/builder/spi-builder-workspace/.derivedData/SDKExplicitPrecompiledModules/_DarwinFoundation1-5RGRVV2TZ6WC4WZW5IXF8NQ04.pcm
SwiftExplicitDependencyGeneratePcm arm64 /Users/admin/builder/spi-builder-workspace/.derivedData/SDKExplicitPrecompiledModules/_DarwinFoundation2-ENTECK156YEWITZRRBTOCE4KR.pcm
SwiftExplicitDependencyGeneratePcm arm64 /Users/admin/builder/spi-builder-workspace/.derivedData/SDKExplicitPrecompiledModules/_Builtin_limits-425JDMN5HPM3D0UEI8LEHP6NM.pcm
SwiftExplicitDependencyGeneratePcm arm64 /Users/admin/builder/spi-builder-workspace/.derivedData/SDKExplicitPrecompiledModules/ExtensionFoundation-E7KNHPOM6BLHXC69S4MS8K7BO.pcm
SwiftExplicitDependencyGeneratePcm arm64 /Users/admin/builder/spi-builder-workspace/.derivedData/SDKExplicitPrecompiledModules/string_h-2GT67HHHHK5CF1V1S31LH0PU2.pcm
SwiftExplicitDependencyGeneratePcm arm64 /Users/admin/builder/spi-builder-workspace/.derivedData/SDKExplicitPrecompiledModules/sys_types-AYM0BHR77VKMWZCO2T0XGV2HF.pcm
SwiftExplicitDependencyGeneratePcm arm64 /Users/admin/builder/spi-builder-workspace/.derivedData/SDKExplicitPrecompiledModules/_Builtin_stdint-8OR6T47OOYJA90ZBO3N1USDE.pcm
SwiftExplicitDependencyGeneratePcm arm64 /Users/admin/builder/spi-builder-workspace/.derivedData/SDKExplicitPrecompiledModules/_Builtin_tgmath-BPYSMHWI520EQRL2HW519ZY7Z.pcm
SwiftExplicitDependencyGeneratePcm arm64 /Users/admin/builder/spi-builder-workspace/.derivedData/SDKExplicitPrecompiledModules/_DarwinFoundation3-9ZHN6JKBS40BBA81RQMV8H0IC.pcm
SwiftExplicitDependencyGeneratePcm arm64 /Users/admin/builder/spi-builder-workspace/.derivedData/SDKExplicitPrecompiledModules/_Builtin_stdatomic-1VUZPM79PNCAHXVBERD53WRSF.pcm
SwiftExplicitDependencyGeneratePcm arm64 /Users/admin/builder/spi-builder-workspace/.derivedData/SDKExplicitPrecompiledModules/_Builtin_intrinsics-BC5IJI3YI34RQ61ZNVDRDZ6RN.pcm
SwiftExplicitDependencyGeneratePcm arm64 /Users/admin/builder/spi-builder-workspace/.derivedData/SDKExplicitPrecompiledModules/_Builtin_inttypes-11B64KJD36B3YOHBR1BBXBJY8.pcm
SwiftExplicitDependencyGeneratePcm arm64 /Users/admin/builder/spi-builder-workspace/.derivedData/SDKExplicitPrecompiledModules/Darwin-60P5LVNQO3ESRRM5DCJ05PFNK.pcm
SwiftExplicitDependencyGeneratePcm arm64 /Users/admin/builder/spi-builder-workspace/.derivedData/SDKExplicitPrecompiledModules/simd-9XXAB17Y6E4BBPQADD61NZ23.pcm
SwiftExplicitDependencyGeneratePcm arm64 /Users/admin/builder/spi-builder-workspace/.derivedData/SDKExplicitPrecompiledModules/ObjectiveC-26TIBFYCEJZVP216ZZAU1X8KN.pcm
SwiftExplicitDependencyGeneratePcm arm64 /Users/admin/builder/spi-builder-workspace/.derivedData/SDKExplicitPrecompiledModules/MachO-3XTHY7HWV6RF3KXKYQVHUBUXK.pcm
SwiftExplicitDependencyGeneratePcm arm64 /Users/admin/builder/spi-builder-workspace/.derivedData/SDKExplicitPrecompiledModules/os_object-692CJ8BG6RE5H04487EJJOVXW.pcm
SwiftExplicitDependencyGeneratePcm arm64 /Users/admin/builder/spi-builder-workspace/.derivedData/SDKExplicitPrecompiledModules/os_workgroup-4U1VXMWIZD80E7PRUQF2G7P9X.pcm
SwiftExplicitDependencyGeneratePcm arm64 /Users/admin/builder/spi-builder-workspace/.derivedData/SDKExplicitPrecompiledModules/Dispatch-CLT3466HKC22GCKAWSCNG0H7T.pcm
SwiftExplicitDependencyGeneratePcm arm64 /Users/admin/builder/spi-builder-workspace/.derivedData/SDKExplicitPrecompiledModules/Spatial-5E0I2846LO3ZE24CSVR2O57TI.pcm
SwiftExplicitDependencyGeneratePcm arm64 /Users/admin/builder/spi-builder-workspace/.derivedData/SDKExplicitPrecompiledModules/CoreFoundation-AVLTZVCXBU2TO75JCN4AGU8XJ.pcm
SwiftExplicitDependencyGeneratePcm arm64 /Users/admin/builder/spi-builder-workspace/.derivedData/SDKExplicitPrecompiledModules/dnssd-CCUV1M8EULNEQJUXO7L0PJAL4.pcm
SwiftExplicitDependencyGeneratePcm arm64 /Users/admin/builder/spi-builder-workspace/.derivedData/SDKExplicitPrecompiledModules/XPC-EP5EU7FNGP4VOA3EDM18P1KHO.pcm
SwiftExplicitDependencyGeneratePcm arm64 /Users/admin/builder/spi-builder-workspace/.derivedData/SDKExplicitPrecompiledModules/os-1004XEJ3IXOOAU0KL58SM3D0K.pcm
SwiftExplicitDependencyGeneratePcm arm64 /Users/admin/builder/spi-builder-workspace/.derivedData/SDKExplicitPrecompiledModules/CFNetwork-5MI70N1VLDQSWTX4COWLMSIRO.pcm
SwiftExplicitDependencyGeneratePcm arm64 /Users/admin/builder/spi-builder-workspace/.derivedData/SDKExplicitPrecompiledModules/CoreGraphics-BFUJ177R223UT2ZI327ZTZY91.pcm
SwiftExplicitDependencyGeneratePcm arm64 /Users/admin/builder/spi-builder-workspace/.derivedData/SDKExplicitPrecompiledModules/Security-8TH2M8WJIQMET4SADWX0N8372.pcm
SwiftExplicitDependencyGeneratePcm arm64 /Users/admin/builder/spi-builder-workspace/.derivedData/SDKExplicitPrecompiledModules/Foundation-8GON1KVEKRN3NOQI8RETBRWJP.pcm
SwiftExplicitDependencyGeneratePcm arm64 /Users/admin/builder/spi-builder-workspace/.derivedData/SDKExplicitPrecompiledModules/CoreText-6F9TY5TEPCCZ1K2KYM4GMEGHD.pcm
SwiftExplicitDependencyGeneratePcm arm64 /Users/admin/builder/spi-builder-workspace/.derivedData/SDKExplicitPrecompiledModules/ImageIO-5CC6COR9KJYI1UBL7CSHLU2OG.pcm
SwiftExplicitDependencyGeneratePcm arm64 /Users/admin/builder/spi-builder-workspace/.derivedData/SDKExplicitPrecompiledModules/UserNotifications-8IIV1V1FPNAPA4LY1Y23LOM2N.pcm
SwiftExplicitDependencyGeneratePcm arm64 /Users/admin/builder/spi-builder-workspace/.derivedData/SDKExplicitPrecompiledModules/LocalAuthentication-9MSPUJ85OBXBTOD7NJCT1GZ0O.pcm
SwiftExplicitDependencyGeneratePcm arm64 /Users/admin/builder/spi-builder-workspace/.derivedData/SDKExplicitPrecompiledModules/Accessibility-1DR4J4YDVDGAYQTZ0FKZ1PU09.pcm
SwiftExplicitDependencyGeneratePcm arm64 /Users/admin/builder/spi-builder-workspace/.derivedData/SDKExplicitPrecompiledModules/UniformTypeIdentifiers-E5KMWDZEKS4QW9RO1KBRDEXV6.pcm
SwiftExplicitDependencyGeneratePcm arm64 /Users/admin/builder/spi-builder-workspace/.derivedData/SDKExplicitPrecompiledModules/BackgroundAssets-7LA0QAAJKNTLEFGRAI5PIWADZ.pcm
SwiftExplicitDependencyGeneratePcm arm64 /Users/admin/builder/spi-builder-workspace/.derivedData/SDKExplicitPrecompiledModules/OSLog-BNGT87TS0GMBFF7TY70HHB69.pcm
SwiftExplicitDependencyGeneratePcm arm64 /Users/admin/builder/spi-builder-workspace/.derivedData/SDKExplicitPrecompiledModules/DataDetection-BANTQ3WXXGKZJYC0LLB3MD9K0.pcm
SwiftExplicitDependencyGeneratePcm arm64 /Users/admin/builder/spi-builder-workspace/.derivedData/SDKExplicitPrecompiledModules/Symbols-8G2XC01RPQ5HYIZE6JNUT864I.pcm
SwiftExplicitDependencyGeneratePcm arm64 /Users/admin/builder/spi-builder-workspace/.derivedData/SDKExplicitPrecompiledModules/IOSurface-5FE9U89GVFF9A7X7AGO2R8ENI.pcm
SwiftExplicitDependencyGeneratePcm arm64 /Users/admin/builder/spi-builder-workspace/.derivedData/SDKExplicitPrecompiledModules/CoreTransferable-8TBYAKHCX6UC8QQSS7BD8GQK5.pcm
SwiftExplicitDependencyGeneratePcm arm64 /Users/admin/builder/spi-builder-workspace/.derivedData/SDKExplicitPrecompiledModules/Network-EQPZZF3W6BWG89K0PY9NZO3T0.pcm
SwiftExplicitDependencyGeneratePcm arm64 /Users/admin/builder/spi-builder-workspace/.derivedData/SDKExplicitPrecompiledModules/_LocationEssentials-8GQGFVARUE99D8VJX3TINY0VP.pcm
SwiftExplicitDependencyGeneratePcm arm64 /Users/admin/builder/spi-builder-workspace/.derivedData/SDKExplicitPrecompiledModules/UIUtilities-AOVGLUWEAN6CG2UZFNESGSP6C.pcm
SwiftExplicitDependencyGeneratePcm arm64 /Users/admin/builder/spi-builder-workspace/.derivedData/SDKExplicitPrecompiledModules/FileProvider-C9I28SI56F2SEVH1BCWTKGODO.pcm
SwiftExplicitDependencyGeneratePcm arm64 /Users/admin/builder/spi-builder-workspace/.derivedData/SDKExplicitPrecompiledModules/OpenGLES-56BKSYXNVAP91BYZRWAKQZKGI.pcm
SwiftExplicitDependencyGeneratePcm arm64 /Users/admin/builder/spi-builder-workspace/.derivedData/SDKExplicitPrecompiledModules/Metal-EKNUM9P3PRIBHZK1ZBD6BA2T7.pcm
SwiftExplicitDependencyGeneratePcm arm64 /Users/admin/builder/spi-builder-workspace/.derivedData/SDKExplicitPrecompiledModules/CoreLocation-1SN37095DAPVJ068LLP9TBDQX.pcm
SwiftExplicitDependencyGeneratePcm arm64 /Users/admin/builder/spi-builder-workspace/.derivedData/SDKExplicitPrecompiledModules/CoreMotion-10LV922UPGE28QX2SOIO7ALIZ.pcm
SwiftExplicitDependencyGeneratePcm arm64 /Users/admin/builder/spi-builder-workspace/.derivedData/SDKExplicitPrecompiledModules/CoreVideo-E12HJSJSLO0YKWYBES11UKJ02.pcm
SwiftExplicitDependencyGeneratePcm arm64 /Users/admin/builder/spi-builder-workspace/.derivedData/SDKExplicitPrecompiledModules/QuartzCore-12T8WVKUNCL1N7VXH87MM4YOB.pcm
SwiftExplicitDependencyGeneratePcm arm64 /Users/admin/builder/spi-builder-workspace/.derivedData/SDKExplicitPrecompiledModules/CoreImage-8WF1P230U10QM666EQMNV7OF1.pcm
SwiftExplicitDependencyGeneratePcm arm64 /Users/admin/builder/spi-builder-workspace/.derivedData/SDKExplicitPrecompiledModules/SwiftUICore-6OBBMA39VFD4CB6SG2PE41FAP.pcm
SwiftExplicitDependencyGeneratePcm arm64 /Users/admin/builder/spi-builder-workspace/.derivedData/SDKExplicitPrecompiledModules/UIKit-2D2PMAAE45TMO6S28UCGCO5BR.pcm
SwiftExplicitDependencyGeneratePcm arm64 /Users/admin/builder/spi-builder-workspace/.derivedData/SDKExplicitPrecompiledModules/StoreKit-12LD5DPNQ83TE5J4G5TTT7JP8.pcm
SwiftEmitModule normal arm64 Emitting\ module\ for\ SiriusRating (in target 'SiriusRating' from project 'SiriusRating')
SwiftCompile normal arm64 (in target 'SiriusRating' from project 'SiriusRating')
    cd /Users/admin/builder/spi-builder-workspace/.swiftpm/xcode

/Users/admin/builder/spi-builder-workspace/Sources/SiriusRating/Prompts/Presenters/Request/Views/StyleOneRequestViewController.swift:120:20: warning: 'contentEdgeInsets' was deprecated in visionOS 1.0: This property is ignored when using UIButtonConfiguration [#DeprecatedDeclaration]
118 |         rateButton.backgroundColor = UIColor(red: 0.192, green: 0.594, blue: 0.86, alpha: 1.0)
119 |         rateButton.layer.cornerRadius = 5
120 |         rateButton.contentEdgeInsets = UIEdgeInsets(top: 8.0, left: 16.0, bottom: 8.0, right: 16.0)
    |                    `- warning: 'contentEdgeInsets' was deprecated in visionOS 1.0: This property is ignored when using UIButtonConfiguration [#DeprecatedDeclaration]
121 |         rateButton.layer.masksToBounds = true
122 |         rateButton.titleLabel?.font = .systemFont(ofSize: 15, weight: .medium)
/Users/admin/builder/spi-builder-workspace/Sources/SiriusRating/Prompts/Presenters/Request/Views/StyleOneRequestViewController.swift:133:32: warning: 'contentEdgeInsets' was deprecated in visionOS 1.0: This property is ignored when using UIButtonConfiguration [#DeprecatedDeclaration]
131 |         optInForReminderButton.setContentCompressionResistancePriority(.required, for: .vertical)
132 |         optInForReminderButton.translatesAutoresizingMaskIntoConstraints = false
133 |         optInForReminderButton.contentEdgeInsets = UIEdgeInsets(top: 8.0, left: 16.0, bottom: 8.0, right: 16.0)
    |                                `- warning: 'contentEdgeInsets' was deprecated in visionOS 1.0: This property is ignored when using UIButtonConfiguration [#DeprecatedDeclaration]
134 |         optInForReminderButton.titleLabel?.font = .systemFont(ofSize: 15)
135 |         optInForReminderButton.setTitleColor(.secondaryLabel, for: .normal)
[#DeprecatedDeclaration]: <https://docs.swift.org/compiler/documentation/diagnostics/deprecated-declaration>
SwiftCompile normal arm64 Compiling\ NotDeclinedToRateAnyVersionRatingCondition.swift,\ NotDeclinedToRateCurrentVersionRatingCondition.swift,\ NotPostponedDueToReminderRatingCondition.swift /Users/admin/builder/spi-builder-workspace/Sources/SiriusRating/RatingConditions/NotDeclinedToRateAnyVersionRatingCondition.swift /Users/admin/builder/spi-builder-workspace/Sources/SiriusRating/RatingConditions/NotDeclinedToRateCurrentVersionRatingCondition.swift /Users/admin/builder/spi-builder-workspace/Sources/SiriusRating/RatingConditions/NotPostponedDueToReminderRatingCondition.swift (in target 'SiriusRating' from project 'SiriusRating')
SwiftCompile normal arm64 /Users/admin/builder/spi-builder-workspace/Sources/SiriusRating/RatingConditions/NotDeclinedToRateAnyVersionRatingCondition.swift (in target 'SiriusRating' from project 'SiriusRating')
    cd /Users/admin/builder/spi-builder-workspace/.swiftpm/xcode
    builtin-SwiftPerFileCompile NotDeclinedToRateAnyVersionRatingCondition.swift
SwiftCompile normal arm64 /Users/admin/builder/spi-builder-workspace/Sources/SiriusRating/RatingConditions/NotDeclinedToRateCurrentVersionRatingCondition.swift (in target 'SiriusRating' from project 'SiriusRating')
    cd /Users/admin/builder/spi-builder-workspace/.swiftpm/xcode
    builtin-SwiftPerFileCompile NotDeclinedToRateCurrentVersionRatingCondition.swift
SwiftCompile normal arm64 /Users/admin/builder/spi-builder-workspace/Sources/SiriusRating/RatingConditions/NotPostponedDueToReminderRatingCondition.swift (in target 'SiriusRating' from project 'SiriusRating')
    cd /Users/admin/builder/spi-builder-workspace/.swiftpm/xcode
    builtin-SwiftPerFileCompile NotPostponedDueToReminderRatingCondition.swift
SwiftCompile normal arm64 Compiling\ SiriusRating.swift,\ UserAction.swift,\ BundleExtension.swift /Users/admin/builder/spi-builder-workspace/Sources/SiriusRating/SiriusRating.swift /Users/admin/builder/spi-builder-workspace/Sources/SiriusRating/UserAction.swift /Users/admin/builder/spi-builder-workspace/Sources/SiriusRating/_Support/Extensions/BundleExtension.swift (in target 'SiriusRating' from project 'SiriusRating')
SwiftCompile normal arm64 /Users/admin/builder/spi-builder-workspace/Sources/SiriusRating/SiriusRating.swift (in target 'SiriusRating' from project 'SiriusRating')
    cd /Users/admin/builder/spi-builder-workspace/.swiftpm/xcode
    builtin-SwiftPerFileCompile SiriusRating.swift
SwiftCompile normal arm64 /Users/admin/builder/spi-builder-workspace/Sources/SiriusRating/UserAction.swift (in target 'SiriusRating' from project 'SiriusRating')
    cd /Users/admin/builder/spi-builder-workspace/.swiftpm/xcode
    builtin-SwiftPerFileCompile UserAction.swift
SwiftCompile normal arm64 /Users/admin/builder/spi-builder-workspace/Sources/SiriusRating/_Support/Extensions/BundleExtension.swift (in target 'SiriusRating' from project 'SiriusRating')
    cd /Users/admin/builder/spi-builder-workspace/.swiftpm/xcode
    builtin-SwiftPerFileCompile BundleExtension.swift
SwiftCompile normal arm64 Compiling\ EnoughAppSessionsRatingCondition.swift,\ EnoughDaysUsedRatingCondition.swift,\ EnoughSignificantEventsRatingCondition.swift /Users/admin/builder/spi-builder-workspace/Sources/SiriusRating/RatingConditions/EnoughAppSessionsRatingCondition.swift /Users/admin/builder/spi-builder-workspace/Sources/SiriusRating/RatingConditions/EnoughDaysUsedRatingCondition.swift /Users/admin/builder/spi-builder-workspace/Sources/SiriusRating/RatingConditions/EnoughSignificantEventsRatingCondition.swift (in target 'SiriusRating' from project 'SiriusRating')
SwiftCompile normal arm64 /Users/admin/builder/spi-builder-workspace/Sources/SiriusRating/RatingConditions/EnoughAppSessionsRatingCondition.swift (in target 'SiriusRating' from project 'SiriusRating')
    cd /Users/admin/builder/spi-builder-workspace/.swiftpm/xcode
    builtin-SwiftPerFileCompile EnoughAppSessionsRatingCondition.swift
SwiftCompile normal arm64 /Users/admin/builder/spi-builder-workspace/Sources/SiriusRating/RatingConditions/EnoughDaysUsedRatingCondition.swift (in target 'SiriusRating' from project 'SiriusRating')
    cd /Users/admin/builder/spi-builder-workspace/.swiftpm/xcode
    builtin-SwiftPerFileCompile EnoughDaysUsedRatingCondition.swift
SwiftCompile normal arm64 /Users/admin/builder/spi-builder-workspace/Sources/SiriusRating/RatingConditions/EnoughSignificantEventsRatingCondition.swift (in target 'SiriusRating' from project 'SiriusRating')
    cd /Users/admin/builder/spi-builder-workspace/.swiftpm/xcode
    builtin-SwiftPerFileCompile EnoughSignificantEventsRatingCondition.swift
SwiftCompile normal arm64 Compiling\ NotRatedAnyVersionRatingCondition.swift,\ NotRatedCurrentVersionRatingCondition.swift,\ RatingCondition.swift /Users/admin/builder/spi-builder-workspace/Sources/SiriusRating/RatingConditions/NotRatedAnyVersionRatingCondition.swift /Users/admin/builder/spi-builder-workspace/Sources/SiriusRating/RatingConditions/NotRatedCurrentVersionRatingCondition.swift /Users/admin/builder/spi-builder-workspace/Sources/SiriusRating/RatingConditions/RatingCondition.swift (in target 'SiriusRating' from project 'SiriusRating')
SwiftCompile normal arm64 /Users/admin/builder/spi-builder-workspace/Sources/SiriusRating/RatingConditions/NotRatedAnyVersionRatingCondition.swift (in target 'SiriusRating' from project 'SiriusRating')
    cd /Users/admin/builder/spi-builder-workspace/.swiftpm/xcode
    builtin-SwiftPerFileCompile NotRatedAnyVersionRatingCondition.swift
SwiftCompile normal arm64 /Users/admin/builder/spi-builder-workspace/Sources/SiriusRating/RatingConditions/NotRatedCurrentVersionRatingCondition.swift (in target 'SiriusRating' from project 'SiriusRating')
    cd /Users/admin/builder/spi-builder-workspace/.swiftpm/xcode
    builtin-SwiftPerFileCompile NotRatedCurrentVersionRatingCondition.swift
SwiftCompile normal arm64 /Users/admin/builder/spi-builder-workspace/Sources/SiriusRating/RatingConditions/RatingCondition.swift (in target 'SiriusRating' from project 'SiriusRating')
    cd /Users/admin/builder/spi-builder-workspace/.swiftpm/xcode
    builtin-SwiftPerFileCompile RatingCondition.swift
SwiftCompile normal arm64 Compiling\ GeneratedAssetSymbols.swift,\ GeneratedStringSymbols_Localizable.swift /Users/admin/builder/spi-builder-workspace/.derivedData/Build/Intermediates.noindex/SiriusRating.build/Debug-xros/SiriusRating-t.build/DerivedSources/GeneratedAssetSymbols.swift /Users/admin/builder/spi-builder-workspace/.derivedData/Build/Intermediates.noindex/SiriusRating.build/Debug-xros/SiriusRating-t.build/DerivedSources/GeneratedStringSymbols_Localizable.swift (in target 'SiriusRating' from project 'SiriusRating')
SwiftCompile normal arm64 /Users/admin/builder/spi-builder-workspace/.derivedData/Build/Intermediates.noindex/SiriusRating.build/Debug-xros/SiriusRating-t.build/DerivedSources/GeneratedAssetSymbols.swift (in target 'SiriusRating' from project 'SiriusRating')
    cd /Users/admin/builder/spi-builder-workspace/.swiftpm/xcode
    builtin-SwiftPerFileCompile GeneratedAssetSymbols.swift
SwiftCompile normal arm64 /Users/admin/builder/spi-builder-workspace/.derivedData/Build/Intermediates.noindex/SiriusRating.build/Debug-xros/SiriusRating-t.build/DerivedSources/GeneratedStringSymbols_Localizable.swift (in target 'SiriusRating' from project 'SiriusRating')
    cd /Users/admin/builder/spi-builder-workspace/.swiftpm/xcode
    builtin-SwiftPerFileCompile GeneratedStringSymbols_Localizable.swift
SwiftCompile normal arm64 Compiling\ Configuration.swift,\ DataStore.swift,\ UserDefaultsDataStore.swift /Users/admin/builder/spi-builder-workspace/Sources/SiriusRating/Configuration.swift /Users/admin/builder/spi-builder-workspace/Sources/SiriusRating/DataStores/DataStore.swift /Users/admin/builder/spi-builder-workspace/Sources/SiriusRating/DataStores/UserDefaultsDataStore.swift (in target 'SiriusRating' from project 'SiriusRating')
SwiftCompile normal arm64 /Users/admin/builder/spi-builder-workspace/Sources/SiriusRating/Configuration.swift (in target 'SiriusRating' from project 'SiriusRating')
    cd /Users/admin/builder/spi-builder-workspace/.swiftpm/xcode
    builtin-SwiftPerFileCompile Configuration.swift
SwiftCompile normal arm64 /Users/admin/builder/spi-builder-workspace/Sources/SiriusRating/DataStores/DataStore.swift (in target 'SiriusRating' from project 'SiriusRating')
    cd /Users/admin/builder/spi-builder-workspace/.swiftpm/xcode
    builtin-SwiftPerFileCompile DataStore.swift
SwiftCompile normal arm64 /Users/admin/builder/spi-builder-workspace/Sources/SiriusRating/DataStores/UserDefaultsDataStore.swift (in target 'SiriusRating' from project 'SiriusRating')
    cd /Users/admin/builder/spi-builder-workspace/.swiftpm/xcode
    builtin-SwiftPerFileCompile UserDefaultsDataStore.swift
SwiftCompile normal arm64 Compiling\ RequestPromptPresenter.swift,\ StyleOneRequestPromptPresenter.swift,\ StyleTwoRequestPromptPresenter.swift /Users/admin/builder/spi-builder-workspace/Sources/SiriusRating/Prompts/Presenters/Request/RequestPromptPresenter.swift /Users/admin/builder/spi-builder-workspace/Sources/SiriusRating/Prompts/Presenters/Request/StyleOneRequestPromptPresenter.swift /Users/admin/builder/spi-builder-workspace/Sources/SiriusRating/Prompts/Presenters/Request/StyleTwoRequestPromptPresenter.swift (in target 'SiriusRating' from project 'SiriusRating')
/Users/admin/builder/spi-builder-workspace/Sources/SiriusRating/Prompts/Presenters/Request/StyleOneRequestPromptPresenter.swift:73:34: error: 'UIScreen' is unavailable in visionOS
 71 |             // To make sure the alert view controller is on top of everything we will create a new `UIWindow`.
 72 |             let promptWindow = UIWindow(windowScene: windowScene)
 73 |             promptWindow.frame = UIScreen.main.bounds
    |                                  `- error: 'UIScreen' is unavailable in visionOS
 74 |             promptWindow.windowLevel = UIWindow.Level.alert + 1
 75 |             promptWindow.rootViewController = UIViewController()
/Applications/Xcode-27.0.0-Release.Candidate.app/Contents/Developer/Platforms/XROS.platform/Developer/SDKs/XROS27.0.sdk/System/Library/Frameworks/UIKit.framework/Headers/UIScreen.h:54:12: note: 'UIScreen' has been explicitly marked unavailable here
 52 |
 53 | UIKIT_EXTERN API_AVAILABLE(ios(2.0)) API_UNAVAILABLE(visionos, watchos) NS_SWIFT_UI_ACTOR
 54 | @interface UIScreen : NSObject <UITraitEnvironment>
    |            `- note: 'UIScreen' has been explicitly marked unavailable here
 55 |
 56 | @property(class, nonatomic, readonly) NSArray<UIScreen *> *screens API_DEPRECATED("Use UIApplication.shared.openSessions to find open sessions with scenes from other screens", ios(3.2, 16.0), visionos(1.0, 1.0)) API_UNAVAILABLE(watchos); // all screens currently attached to the device
/Users/admin/builder/spi-builder-workspace/Sources/SiriusRating/Prompts/Presenters/Request/StyleTwoRequestPromptPresenter.swift:66:34: error: 'UIScreen' is unavailable in visionOS
 64 |             // To make sure the alert controller is on top of everything we will have to create a new key `UIWindow`.
 65 |             let promptWindow = UIWindow(windowScene: windowScene)
 66 |             promptWindow.frame = UIScreen.main.bounds
    |                                  `- error: 'UIScreen' is unavailable in visionOS
 67 |             promptWindow.windowLevel = UIWindow.Level.alert + 1
 68 |             promptWindow.rootViewController = UIViewController()
/Applications/Xcode-27.0.0-Release.Candidate.app/Contents/Developer/Platforms/XROS.platform/Developer/SDKs/XROS27.0.sdk/System/Library/Frameworks/UIKit.framework/Headers/UIScreen.h:54:12: note: 'UIScreen' has been explicitly marked unavailable here
 52 |
 53 | UIKIT_EXTERN API_AVAILABLE(ios(2.0)) API_UNAVAILABLE(visionos, watchos) NS_SWIFT_UI_ACTOR
 54 | @interface UIScreen : NSObject <UITraitEnvironment>
    |            `- note: 'UIScreen' has been explicitly marked unavailable here
 55 |
 56 | @property(class, nonatomic, readonly) NSArray<UIScreen *> *screens API_DEPRECATED("Use UIApplication.shared.openSessions to find open sessions with scenes from other screens", ios(3.2, 16.0), visionos(1.0, 1.0)) API_UNAVAILABLE(watchos); // all screens currently attached to the device
Failed frontend command:
/Applications/Xcode-27.0.0-Release.Candidate.app/Contents/Developer/Toolchains/XcodeDefault.xctoolchain/usr/bin/swift-frontend -frontend -c /Users/admin/builder/spi-builder-workspace/.derivedData/Build/Intermediates.noindex/SiriusRating.build/Debug-xros/SiriusRating-t.build/DerivedSources/resource_bundle_accessor.swift /Users/admin/builder/spi-builder-workspace/Sources/SiriusRating/AppVersionProviders/AppVersionProvider.swift /Users/admin/builder/spi-builder-workspace/Sources/SiriusRating/AppVersionProviders/BundleAppVersionProvider.swift /Users/admin/builder/spi-builder-workspace/Sources/SiriusRating/Configuration.swift /Users/admin/builder/spi-builder-workspace/Sources/SiriusRating/DataStores/DataStore.swift /Users/admin/builder/spi-builder-workspace/Sources/SiriusRating/DataStores/UserDefaultsDataStore.swift /Users/admin/builder/spi-builder-workspace/Sources/SiriusRating/Prompts/Presenters/Rate/ExternalAppleStoreRatePromptPresenter.swift /Users/admin/builder/spi-builder-workspace/Sources/SiriusRating/Prompts/Presenters/Rate/InAppRatePromptPresenter.swift /Users/admin/builder/spi-builder-workspace/Sources/SiriusRating/Prompts/Presenters/Rate/RatePromptPresenter.swift -primary-file /Users/admin/builder/spi-builder-workspace/Sources/SiriusRating/Prompts/Presenters/Request/RequestPromptPresenter.swift -primary-file /Users/admin/builder/spi-builder-workspace/Sources/SiriusRating/Prompts/Presenters/Request/StyleOneRequestPromptPresenter.swift -primary-file /Users/admin/builder/spi-builder-workspace/Sources/SiriusRating/Prompts/Presenters/Request/StyleTwoRequestPromptPresenter.swift /Users/admin/builder/spi-builder-workspace/Sources/SiriusRating/Prompts/Presenters/Request/Views/StyleOneRequestViewController.swift /Users/admin/builder/spi-builder-workspace/Sources/SiriusRating/Prompts/Presenters/Request/Views/StyleTwoRequestAlertController.swift /Users/admin/builder/spi-builder-workspace/Sources/SiriusRating/RatingConditions/ClosureRatingCondition.swift /Users/admin/builder/spi-builder-workspace/Sources/SiriusRating/RatingConditions/EnoughAppSessionsRatingCondition.swift /Users/admin/builder/spi-builder-workspace/Sources/SiriusRating/RatingConditions/EnoughDaysUsedRatingCondition.swift /Users/admin/builder/spi-builder-workspace/Sources/SiriusRating/RatingConditions/EnoughSignificantEventsRatingCondition.swift /Users/admin/builder/spi-builder-workspace/Sources/SiriusRating/RatingConditions/NotDeclinedToRateAnyVersionRatingCondition.swift /Users/admin/builder/spi-builder-workspace/Sources/SiriusRating/RatingConditions/NotDeclinedToRateCurrentVersionRatingCondition.swift /Users/admin/builder/spi-builder-workspace/Sources/SiriusRating/RatingConditions/NotPostponedDueToReminderRatingCondition.swift /Users/admin/builder/spi-builder-workspace/Sources/SiriusRating/RatingConditions/NotRatedAnyVersionRatingCondition.swift /Users/admin/builder/spi-builder-workspace/Sources/SiriusRating/RatingConditions/NotRatedCurrentVersionRatingCondition.swift /Users/admin/builder/spi-builder-workspace/Sources/SiriusRating/RatingConditions/RatingCondition.swift /Users/admin/builder/spi-builder-workspace/Sources/SiriusRating/SiriusRating.swift /Users/admin/builder/spi-builder-workspace/Sources/SiriusRating/UserAction.swift /Users/admin/builder/spi-builder-workspace/Sources/SiriusRating/_Support/Extensions/BundleExtension.swift /Users/admin/builder/spi-builder-workspace/.derivedData/Build/Intermediates.noindex/SiriusRating.build/Debug-xros/SiriusRating-t.build/DerivedSources/GeneratedAssetSymbols.swift /Users/admin/builder/spi-builder-workspace/.derivedData/Build/Intermediates.noindex/SiriusRating.build/Debug-xros/SiriusRating-t.build/DerivedSources/GeneratedStringSymbols_Localizable.swift -supplementary-output-file-map /Users/admin/builder/spi-builder-workspace/.derivedData/Build/Intermediates.noindex/SiriusRating.build/Debug-xros/SiriusRating-t.build/Objects-normal/arm64/supplementaryOutputs-4 -emit-localized-strings -emit-localized-strings-path /Users/admin/builder/spi-builder-workspace/.derivedData/Build/Intermediates.noindex/SiriusRating.build/Debug-xros/SiriusRating-t.build/Objects-normal/arm64 -target arm64-apple-xros1.0 -module-can-import-version DeveloperToolsSupport 24.0.24 24.0.24 -disable-cross-import-overlay-search -swift-module-cross-import StoreKit /Applications/Xcode-27.0.0-Release.Candidate.app/Contents/Developer/Platforms/XROS.platform/Developer/SDKs/XROS.sdk/System/Library/Frameworks/StoreKit.framework/Modules/StoreKit.swiftcrossimport/SwiftUI.swiftoverlay -swift-module-cross-import StoreKit /Applications/Xcode-27.0.0-Release.Candidate.app/Contents/Developer/Platforms/XROS.platform/Developer/SDKs/XROS27.0.sdk/System/Library/Frameworks/StoreKit.framework/Modules/StoreKit.swiftcrossimport/SwiftUI.swiftoverlay -load-resolved-plugin /Applications/Xcode-27.0.0-Release.Candidate.app/Contents/Developer/Platforms/XROS.platform/Developer/usr/lib/swift/host/plugins/libFoundationMacros.dylib\#/Applications/Xcode-27.0.0-Release.Candidate.app/Contents/Developer/Platforms/XROS.platform/Developer/usr/bin/swift-plugin-server\#FoundationMacros -load-resolved-plugin /Applications/Xcode-27.0.0-Release.Candidate.app/Contents/Developer/Platforms/XROS.platform/Developer/usr/lib/swift/host/plugins/libObservationMacros.dylib\#/Applications/Xcode-27.0.0-Release.Candidate.app/Contents/Developer/Platforms/XROS.platform/Developer/usr/bin/swift-plugin-server\#ObservationMacros -load-resolved-plugin /Applications/Xcode-27.0.0-Release.Candidate.app/Contents/Developer/Platforms/XROS.platform/Developer/usr/lib/swift/host/plugins/libPreviewsMacros.dylib\#/Applications/Xcode-27.0.0-Release.Candidate.app/Contents/Developer/Platforms/XROS.platform/Developer/usr/bin/swift-plugin-server\#PreviewsMacros -load-resolved-plugin /Applications/Xcode-27.0.0-Release.Candidate.app/Contents/Developer/Platforms/XROS.platform/Developer/usr/lib/swift/host/plugins/libSwiftMacros.dylib\#/Applications/Xcode-27.0.0-Release.Candidate.app/Contents/Developer/Platforms/XROS.platform/Developer/usr/bin/swift-plugin-server\#SwiftMacros -load-resolved-plugin /Applications/Xcode-27.0.0-Release.Candidate.app/Contents/Developer/Platforms/XROS.platform/Developer/usr/lib/swift/host/plugins/libSwiftUIMacros.dylib\#/Applications/Xcode-27.0.0-Release.Candidate.app/Contents/Developer/Platforms/XROS.platform/Developer/usr/bin/swift-plugin-server\#SwiftUIMacros -disable-implicit-swift-modules -Xcc -fno-implicit-modules -Xcc -fno-implicit-module-maps -explicit-swift-module-map-file /Users/admin/builder/spi-builder-workspace/.derivedData/Build/Intermediates.noindex/SiriusRating.build/Debug-xros/SiriusRating-t.build/Objects-normal/arm64/SiriusRating-dependencies-1.json -Xllvm -aarch64-use-tbi -enable-objc-interop -stack-check -sdk /Applications/Xcode-27.0.0-Release.Candidate.app/Contents/Developer/Platforms/XROS.platform/Developer/SDKs/XROS27.0.sdk -I /Users/admin/builder/spi-builder-workspace/.derivedData/Build/Products/Debug-xros -Isystem /Applications/Xcode-27.0.0-Release.Candidate.app/Contents/Developer/Platforms/XROS.platform/Developer/usr/lib -F /Users/admin/builder/spi-builder-workspace/.derivedData/Build/Products/Debug-xros -F /Applications/Xcode-27.0.0-Release.Candidate.app/Contents/Developer/Platforms/XROS.platform/Developer/Library/Frameworks -F /Applications/Xcode-27.0.0-Release.Candidate.app/Contents/Developer/Platforms/XROS.platform/Developer/SDKs/XROS27.0.sdk/Developer/Library/Frameworks -module-cache-path /Users/admin/builder/spi-builder-workspace/.derivedData/Build/Intermediates.noindex/SwiftExplicitPrecompiledModules -no-color-diagnostics -Xcc -fno-color-diagnostics -enable-testing -g -debug-info-format\=dwarf -dwarf-version\=4 -profile-generate -profile-coverage-mapping -swift-version 5 -Onone -D SWIFT_PACKAGE -D DEBUG -D SWIFT_MODULE_RESOURCE_BUNDLE_AVAILABLE -D Xcode -serialize-debugging-options -enable-experimental-feature DebugDescriptionMacro -empty-abi-descriptor -validate-clang-modules-once -clang-build-session-file /Users/admin/builder/spi-builder-workspace/.derivedData/ModuleCache.noindex/Session.modulevalidation -Xcc -working-directory -Xcc /Users/admin/builder/spi-builder-workspace/.swiftpm/xcode -enable-anonymous-context-mangled-names -file-compilation-dir /Users/admin/builder/spi-builder-workspace/.swiftpm/xcode -Xcc -D_LIBCPP_HARDENING_MODE\=_LIBCPP_HARDENING_MODE_DEBUG -Xcc -ivfsstatcache -Xcc /Users/admin/builder/spi-builder-workspace/.derivedData/SDKStatCaches.noindex/xros27.0-24M361-e829b21a6f8c9b70876ba0858053c044735bd543db762f57723cac368afd1ce4.sdkstatcache -Xcc -fmodules-prune-interval\=86400 -Xcc -fmodules-prune-after\=345600 -Xcc -I/Users/admin/builder/spi-builder-workspace/.derivedData/Build/Products/Debug-xros/include -Xcc -I/Users/admin/builder/spi-builder-workspace/.derivedData/Build/Intermediates.noindex/SiriusRating.build/Debug-xros/SiriusRating-t.build/DerivedSources-normal/arm64 -Xcc -I/Users/admin/builder/spi-builder-workspace/.derivedData/Build/Intermediates.noindex/SiriusRating.build/Debug-xros/SiriusRating-t.build/DerivedSources/arm64 -Xcc -I/Users/admin/builder/spi-builder-workspace/.derivedData/Build/Intermediates.noindex/SiriusRating.build/Debug-xros/SiriusRating-t.build/DerivedSources -Xcc -DSWIFT_PACKAGE -Xcc -DDEBUG\=1 -no-auto-bridging-header-chaining -module-name SiriusRating -const-gather-protocols-file /Users/admin/builder/spi-builder-workspace/.derivedData/Build/Intermediates.noindex/SiriusRating.build/Debug-xros/SiriusRating-t.build/Objects-normal/arm64/SiriusRating_const_extract_protocols.json -disable-clang-spi -clang-target arm64-apple-xros27.0 -target-sdk-version 27.0 -target-sdk-name xros27.0 -in-process-plugin-server-path /Applications/Xcode-27.0.0-Release.Candidate.app/Contents/Developer/Toolchains/XcodeDefault.xctoolchain/usr/lib/swift/host/libSwiftInProcPluginServer.dylib -parse-as-library -o /Users/admin/builder/spi-builder-workspace/.derivedData/Build/Intermediates.noindex/SiriusRating.build/Debug-xros/SiriusRating-t.build/Objects-normal/arm64/RequestPromptPresenter.o -o /Users/admin/builder/spi-builder-workspace/.derivedData/Build/Intermediates.noindex/SiriusRating.build/Debug-xros/SiriusRating-t.build/Objects-normal/arm64/StyleOneRequestPromptPresenter.o -o /Users/admin/builder/spi-builder-workspace/.derivedData/Build/Intermediates.noindex/SiriusRating.build/Debug-xros/SiriusRating-t.build/Objects-normal/arm64/StyleTwoRequestPromptPresenter.o -debug-module-path /Users/admin/builder/spi-builder-workspace/.derivedData/Build/Intermediates.noindex/SiriusRating.build/Debug-xros/SiriusRating-t.build/Objects-normal/arm64/SiriusRating.swiftmodule -index-unit-output-path /SiriusRating.build/Debug-xros/SiriusRating-t.build/Objects-normal/arm64/RequestPromptPresenter.o -index-unit-output-path /SiriusRating.build/Debug-xros/SiriusRating-t.build/Objects-normal/arm64/StyleOneRequestPromptPresenter.o -index-unit-output-path /SiriusRating.build/Debug-xros/SiriusRating-t.build/Objects-normal/arm64/StyleTwoRequestPromptPresenter.o -index-store-path /Users/admin/builder/spi-builder-workspace/.derivedData/Index.noindex/DataStore -index-system-modules
SwiftCompile normal arm64 /Users/admin/builder/spi-builder-workspace/Sources/SiriusRating/Prompts/Presenters/Request/RequestPromptPresenter.swift (in target 'SiriusRating' from project 'SiriusRating')
    cd /Users/admin/builder/spi-builder-workspace/.swiftpm/xcode
    builtin-SwiftPerFileCompile RequestPromptPresenter.swift
SwiftCompile normal arm64 /Users/admin/builder/spi-builder-workspace/Sources/SiriusRating/Prompts/Presenters/Request/StyleOneRequestPromptPresenter.swift (in target 'SiriusRating' from project 'SiriusRating')
    cd /Users/admin/builder/spi-builder-workspace/.swiftpm/xcode
    builtin-SwiftPerFileCompile StyleOneRequestPromptPresenter.swift
SwiftCompile normal arm64 /Users/admin/builder/spi-builder-workspace/Sources/SiriusRating/Prompts/Presenters/Request/StyleTwoRequestPromptPresenter.swift (in target 'SiriusRating' from project 'SiriusRating')
    cd /Users/admin/builder/spi-builder-workspace/.swiftpm/xcode
    builtin-SwiftPerFileCompile StyleTwoRequestPromptPresenter.swift
SwiftCompile normal arm64 Compiling\ resource_bundle_accessor.swift,\ AppVersionProvider.swift,\ BundleAppVersionProvider.swift /Users/admin/builder/spi-builder-workspace/.derivedData/Build/Intermediates.noindex/SiriusRating.build/Debug-xros/SiriusRating-t.build/DerivedSources/resource_bundle_accessor.swift /Users/admin/builder/spi-builder-workspace/Sources/SiriusRating/AppVersionProviders/AppVersionProvider.swift /Users/admin/builder/spi-builder-workspace/Sources/SiriusRating/AppVersionProviders/BundleAppVersionProvider.swift (in target 'SiriusRating' from project 'SiriusRating')
SwiftCompile normal arm64 /Users/admin/builder/spi-builder-workspace/.derivedData/Build/Intermediates.noindex/SiriusRating.build/Debug-xros/SiriusRating-t.build/DerivedSources/resource_bundle_accessor.swift (in target 'SiriusRating' from project 'SiriusRating')
    cd /Users/admin/builder/spi-builder-workspace/.swiftpm/xcode
    builtin-SwiftPerFileCompile resource_bundle_accessor.swift
SwiftCompile normal arm64 /Users/admin/builder/spi-builder-workspace/Sources/SiriusRating/AppVersionProviders/AppVersionProvider.swift (in target 'SiriusRating' from project 'SiriusRating')
    cd /Users/admin/builder/spi-builder-workspace/.swiftpm/xcode
    builtin-SwiftPerFileCompile AppVersionProvider.swift
SwiftCompile normal arm64 /Users/admin/builder/spi-builder-workspace/Sources/SiriusRating/AppVersionProviders/BundleAppVersionProvider.swift (in target 'SiriusRating' from project 'SiriusRating')
    cd /Users/admin/builder/spi-builder-workspace/.swiftpm/xcode
    builtin-SwiftPerFileCompile BundleAppVersionProvider.swift
SwiftCompile normal arm64 Compiling\ StyleOneRequestViewController.swift,\ StyleTwoRequestAlertController.swift,\ ClosureRatingCondition.swift /Users/admin/builder/spi-builder-workspace/Sources/SiriusRating/Prompts/Presenters/Request/Views/StyleOneRequestViewController.swift /Users/admin/builder/spi-builder-workspace/Sources/SiriusRating/Prompts/Presenters/Request/Views/StyleTwoRequestAlertController.swift /Users/admin/builder/spi-builder-workspace/Sources/SiriusRating/RatingConditions/ClosureRatingCondition.swift (in target 'SiriusRating' from project 'SiriusRating')
SwiftCompile normal arm64 /Users/admin/builder/spi-builder-workspace/Sources/SiriusRating/Prompts/Presenters/Request/Views/StyleOneRequestViewController.swift (in target 'SiriusRating' from project 'SiriusRating')
    cd /Users/admin/builder/spi-builder-workspace/.swiftpm/xcode
    builtin-SwiftPerFileCompile StyleOneRequestViewController.swift
SwiftCompile normal arm64 /Users/admin/builder/spi-builder-workspace/Sources/SiriusRating/Prompts/Presenters/Request/Views/StyleTwoRequestAlertController.swift (in target 'SiriusRating' from project 'SiriusRating')
    cd /Users/admin/builder/spi-builder-workspace/.swiftpm/xcode
    builtin-SwiftPerFileCompile StyleTwoRequestAlertController.swift
SwiftCompile normal arm64 /Users/admin/builder/spi-builder-workspace/Sources/SiriusRating/RatingConditions/ClosureRatingCondition.swift (in target 'SiriusRating' from project 'SiriusRating')
    cd /Users/admin/builder/spi-builder-workspace/.swiftpm/xcode
    builtin-SwiftPerFileCompile ClosureRatingCondition.swift
/Users/admin/builder/spi-builder-workspace/Sources/SiriusRating/Prompts/Presenters/Request/Views/StyleOneRequestViewController.swift:120:20: warning: 'contentEdgeInsets' was deprecated in visionOS 1.0: This property is ignored when using UIButtonConfiguration [#DeprecatedDeclaration]
118 |         rateButton.backgroundColor = UIColor(red: 0.192, green: 0.594, blue: 0.86, alpha: 1.0)
119 |         rateButton.layer.cornerRadius = 5
120 |         rateButton.contentEdgeInsets = UIEdgeInsets(top: 8.0, left: 16.0, bottom: 8.0, right: 16.0)
    |                    `- warning: 'contentEdgeInsets' was deprecated in visionOS 1.0: This property is ignored when using UIButtonConfiguration [#DeprecatedDeclaration]
121 |         rateButton.layer.masksToBounds = true
122 |         rateButton.titleLabel?.font = .systemFont(ofSize: 15, weight: .medium)
/Users/admin/builder/spi-builder-workspace/Sources/SiriusRating/Prompts/Presenters/Request/Views/StyleOneRequestViewController.swift:133:32: warning: 'contentEdgeInsets' was deprecated in visionOS 1.0: This property is ignored when using UIButtonConfiguration [#DeprecatedDeclaration]
131 |         optInForReminderButton.setContentCompressionResistancePriority(.required, for: .vertical)
132 |         optInForReminderButton.translatesAutoresizingMaskIntoConstraints = false
133 |         optInForReminderButton.contentEdgeInsets = UIEdgeInsets(top: 8.0, left: 16.0, bottom: 8.0, right: 16.0)
    |                                `- warning: 'contentEdgeInsets' was deprecated in visionOS 1.0: This property is ignored when using UIButtonConfiguration [#DeprecatedDeclaration]
134 |         optInForReminderButton.titleLabel?.font = .systemFont(ofSize: 15)
135 |         optInForReminderButton.setTitleColor(.secondaryLabel, for: .normal)
[#DeprecatedDeclaration]: <https://docs.swift.org/compiler/documentation/diagnostics/deprecated-declaration>
SwiftCompile normal arm64 Compiling\ ExternalAppleStoreRatePromptPresenter.swift,\ InAppRatePromptPresenter.swift,\ RatePromptPresenter.swift /Users/admin/builder/spi-builder-workspace/Sources/SiriusRating/Prompts/Presenters/Rate/ExternalAppleStoreRatePromptPresenter.swift /Users/admin/builder/spi-builder-workspace/Sources/SiriusRating/Prompts/Presenters/Rate/InAppRatePromptPresenter.swift /Users/admin/builder/spi-builder-workspace/Sources/SiriusRating/Prompts/Presenters/Rate/RatePromptPresenter.swift (in target 'SiriusRating' from project 'SiriusRating')
SwiftCompile normal arm64 /Users/admin/builder/spi-builder-workspace/Sources/SiriusRating/Prompts/Presenters/Rate/ExternalAppleStoreRatePromptPresenter.swift (in target 'SiriusRating' from project 'SiriusRating')
    cd /Users/admin/builder/spi-builder-workspace/.swiftpm/xcode
    builtin-SwiftPerFileCompile ExternalAppleStoreRatePromptPresenter.swift
SwiftCompile normal arm64 /Users/admin/builder/spi-builder-workspace/Sources/SiriusRating/Prompts/Presenters/Rate/InAppRatePromptPresenter.swift (in target 'SiriusRating' from project 'SiriusRating')
    cd /Users/admin/builder/spi-builder-workspace/.swiftpm/xcode
    builtin-SwiftPerFileCompile InAppRatePromptPresenter.swift
SwiftCompile normal arm64 /Users/admin/builder/spi-builder-workspace/Sources/SiriusRating/Prompts/Presenters/Rate/RatePromptPresenter.swift (in target 'SiriusRating' from project 'SiriusRating')
    cd /Users/admin/builder/spi-builder-workspace/.swiftpm/xcode
    builtin-SwiftPerFileCompile RatePromptPresenter.swift
SwiftDriverJobDiscovery normal arm64 Emitting module for SiriusRating (in target 'SiriusRating' from project 'SiriusRating')
SwiftDriver\ Compilation\ Requirements SiriusRating normal arm64 com.apple.xcode.tools.swift.compiler (in target 'SiriusRating' from project 'SiriusRating')
    cd /Users/admin/builder/spi-builder-workspace/.swiftpm/xcode
    builtin-Swift-Compilation-Requirements -- /Applications/Xcode-27.0.0-Release.Candidate.app/Contents/Developer/Toolchains/XcodeDefault.xctoolchain/usr/bin/swiftc -parse-as-library -module-name SiriusRating -Onone @/Users/admin/builder/spi-builder-workspace/.derivedData/Build/Intermediates.noindex/SiriusRating.build/Debug-xros/SiriusRating-t.build/Objects-normal/arm64/SiriusRating.SwiftFileList -DSWIFT_PACKAGE -DDEBUG -DSWIFT_MODULE_RESOURCE_BUNDLE_AVAILABLE -DXcode -plugin-path /Applications/Xcode-27.0.0-Release.Candidate.app/Contents/Developer/Toolchains/XcodeDefault.xctoolchain/usr/lib/swift/host/plugins/testing -enable-experimental-feature DebugDescriptionMacro -sdk /Applications/Xcode-27.0.0-Release.Candidate.app/Contents/Developer/Platforms/XROS.platform/Developer/SDKs/XROS27.0.sdk -target arm64-apple-xros1.0 -g -module-cache-path /Users/admin/builder/spi-builder-workspace/.derivedData/ModuleCache.noindex -Xfrontend -serialize-debugging-options -profile-coverage-mapping -profile-generate -enable-testing -index-store-path /Users/admin/builder/spi-builder-workspace/.derivedData/Index.noindex/DataStore -Xcc -D_LIBCPP_HARDENING_MODE\=_LIBCPP_HARDENING_MODE_DEBUG -swift-version 5 -I /Users/admin/builder/spi-builder-workspace/.derivedData/Build/Products/Debug-xros -Isystem /Applications/Xcode-27.0.0-Release.Candidate.app/Contents/Developer/Platforms/XROS.platform/Developer/usr/lib -F /Users/admin/builder/spi-builder-workspace/.derivedData/Build/Products/Debug-xros -F /Applications/Xcode-27.0.0-Release.Candidate.app/Contents/Developer/Platforms/XROS.platform/Developer/Library/Frameworks -F /Applications/Xcode-27.0.0-Release.Candidate.app/Contents/Developer/Platforms/XROS.platform/Developer/SDKs/XROS27.0.sdk/Developer/Library/Frameworks -emit-localized-strings -emit-localized-strings-path /Users/admin/builder/spi-builder-workspace/.derivedData/Build/Intermediates.noindex/SiriusRating.build/Debug-xros/SiriusRating-t.build/Objects-normal/arm64 -c -j10 -enable-batch-mode -incremental -Xcc -ivfsstatcache -Xcc /Users/admin/builder/spi-builder-workspace/.derivedData/SDKStatCaches.noindex/xros27.0-24M361-e829b21a6f8c9b70876ba0858053c044735bd543db762f57723cac368afd1ce4.sdkstatcache -output-file-map /Users/admin/builder/spi-builder-workspace/.derivedData/Build/Intermediates.noindex/SiriusRating.build/Debug-xros/SiriusRating-t.build/Objects-normal/arm64/SiriusRating-OutputFileMap.json -save-temps -no-color-diagnostics -explicit-module-build -module-cache-path /Users/admin/builder/spi-builder-workspace/.derivedData/Build/Intermediates.noindex/SwiftExplicitPrecompiledModules -clang-scanner-module-cache-path /Users/admin/builder/spi-builder-workspace/.derivedData/ModuleCache.noindex -sdk-module-cache-path /Users/admin/builder/spi-builder-workspace/.derivedData/SDKExplicitPrecompiledModules -emit-dependencies -emit-module -emit-module-path /Users/admin/builder/spi-builder-workspace/.derivedData/Build/Intermediates.noindex/SiriusRating.build/Debug-xros/SiriusRating-t.build/Objects-normal/arm64/SiriusRating.swiftmodule -serialize-diagnostics -dependency-scan-serialize-diagnostics-path /Users/admin/builder/spi-builder-workspace/.derivedData/Build/Intermediates.noindex/SiriusRating.build/Debug-xros/SiriusRating-t.build/Objects-normal/arm64/SiriusRating-dependency-scan.dia -validate-clang-modules-once -clang-build-session-file /Users/admin/builder/spi-builder-workspace/.derivedData/ModuleCache.noindex/Session.modulevalidation -Xcc -fmodules-prune-interval\=86400 -Xcc -fmodules-prune-after\=345600 -emit-const-values -const-gather-protocols-list /Users/admin/builder/spi-builder-workspace/.derivedData/Build/Intermediates.noindex/SiriusRating.build/Debug-xros/SiriusRating-t.build/Objects-normal/arm64/SiriusRating_const_extract_protocols.json -Xcc -I/Users/admin/builder/spi-builder-workspace/.derivedData/Build/Products/Debug-xros/include -Xcc -I/Users/admin/builder/spi-builder-workspace/.derivedData/Build/Intermediates.noindex/SiriusRating.build/Debug-xros/SiriusRating-t.build/DerivedSources-normal/arm64 -Xcc -I/Users/admin/builder/spi-builder-workspace/.derivedData/Build/Intermediates.noindex/SiriusRating.build/Debug-xros/SiriusRating-t.build/DerivedSources/arm64 -Xcc -I/Users/admin/builder/spi-builder-workspace/.derivedData/Build/Intermediates.noindex/SiriusRating.build/Debug-xros/SiriusRating-t.build/DerivedSources -Xcc -DSWIFT_PACKAGE -Xcc -DDEBUG\=1 -emit-objc-header -emit-objc-header-path /Users/admin/builder/spi-builder-workspace/.derivedData/Build/Intermediates.noindex/SiriusRating.build/Debug-xros/SiriusRating-t.build/Objects-normal/arm64/SiriusRating-Swift.h -working-directory /Users/admin/builder/spi-builder-workspace/.swiftpm/xcode -experimental-emit-module-separately -disable-cmo
SwiftDriverJobDiscovery normal arm64 Compiling EnoughAppSessionsRatingCondition.swift, EnoughDaysUsedRatingCondition.swift, EnoughSignificantEventsRatingCondition.swift (in target 'SiriusRating' from project 'SiriusRating')
SwiftDriverJobDiscovery normal arm64 Compiling Configuration.swift, DataStore.swift, UserDefaultsDataStore.swift (in target 'SiriusRating' from project 'SiriusRating')
SwiftDriverJobDiscovery normal arm64 Compiling resource_bundle_accessor.swift, AppVersionProvider.swift, BundleAppVersionProvider.swift (in target 'SiriusRating' from project 'SiriusRating')
SwiftDriverJobDiscovery normal arm64 Compiling NotDeclinedToRateAnyVersionRatingCondition.swift, NotDeclinedToRateCurrentVersionRatingCondition.swift, NotPostponedDueToReminderRatingCondition.swift (in target 'SiriusRating' from project 'SiriusRating')
SwiftDriverJobDiscovery normal arm64 Compiling NotRatedAnyVersionRatingCondition.swift, NotRatedCurrentVersionRatingCondition.swift, RatingCondition.swift (in target 'SiriusRating' from project 'SiriusRating')
SwiftMergeGeneratedHeaders /Users/admin/builder/spi-builder-workspace/.derivedData/Build/Intermediates.noindex/GeneratedModuleMaps-xros/SiriusRating-Swift.h /Users/admin/builder/spi-builder-workspace/.derivedData/Build/Intermediates.noindex/SiriusRating.build/Debug-xros/SiriusRating-t.build/Objects-normal/arm64/SiriusRating-Swift.h (in target 'SiriusRating' from project 'SiriusRating')
    cd /Users/admin/builder/spi-builder-workspace
    builtin-swiftHeaderTool -arch arm64 /Users/admin/builder/spi-builder-workspace/.derivedData/Build/Intermediates.noindex/SiriusRating.build/Debug-xros/SiriusRating-t.build/Objects-normal/arm64/SiriusRating-Swift.h -o /Users/admin/builder/spi-builder-workspace/.derivedData/Build/Intermediates.noindex/GeneratedModuleMaps-xros/SiriusRating-Swift.h
Copy /Users/admin/builder/spi-builder-workspace/.derivedData/Build/Products/Debug-xros/SiriusRating.swiftmodule/arm64-apple-xros.swiftdoc /Users/admin/builder/spi-builder-workspace/.derivedData/Build/Intermediates.noindex/SiriusRating.build/Debug-xros/SiriusRating-t.build/Objects-normal/arm64/SiriusRating.swiftdoc (in target 'SiriusRating' from project 'SiriusRating')
    cd /Users/admin/builder/spi-builder-workspace
    builtin-copy -exclude .DS_Store -exclude CVS -exclude .svn -exclude .git -exclude .hg -resolve-src-symlinks -rename /Users/admin/builder/spi-builder-workspace/.derivedData/Build/Intermediates.noindex/SiriusRating.build/Debug-xros/SiriusRating-t.build/Objects-normal/arm64/SiriusRating.swiftdoc /Users/admin/builder/spi-builder-workspace/.derivedData/Build/Products/Debug-xros/SiriusRating.swiftmodule/arm64-apple-xros.swiftdoc
Copy /Users/admin/builder/spi-builder-workspace/.derivedData/Build/Products/Debug-xros/SiriusRating.swiftmodule/arm64-apple-xros.swiftmodule /Users/admin/builder/spi-builder-workspace/.derivedData/Build/Intermediates.noindex/SiriusRating.build/Debug-xros/SiriusRating-t.build/Objects-normal/arm64/SiriusRating.swiftmodule (in target 'SiriusRating' from project 'SiriusRating')
    cd /Users/admin/builder/spi-builder-workspace
    builtin-copy -exclude .DS_Store -exclude CVS -exclude .svn -exclude .git -exclude .hg -resolve-src-symlinks -rename /Users/admin/builder/spi-builder-workspace/.derivedData/Build/Intermediates.noindex/SiriusRating.build/Debug-xros/SiriusRating-t.build/Objects-normal/arm64/SiriusRating.swiftmodule /Users/admin/builder/spi-builder-workspace/.derivedData/Build/Products/Debug-xros/SiriusRating.swiftmodule/arm64-apple-xros.swiftmodule
Copy /Users/admin/builder/spi-builder-workspace/.derivedData/Build/Products/Debug-xros/SiriusRating.swiftmodule/arm64-apple-xros.abi.json /Users/admin/builder/spi-builder-workspace/.derivedData/Build/Intermediates.noindex/SiriusRating.build/Debug-xros/SiriusRating-t.build/Objects-normal/arm64/SiriusRating.abi.json (in target 'SiriusRating' from project 'SiriusRating')
    cd /Users/admin/builder/spi-builder-workspace
    builtin-copy -exclude .DS_Store -exclude CVS -exclude .svn -exclude .git -exclude .hg -resolve-src-symlinks -rename /Users/admin/builder/spi-builder-workspace/.derivedData/Build/Intermediates.noindex/SiriusRating.build/Debug-xros/SiriusRating-t.build/Objects-normal/arm64/SiriusRating.abi.json /Users/admin/builder/spi-builder-workspace/.derivedData/Build/Products/Debug-xros/SiriusRating.swiftmodule/arm64-apple-xros.abi.json
Copy /Users/admin/builder/spi-builder-workspace/.derivedData/Build/Products/Debug-xros/SiriusRating.swiftmodule/Project/arm64-apple-xros.swiftsourceinfo /Users/admin/builder/spi-builder-workspace/.derivedData/Build/Intermediates.noindex/SiriusRating.build/Debug-xros/SiriusRating-t.build/Objects-normal/arm64/SiriusRating.swiftsourceinfo (in target 'SiriusRating' from project 'SiriusRating')
    cd /Users/admin/builder/spi-builder-workspace
    builtin-copy -exclude .DS_Store -exclude CVS -exclude .svn -exclude .git -exclude .hg -resolve-src-symlinks -rename /Users/admin/builder/spi-builder-workspace/.derivedData/Build/Intermediates.noindex/SiriusRating.build/Debug-xros/SiriusRating-t.build/Objects-normal/arm64/SiriusRating.swiftsourceinfo /Users/admin/builder/spi-builder-workspace/.derivedData/Build/Products/Debug-xros/SiriusRating.swiftmodule/Project/arm64-apple-xros.swiftsourceinfo
SwiftDriverJobDiscovery normal arm64 Compiling GeneratedAssetSymbols.swift, GeneratedStringSymbols_Localizable.swift (in target 'SiriusRating' from project 'SiriusRating')
PruneExplicitPrecompiledModules /Users/admin/builder/spi-builder-workspace/.derivedData/Build/Intermediates.noindex/ExplicitPrecompiledModules
PruneExplicitPrecompiledModules /Users/admin/builder/spi-builder-workspace/.derivedData/Build/Intermediates.noindex/SwiftExplicitPrecompiledModules
PruneExplicitPrecompiledModules /Users/admin/builder/spi-builder-workspace/.derivedData/SDKExplicitPrecompiledModules
2026-09-24 15:28:04.928 xcodebuild[684:4431] [MT] IDERunDestination: Supported platforms for the buildables in the current scheme is empty.
** BUILD FAILED **
The following build commands failed:
	SwiftCompile normal arm64 Compiling\ RequestPromptPresenter.swift,\ StyleOneRequestPromptPresenter.swift,\ StyleTwoRequestPromptPresenter.swift /Users/admin/builder/spi-builder-workspace/Sources/SiriusRating/Prompts/Presenters/Request/RequestPromptPresenter.swift /Users/admin/builder/spi-builder-workspace/Sources/SiriusRating/Prompts/Presenters/Request/StyleOneRequestPromptPresenter.swift /Users/admin/builder/spi-builder-workspace/Sources/SiriusRating/Prompts/Presenters/Request/StyleTwoRequestPromptPresenter.swift (in target 'SiriusRating' from project 'SiriusRating')
	SwiftCompile normal arm64 /Users/admin/builder/spi-builder-workspace/Sources/SiriusRating/Prompts/Presenters/Request/StyleOneRequestPromptPresenter.swift (in target 'SiriusRating' from project 'SiriusRating')
	SwiftCompile normal arm64 /Users/admin/builder/spi-builder-workspace/Sources/SiriusRating/Prompts/Presenters/Request/StyleTwoRequestPromptPresenter.swift (in target 'SiriusRating' from project 'SiriusRating')
	Building workspace SiriusRating with scheme SiriusRating
(4 failures)
Command line invocation:
    /Applications/Xcode-27.0.0-Release.Candidate.app/Contents/Developer/usr/bin/xcodebuild -IDEClonedSourcePackagesDirPathOverride=/Users/admin/builder/spi-builder-workspace/.dependencies -resolvePackageDependencies
Resolve Package Graph
Resolved source packages:
  SiriusRating: /Users/admin/builder/spi-builder-workspace
resolved source packages: SiriusRating
2026-09-24 15:28:17.248 xcodebuild[794:4920] [MT] IDERunDestination: Supported platforms for the buildables in the current scheme is empty.
{
  "default_localization" : "en",
  "dependencies" : [
  ],
  "manifest_display_name" : "SiriusRating",
  "name" : "SiriusRating",
  "path" : "/Users/admin/builder/spi-builder-workspace",
  "platforms" : [
    {
      "name" : "ios",
      "version" : "13.0"
    }
  ],
  "products" : [
    {
      "name" : "SiriusRating",
      "targets" : [
        "SiriusRating"
      ],
      "type" : {
        "library" : [
          "automatic"
        ]
      }
    }
  ],
  "targets" : [
    {
      "c99name" : "SiriusRatingTests",
      "module_type" : "SwiftTarget",
      "name" : "SiriusRatingTests",
      "path" : "Tests/SiriusRatingTests",
      "sources" : [
        "DataStores/InMemoryDataStore.swift",
        "RatingConditions/EnoughAppSessionsRatingConditionTest.swift",
        "RatingConditions/EnoughDaysUsedRatingConditionTest.swift",
        "RatingConditions/EnoughSignificantEventsRatingConditionTest.swift",
        "RatingConditions/NotDeclinedToRateAnyVersionRatingConditionTest.swift",
        "RatingConditions/NotDeclinedToRateCurrentVersionRatingConditionTest.swift",
        "RatingConditions/NotPostponedDueToReminderRatingConditionTest.swift",
        "RatingConditions/NotRatedAnyVersionRatingConditionTest.swift",
        "RatingConditions/NotRatedCurrentVersionRatingConditionTest.swift",
        "SiriusRatingTest.swift",
        "_Support/InMemoryAppVersionProvider.swift"
      ],
      "target_dependencies" : [
        "SiriusRating"
      ],
      "type" : "test"
    },
    {
      "c99name" : "SiriusRating",
      "module_type" : "SwiftTarget",
      "name" : "SiriusRating",
      "path" : "Sources/SiriusRating",
      "product_memberships" : [
        "SiriusRating"
      ],
      "resources" : [
        {
          "path" : "/Users/admin/builder/spi-builder-workspace/Sources/SiriusRating/Resources/Images.xcassets",
          "rule" : {
            "process" : {
            }
          }
        },
        {
          "path" : "/Users/admin/builder/spi-builder-workspace/Sources/SiriusRating/Resources/Localizable.xcstrings",
          "rule" : {
            "process" : {
            }
          }
        }
      ],
      "sources" : [
        "AppVersionProviders/AppVersionProvider.swift",
        "AppVersionProviders/BundleAppVersionProvider.swift",
        "Configuration.swift",
        "DataStores/DataStore.swift",
        "DataStores/UserDefaultsDataStore.swift",
        "Prompts/Presenters/Rate/ExternalAppleStoreRatePromptPresenter.swift",
        "Prompts/Presenters/Rate/InAppRatePromptPresenter.swift",
        "Prompts/Presenters/Rate/RatePromptPresenter.swift",
        "Prompts/Presenters/Request/RequestPromptPresenter.swift",
        "Prompts/Presenters/Request/StyleOneRequestPromptPresenter.swift",
        "Prompts/Presenters/Request/StyleTwoRequestPromptPresenter.swift",
        "Prompts/Presenters/Request/Views/StyleOneRequestViewController.swift",
        "Prompts/Presenters/Request/Views/StyleTwoRequestAlertController.swift",
        "RatingConditions/ClosureRatingCondition.swift",
        "RatingConditions/EnoughAppSessionsRatingCondition.swift",
        "RatingConditions/EnoughDaysUsedRatingCondition.swift",
        "RatingConditions/EnoughSignificantEventsRatingCondition.swift",
        "RatingConditions/NotDeclinedToRateAnyVersionRatingCondition.swift",
        "RatingConditions/NotDeclinedToRateCurrentVersionRatingCondition.swift",
        "RatingConditions/NotPostponedDueToReminderRatingCondition.swift",
        "RatingConditions/NotRatedAnyVersionRatingCondition.swift",
        "RatingConditions/NotRatedCurrentVersionRatingCondition.swift",
        "RatingConditions/RatingCondition.swift",
        "SiriusRating.swift",
        "UserAction.swift",
        "_Support/Extensions/BundleExtension.swift"
      ],
      "type" : "library"
    }
  ],
  "tools_version" : "5.4"
}
{
  "workspace" : {
    "name" : "SiriusRating",
    "schemes" : [
      "SiriusRating"
    ]
  }
}
2026-09-24 15:28:18.502 xcodebuild[802:4991] [MT] IDERunDestination: Supported platforms for the buildables in the current scheme is empty.
Running build ...
env DEVELOPER_DIR=/Applications/Xcode-27.0.0-Release.Candidate.app xcrun xcodebuild -IDEClonedSourcePackagesDirPathOverride=$PWD/.dependencies -skipMacroValidation -skipPackagePluginValidation -derivedDataPath $PWD/.derivedData build -scheme SiriusRating -destination generic/platform=xrOS
Command line invocation:
    /Applications/Xcode-27.0.0-Release.Candidate.app/Contents/Developer/usr/bin/xcodebuild -IDEClonedSourcePackagesDirPathOverride=/Users/admin/builder/spi-builder-workspace/.dependencies -skipMacroValidation -skipPackagePluginValidation -derivedDataPath /Users/admin/builder/spi-builder-workspace/.derivedData build -scheme SiriusRating -destination generic/platform=xrOS
Resolve Package Graph
Resolved source packages:
  SiriusRating: /Users/admin/builder/spi-builder-workspace
ComputePackagePrebuildTargetDependencyGraph
Prepare packages
CreateBuildRequest
SendProjectDescription
CreateBuildOperation
ComputeTargetDependencyGraph
note: Building targets in dependency order
note: Target dependency graph (3 targets)
    Target 'SiriusRating-product' in project 'SiriusRating'
        ➜ Explicit dependency on target 'SiriusRating' in project 'SiriusRating'
        ➜ Explicit dependency on target 'SiriusRating_SiriusRating' in project 'SiriusRating'
    Target 'SiriusRating' in project 'SiriusRating'
        ➜ Explicit dependency on target 'SiriusRating_SiriusRating' in project 'SiriusRating'
    Target 'SiriusRating_SiriusRating' in project 'SiriusRating' (no dependencies)
GatherProvisioningInputs
CreateBuildDescription
ClangStatCache /Applications/Xcode-27.0.0-Release.Candidate.app/Contents/Developer/Toolchains/XcodeDefault.xctoolchain/usr/bin/clang-stat-cache /Applications/Xcode-27.0.0-Release.Candidate.app/Contents/Developer/Platforms/XROS.platform/Developer/SDKs/XROS27.0.sdk /Users/admin/builder/spi-builder-workspace/.derivedData/SDKStatCaches.noindex/xros27.0-24M361-e829b21a6f8c9b70876ba0858053c044735bd543db762f57723cac368afd1ce4.sdkstatcache
    cd /Users/admin/builder/spi-builder-workspace/.swiftpm/xcode
    /Applications/Xcode-27.0.0-Release.Candidate.app/Contents/Developer/Toolchains/XcodeDefault.xctoolchain/usr/bin/clang-stat-cache /Applications/Xcode-27.0.0-Release.Candidate.app/Contents/Developer/Platforms/XROS.platform/Developer/SDKs/XROS27.0.sdk -o /Users/admin/builder/spi-builder-workspace/.derivedData/SDKStatCaches.noindex/xros27.0-24M361-e829b21a6f8c9b70876ba0858053c044735bd543db762f57723cac368afd1ce4.sdkstatcache
SwiftDriver SiriusRating normal arm64 com.apple.xcode.tools.swift.compiler (in target 'SiriusRating' from project 'SiriusRating')
    cd /Users/admin/builder/spi-builder-workspace/.swiftpm/xcode
    builtin-SwiftDriver -- /Applications/Xcode-27.0.0-Release.Candidate.app/Contents/Developer/Toolchains/XcodeDefault.xctoolchain/usr/bin/swiftc -parse-as-library -module-name SiriusRating -Onone @/Users/admin/builder/spi-builder-workspace/.derivedData/Build/Intermediates.noindex/SiriusRating.build/Debug-xros/SiriusRating-t.build/Objects-normal/arm64/SiriusRating.SwiftFileList -DSWIFT_PACKAGE -DDEBUG -DSWIFT_MODULE_RESOURCE_BUNDLE_AVAILABLE -DXcode -plugin-path /Applications/Xcode-27.0.0-Release.Candidate.app/Contents/Developer/Toolchains/XcodeDefault.xctoolchain/usr/lib/swift/host/plugins/testing -enable-experimental-feature DebugDescriptionMacro -sdk /Applications/Xcode-27.0.0-Release.Candidate.app/Contents/Developer/Platforms/XROS.platform/Developer/SDKs/XROS27.0.sdk -target arm64-apple-xros1.0 -g -module-cache-path /Users/admin/builder/spi-builder-workspace/.derivedData/ModuleCache.noindex -Xfrontend -serialize-debugging-options -profile-coverage-mapping -profile-generate -enable-testing -index-store-path /Users/admin/builder/spi-builder-workspace/.derivedData/Index.noindex/DataStore -Xcc -D_LIBCPP_HARDENING_MODE\=_LIBCPP_HARDENING_MODE_DEBUG -swift-version 5 -I /Users/admin/builder/spi-builder-workspace/.derivedData/Build/Products/Debug-xros -Isystem /Applications/Xcode-27.0.0-Release.Candidate.app/Contents/Developer/Platforms/XROS.platform/Developer/usr/lib -F /Users/admin/builder/spi-builder-workspace/.derivedData/Build/Products/Debug-xros -F /Applications/Xcode-27.0.0-Release.Candidate.app/Contents/Developer/Platforms/XROS.platform/Developer/Library/Frameworks -F /Applications/Xcode-27.0.0-Release.Candidate.app/Contents/Developer/Platforms/XROS.platform/Developer/SDKs/XROS27.0.sdk/Developer/Library/Frameworks -emit-localized-strings -emit-localized-strings-path /Users/admin/builder/spi-builder-workspace/.derivedData/Build/Intermediates.noindex/SiriusRating.build/Debug-xros/SiriusRating-t.build/Objects-normal/arm64 -c -j10 -enable-batch-mode -incremental -Xcc -ivfsstatcache -Xcc /Users/admin/builder/spi-builder-workspace/.derivedData/SDKStatCaches.noindex/xros27.0-24M361-e829b21a6f8c9b70876ba0858053c044735bd543db762f57723cac368afd1ce4.sdkstatcache -output-file-map /Users/admin/builder/spi-builder-workspace/.derivedData/Build/Intermediates.noindex/SiriusRating.build/Debug-xros/SiriusRating-t.build/Objects-normal/arm64/SiriusRating-OutputFileMap.json -save-temps -no-color-diagnostics -explicit-module-build -module-cache-path /Users/admin/builder/spi-builder-workspace/.derivedData/Build/Intermediates.noindex/SwiftExplicitPrecompiledModules -clang-scanner-module-cache-path /Users/admin/builder/spi-builder-workspace/.derivedData/ModuleCache.noindex -sdk-module-cache-path /Users/admin/builder/spi-builder-workspace/.derivedData/SDKExplicitPrecompiledModules -emit-dependencies -emit-module -emit-module-path /Users/admin/builder/spi-builder-workspace/.derivedData/Build/Intermediates.noindex/SiriusRating.build/Debug-xros/SiriusRating-t.build/Objects-normal/arm64/SiriusRating.swiftmodule -serialize-diagnostics -dependency-scan-serialize-diagnostics-path /Users/admin/builder/spi-builder-workspace/.derivedData/Build/Intermediates.noindex/SiriusRating.build/Debug-xros/SiriusRating-t.build/Objects-normal/arm64/SiriusRating-dependency-scan.dia -validate-clang-modules-once -clang-build-session-file /Users/admin/builder/spi-builder-workspace/.derivedData/ModuleCache.noindex/Session.modulevalidation -Xcc -fmodules-prune-interval\=86400 -Xcc -fmodules-prune-after\=345600 -emit-const-values -const-gather-protocols-list /Users/admin/builder/spi-builder-workspace/.derivedData/Build/Intermediates.noindex/SiriusRating.build/Debug-xros/SiriusRating-t.build/Objects-normal/arm64/SiriusRating_const_extract_protocols.json -Xcc -I/Users/admin/builder/spi-builder-workspace/.derivedData/Build/Products/Debug-xros/include -Xcc -I/Users/admin/builder/spi-builder-workspace/.derivedData/Build/Intermediates.noindex/SiriusRating.build/Debug-xros/SiriusRating-t.build/DerivedSources-normal/arm64 -Xcc -I/Users/admin/builder/spi-builder-workspace/.derivedData/Build/Intermediates.noindex/SiriusRating.build/Debug-xros/SiriusRating-t.build/DerivedSources/arm64 -Xcc -I/Users/admin/builder/spi-builder-workspace/.derivedData/Build/Intermediates.noindex/SiriusRating.build/Debug-xros/SiriusRating-t.build/DerivedSources -Xcc -DSWIFT_PACKAGE -Xcc -DDEBUG\=1 -emit-objc-header -emit-objc-header-path /Users/admin/builder/spi-builder-workspace/.derivedData/Build/Intermediates.noindex/SiriusRating.build/Debug-xros/SiriusRating-t.build/Objects-normal/arm64/SiriusRating-Swift.h -working-directory /Users/admin/builder/spi-builder-workspace/.swiftpm/xcode -experimental-emit-module-separately -disable-cmo
SwiftCompile normal arm64 Compiling\ StyleTwoRequestPromptPresenter.swift /Users/admin/builder/spi-builder-workspace/Sources/SiriusRating/Prompts/Presenters/Request/StyleTwoRequestPromptPresenter.swift (in target 'SiriusRating' from project 'SiriusRating')
/Users/admin/builder/spi-builder-workspace/Sources/SiriusRating/Prompts/Presenters/Request/StyleTwoRequestPromptPresenter.swift:66:34: error: 'UIScreen' is unavailable in visionOS
 64 |             // To make sure the alert controller is on top of everything we will have to create a new key `UIWindow`.
 65 |             let promptWindow = UIWindow(windowScene: windowScene)
 66 |             promptWindow.frame = UIScreen.main.bounds
    |                                  `- error: 'UIScreen' is unavailable in visionOS
 67 |             promptWindow.windowLevel = UIWindow.Level.alert + 1
 68 |             promptWindow.rootViewController = UIViewController()
/Applications/Xcode-27.0.0-Release.Candidate.app/Contents/Developer/Platforms/XROS.platform/Developer/SDKs/XROS27.0.sdk/System/Library/Frameworks/UIKit.framework/Headers/UIScreen.h:54:12: note: 'UIScreen' has been explicitly marked unavailable here
 52 |
 53 | UIKIT_EXTERN API_AVAILABLE(ios(2.0)) API_UNAVAILABLE(visionos, watchos) NS_SWIFT_UI_ACTOR
 54 | @interface UIScreen : NSObject <UITraitEnvironment>
    |            `- note: 'UIScreen' has been explicitly marked unavailable here
 55 |
 56 | @property(class, nonatomic, readonly) NSArray<UIScreen *> *screens API_DEPRECATED("Use UIApplication.shared.openSessions to find open sessions with scenes from other screens", ios(3.2, 16.0), visionos(1.0, 1.0)) API_UNAVAILABLE(watchos); // all screens currently attached to the device
Failed frontend command:
SwiftCompile normal arm64 /Users/admin/builder/spi-builder-workspace/Sources/SiriusRating/Prompts/Presenters/Request/StyleTwoRequestPromptPresenter.swift (in target 'SiriusRating' from project 'SiriusRating')
    cd /Users/admin/builder/spi-builder-workspace/.swiftpm/xcode
    builtin-SwiftPerFileCompile StyleTwoRequestPromptPresenter.swift
/Applications/Xcode-27.0.0-Release.Candidate.app/Contents/Developer/Toolchains/XcodeDefault.xctoolchain/usr/bin/swift-frontend -frontend -c /Users/admin/builder/spi-builder-workspace/.derivedData/Build/Intermediates.noindex/SiriusRating.build/Debug-xros/SiriusRating-t.build/DerivedSources/resource_bundle_accessor.swift /Users/admin/builder/spi-builder-workspace/Sources/SiriusRating/AppVersionProviders/AppVersionProvider.swift /Users/admin/builder/spi-builder-workspace/Sources/SiriusRating/AppVersionProviders/BundleAppVersionProvider.swift /Users/admin/builder/spi-builder-workspace/Sources/SiriusRating/Configuration.swift /Users/admin/builder/spi-builder-workspace/Sources/SiriusRating/DataStores/DataStore.swift /Users/admin/builder/spi-builder-workspace/Sources/SiriusRating/DataStores/UserDefaultsDataStore.swift /Users/admin/builder/spi-builder-workspace/Sources/SiriusRating/Prompts/Presenters/Rate/ExternalAppleStoreRatePromptPresenter.swift /Users/admin/builder/spi-builder-workspace/Sources/SiriusRating/Prompts/Presenters/Rate/InAppRatePromptPresenter.swift /Users/admin/builder/spi-builder-workspace/Sources/SiriusRating/Prompts/Presenters/Rate/RatePromptPresenter.swift /Users/admin/builder/spi-builder-workspace/Sources/SiriusRating/Prompts/Presenters/Request/RequestPromptPresenter.swift /Users/admin/builder/spi-builder-workspace/Sources/SiriusRating/Prompts/Presenters/Request/StyleOneRequestPromptPresenter.swift -primary-file /Users/admin/builder/spi-builder-workspace/Sources/SiriusRating/Prompts/Presenters/Request/StyleTwoRequestPromptPresenter.swift /Users/admin/builder/spi-builder-workspace/Sources/SiriusRating/Prompts/Presenters/Request/Views/StyleOneRequestViewController.swift /Users/admin/builder/spi-builder-workspace/Sources/SiriusRating/Prompts/Presenters/Request/Views/StyleTwoRequestAlertController.swift /Users/admin/builder/spi-builder-workspace/Sources/SiriusRating/RatingConditions/ClosureRatingCondition.swift /Users/admin/builder/spi-builder-workspace/Sources/SiriusRating/RatingConditions/EnoughAppSessionsRatingCondition.swift /Users/admin/builder/spi-builder-workspace/Sources/SiriusRating/RatingConditions/EnoughDaysUsedRatingCondition.swift /Users/admin/builder/spi-builder-workspace/Sources/SiriusRating/RatingConditions/EnoughSignificantEventsRatingCondition.swift /Users/admin/builder/spi-builder-workspace/Sources/SiriusRating/RatingConditions/NotDeclinedToRateAnyVersionRatingCondition.swift /Users/admin/builder/spi-builder-workspace/Sources/SiriusRating/RatingConditions/NotDeclinedToRateCurrentVersionRatingCondition.swift /Users/admin/builder/spi-builder-workspace/Sources/SiriusRating/RatingConditions/NotPostponedDueToReminderRatingCondition.swift /Users/admin/builder/spi-builder-workspace/Sources/SiriusRating/RatingConditions/NotRatedAnyVersionRatingCondition.swift /Users/admin/builder/spi-builder-workspace/Sources/SiriusRating/RatingConditions/NotRatedCurrentVersionRatingCondition.swift /Users/admin/builder/spi-builder-workspace/Sources/SiriusRating/RatingConditions/RatingCondition.swift /Users/admin/builder/spi-builder-workspace/Sources/SiriusRating/SiriusRating.swift /Users/admin/builder/spi-builder-workspace/Sources/SiriusRating/UserAction.swift /Users/admin/builder/spi-builder-workspace/Sources/SiriusRating/_Support/Extensions/BundleExtension.swift /Users/admin/builder/spi-builder-workspace/.derivedData/Build/Intermediates.noindex/SiriusRating.build/Debug-xros/SiriusRating-t.build/DerivedSources/GeneratedAssetSymbols.swift /Users/admin/builder/spi-builder-workspace/.derivedData/Build/Intermediates.noindex/SiriusRating.build/Debug-xros/SiriusRating-t.build/DerivedSources/GeneratedStringSymbols_Localizable.swift -emit-dependencies-path /Users/admin/builder/spi-builder-workspace/.derivedData/Build/Intermediates.noindex/SiriusRating.build/Debug-xros/SiriusRating-t.build/Objects-normal/arm64/StyleTwoRequestPromptPresenter.d -emit-const-values-path /Users/admin/builder/spi-builder-workspace/.derivedData/Build/Intermediates.noindex/SiriusRating.build/Debug-xros/SiriusRating-t.build/Objects-normal/arm64/StyleTwoRequestPromptPresenter.swiftconstvalues -emit-reference-dependencies-path /Users/admin/builder/spi-builder-workspace/.derivedData/Build/Intermediates.noindex/SiriusRating.build/Debug-xros/SiriusRating-t.build/Objects-normal/arm64/StyleTwoRequestPromptPresenter.swiftdeps -serialize-diagnostics-path /Users/admin/builder/spi-builder-workspace/.derivedData/Build/Intermediates.noindex/SiriusRating.build/Debug-xros/SiriusRating-t.build/Objects-normal/arm64/StyleTwoRequestPromptPresenter.dia -emit-localized-strings -emit-localized-strings-path /Users/admin/builder/spi-builder-workspace/.derivedData/Build/Intermediates.noindex/SiriusRating.build/Debug-xros/SiriusRating-t.build/Objects-normal/arm64 -target arm64-apple-xros1.0 -module-can-import-version DeveloperToolsSupport 24.0.24 24.0.24 -disable-cross-import-overlay-search -swift-module-cross-import StoreKit /Applications/Xcode-27.0.0-Release.Candidate.app/Contents/Developer/Platforms/XROS.platform/Developer/SDKs/XROS.sdk/System/Library/Frameworks/StoreKit.framework/Modules/StoreKit.swiftcrossimport/SwiftUI.swiftoverlay -swift-module-cross-import StoreKit /Applications/Xcode-27.0.0-Release.Candidate.app/Contents/Developer/Platforms/XROS.platform/Developer/SDKs/XROS27.0.sdk/System/Library/Frameworks/StoreKit.framework/Modules/StoreKit.swiftcrossimport/SwiftUI.swiftoverlay -load-resolved-plugin /Applications/Xcode-27.0.0-Release.Candidate.app/Contents/Developer/Platforms/XROS.platform/Developer/usr/lib/swift/host/plugins/libFoundationMacros.dylib\#/Applications/Xcode-27.0.0-Release.Candidate.app/Contents/Developer/Platforms/XROS.platform/Developer/usr/bin/swift-plugin-server\#FoundationMacros -load-resolved-plugin /Applications/Xcode-27.0.0-Release.Candidate.app/Contents/Developer/Platforms/XROS.platform/Developer/usr/lib/swift/host/plugins/libObservationMacros.dylib\#/Applications/Xcode-27.0.0-Release.Candidate.app/Contents/Developer/Platforms/XROS.platform/Developer/usr/bin/swift-plugin-server\#ObservationMacros -load-resolved-plugin /Applications/Xcode-27.0.0-Release.Candidate.app/Contents/Developer/Platforms/XROS.platform/Developer/usr/lib/swift/host/plugins/libPreviewsMacros.dylib\#/Applications/Xcode-27.0.0-Release.Candidate.app/Contents/Developer/Platforms/XROS.platform/Developer/usr/bin/swift-plugin-server\#PreviewsMacros -load-resolved-plugin /Applications/Xcode-27.0.0-Release.Candidate.app/Contents/Developer/Platforms/XROS.platform/Developer/usr/lib/swift/host/plugins/libSwiftMacros.dylib\#/Applications/Xcode-27.0.0-Release.Candidate.app/Contents/Developer/Platforms/XROS.platform/Developer/usr/bin/swift-plugin-server\#SwiftMacros -load-resolved-plugin /Applications/Xcode-27.0.0-Release.Candidate.app/Contents/Developer/Platforms/XROS.platform/Developer/usr/lib/swift/host/plugins/libSwiftUIMacros.dylib\#/Applications/Xcode-27.0.0-Release.Candidate.app/Contents/Developer/Platforms/XROS.platform/Developer/usr/bin/swift-plugin-server\#SwiftUIMacros -disable-implicit-swift-modules -Xcc -fno-implicit-modules -Xcc -fno-implicit-module-maps -explicit-swift-module-map-file /Users/admin/builder/spi-builder-workspace/.derivedData/Build/Intermediates.noindex/SiriusRating.build/Debug-xros/SiriusRating-t.build/Objects-normal/arm64/SiriusRating-dependencies-1.json -Xllvm -aarch64-use-tbi -enable-objc-interop -stack-check -sdk /Applications/Xcode-27.0.0-Release.Candidate.app/Contents/Developer/Platforms/XROS.platform/Developer/SDKs/XROS27.0.sdk -I /Users/admin/builder/spi-builder-workspace/.derivedData/Build/Products/Debug-xros -Isystem /Applications/Xcode-27.0.0-Release.Candidate.app/Contents/Developer/Platforms/XROS.platform/Developer/usr/lib -F /Users/admin/builder/spi-builder-workspace/.derivedData/Build/Products/Debug-xros -F /Applications/Xcode-27.0.0-Release.Candidate.app/Contents/Developer/Platforms/XROS.platform/Developer/Library/Frameworks -F /Applications/Xcode-27.0.0-Release.Candidate.app/Contents/Developer/Platforms/XROS.platform/Developer/SDKs/XROS27.0.sdk/Developer/Library/Frameworks -module-cache-path /Users/admin/builder/spi-builder-workspace/.derivedData/Build/Intermediates.noindex/SwiftExplicitPrecompiledModules -no-color-diagnostics -Xcc -fno-color-diagnostics -enable-testing -g -debug-info-format\=dwarf -dwarf-version\=4 -profile-generate -profile-coverage-mapping -swift-version 5 -Onone -D SWIFT_PACKAGE -D DEBUG -D SWIFT_MODULE_RESOURCE_BUNDLE_AVAILABLE -D Xcode -serialize-debugging-options -enable-experimental-feature DebugDescriptionMacro -empty-abi-descriptor -validate-clang-modules-once -clang-build-session-file /Users/admin/builder/spi-builder-workspace/.derivedData/ModuleCache.noindex/Session.modulevalidation -Xcc -working-directory -Xcc /Users/admin/builder/spi-builder-workspace/.swiftpm/xcode -enable-anonymous-context-mangled-names -file-compilation-dir /Users/admin/builder/spi-builder-workspace/.swiftpm/xcode -Xcc -D_LIBCPP_HARDENING_MODE\=_LIBCPP_HARDENING_MODE_DEBUG -Xcc -ivfsstatcache -Xcc /Users/admin/builder/spi-builder-workspace/.derivedData/SDKStatCaches.noindex/xros27.0-24M361-e829b21a6f8c9b70876ba0858053c044735bd543db762f57723cac368afd1ce4.sdkstatcache -Xcc -fmodules-prune-interval\=86400 -Xcc -fmodules-prune-after\=345600 -Xcc -I/Users/admin/builder/spi-builder-workspace/.derivedData/Build/Products/Debug-xros/include -Xcc -I/Users/admin/builder/spi-builder-workspace/.derivedData/Build/Intermediates.noindex/SiriusRating.build/Debug-xros/SiriusRating-t.build/DerivedSources-normal/arm64 -Xcc -I/Users/admin/builder/spi-builder-workspace/.derivedData/Build/Intermediates.noindex/SiriusRating.build/Debug-xros/SiriusRating-t.build/DerivedSources/arm64 -Xcc -I/Users/admin/builder/spi-builder-workspace/.derivedData/Build/Intermediates.noindex/SiriusRating.build/Debug-xros/SiriusRating-t.build/DerivedSources -Xcc -DSWIFT_PACKAGE -Xcc -DDEBUG\=1 -no-auto-bridging-header-chaining -module-name SiriusRating -const-gather-protocols-file /Users/admin/builder/spi-builder-workspace/.derivedData/Build/Intermediates.noindex/SiriusRating.build/Debug-xros/SiriusRating-t.build/Objects-normal/arm64/SiriusRating_const_extract_protocols.json -disable-clang-spi -clang-target arm64-apple-xros27.0 -target-sdk-version 27.0 -target-sdk-name xros27.0 -in-process-plugin-server-path /Applications/Xcode-27.0.0-Release.Candidate.app/Contents/Developer/Toolchains/XcodeDefault.xctoolchain/usr/lib/swift/host/libSwiftInProcPluginServer.dylib -parse-as-library -o /Users/admin/builder/spi-builder-workspace/.derivedData/Build/Intermediates.noindex/SiriusRating.build/Debug-xros/SiriusRating-t.build/Objects-normal/arm64/StyleTwoRequestPromptPresenter.o -debug-module-path /Users/admin/builder/spi-builder-workspace/.derivedData/Build/Intermediates.noindex/SiriusRating.build/Debug-xros/SiriusRating-t.build/Objects-normal/arm64/SiriusRating.swiftmodule -index-unit-output-path /SiriusRating.build/Debug-xros/SiriusRating-t.build/Objects-normal/arm64/StyleTwoRequestPromptPresenter.o -index-store-path /Users/admin/builder/spi-builder-workspace/.derivedData/Index.noindex/DataStore -index-system-modules
SwiftCompile normal arm64 Compiling\ ExternalAppleStoreRatePromptPresenter.swift,\ InAppRatePromptPresenter.swift /Users/admin/builder/spi-builder-workspace/Sources/SiriusRating/Prompts/Presenters/Rate/ExternalAppleStoreRatePromptPresenter.swift /Users/admin/builder/spi-builder-workspace/Sources/SiriusRating/Prompts/Presenters/Rate/InAppRatePromptPresenter.swift (in target 'SiriusRating' from project 'SiriusRating')
SwiftCompile normal arm64 /Users/admin/builder/spi-builder-workspace/Sources/SiriusRating/Prompts/Presenters/Rate/ExternalAppleStoreRatePromptPresenter.swift (in target 'SiriusRating' from project 'SiriusRating')
    cd /Users/admin/builder/spi-builder-workspace/.swiftpm/xcode
    builtin-SwiftPerFileCompile ExternalAppleStoreRatePromptPresenter.swift
SwiftCompile normal arm64 /Users/admin/builder/spi-builder-workspace/Sources/SiriusRating/Prompts/Presenters/Rate/InAppRatePromptPresenter.swift (in target 'SiriusRating' from project 'SiriusRating')
    cd /Users/admin/builder/spi-builder-workspace/.swiftpm/xcode
    builtin-SwiftPerFileCompile InAppRatePromptPresenter.swift
SwiftCompile normal arm64 Compiling\ StyleTwoRequestAlertController.swift /Users/admin/builder/spi-builder-workspace/Sources/SiriusRating/Prompts/Presenters/Request/Views/StyleTwoRequestAlertController.swift (in target 'SiriusRating' from project 'SiriusRating')
SwiftCompile normal arm64 /Users/admin/builder/spi-builder-workspace/Sources/SiriusRating/Prompts/Presenters/Request/Views/StyleTwoRequestAlertController.swift (in target 'SiriusRating' from project 'SiriusRating')
    cd /Users/admin/builder/spi-builder-workspace/.swiftpm/xcode
    builtin-SwiftPerFileCompile StyleTwoRequestAlertController.swift
SwiftCompile normal arm64 Compiling\ StyleOneRequestPromptPresenter.swift /Users/admin/builder/spi-builder-workspace/Sources/SiriusRating/Prompts/Presenters/Request/StyleOneRequestPromptPresenter.swift (in target 'SiriusRating' from project 'SiriusRating')
/Users/admin/builder/spi-builder-workspace/Sources/SiriusRating/Prompts/Presenters/Request/StyleOneRequestPromptPresenter.swift:73:34: error: 'UIScreen' is unavailable in visionOS
 71 |             // To make sure the alert view controller is on top of everything we will create a new `UIWindow`.
 72 |             let promptWindow = UIWindow(windowScene: windowScene)
 73 |             promptWindow.frame = UIScreen.main.bounds
    |                                  `- error: 'UIScreen' is unavailable in visionOS
 74 |             promptWindow.windowLevel = UIWindow.Level.alert + 1
 75 |             promptWindow.rootViewController = UIViewController()
/Applications/Xcode-27.0.0-Release.Candidate.app/Contents/Developer/Platforms/XROS.platform/Developer/SDKs/XROS27.0.sdk/System/Library/Frameworks/UIKit.framework/Headers/UIScreen.h:54:12: note: 'UIScreen' has been explicitly marked unavailable here
 52 |
 53 | UIKIT_EXTERN API_AVAILABLE(ios(2.0)) API_UNAVAILABLE(visionos, watchos) NS_SWIFT_UI_ACTOR
 54 | @interface UIScreen : NSObject <UITraitEnvironment>
    |            `- note: 'UIScreen' has been explicitly marked unavailable here
 55 |
 56 | @property(class, nonatomic, readonly) NSArray<UIScreen *> *screens API_DEPRECATED("Use UIApplication.shared.openSessions to find open sessions with scenes from other screens", ios(3.2, 16.0), visionos(1.0, 1.0)) API_UNAVAILABLE(watchos); // all screens currently attached to the device
Failed frontend command:
/Applications/Xcode-27.0.0-Release.Candidate.app/Contents/Developer/Toolchains/XcodeDefault.xctoolchain/usr/bin/swift-frontend -frontend -c /Users/admin/builder/spi-builder-workspace/.derivedData/Build/Intermediates.noindex/SiriusRating.build/Debug-xros/SiriusRating-t.build/DerivedSources/resource_bundle_accessor.swift /Users/admin/builder/spi-builder-workspace/Sources/SiriusRating/AppVersionProviders/AppVersionProvider.swift /Users/admin/builder/spi-builder-workspace/Sources/SiriusRating/AppVersionProviders/BundleAppVersionProvider.swift /Users/admin/builder/spi-builder-workspace/Sources/SiriusRating/Configuration.swift /Users/admin/builder/spi-builder-workspace/Sources/SiriusRating/DataStores/DataStore.swift /Users/admin/builder/spi-builder-workspace/Sources/SiriusRating/DataStores/UserDefaultsDataStore.swift /Users/admin/builder/spi-builder-workspace/Sources/SiriusRating/Prompts/Presenters/Rate/ExternalAppleStoreRatePromptPresenter.swift /Users/admin/builder/spi-builder-workspace/Sources/SiriusRating/Prompts/Presenters/Rate/InAppRatePromptPresenter.swift /Users/admin/builder/spi-builder-workspace/Sources/SiriusRating/Prompts/Presenters/Rate/RatePromptPresenter.swift /Users/admin/builder/spi-builder-workspace/Sources/SiriusRating/Prompts/Presenters/Request/RequestPromptPresenter.swift -primary-file /Users/admin/builder/spi-builder-workspace/Sources/SiriusRating/Prompts/Presenters/Request/StyleOneRequestPromptPresenter.swift /Users/admin/builder/spi-builder-workspace/Sources/SiriusRating/Prompts/Presenters/Request/StyleTwoRequestPromptPresenter.swift /Users/admin/builder/spi-builder-workspace/Sources/SiriusRating/Prompts/Presenters/Request/Views/StyleOneRequestViewController.swift /Users/admin/builder/spi-builder-workspace/Sources/SiriusRating/Prompts/Presenters/Request/Views/StyleTwoRequestAlertController.swift /Users/admin/builder/spi-builder-workspace/Sources/SiriusRating/RatingConditions/ClosureRatingCondition.swift /Users/admin/builder/spi-builder-workspace/Sources/SiriusRating/RatingConditions/EnoughAppSessionsRatingCondition.swift /Users/admin/builder/spi-builder-workspace/Sources/SiriusRating/RatingConditions/EnoughDaysUsedRatingCondition.swift /Users/admin/builder/spi-builder-workspace/Sources/SiriusRating/RatingConditions/EnoughSignificantEventsRatingCondition.swift /Users/admin/builder/spi-builder-workspace/Sources/SiriusRating/RatingConditions/NotDeclinedToRateAnyVersionRatingCondition.swift /Users/admin/builder/spi-builder-workspace/Sources/SiriusRating/RatingConditions/NotDeclinedToRateCurrentVersionRatingCondition.swift /Users/admin/builder/spi-builder-workspace/Sources/SiriusRating/RatingConditions/NotPostponedDueToReminderRatingCondition.swift /Users/admin/builder/spi-builder-workspace/Sources/SiriusRating/RatingConditions/NotRatedAnyVersionRatingCondition.swift /Users/admin/builder/spi-builder-workspace/Sources/SiriusRating/RatingConditions/NotRatedCurrentVersionRatingCondition.swift /Users/admin/builder/spi-builder-workspace/Sources/SiriusRating/RatingConditions/RatingCondition.swift /Users/admin/builder/spi-builder-workspace/Sources/SiriusRating/SiriusRating.swift /Users/admin/builder/spi-builder-workspace/Sources/SiriusRating/UserAction.swift /Users/admin/builder/spi-builder-workspace/Sources/SiriusRating/_Support/Extensions/BundleExtension.swift /Users/admin/builder/spi-builder-workspace/.derivedData/Build/Intermediates.noindex/SiriusRating.build/Debug-xros/SiriusRating-t.build/DerivedSources/GeneratedAssetSymbols.swift /Users/admin/builder/spi-builder-workspace/.derivedData/Build/Intermediates.noindex/SiriusRating.build/Debug-xros/SiriusRating-t.build/DerivedSources/GeneratedStringSymbols_Localizable.swift -emit-dependencies-path /Users/admin/builder/spi-builder-workspace/.derivedData/Build/Intermediates.noindex/SiriusRating.build/Debug-xros/SiriusRating-t.build/Objects-normal/arm64/StyleOneRequestPromptPresenter.d -emit-const-values-path /Users/admin/builder/spi-builder-workspace/.derivedData/Build/Intermediates.noindex/SiriusRating.build/Debug-xros/SiriusRating-t.build/Objects-normal/arm64/StyleOneRequestPromptPresenter.swiftconstvalues -emit-reference-dependencies-path /Users/admin/builder/spi-builder-workspace/.derivedData/Build/Intermediates.noindex/SiriusRating.build/Debug-xros/SiriusRating-t.build/Objects-normal/arm64/StyleOneRequestPromptPresenter.swiftdeps -serialize-diagnostics-path /Users/admin/builder/spi-builder-workspace/.derivedData/Build/Intermediates.noindex/SiriusRating.build/Debug-xros/SiriusRating-t.build/Objects-normal/arm64/StyleOneRequestPromptPresenter.dia -emit-localized-strings -emit-localized-strings-path /Users/admin/builder/spi-builder-workspace/.derivedData/Build/Intermediates.noindex/SiriusRating.build/Debug-xros/SiriusRating-t.build/Objects-normal/arm64 -target arm64-apple-xros1.0 -module-can-import-version DeveloperToolsSupport 24.0.24 24.0.24 -disable-cross-import-overlay-search -swift-module-cross-import StoreKit /Applications/Xcode-27.0.0-Release.Candidate.app/Contents/Developer/Platforms/XROS.platform/Developer/SDKs/XROS.sdk/System/Library/Frameworks/StoreKit.framework/Modules/StoreKit.swiftcrossimport/SwiftUI.swiftoverlay -swift-module-cross-import StoreKit /Applications/Xcode-27.0.0-Release.Candidate.app/Contents/Developer/Platforms/XROS.platform/Developer/SDKs/XROS27.0.sdk/System/Library/Frameworks/StoreKit.framework/Modules/StoreKit.swiftcrossimport/SwiftUI.swiftoverlay -load-resolved-plugin /Applications/Xcode-27.0.0-Release.Candidate.app/Contents/Developer/Platforms/XROS.platform/Developer/usr/lib/swift/host/plugins/libFoundationMacros.dylib\#/Applications/Xcode-27.0.0-Release.Candidate.app/Contents/Developer/Platforms/XROS.platform/Developer/usr/bin/swift-plugin-server\#FoundationMacros -load-resolved-plugin /Applications/Xcode-27.0.0-Release.Candidate.app/Contents/Developer/Platforms/XROS.platform/Developer/usr/lib/swift/host/plugins/libObservationMacros.dylib\#/Applications/Xcode-27.0.0-Release.Candidate.app/Contents/Developer/Platforms/XROS.platform/Developer/usr/bin/swift-plugin-server\#ObservationMacros -load-resolved-plugin /Applications/Xcode-27.0.0-Release.Candidate.app/Contents/Developer/Platforms/XROS.platform/Developer/usr/lib/swift/host/plugins/libPreviewsMacros.dylib\#/Applications/Xcode-27.0.0-Release.Candidate.app/Contents/Developer/Platforms/XROS.platform/Developer/usr/bin/swift-plugin-server\#PreviewsMacros -load-resolved-plugin /Applications/Xcode-27.0.0-Release.Candidate.app/Contents/Developer/Platforms/XROS.platform/Developer/usr/lib/swift/host/plugins/libSwiftMacros.dylib\#/Applications/Xcode-27.0.0-Release.Candidate.app/Contents/Developer/Platforms/XROS.platform/Developer/usr/bin/swift-plugin-server\#SwiftMacros -load-resolved-plugin /Applications/Xcode-27.0.0-Release.Candidate.app/Contents/Developer/Platforms/XROS.platform/Developer/usr/lib/swift/host/plugins/libSwiftUIMacros.dylib\#/Applications/Xcode-27.0.0-Release.Candidate.app/Contents/Developer/Platforms/XROS.platform/Developer/usr/bin/swift-plugin-server\#SwiftUIMacros -disable-implicit-swift-modules -Xcc -fno-implicit-modules -Xcc -fno-implicit-module-maps -explicit-swift-module-map-file /Users/admin/builder/spi-builder-workspace/.derivedData/Build/Intermediates.noindex/SiriusRating.build/Debug-xros/SiriusRating-t.build/Objects-normal/arm64/SiriusRating-dependencies-1.json -Xllvm -aarch64-use-tbi -enable-objc-interop -stack-check -sdk /Applications/Xcode-27.0.0-Release.Candidate.app/Contents/Developer/Platforms/XROS.platform/Developer/SDKs/XROS27.0.sdk -I /Users/admin/builder/spi-builder-workspace/.derivedData/Build/Products/Debug-xros -Isystem /Applications/Xcode-27.0.0-Release.Candidate.app/Contents/Developer/Platforms/XROS.platform/Developer/usr/lib -F /Users/admin/builder/spi-builder-workspace/.derivedData/Build/Products/Debug-xros -F /Applications/Xcode-27.0.0-Release.Candidate.app/Contents/Developer/Platforms/XROS.platform/Developer/Library/Frameworks -F /Applications/Xcode-27.0.0-Release.Candidate.app/Contents/Developer/Platforms/XROS.platform/Developer/SDKs/XROS27.0.sdk/Developer/Library/Frameworks -module-cache-path /Users/admin/builder/spi-builder-workspace/.derivedData/Build/Intermediates.noindex/SwiftExplicitPrecompiledModules -no-color-diagnostics -Xcc -fno-color-diagnostics -enable-testing -g -debug-info-format\=dwarf -dwarf-version\=4 -profile-generate -profile-coverage-mapping -swift-version 5 -Onone -D SWIFT_PACKAGE -D DEBUG -D SWIFT_MODULE_RESOURCE_BUNDLE_AVAILABLE -D Xcode -serialize-debugging-options -enable-experimental-feature DebugDescriptionMacro -empty-abi-descriptor -validate-clang-modules-once -clang-build-session-file /Users/admin/builder/spi-builder-workspace/.derivedData/ModuleCache.noindex/Session.modulevalidation -Xcc -working-directory -Xcc /Users/admin/builder/spi-builder-workspace/.swiftpm/xcode -enable-anonymous-context-mangled-names -file-compilation-dir /Users/admin/builder/spi-builder-workspace/.swiftpm/xcode -Xcc -D_LIBCPP_HARDENING_MODE\=_LIBCPP_HARDENING_MODE_DEBUG -Xcc -ivfsstatcache -Xcc /Users/admin/builder/spi-builder-workspace/.derivedData/SDKStatCaches.noindex/xros27.0-24M361-e829b21a6f8c9b70876ba0858053c044735bd543db762f57723cac368afd1ce4.sdkstatcache -Xcc -fmodules-prune-interval\=86400 -Xcc -fmodules-prune-after\=345600 -Xcc -I/Users/admin/builder/spi-builder-workspace/.derivedData/Build/Products/Debug-xros/include -Xcc -I/Users/admin/builder/spi-builder-workspace/.derivedData/Build/Intermediates.noindex/SiriusRating.build/Debug-xros/SiriusRating-t.build/DerivedSources-normal/arm64 -Xcc -I/Users/admin/builder/spi-builder-workspace/.derivedData/Build/Intermediates.noindex/SiriusRating.build/Debug-xros/SiriusRating-t.build/DerivedSources/arm64 -Xcc -I/Users/admin/builder/spi-builder-workspace/.derivedData/Build/Intermediates.noindex/SiriusRating.build/Debug-xros/SiriusRating-t.build/DerivedSources -Xcc -DSWIFT_PACKAGE -Xcc -DDEBUG\=1 -no-auto-bridging-header-chaining -module-name SiriusRating -const-gather-protocols-file /Users/admin/builder/spi-builder-workspace/.derivedData/Build/Intermediates.noindex/SiriusRating.build/Debug-xros/SiriusRating-t.build/Objects-normal/arm64/SiriusRating_const_extract_protocols.json -disable-clang-spi -clang-target arm64-apple-xros27.0 -target-sdk-version 27.0 -target-sdk-name xros27.0 -in-process-plugin-server-path /Applications/Xcode-27.0.0-Release.Candidate.app/Contents/Developer/Toolchains/XcodeDefault.xctoolchain/usr/lib/swift/host/libSwiftInProcPluginServer.dylib -parse-as-library -o /Users/admin/builder/spi-builder-workspace/.derivedData/Build/Intermediates.noindex/SiriusRating.build/Debug-xros/SiriusRating-t.build/Objects-normal/arm64/StyleOneRequestPromptPresenter.o -debug-module-path /Users/admin/builder/spi-builder-workspace/.derivedData/Build/Intermediates.noindex/SiriusRating.build/Debug-xros/SiriusRating-t.build/Objects-normal/arm64/SiriusRating.swiftmodule -index-unit-output-path /SiriusRating.build/Debug-xros/SiriusRating-t.build/Objects-normal/arm64/StyleOneRequestPromptPresenter.o -index-store-path /Users/admin/builder/spi-builder-workspace/.derivedData/Index.noindex/DataStore -index-system-modules
SwiftCompile normal arm64 /Users/admin/builder/spi-builder-workspace/Sources/SiriusRating/Prompts/Presenters/Request/StyleOneRequestPromptPresenter.swift (in target 'SiriusRating' from project 'SiriusRating')
    cd /Users/admin/builder/spi-builder-workspace/.swiftpm/xcode
    builtin-SwiftPerFileCompile StyleOneRequestPromptPresenter.swift
SwiftCompile normal arm64 Compiling\ ClosureRatingCondition.swift /Users/admin/builder/spi-builder-workspace/Sources/SiriusRating/RatingConditions/ClosureRatingCondition.swift (in target 'SiriusRating' from project 'SiriusRating')
SwiftCompile normal arm64 /Users/admin/builder/spi-builder-workspace/Sources/SiriusRating/RatingConditions/ClosureRatingCondition.swift (in target 'SiriusRating' from project 'SiriusRating')
    cd /Users/admin/builder/spi-builder-workspace/.swiftpm/xcode
    builtin-SwiftPerFileCompile ClosureRatingCondition.swift
SwiftCompile normal arm64 Compiling\ BundleExtension.swift /Users/admin/builder/spi-builder-workspace/Sources/SiriusRating/_Support/Extensions/BundleExtension.swift (in target 'SiriusRating' from project 'SiriusRating')
SwiftCompile normal arm64 /Users/admin/builder/spi-builder-workspace/Sources/SiriusRating/_Support/Extensions/BundleExtension.swift (in target 'SiriusRating' from project 'SiriusRating')
    cd /Users/admin/builder/spi-builder-workspace/.swiftpm/xcode
    builtin-SwiftPerFileCompile BundleExtension.swift
SwiftEmitModule normal arm64 Emitting\ module\ for\ SiriusRating (in target 'SiriusRating' from project 'SiriusRating')
SwiftCompile normal arm64 (in target 'SiriusRating' from project 'SiriusRating')
    cd /Users/admin/builder/spi-builder-workspace/.swiftpm/xcode

SwiftCompile normal arm64 Compiling\ StyleOneRequestViewController.swift /Users/admin/builder/spi-builder-workspace/Sources/SiriusRating/Prompts/Presenters/Request/Views/StyleOneRequestViewController.swift (in target 'SiriusRating' from project 'SiriusRating')
SwiftCompile normal arm64 /Users/admin/builder/spi-builder-workspace/Sources/SiriusRating/Prompts/Presenters/Request/Views/StyleOneRequestViewController.swift (in target 'SiriusRating' from project 'SiriusRating')
    cd /Users/admin/builder/spi-builder-workspace/.swiftpm/xcode
    builtin-SwiftPerFileCompile StyleOneRequestViewController.swift
SwiftCompile normal arm64 Compiling\ UserAction.swift /Users/admin/builder/spi-builder-workspace/Sources/SiriusRating/UserAction.swift (in target 'SiriusRating' from project 'SiriusRating')
SwiftCompile normal arm64 /Users/admin/builder/spi-builder-workspace/Sources/SiriusRating/UserAction.swift (in target 'SiriusRating' from project 'SiriusRating')
    cd /Users/admin/builder/spi-builder-workspace/.swiftpm/xcode
    builtin-SwiftPerFileCompile UserAction.swift
SwiftCompile normal arm64 Compiling\ SiriusRating.swift /Users/admin/builder/spi-builder-workspace/Sources/SiriusRating/SiriusRating.swift (in target 'SiriusRating' from project 'SiriusRating')
SwiftCompile normal arm64 /Users/admin/builder/spi-builder-workspace/Sources/SiriusRating/SiriusRating.swift (in target 'SiriusRating' from project 'SiriusRating')
    cd /Users/admin/builder/spi-builder-workspace/.swiftpm/xcode
    builtin-SwiftPerFileCompile SiriusRating.swift
SwiftCompile normal arm64 Compiling\ RatePromptPresenter.swift,\ RequestPromptPresenter.swift /Users/admin/builder/spi-builder-workspace/Sources/SiriusRating/Prompts/Presenters/Rate/RatePromptPresenter.swift /Users/admin/builder/spi-builder-workspace/Sources/SiriusRating/Prompts/Presenters/Request/RequestPromptPresenter.swift (in target 'SiriusRating' from project 'SiriusRating')
SwiftCompile normal arm64 /Users/admin/builder/spi-builder-workspace/Sources/SiriusRating/Prompts/Presenters/Rate/RatePromptPresenter.swift (in target 'SiriusRating' from project 'SiriusRating')
    cd /Users/admin/builder/spi-builder-workspace/.swiftpm/xcode
    builtin-SwiftPerFileCompile RatePromptPresenter.swift
SwiftCompile normal arm64 /Users/admin/builder/spi-builder-workspace/Sources/SiriusRating/Prompts/Presenters/Request/RequestPromptPresenter.swift (in target 'SiriusRating' from project 'SiriusRating')
    cd /Users/admin/builder/spi-builder-workspace/.swiftpm/xcode
    builtin-SwiftPerFileCompile RequestPromptPresenter.swift
SwiftDriverJobDiscovery normal arm64 Compiling ClosureRatingCondition.swift (in target 'SiriusRating' from project 'SiriusRating')
SwiftCompile normal arm64 Compiling\ Configuration.swift /Users/admin/builder/spi-builder-workspace/Sources/SiriusRating/Configuration.swift (in target 'SiriusRating' from project 'SiriusRating')
SwiftCompile normal arm64 /Users/admin/builder/spi-builder-workspace/Sources/SiriusRating/Configuration.swift (in target 'SiriusRating' from project 'SiriusRating')
    cd /Users/admin/builder/spi-builder-workspace/.swiftpm/xcode
    builtin-SwiftPerFileCompile Configuration.swift
SwiftDriverJobDiscovery normal arm64 Compiling BundleExtension.swift (in target 'SiriusRating' from project 'SiriusRating')
SwiftDriverJobDiscovery normal arm64 Compiling UserAction.swift (in target 'SiriusRating' from project 'SiriusRating')
SwiftCompile normal arm64 Compiling\ EnoughSignificantEventsRatingCondition.swift /Users/admin/builder/spi-builder-workspace/Sources/SiriusRating/RatingConditions/EnoughSignificantEventsRatingCondition.swift (in target 'SiriusRating' from project 'SiriusRating')
SwiftCompile normal arm64 /Users/admin/builder/spi-builder-workspace/Sources/SiriusRating/RatingConditions/EnoughSignificantEventsRatingCondition.swift (in target 'SiriusRating' from project 'SiriusRating')
    cd /Users/admin/builder/spi-builder-workspace/.swiftpm/xcode
    builtin-SwiftPerFileCompile EnoughSignificantEventsRatingCondition.swift
SwiftCompile normal arm64 Compiling\ NotRatedCurrentVersionRatingCondition.swift /Users/admin/builder/spi-builder-workspace/Sources/SiriusRating/RatingConditions/NotRatedCurrentVersionRatingCondition.swift (in target 'SiriusRating' from project 'SiriusRating')
SwiftCompile normal arm64 /Users/admin/builder/spi-builder-workspace/Sources/SiriusRating/RatingConditions/NotRatedCurrentVersionRatingCondition.swift (in target 'SiriusRating' from project 'SiriusRating')
    cd /Users/admin/builder/spi-builder-workspace/.swiftpm/xcode
    builtin-SwiftPerFileCompile NotRatedCurrentVersionRatingCondition.swift
PruneExplicitPrecompiledModules /Users/admin/builder/spi-builder-workspace/.derivedData/SDKExplicitPrecompiledModules
PruneExplicitPrecompiledModules /Users/admin/builder/spi-builder-workspace/.derivedData/Build/Intermediates.noindex/SwiftExplicitPrecompiledModules
PruneExplicitPrecompiledModules /Users/admin/builder/spi-builder-workspace/.derivedData/Build/Intermediates.noindex/ExplicitPrecompiledModules
2026-09-24 15:28:19.489 xcodebuild[803:5015] [MT] IDERunDestination: Supported platforms for the buildables in the current scheme is empty.
** BUILD FAILED **
The following build commands failed:
	SwiftCompile normal arm64 /Users/admin/builder/spi-builder-workspace/Sources/SiriusRating/Prompts/Presenters/Request/StyleTwoRequestPromptPresenter.swift (in target 'SiriusRating' from project 'SiriusRating')
	SwiftCompile normal arm64 Compiling\ StyleTwoRequestPromptPresenter.swift /Users/admin/builder/spi-builder-workspace/Sources/SiriusRating/Prompts/Presenters/Request/StyleTwoRequestPromptPresenter.swift (in target 'SiriusRating' from project 'SiriusRating')
	SwiftCompile normal arm64 Compiling\ StyleOneRequestPromptPresenter.swift /Users/admin/builder/spi-builder-workspace/Sources/SiriusRating/Prompts/Presenters/Request/StyleOneRequestPromptPresenter.swift (in target 'SiriusRating' from project 'SiriusRating')
	SwiftCompile normal arm64 /Users/admin/builder/spi-builder-workspace/Sources/SiriusRating/Prompts/Presenters/Request/StyleOneRequestPromptPresenter.swift (in target 'SiriusRating' from project 'SiriusRating')
	Building workspace SiriusRating with scheme SiriusRating
(5 failures)
BUILD FAILURE 6.4 visionOS