The Swift Package Index logo.Swift Package Index

Build Information

Failed to build Assay, reference v1.0.0 (3e3ff1), with Swift 6.3 for Android on 21 Oct 2026 06:30:08 UTC.

Build Command

bash -c docker run --pull=always --rm -v "checkouts-54344845-1":/host -w "$PWD" -e JAVA_HOME="/root/.sdkman/candidates/java/current" -e SPI_BUILD="1" -e SPI_PROCESSING="1" registry.gitlab.com/saguaro1/spi-images:android-6.3-latest swift build --swift-sdk aarch64-unknown-linux-android28 2>&1

Build Log

========================================
RunAll
========================================
Builder version: 5.1.3
Interrupt handler set up.
========================================
Checkout
========================================
Clone URL: https://github.com/nerdmenot-swift/assay.git
Reference: v1.0.0
Initialized empty Git repository in /host/spi-builder-workspace/.git/
hint: Using 'master' as the name for the initial branch. This default branch name
hint: is subject to change. To configure the initial branch name to use in all
hint: of your new repositories, which will suppress this warning, call:
hint:
hint: 	git config --global init.defaultBranch <name>
hint:
hint: Names commonly chosen instead of 'master' are 'main', 'trunk' and
hint: 'development'. The just-created branch can be renamed via this command:
hint:
hint: 	git branch -m <name>
From https://github.com/nerdmenot-swift/assay
 * tag               v1.0.0     -> FETCH_HEAD
HEAD is now at 3e3ff15 1.0.0
Cloned https://github.com/nerdmenot-swift/assay.git
Revision (git rev-parse @):
3e3ff15578b9b781692f25fb98536809bc404c75
SPI manifest file found: $PWD/.spi.yml
SUCCESS checkout https://github.com/nerdmenot-swift/assay.git at v1.0.0
========================================
Build
========================================
Selected platform:         android
Swift version:             6.3
Building package at path:  $PWD
https://github.com/nerdmenot-swift/assay.git
Running build ...
bash -c docker run --pull=always --rm -v "checkouts-54344845-1":/host -w "$PWD" -e JAVA_HOME="/root/.sdkman/candidates/java/current" -e SPI_BUILD="1" -e SPI_PROCESSING="1" registry.gitlab.com/saguaro1/spi-images:android-6.3-latest swift build --swift-sdk aarch64-unknown-linux-android28 2>&1
android-6.3-latest: Pulling from saguaro1/spi-images
Digest: sha256:ec170ed262d75c9e928493cd00a486dad2d4f04db1b55d884efec7db42d0226b
Status: Image is up to date for registry.gitlab.com/saguaro1/spi-images:android-6.3-latest
Fetching https://github.com/swiftlang/swift-syntax.git
[1/80981] Fetching swift-syntax
Fetched https://github.com/swiftlang/swift-syntax.git from cache (4.04s)
Computing version for https://github.com/swiftlang/swift-syntax.git
Computed https://github.com/swiftlang/swift-syntax.git at 603.0.2 (5.05s)
Creating working copy for https://github.com/swiftlang/swift-syntax.git
Working copy of https://github.com/swiftlang/swift-syntax.git resolved at 603.0.2
Downloading package prebuilt https://download.swift.org/prebuilts/swift-syntax/603.0.2/swift-6.3.2-RELEASE-ubuntu_noble_x86_64-MacroSupport.tar.gz
Downloaded https://download.swift.org/prebuilts/swift-syntax/603.0.2/swift-6.3.2-RELEASE-ubuntu_noble_x86_64-MacroSupport.tar.gz (0.19s)
Building for debugging...
[0/56] Write sources
[33/56] Compiling _SwiftSyntaxCShims PlatformMutex.c
[34/56] Write swift-version-272D24FF697CF451.txt
[36/69] Emitting module SwiftSyntax509
[37/89] Emitting module SwiftSyntax600
[38/89] Emitting module SwiftSyntax602
[39/132] Emitting module SwiftSyntax601
[40/132] Emitting module AssayCore
[42/140] Compiling SwiftSyntax603 Empty.swift
[43/140] Compiling SwiftSyntax602 Empty.swift
[44/140] Emitting module SwiftSyntax603
[46/142] Compiling AssayCore Limits.swift
[47/142] Compiling AssayCore MediaType.swift
[48/142] Compiling AssayCore Messages.swift
[49/142] Compiling AssayCore Numbers.swift
[50/142] Wrapping AST for SwiftSyntax603 for debugging
[52/142] Compiling SwiftSyntax600 Empty.swift
[53/143] Wrapping AST for SwiftSyntax602 for debugging
[55/143] Compiling AssayCore DateParser.swift
[56/143] Compiling AssayCore DecimalText.swift
[57/143] Compiling AssayCore Decode.swift
[58/143] Compiling AssayCore DecodeWidths.swift
[59/143] Compiling AssayCore Discriminator.swift
[59/143] Wrapping AST for SwiftSyntax600 for debugging
[61/143] Compiling AssayCore AssayError.swift
[62/143] Compiling AssayCore AssayReader.swift
[63/143] Compiling AssayCore Collectible.swift
[64/143] Compiling AssayCore DateDecode.swift
[65/143] Compiling AssayCore DateFormat.swift
[66/143] Compiling AssayCore JSONWriter.swift
/host/spi-builder-workspace/Sources/AssayCore/Render.swift:390:16: error: cannot find 'isatty' in scope
388 |         return _isatty(1) != 0
389 |         #else
390 |         return isatty(1) != 0
    |                `- error: cannot find 'isatty' in scope
391 |         #endif
392 |     }
/host/spi-builder-workspace/Sources/AssayCore/Render.swift:390:16: error: cannot find 'isatty' in scope
388 |         return _isatty(1) != 0
389 |         #else
390 |         return isatty(1) != 0
    |                `- error: cannot find 'isatty' in scope
391 |         #endif
392 |     }
/host/spi-builder-workspace/Sources/AssayCore/Render.swift:390:16: error: cannot find 'isatty' in scope
388 |         return _isatty(1) != 0
389 |         #else
390 |         return isatty(1) != 0
    |                `- error: cannot find 'isatty' in scope
391 |         #endif
392 |     }
/host/spi-builder-workspace/Sources/AssayCore/Render.swift:390:16: error: cannot find 'isatty' in scope
388 |         return _isatty(1) != 0
389 |         #else
390 |         return isatty(1) != 0
    |                `- error: cannot find 'isatty' in scope
391 |         #endif
392 |     }
[70/143] Compiling SwiftSyntax601 Empty.swift
[71/144] Compiling AssayCore EncodedBytes.swift
[72/144] Compiling AssayCore FormatValidators.swift
[73/144] Compiling AssayCore Issue.swift
[74/144] Compiling AssayCore IssueCode+Names.swift
[75/144] Compiling AssayCore IssueCollector.swift
[76/144] Compiling AssayCore JSONSchemaRender.swift
[77/144] Compiling AssayCore JSONValue.swift
[78/144] Compiling AssayCore JSONValueDecode.swift
[80/144] Compiling SwiftSyntax510 Empty.swift
[81/144] Emitting module SwiftSyntax510
[82/144] Compiling SwiftSyntax509 Empty.swift
[95/146] Wrapping AST for SwiftSyntax601 for debugging
[96/146] Wrapping AST for SwiftSyntax510 for debugging
[106/146] Compiling AssayCore SourceBytes.swift
[107/146] Compiling AssayCore Preprocess.swift
[108/146] Compiling AssayCore RawDecode.swift
[109/146] Compiling AssayCore RawValue.swift
[110/146] Compiling AssayCore Render.swift
[110/146] Wrapping AST for SwiftSyntax509 for debugging
[113/147] Compiling AssayCore Rule.swift
[114/147] Compiling AssayCore Rules.swift
[115/147] Compiling AssayCore SchemaDescriptor.swift
[116/209] Compiling SwiftSyntax TokenDiagnostic.swift
[117/209] Compiling SwiftSyntax TokenSequence.swift
[118/209] Compiling SwiftSyntax TokenSyntax.swift
[119/209] Compiling SwiftSyntax Trivia.swift
[120/209] Compiling SwiftSyntax SyntaxChildren.swift
[121/209] Compiling SwiftSyntax SyntaxCollection.swift
[122/209] Compiling SwiftSyntax SyntaxHashable.swift
[123/209] Compiling SwiftSyntax SyntaxIdentifier.swift
BUILD FAILURE 6.3 android