The Swift Package Index logo.Swift Package Index

Build Information

Failed to build Kiosk, reference 0.2.0 (e8a240), with Swift 6.4 for Linux on 26 Sep 2026 21:43:01 UTC.

Build Command

bash -c docker run --pull=always --rm -v "checkouts-53886770-0":/host -w "$PWD" -e JAVA_HOME="/root/.sdkman/candidates/java/current" -e SPI_BUILD="1" -e SPI_PROCESSING="1" registry.gitlab.com/saguaro1/spi-images:basic-6.4-latest swift build --triple x86_64-unknown-linux-gnu 2>&1

Build Log

========================================
RunAll
========================================
Builder version: 5.1.0
Interrupt handler set up.
========================================
Checkout
========================================
Clone URL: https://github.com/eliseyOzerov/kiosk-swift.git
Reference: 0.2.0
Initialized empty Git repository in /host/spi-builder-workspace/.git/
hint: Using 'master' as the name for the initial branch. This default branch name
hint: is subject to change. To configure the initial branch name to use in all
hint: of your new repositories, which will suppress this warning, call:
hint:
hint: 	git config --global init.defaultBranch <name>
hint:
hint: Names commonly chosen instead of 'master' are 'main', 'trunk' and
hint: 'development'. The just-created branch can be renamed via this command:
hint:
hint: 	git branch -m <name>
From https://github.com/eliseyOzerov/kiosk-swift
 * tag               0.2.0      -> FETCH_HEAD
HEAD is now at e8a240b Use TimeInterval for timeout APIs
Cloned https://github.com/eliseyOzerov/kiosk-swift.git
Revision (git rev-parse @):
e8a240b9940e5d7166152240694674af483234a8
SPI manifest file found: $PWD/.spi.yml
SUCCESS checkout https://github.com/eliseyOzerov/kiosk-swift.git at 0.2.0
========================================
Build
========================================
Selected platform:         linux
Swift version:             6.4
Building package at path:  $PWD
https://github.com/eliseyOzerov/kiosk-swift.git
Running build ...
bash -c docker run --pull=always --rm -v "checkouts-53886770-0":/host -w "$PWD" -e JAVA_HOME="/root/.sdkman/candidates/java/current" -e SPI_BUILD="1" -e SPI_PROCESSING="1" registry.gitlab.com/saguaro1/spi-images:basic-6.4-latest swift build --triple x86_64-unknown-linux-gnu 2>&1
basic-6.4-latest: Pulling from saguaro1/spi-images
Digest: sha256:c77fcce225e223ac0fafed844619173fc6de8d62dd560eeb28db3182af6a282b
Status: Image is up to date for registry.gitlab.com/saguaro1/spi-images:basic-6.4-latest
Fetching https://github.com/swiftlang/swift-syntax.git
[1/80069] Fetching swift-syntax
Fetched https://github.com/swiftlang/swift-syntax.git (3.38s)
Computing version for https://github.com/swiftlang/swift-syntax.git
Computed https://github.com/swiftlang/swift-syntax.git at 601.0.1 (4.57s)
Creating working copy for https://github.com/swiftlang/swift-syntax.git
Working copy of https://github.com/swiftlang/swift-syntax.git resolved at 601.0.1
Building for debugging...
[Computing dependencies]
[Constructing description]
[Pre-planning 1 / 565]
[Planning deferred tasks]
[8 / 233]
[124 / 245] SwiftSyntax509
[150 / 255] SwiftSyntax
[153 / 258] SwiftSyntax510
[160 / 258] SwiftSyntax510
[162 / 258] SwiftSyntax601
[166 / 259] SwiftSyntax
[177 / 269] SwiftBasicFormat
[179 / 287] SwiftParser
[180 / 287] SwiftDiagnostics
[190 / 287] SwiftBasicFormat
[192 / 287] SwiftParser
[193 / 287] SwiftParser
[194 / 287] SwiftParser
[197 / 287] SwiftParser
[201 / 287] SwiftParser
[203 / 287] SwiftDiagnostics
[204 / 287] SwiftOperators
[205 / 287] SwiftOperators
[206 / 287] SwiftDiagnostics-product
[208 / 287] SwiftDiagnostics
[209 / 287] SwiftDiagnostics
[210 / 287] SwiftBasicFormat
[211 / 287] SwiftParserDiagnostics
[212 / 287] SwiftParserDiagnostics
[214 / 287] SwiftBasicFormat
[215 / 288] SwiftParser
[221 / 309] SwiftParserDiagnostics
[222 / 309] SwiftParserDiagnostics
[224 / 310] SwiftOperators
[226 / 310] SwiftOperators
[236 / 310] SwiftSyntaxBuilder
[238 / 310] SwiftParserDiagnostics
[241 / 310] SwiftOperators
[243 / 310] SwiftOperators
[245 / 310] SwiftOperators
[246 / 310] SwiftOperators
[247 / 310] SwiftOperators
[251 / 311]
[254 / 320] SwiftSyntaxBuilder
[255 / 320] SwiftSyntaxBuilder
[256 / 321] SwiftSyntaxBuilder
[257 / 321] SwiftSyntaxBuilder
[258 / 321] SwiftSyntaxBuilder
[260 / 322] SwiftSyntaxBuilder
[264 / 322] SwiftSyntaxBuilder
[265 / 322] SwiftSyntaxBuilder
[269 / 323] SwiftParserDiagnostics
[275 / 332] SwiftSyntaxMacros
[276 / 332] SwiftSyntaxMacros
[280 / 332] SwiftSyntaxMacros
[285 / 333]
[290 / 343] SwiftSyntaxMacroExpansion
[292 / 344] SwiftSyntaxMacros
[295 / 344] SwiftSyntaxMacros
[299 / 344] SwiftSyntaxMacroExpansion
[306 / 354] SwiftSyntaxMacroExpansion
[308 / 354] SwiftCompilerPluginMessageHandling
[309 / 354] SwiftCompilerPluginMessageHandling
[310 / 354] SwiftCompilerPluginMessageHandling
[312 / 354] SwiftCompilerPluginMessageHandling
[313 / 354] SwiftCompilerPluginMessageHandling
[321 / 357] SwiftCompilerPlugin
[326 / 357] SwiftCompilerPlugin
[327 / 358] SwiftCompilerPluginMessageHandling
[328 / 358] SwiftSyntaxMacroExpansion
[330 / 359] SwiftCompilerPluginMessageHandling
[332 / 360] SwiftSyntax
[335 / 361] SwiftSyntax
[342 / 361] SwiftSyntaxMacros
[350 / 362] KioskMacros
[359 / 371] KioskMacros
[360 / 371] KioskMacros
[363 / 372] KioskMacros
[364 / 372] KioskMacros
[374 / 382] Kiosk
error: SwiftCompile normal x86_64 /host/spi-builder-workspace/Sources/Kiosk/WS/WsContext.swift failed with a nonzero exit code. Command line:     cd /host
    builtin-SwiftPerFileCompile WsContext.swift
/host/spi-builder-workspace/Sources/Kiosk/WS/WsContext.swift:5:23: error: 'URLSession' is unavailable: This type has moved to the FoundationNetworking module. Import that module to use it.
  3 | /// Fluent WebSocket context that builds and starts URLSessionWebSocketTask requests.
  4 | public struct WsContext: RequestContext {
  5 |   public var session: URLSession
    |                       `- error: 'URLSession' is unavailable: This type has moved to the FoundationNetworking module. Import that module to use it.
  6 |   public var url: UrlBuilder
  7 |   public var headers: HttpHeaderStorage
Foundation.URLSession:2:18: note: 'URLSession' has been explicitly marked unavailable here
1 | @available(*, unavailable, message: "This type has moved to the FoundationNetworking module. Import that module to use it.")
2 | public typealias URLSession = AnyObject
  |                  `- note: 'URLSession' has been explicitly marked unavailable here
/host/spi-builder-workspace/Sources/Kiosk/WS/WsContext.swift:11:14: error: 'URLSession' is unavailable: This type has moved to the FoundationNetworking module. Import that module to use it.
  9 |
 10 |   public init(
 11 |     session: URLSession = .shared,
    |              `- error: 'URLSession' is unavailable: This type has moved to the FoundationNetworking module. Import that module to use it.
 12 |     url: UrlBuilder = .init(scheme: .wss),
 13 |     headers: HttpHeaderStorage = .init(),
Foundation.URLSession:2:18: note: 'URLSession' has been explicitly marked unavailable here
1 | @available(*, unavailable, message: "This type has moved to the FoundationNetworking module. Import that module to use it.")
2 | public typealias URLSession = AnyObject
  |                  `- note: 'URLSession' has been explicitly marked unavailable here
/host/spi-builder-workspace/Sources/Kiosk/WS/WsContext.swift:11:28: error: type 'URLSession' (aka 'AnyObject') has no member 'shared'
  9 |
 10 |   public init(
 11 |     session: URLSession = .shared,
    |                            `- error: type 'URLSession' (aka 'AnyObject') has no member 'shared'
 12 |     url: UrlBuilder = .init(scheme: .wss),
 13 |     headers: HttpHeaderStorage = .init(),
/host/spi-builder-workspace/Sources/Kiosk/WS/WsContext.swift:11:28: error: value of type '_' expected to be instance of class or class-constrained type
  9 |
 10 |   public init(
 11 |     session: URLSession = .shared,
    |                            `- error: value of type '_' expected to be instance of class or class-constrained type
 12 |     url: UrlBuilder = .init(scheme: .wss),
 13 |     headers: HttpHeaderStorage = .init(),
/host/spi-builder-workspace/Sources/Kiosk/WS/WsContext.swift:29:34: error: 'URLSession' is unavailable: This type has moved to the FoundationNetworking module. Import that module to use it.
 27 |   }
 28 |
 29 |   public func session(_ session: URLSession) -> WsContext {
    |                                  `- error: 'URLSession' is unavailable: This type has moved to the FoundationNetworking module. Import that module to use it.
 30 |     var context = self
 31 |     context.session = session
Foundation.URLSession:2:18: note: 'URLSession' has been explicitly marked unavailable here
1 | @available(*, unavailable, message: "This type has moved to the FoundationNetworking module. Import that module to use it.")
2 | public typealias URLSession = AnyObject
  |                  `- note: 'URLSession' has been explicitly marked unavailable here
/host/spi-builder-workspace/Sources/Kiosk/WS/WsContext.swift:35:35: error: cannot find type 'URLSessionWebSocketTask' in scope
 33 |   }
 34 |
 35 |   public func connect() throws -> URLSessionWebSocketTask {
    |                                   `- error: cannot find type 'URLSessionWebSocketTask' in scope
 36 |     var request = URLRequest(url: try makeURL())
 37 |     options.apply(to: &request)
/host/spi-builder-workspace/Sources/Kiosk/WS/WsContext.swift:98:44: error: cannot find type 'URLRequest' in scope
 96 |
 97 | extension WsOptions {
 98 |   fileprivate func apply(to request: inout URLRequest) {
    |                                            `- error: cannot find type 'URLRequest' in scope
 99 |     if let timeoutInterval {
100 |       request.timeoutInterval = timeoutInterval
/host/spi-builder-workspace/Sources/Kiosk/WS/WsContext.swift:36:19: error: cannot find 'URLRequest' in scope
 34 |
 35 |   public func connect() throws -> URLSessionWebSocketTask {
 36 |     var request = URLRequest(url: try makeURL())
    |                   `- error: cannot find 'URLRequest' in scope
 37 |     options.apply(to: &request)
 38 |
/host/spi-builder-workspace/Sources/Kiosk/WS/WsContext.swift:43:24: error: value of type 'URLSession' (aka 'AnyObject') has no member 'webSocketTask'
 41 |     }
 42 |
 43 |     let task = session.webSocketTask(with: request)
    |                        `- error: value of type 'URLSession' (aka 'AnyObject') has no member 'webSocketTask'
 44 |     if let maximumMessageSize = options.maximumMessageSize {
 45 |       task.maximumMessageSize = maximumMessageSize
Failed frontend command:
/usr/bin/swift-frontend -frontend -c /host/spi-builder-workspace/Sources/Kiosk/APIParameters.swift /host/spi-builder-workspace/Sources/Kiosk/Common/HttpHeaderEncoder.swift /host/spi-builder-workspace/Sources/Kiosk/Common/RequestContext.swift /host/spi-builder-workspace/Sources/Kiosk/Common/UrlBuilder.swift /host/spi-builder-workspace/Sources/Kiosk/Common/UrlQueryEncoder.swift /host/spi-builder-workspace/Sources/Kiosk/HTTP/HttpContext.swift /host/spi-builder-workspace/Sources/Kiosk/HTTP/HttpTypes.swift /host/spi-builder-workspace/Sources/Kiosk/Macros.swift -primary-file /host/spi-builder-workspace/Sources/Kiosk/WS/WsContext.swift /host/spi-builder-workspace/Sources/Kiosk/Wire.swift -emit-dependencies-path /host/spi-builder-workspace/.build/out/Intermediates.noindex/Kiosk.build/Debug-linux-x86_64/Kiosk-t.build/Objects-normal/x86_64/WsContext.d -emit-const-values-path /host/spi-builder-workspace/.build/out/Intermediates.noindex/Kiosk.build/Debug-linux-x86_64/Kiosk-t.build/Objects-normal/x86_64/WsContext.swiftconstvalues -emit-reference-dependencies-path /host/spi-builder-workspace/.build/out/Intermediates.noindex/Kiosk.build/Debug-linux-x86_64/Kiosk-t.build/Objects-normal/x86_64/WsContext.swiftdeps -serialize-diagnostics-path /host/spi-builder-workspace/.build/out/Intermediates.noindex/Kiosk.build/Debug-linux-x86_64/Kiosk-t.build/Objects-normal/x86_64/WsContext.dia -target x86_64-unknown-linux-gnu -disable-objc-interop -I /host/spi-builder-workspace/.build/out/Products/Debug-linux-x86_64 -module-cache-path /host/spi-builder-workspace/.build/out/ModuleCache.noindex -color-diagnostics -Xcc -fcolor-diagnostics -enable-testing -g -debug-info-format\=dwarf -dwarf-version\=4 -swift-version 6 -Onone -D SWIFT_PACKAGE -D DEBUG -D SWIFT_MODULE_RESOURCE_BUNDLE_UNAVAILABLE -D Xcode -serialize-debugging-options -load-plugin-executable /host/spi-builder-workspace/.build/out/Products/Debug-linux-x86_64/KioskMacros\#KioskMacros -enable-experimental-feature DebugDescriptionMacro -empty-abi-descriptor -external-plugin-path /usr/lib/swift/host/plugins/testing\#/usr/bin/swift-plugin-server -validate-clang-modules-once -clang-build-session-file /host/spi-builder-workspace/.build/out/ModuleCache.noindex/Session.modulevalidation -Xcc -working-directory -Xcc /host -enable-anonymous-context-mangled-names -file-compilation-dir /host -Xcc -fno-omit-frame-pointer -Xcc -D_LIBCPP_HARDENING_MODE\=_LIBCPP_HARDENING_MODE_DEBUG -Xcc -fmodules-prune-interval\=86400 -Xcc -fmodules-prune-after\=345600 -Xcc -I/host/spi-builder-workspace/.build/out/Products/Debug-linux-x86_64/include -Xcc -I/host/spi-builder-workspace/.build/out/Intermediates.noindex/Kiosk.build/Debug-linux-x86_64/Kiosk-t.build/DerivedSources-normal/x86_64 -Xcc -I/host/spi-builder-workspace/.build/out/Intermediates.noindex/Kiosk.build/Debug-linux-x86_64/Kiosk-t.build/DerivedSources/x86_64 -Xcc -I/host/spi-builder-workspace/.build/out/Intermediates.noindex/Kiosk.build/Debug-linux-x86_64/Kiosk-t.build/DerivedSources -Xcc -DSWIFT_PACKAGE -Xcc -DDEBUG\=1 -no-auto-bridging-header-chaining -module-name Kiosk -package-name spi_builder_workspace -const-gather-protocols-file /host/spi-builder-workspace/.build/out/Intermediates.noindex/Kiosk.build/Debug-linux-x86_64/Kiosk-t.build/Objects-normal/x86_64/Kiosk_const_extract_protocols.json -in-process-plugin-server-path /usr/lib/swift/host/libSwiftInProcPluginServer.so -plugin-path /usr/lib/swift/host/plugins -plugin-path /usr/local/lib/swift/host/plugins -parse-as-library -o /host/spi-builder-workspace/.build/out/Intermediates.noindex/Kiosk.build/Debug-linux-x86_64/Kiosk-t.build/Objects-normal/x86_64/WsContext.o -index-unit-output-path /Kiosk.build/Debug-linux-x86_64/Kiosk-t.build/Objects-normal/x86_64/WsContext.o -index-store-path /host/spi-builder-workspace/.build/out -index-system-modules
error: Build failed
BUILD FAILURE 6.4 linux