Build Information
Failed to build DebugMenu, reference main (a0c5ae), with Swift 6.4 for watchOS using Xcode 27.0 on 23 Sep 2026 13:40:42 UTC.
Build Command
env DEVELOPER_DIR=/Applications/Xcode-27.0.0-Release.Candidate.app xcrun xcodebuild -IDEClonedSourcePackagesDirPathOverride=$PWD/.dependencies -skipMacroValidation -skipPackagePluginValidation -derivedDataPath $PWD/.derivedData build -scheme DebugMenu -destination generic/platform=watchOSBuild Log
========================================
RunAll
========================================
Builder version: 5.1.0
Interrupt handler set up.
========================================
Checkout
========================================
Clone URL: https://github.com/noppefoxwolf/DebugMenu.git
Reference: main
Initialized empty Git repository in /Users/admin/builder/spi-builder-workspace/.git/
From https://github.com/noppefoxwolf/DebugMenu
* branch main -> FETCH_HEAD
* [new branch] main -> origin/main
HEAD is now at a0c5ae4 Merge pull request #36 from noppefoxwolf/swift6
Cloned https://github.com/noppefoxwolf/DebugMenu.git
Revision (git rev-parse @):
a0c5ae4c111dc0c540173dd31f71185448fb6173
SUCCESS checkout https://github.com/noppefoxwolf/DebugMenu.git at main
========================================
Build
========================================
Selected platform: watchOS
Swift version: 6.4
Building package at path: $PWD
https://github.com/noppefoxwolf/DebugMenu.git
Command line invocation:
/Applications/Xcode-27.0.0-Release.Candidate.app/Contents/Developer/usr/bin/xcodebuild -IDEClonedSourcePackagesDirPathOverride=/Users/admin/builder/spi-builder-workspace/.dependencies -resolvePackageDependencies
Resolve Package Graph
Resolve Package Graph
Resolve Package Graph
Resolved source packages:
DebugMenu: /Users/admin/builder/spi-builder-workspace
resolved source packages: DebugMenu
2026-09-23 09:40:01.749 xcodebuild[529:3032] [MT] IDERunDestination: Supported platforms for the buildables in the current scheme is empty.
{
"default_localization" : "en",
"dependencies" : [
],
"manifest_display_name" : "DebugMenu",
"name" : "DebugMenu",
"path" : "/Users/admin/builder/spi-builder-workspace",
"platforms" : [
{
"name" : "ios",
"version" : "16.0"
}
],
"products" : [
{
"name" : "DebugMenu",
"targets" : [
"DebugMenu"
],
"type" : {
"library" : [
"automatic"
]
}
}
],
"targets" : [
{
"c99name" : "DebugMenuTests",
"module_type" : "SwiftTarget",
"name" : "DebugMenuTests",
"path" : "Tests/DebugMenuTests",
"sources" : [
"DebugMenuTests.swift",
"XCTestManifests.swift"
],
"target_dependencies" : [
"DebugMenu"
],
"type" : "test"
},
{
"c99name" : "DebugMenu",
"module_type" : "SwiftTarget",
"name" : "DebugMenu",
"path" : "Sources/DebugMenu",
"product_memberships" : [
"DebugMenu"
],
"resources" : [
{
"path" : "/Users/admin/builder/spi-builder-workspace/Sources/DebugMenu/Resource/en.lproj/Localizable.strings",
"rule" : {
"process" : {
"localization" : "en"
}
}
},
{
"path" : "/Users/admin/builder/spi-builder-workspace/Sources/DebugMenu/Resource/ja.lproj/Localizable.strings",
"rule" : {
"process" : {
"localization" : "ja"
}
}
}
],
"sources" : [
"DebugMenu.swift",
"Entity/AnyDebugItem.swift",
"Entity/Application.swift",
"Entity/DashboardItem.swift",
"Entity/DebugItem.swift",
"Entity/Device.swift",
"Entity/Device/CPU.swift",
"Entity/Device/GPU.swift",
"Entity/Device/Memory.swift",
"Entity/Device/Network.swift",
"Entity/Device/NetworkUsage.swift",
"Entity/Device/System.swift",
"Entity/Envelope.swift",
"Entity/MetricsFetcher.swift",
"Entity/Options.swift",
"Entity/RecentItemStore.swift",
"Extensions/Cell+.swift",
"Extensions/CustomActivityController.swift",
"Extensions/FloatingItemGestureRecognizer.swift",
"Extensions/L10n.swift",
"Plugin/Dashboard/CPUGraphDashboardItem.swift",
"Plugin/Dashboard/CPUUsageDashboardItem.swift",
"Plugin/Dashboard/FPSDashboardItem.swift",
"Plugin/Dashboard/GPUMemoryUsageDashboardItem.swift",
"Plugin/Dashboard/IntervalDashboardItem.swift",
"Plugin/Dashboard/MemoryUsageDashboardItem.swift",
"Plugin/Dashboard/NetworkUsageDashboardItem.swift",
"Plugin/Dashboard/ThermalStateDashboardItem.swift",
"Plugin/Dashboard/UI/GraphTableViewCell.swift",
"Plugin/Dashboard/UI/GraphView.swift",
"Plugin/Dashboard/UI/IntervalTableViewCell.swift",
"Plugin/Dashboard/UI/IntervalView.swift",
"Plugin/DebugMenu/AppInfoDebugItem.swift",
"Plugin/DebugMenu/CaseSelectableDebugItem.swift",
"Plugin/DebugMenu/ClearCacheDebugItem.swift",
"Plugin/DebugMenu/DebugMenuResult.swift",
"Plugin/DebugMenu/DeviceInfoDebugItem.swift",
"Plugin/DebugMenu/ExitDebugItem.swift",
"Plugin/DebugMenu/GroupDebugItem.swift",
"Plugin/DebugMenu/KeyValueDebugItem.swift",
"Plugin/DebugMenu/SliderDebugItem.swift",
"Plugin/DebugMenu/ToggleDebugItem.swift",
"Plugin/DebugMenu/UI/CaseSelectableTableController.swift",
"Plugin/DebugMenu/UI/EnvelopePreviewTableViewController.swift",
"Plugin/DebugMenu/UI/SliderCell.swift",
"Plugin/DebugMenu/UI/ToogleCell.swift",
"Plugin/DebugMenu/UI/Value1TableViewCell.swift",
"Plugin/DebugMenu/UserDefaultsResetDebugItem.swift",
"Plugin/DebugMenu/ViewControllerDebugItem.swift",
"SwiftUI/DebugMenuModifier.swift",
"View/FloatingViewController.swift",
"View/InAppDebuggerViewController.swift",
"View/InAppDebuggerWindow.swift",
"View/LaunchView.swift",
"View/WidgetView.swift"
],
"type" : "library"
}
],
"tools_version" : "5.9"
}
{
"workspace" : {
"name" : "DebugMenu",
"schemes" : [
"DebugMenu"
]
}
}
2026-09-23 09:40:33.564 xcodebuild[626:3874] [MT] IDERunDestination: Supported platforms for the buildables in the current scheme is empty.
Running build ...
env DEVELOPER_DIR=/Applications/Xcode-27.0.0-Release.Candidate.app xcrun xcodebuild -IDEClonedSourcePackagesDirPathOverride=$PWD/.dependencies -skipMacroValidation -skipPackagePluginValidation -derivedDataPath $PWD/.derivedData build -scheme DebugMenu -destination generic/platform=watchOS
Command line invocation:
/Applications/Xcode-27.0.0-Release.Candidate.app/Contents/Developer/usr/bin/xcodebuild -IDEClonedSourcePackagesDirPathOverride=/Users/admin/builder/spi-builder-workspace/.dependencies -skipMacroValidation -skipPackagePluginValidation -derivedDataPath /Users/admin/builder/spi-builder-workspace/.derivedData build -scheme DebugMenu -destination generic/platform=watchOS
Resolve Package Graph
Resolved source packages:
DebugMenu: /Users/admin/builder/spi-builder-workspace
ComputePackagePrebuildTargetDependencyGraph
Prepare packages
CreateBuildRequest
SendProjectDescription
CreateBuildOperation
ComputeTargetDependencyGraph
note: Building targets in dependency order
note: Target dependency graph (3 targets)
Target 'DebugMenu-product' in project 'DebugMenu'
➜ Explicit dependency on target 'DebugMenu' in project 'DebugMenu'
➜ Explicit dependency on target 'DebugMenu_DebugMenu' in project 'DebugMenu'
Target 'DebugMenu' in project 'DebugMenu'
➜ Explicit dependency on target 'DebugMenu_DebugMenu' in project 'DebugMenu'
Target 'DebugMenu_DebugMenu' in project 'DebugMenu' (no dependencies)
GatherProvisioningInputs
CreateBuildDescription
ExecuteExternalTool /Applications/Xcode-27.0.0-Release.Candidate.app/Contents/Developer/Toolchains/XcodeDefault.xctoolchain/usr/bin/clang -v -E -dM -isysroot /Applications/Xcode-27.0.0-Release.Candidate.app/Contents/Developer/Platforms/WatchOS.platform/Developer/SDKs/WatchOS27.0.sdk -x c -c /dev/null
ExecuteExternalTool /Applications/Xcode-27.0.0-Release.Candidate.app/Contents/Developer/Toolchains/XcodeDefault.xctoolchain/usr/bin/swiftc --version
ExecuteExternalTool /Applications/Xcode-27.0.0-Release.Candidate.app/Contents/Developer/Toolchains/XcodeDefault.xctoolchain/usr/bin/ld -version_details
Build description signature: e42c3ecfcbd7a9d074c1c8ee02423fc9
Build description path: /Users/admin/builder/spi-builder-workspace/.derivedData/Build/Intermediates.noindex/XCBuildData/e42c3ecfcbd7a9d074c1c8ee02423fc9.xcbuilddata
CreateBuildDirectory /Users/admin/builder/spi-builder-workspace/.derivedData/SDKExplicitPrecompiledModules
cd /Users/admin/builder/spi-builder-workspace/.swiftpm/xcode
builtin-create-build-directory /Users/admin/builder/spi-builder-workspace/.derivedData/SDKExplicitPrecompiledModules
CreateBuildDirectory /Users/admin/builder/spi-builder-workspace/.derivedData/ModuleCache.noindex
cd /Users/admin/builder/spi-builder-workspace/.swiftpm/xcode
builtin-create-build-directory /Users/admin/builder/spi-builder-workspace/.derivedData/ModuleCache.noindex
CreateBuildDirectory /Users/admin/builder/spi-builder-workspace/.derivedData/CompilationCache.noindex
cd /Users/admin/builder/spi-builder-workspace/.swiftpm/xcode
builtin-create-build-directory /Users/admin/builder/spi-builder-workspace/.derivedData/CompilationCache.noindex
CreateBuildDirectory /Users/admin/builder/spi-builder-workspace/.derivedData/Build/Intermediates.noindex
cd /Users/admin/builder/spi-builder-workspace/.swiftpm/xcode
builtin-create-build-directory /Users/admin/builder/spi-builder-workspace/.derivedData/Build/Intermediates.noindex
ClangStatCache /Applications/Xcode-27.0.0-Release.Candidate.app/Contents/Developer/Toolchains/XcodeDefault.xctoolchain/usr/bin/clang-stat-cache /Applications/Xcode-27.0.0-Release.Candidate.app/Contents/Developer/Platforms/WatchOS.platform/Developer/SDKs/WatchOS27.0.sdk /Users/admin/builder/spi-builder-workspace/.derivedData/SDKStatCaches.noindex/watchos27.0-24R360-e829b21a6f8c9b70876ba0858053c04477534ef55a1706bf4c1112bbb242f0a2.sdkstatcache
cd /Users/admin/builder/spi-builder-workspace/.swiftpm/xcode
/Applications/Xcode-27.0.0-Release.Candidate.app/Contents/Developer/Toolchains/XcodeDefault.xctoolchain/usr/bin/clang-stat-cache /Applications/Xcode-27.0.0-Release.Candidate.app/Contents/Developer/Platforms/WatchOS.platform/Developer/SDKs/WatchOS27.0.sdk -o /Users/admin/builder/spi-builder-workspace/.derivedData/SDKStatCaches.noindex/watchos27.0-24R360-e829b21a6f8c9b70876ba0858053c04477534ef55a1706bf4c1112bbb242f0a2.sdkstatcache
CreateBuildDirectory /Users/admin/builder/spi-builder-workspace/.derivedData/Build/Products
cd /Users/admin/builder/spi-builder-workspace/.swiftpm/xcode
builtin-create-build-directory /Users/admin/builder/spi-builder-workspace/.derivedData/Build/Products
CreateBuildDirectory /Users/admin/builder/spi-builder-workspace/.derivedData/Build/Intermediates.noindex/SwiftExplicitPrecompiledModules
cd /Users/admin/builder/spi-builder-workspace/.swiftpm/xcode
builtin-create-build-directory /Users/admin/builder/spi-builder-workspace/.derivedData/Build/Intermediates.noindex/SwiftExplicitPrecompiledModules
CreateBuildDirectory /Users/admin/builder/spi-builder-workspace/.derivedData/Build/Intermediates.noindex/PrecompiledHeaders
cd /Users/admin/builder/spi-builder-workspace/.swiftpm/xcode
builtin-create-build-directory /Users/admin/builder/spi-builder-workspace/.derivedData/Build/Intermediates.noindex/PrecompiledHeaders
CreateBuildDirectory /Users/admin/builder/spi-builder-workspace/.derivedData/Build/Intermediates.noindex/ExplicitPrecompiledModules
cd /Users/admin/builder/spi-builder-workspace/.swiftpm/xcode
builtin-create-build-directory /Users/admin/builder/spi-builder-workspace/.derivedData/Build/Intermediates.noindex/ExplicitPrecompiledModules
CreateBuildDirectory /Users/admin/builder/spi-builder-workspace/.derivedData/Build/Intermediates.noindex/EagerLinkingTBDs/Debug-watchos
cd /Users/admin/builder/spi-builder-workspace/.swiftpm/xcode
builtin-create-build-directory /Users/admin/builder/spi-builder-workspace/.derivedData/Build/Intermediates.noindex/EagerLinkingTBDs/Debug-watchos
CreateBuildDirectory /Users/admin/builder/spi-builder-workspace/.derivedData/Build/Products/Debug-watchos
cd /Users/admin/builder/spi-builder-workspace/.swiftpm/xcode
builtin-create-build-directory /Users/admin/builder/spi-builder-workspace/.derivedData/Build/Products/Debug-watchos
CreateBuildDirectory /Users/admin/builder/spi-builder-workspace/.derivedData/Build/Products/Debug-watchos/PackageFrameworks
cd /Users/admin/builder/spi-builder-workspace/.swiftpm/xcode
builtin-create-build-directory /Users/admin/builder/spi-builder-workspace/.derivedData/Build/Products/Debug-watchos/PackageFrameworks
MkDir /Users/admin/builder/spi-builder-workspace/.derivedData/Build/Products/Debug-watchos/DebugMenu_DebugMenu.bundle (in target 'DebugMenu_DebugMenu' from project 'DebugMenu')
cd /Users/admin/builder/spi-builder-workspace
/bin/mkdir -p /Users/admin/builder/spi-builder-workspace/.derivedData/Build/Products/Debug-watchos/DebugMenu_DebugMenu.bundle
WriteAuxiliaryFile /Users/admin/builder/spi-builder-workspace/.derivedData/Build/Intermediates.noindex/DebugMenu.build/Debug-watchos/DebugMenu_DebugMenu-b.build/DebugMenu_DebugMenu.DependencyStaticMetadataFileList (in target 'DebugMenu_DebugMenu' from project 'DebugMenu')
cd /Users/admin/builder/spi-builder-workspace
write-file /Users/admin/builder/spi-builder-workspace/.derivedData/Build/Intermediates.noindex/DebugMenu.build/Debug-watchos/DebugMenu_DebugMenu-b.build/DebugMenu_DebugMenu.DependencyStaticMetadataFileList
WriteAuxiliaryFile /Users/admin/builder/spi-builder-workspace/.derivedData/Build/Intermediates.noindex/DebugMenu.build/Debug-watchos/DebugMenu_DebugMenu-b.build/empty-DebugMenu_DebugMenu.plist (in target 'DebugMenu_DebugMenu' from project 'DebugMenu')
cd /Users/admin/builder/spi-builder-workspace
write-file /Users/admin/builder/spi-builder-workspace/.derivedData/Build/Intermediates.noindex/DebugMenu.build/Debug-watchos/DebugMenu_DebugMenu-b.build/empty-DebugMenu_DebugMenu.plist
WriteAuxiliaryFile /Users/admin/builder/spi-builder-workspace/.derivedData/Build/Intermediates.noindex/DebugMenu.build/Debug-watchos/DebugMenu_DebugMenu-b.build/DebugMenu_DebugMenu.DependencyMetadataFileList (in target 'DebugMenu_DebugMenu' from project 'DebugMenu')
cd /Users/admin/builder/spi-builder-workspace
write-file /Users/admin/builder/spi-builder-workspace/.derivedData/Build/Intermediates.noindex/DebugMenu.build/Debug-watchos/DebugMenu_DebugMenu-b.build/DebugMenu_DebugMenu.DependencyMetadataFileList
WriteAuxiliaryFile /Users/admin/builder/spi-builder-workspace/.derivedData/Build/Intermediates.noindex/DebugMenu.build/Debug-watchos/DebugMenu-t.build/Objects-normal/arm64_32/DebugMenu.SwiftFileList (in target 'DebugMenu' from project 'DebugMenu')
cd /Users/admin/builder/spi-builder-workspace
write-file /Users/admin/builder/spi-builder-workspace/.derivedData/Build/Intermediates.noindex/DebugMenu.build/Debug-watchos/DebugMenu-t.build/Objects-normal/arm64_32/DebugMenu.SwiftFileList
WriteAuxiliaryFile /Users/admin/builder/spi-builder-workspace/.derivedData/Build/Intermediates.noindex/DebugMenu.build/Debug-watchos/DebugMenu-t.build/Objects-normal/arm64_32/DebugMenu.LinkFileList (in target 'DebugMenu' from project 'DebugMenu')
cd /Users/admin/builder/spi-builder-workspace
write-file /Users/admin/builder/spi-builder-workspace/.derivedData/Build/Intermediates.noindex/DebugMenu.build/Debug-watchos/DebugMenu-t.build/Objects-normal/arm64_32/DebugMenu.LinkFileList
WriteAuxiliaryFile /Users/admin/builder/spi-builder-workspace/.derivedData/Build/Intermediates.noindex/DebugMenu.build/Debug-watchos/DebugMenu-t.build/Objects-normal/arm64_32/DebugMenu-OutputFileMap.json (in target 'DebugMenu' from project 'DebugMenu')
cd /Users/admin/builder/spi-builder-workspace
write-file /Users/admin/builder/spi-builder-workspace/.derivedData/Build/Intermediates.noindex/DebugMenu.build/Debug-watchos/DebugMenu-t.build/Objects-normal/arm64_32/DebugMenu-OutputFileMap.json
WriteAuxiliaryFile /Users/admin/builder/spi-builder-workspace/.derivedData/Build/Intermediates.noindex/DebugMenu.build/Debug-watchos/DebugMenu-t.build/Objects-normal/arm64_32/DebugMenu_const_extract_protocols.json (in target 'DebugMenu' from project 'DebugMenu')
cd /Users/admin/builder/spi-builder-workspace
write-file /Users/admin/builder/spi-builder-workspace/.derivedData/Build/Intermediates.noindex/DebugMenu.build/Debug-watchos/DebugMenu-t.build/Objects-normal/arm64_32/DebugMenu_const_extract_protocols.json
WriteAuxiliaryFile /Users/admin/builder/spi-builder-workspace/.derivedData/Build/Intermediates.noindex/DebugMenu.build/Debug-watchos/DebugMenu-t.build/Objects-normal/arm64_32/DebugMenu.SwiftConstValuesFileList (in target 'DebugMenu' from project 'DebugMenu')
cd /Users/admin/builder/spi-builder-workspace
write-file /Users/admin/builder/spi-builder-workspace/.derivedData/Build/Intermediates.noindex/DebugMenu.build/Debug-watchos/DebugMenu-t.build/Objects-normal/arm64_32/DebugMenu.SwiftConstValuesFileList
WriteAuxiliaryFile /Users/admin/builder/spi-builder-workspace/.derivedData/Build/Intermediates.noindex/DebugMenu.build/Debug-watchos/DebugMenu-t.build/Objects-normal/arm64/DebugMenu_const_extract_protocols.json (in target 'DebugMenu' from project 'DebugMenu')
cd /Users/admin/builder/spi-builder-workspace
write-file /Users/admin/builder/spi-builder-workspace/.derivedData/Build/Intermediates.noindex/DebugMenu.build/Debug-watchos/DebugMenu-t.build/Objects-normal/arm64/DebugMenu_const_extract_protocols.json
WriteAuxiliaryFile /Users/admin/builder/spi-builder-workspace/.derivedData/Build/Intermediates.noindex/DebugMenu.build/Debug-watchos/DebugMenu-t.build/Objects-normal/arm64/DebugMenu.SwiftFileList (in target 'DebugMenu' from project 'DebugMenu')
cd /Users/admin/builder/spi-builder-workspace
write-file /Users/admin/builder/spi-builder-workspace/.derivedData/Build/Intermediates.noindex/DebugMenu.build/Debug-watchos/DebugMenu-t.build/Objects-normal/arm64/DebugMenu.SwiftFileList
WriteAuxiliaryFile /Users/admin/builder/spi-builder-workspace/.derivedData/Build/Intermediates.noindex/DebugMenu.build/Debug-watchos/DebugMenu-t.build/Objects-normal/arm64/DebugMenu.LinkFileList (in target 'DebugMenu' from project 'DebugMenu')
cd /Users/admin/builder/spi-builder-workspace
write-file /Users/admin/builder/spi-builder-workspace/.derivedData/Build/Intermediates.noindex/DebugMenu.build/Debug-watchos/DebugMenu-t.build/Objects-normal/arm64/DebugMenu.LinkFileList
WriteAuxiliaryFile /Users/admin/builder/spi-builder-workspace/.derivedData/Build/Intermediates.noindex/DebugMenu.build/Debug-watchos/DebugMenu-t.build/Objects-normal/arm64/DebugMenu.SwiftConstValuesFileList (in target 'DebugMenu' from project 'DebugMenu')
cd /Users/admin/builder/spi-builder-workspace
write-file /Users/admin/builder/spi-builder-workspace/.derivedData/Build/Intermediates.noindex/DebugMenu.build/Debug-watchos/DebugMenu-t.build/Objects-normal/arm64/DebugMenu.SwiftConstValuesFileList
WriteAuxiliaryFile /Users/admin/builder/spi-builder-workspace/.derivedData/Build/Intermediates.noindex/DebugMenu.build/Debug-watchos/DebugMenu-t.build/Objects-normal/arm64/DebugMenu-OutputFileMap.json (in target 'DebugMenu' from project 'DebugMenu')
cd /Users/admin/builder/spi-builder-workspace
write-file /Users/admin/builder/spi-builder-workspace/.derivedData/Build/Intermediates.noindex/DebugMenu.build/Debug-watchos/DebugMenu-t.build/Objects-normal/arm64/DebugMenu-OutputFileMap.json
WriteAuxiliaryFile /Users/admin/builder/spi-builder-workspace/.derivedData/Build/Intermediates.noindex/DebugMenu.build/Debug-watchos/DebugMenu-t.build/DebugMenu.modulemap (in target 'DebugMenu' from project 'DebugMenu')
cd /Users/admin/builder/spi-builder-workspace
write-file /Users/admin/builder/spi-builder-workspace/.derivedData/Build/Intermediates.noindex/DebugMenu.build/Debug-watchos/DebugMenu-t.build/DebugMenu.modulemap
WriteAuxiliaryFile /Users/admin/builder/spi-builder-workspace/.derivedData/Build/Intermediates.noindex/DebugMenu.build/Debug-watchos/DebugMenu-t.build/DebugMenu.DependencyStaticMetadataFileList (in target 'DebugMenu' from project 'DebugMenu')
cd /Users/admin/builder/spi-builder-workspace
write-file /Users/admin/builder/spi-builder-workspace/.derivedData/Build/Intermediates.noindex/DebugMenu.build/Debug-watchos/DebugMenu-t.build/DebugMenu.DependencyStaticMetadataFileList
WriteAuxiliaryFile /Users/admin/builder/spi-builder-workspace/.derivedData/Build/Intermediates.noindex/DebugMenu.build/Debug-watchos/DebugMenu-t.build/DebugMenu.DependencyMetadataFileList (in target 'DebugMenu' from project 'DebugMenu')
cd /Users/admin/builder/spi-builder-workspace
write-file /Users/admin/builder/spi-builder-workspace/.derivedData/Build/Intermediates.noindex/DebugMenu.build/Debug-watchos/DebugMenu-t.build/DebugMenu.DependencyMetadataFileList
WriteAuxiliaryFile /Users/admin/builder/spi-builder-workspace/.derivedData/Build/Intermediates.noindex/DebugMenu.build/Debug-watchos/DebugMenu-t.build/DerivedSources/resource_bundle_accessor.swift (in target 'DebugMenu' from project 'DebugMenu')
cd /Users/admin/builder/spi-builder-workspace
write-file /Users/admin/builder/spi-builder-workspace/.derivedData/Build/Intermediates.noindex/DebugMenu.build/Debug-watchos/DebugMenu-t.build/DerivedSources/resource_bundle_accessor.swift
Copy /Users/admin/builder/spi-builder-workspace/.derivedData/Build/Intermediates.noindex/GeneratedModuleMaps-watchos/DebugMenu.modulemap /Users/admin/builder/spi-builder-workspace/.derivedData/Build/Intermediates.noindex/DebugMenu.build/Debug-watchos/DebugMenu-t.build/DebugMenu.modulemap (in target 'DebugMenu' from project 'DebugMenu')
cd /Users/admin/builder/spi-builder-workspace
builtin-copy -exclude .DS_Store -exclude CVS -exclude .svn -exclude .git -exclude .hg -resolve-src-symlinks /Users/admin/builder/spi-builder-workspace/.derivedData/Build/Intermediates.noindex/DebugMenu.build/Debug-watchos/DebugMenu-t.build/DebugMenu.modulemap /Users/admin/builder/spi-builder-workspace/.derivedData/Build/Intermediates.noindex/GeneratedModuleMaps-watchos
ProcessInfoPlistFile /Users/admin/builder/spi-builder-workspace/.derivedData/Build/Products/Debug-watchos/DebugMenu_DebugMenu.bundle/Info.plist /Users/admin/builder/spi-builder-workspace/.derivedData/Build/Intermediates.noindex/DebugMenu.build/Debug-watchos/DebugMenu_DebugMenu-b.build/empty-DebugMenu_DebugMenu.plist (in target 'DebugMenu_DebugMenu' from project 'DebugMenu')
cd /Users/admin/builder/spi-builder-workspace
builtin-infoPlistUtility /Users/admin/builder/spi-builder-workspace/.derivedData/Build/Intermediates.noindex/DebugMenu.build/Debug-watchos/DebugMenu_DebugMenu-b.build/empty-DebugMenu_DebugMenu.plist -producttype com.apple.product-type.bundle -expandbuildsettings -format binary -platform watchos -o /Users/admin/builder/spi-builder-workspace/.derivedData/Build/Products/Debug-watchos/DebugMenu_DebugMenu.bundle/Info.plist
CpResource /Users/admin/builder/spi-builder-workspace/.derivedData/Build/Products/Debug-watchos/DebugMenu_DebugMenu.bundle/ja.lproj/Localizable.strings /Users/admin/builder/spi-builder-workspace/Sources/DebugMenu/Resource/ja.lproj/Localizable.strings (in target 'DebugMenu_DebugMenu' from project 'DebugMenu')
cd /Users/admin/builder/spi-builder-workspace
builtin-copy -exclude .DS_Store -exclude CVS -exclude .svn -exclude .git -exclude .hg -resolve-src-symlinks /Users/admin/builder/spi-builder-workspace/Sources/DebugMenu/Resource/ja.lproj/Localizable.strings /Users/admin/builder/spi-builder-workspace/.derivedData/Build/Products/Debug-watchos/DebugMenu_DebugMenu.bundle/ja.lproj
CpResource /Users/admin/builder/spi-builder-workspace/.derivedData/Build/Products/Debug-watchos/DebugMenu_DebugMenu.bundle/en.lproj/Localizable.strings /Users/admin/builder/spi-builder-workspace/Sources/DebugMenu/Resource/en.lproj/Localizable.strings (in target 'DebugMenu_DebugMenu' from project 'DebugMenu')
cd /Users/admin/builder/spi-builder-workspace
builtin-copy -exclude .DS_Store -exclude CVS -exclude .svn -exclude .git -exclude .hg -resolve-src-symlinks /Users/admin/builder/spi-builder-workspace/Sources/DebugMenu/Resource/en.lproj/Localizable.strings /Users/admin/builder/spi-builder-workspace/.derivedData/Build/Products/Debug-watchos/DebugMenu_DebugMenu.bundle/en.lproj
RegisterExecutionPolicyException /Users/admin/builder/spi-builder-workspace/.derivedData/Build/Products/Debug-watchos/DebugMenu_DebugMenu.bundle (in target 'DebugMenu_DebugMenu' from project 'DebugMenu')
cd /Users/admin/builder/spi-builder-workspace
builtin-RegisterExecutionPolicyException /Users/admin/builder/spi-builder-workspace/.derivedData/Build/Products/Debug-watchos/DebugMenu_DebugMenu.bundle
Touch /Users/admin/builder/spi-builder-workspace/.derivedData/Build/Products/Debug-watchos/DebugMenu_DebugMenu.bundle (in target 'DebugMenu_DebugMenu' from project 'DebugMenu')
cd /Users/admin/builder/spi-builder-workspace
/usr/bin/touch -c /Users/admin/builder/spi-builder-workspace/.derivedData/Build/Products/Debug-watchos/DebugMenu_DebugMenu.bundle
SwiftDriver DebugMenu normal arm64_32 com.apple.xcode.tools.swift.compiler (in target 'DebugMenu' from project 'DebugMenu')
cd /Users/admin/builder/spi-builder-workspace/.swiftpm/xcode
builtin-SwiftDriver -- /Applications/Xcode-27.0.0-Release.Candidate.app/Contents/Developer/Toolchains/XcodeDefault.xctoolchain/usr/bin/swiftc -parse-as-library -module-name DebugMenu -Onone @/Users/admin/builder/spi-builder-workspace/.derivedData/Build/Intermediates.noindex/DebugMenu.build/Debug-watchos/DebugMenu-t.build/Objects-normal/arm64_32/DebugMenu.SwiftFileList -DSWIFT_PACKAGE -DDEBUG -DSWIFT_MODULE_RESOURCE_BUNDLE_AVAILABLE -DXcode -plugin-path /Applications/Xcode-27.0.0-Release.Candidate.app/Contents/Developer/Toolchains/XcodeDefault.xctoolchain/usr/lib/swift/host/plugins/testing -enable-experimental-feature DebugDescriptionMacro -sdk /Applications/Xcode-27.0.0-Release.Candidate.app/Contents/Developer/Platforms/WatchOS.platform/Developer/SDKs/WatchOS27.0.sdk -target arm64_32-apple-watchos9.0 -g -module-cache-path /Users/admin/builder/spi-builder-workspace/.derivedData/ModuleCache.noindex -Xfrontend -serialize-debugging-options -profile-coverage-mapping -profile-generate -enable-testing -index-store-path /Users/admin/builder/spi-builder-workspace/.derivedData/Index.noindex/DataStore -Xcc -D_LIBCPP_HARDENING_MODE\=_LIBCPP_HARDENING_MODE_DEBUG -swift-version 5 -I /Users/admin/builder/spi-builder-workspace/.derivedData/Build/Products/Debug-watchos -Isystem /Applications/Xcode-27.0.0-Release.Candidate.app/Contents/Developer/Platforms/WatchOS.platform/Developer/usr/lib -F /Users/admin/builder/spi-builder-workspace/.derivedData/Build/Products/Debug-watchos -F /Applications/Xcode-27.0.0-Release.Candidate.app/Contents/Developer/Platforms/WatchOS.platform/Developer/Library/Frameworks -F /Applications/Xcode-27.0.0-Release.Candidate.app/Contents/Developer/Platforms/WatchOS.platform/Developer/SDKs/WatchOS27.0.sdk/Developer/Library/Frameworks -emit-localized-strings -emit-localized-strings-path /Users/admin/builder/spi-builder-workspace/.derivedData/Build/Intermediates.noindex/DebugMenu.build/Debug-watchos/DebugMenu-t.build/Objects-normal/arm64_32 -c -j10 -enable-batch-mode -incremental -Xcc -ivfsstatcache -Xcc /Users/admin/builder/spi-builder-workspace/.derivedData/SDKStatCaches.noindex/watchos27.0-24R360-e829b21a6f8c9b70876ba0858053c04477534ef55a1706bf4c1112bbb242f0a2.sdkstatcache -output-file-map /Users/admin/builder/spi-builder-workspace/.derivedData/Build/Intermediates.noindex/DebugMenu.build/Debug-watchos/DebugMenu-t.build/Objects-normal/arm64_32/DebugMenu-OutputFileMap.json -save-temps -no-color-diagnostics -explicit-module-build -module-cache-path /Users/admin/builder/spi-builder-workspace/.derivedData/Build/Intermediates.noindex/SwiftExplicitPrecompiledModules -clang-scanner-module-cache-path /Users/admin/builder/spi-builder-workspace/.derivedData/ModuleCache.noindex -sdk-module-cache-path /Users/admin/builder/spi-builder-workspace/.derivedData/SDKExplicitPrecompiledModules -emit-dependencies -emit-module -emit-module-path /Users/admin/builder/spi-builder-workspace/.derivedData/Build/Intermediates.noindex/DebugMenu.build/Debug-watchos/DebugMenu-t.build/Objects-normal/arm64_32/DebugMenu.swiftmodule -serialize-diagnostics -dependency-scan-serialize-diagnostics-path /Users/admin/builder/spi-builder-workspace/.derivedData/Build/Intermediates.noindex/DebugMenu.build/Debug-watchos/DebugMenu-t.build/Objects-normal/arm64_32/DebugMenu-dependency-scan.dia -validate-clang-modules-once -clang-build-session-file /Users/admin/builder/spi-builder-workspace/.derivedData/ModuleCache.noindex/Session.modulevalidation -Xcc -fmodules-prune-interval\=86400 -Xcc -fmodules-prune-after\=345600 -package-name spi_builder_workspace -emit-const-values -const-gather-protocols-list /Users/admin/builder/spi-builder-workspace/.derivedData/Build/Intermediates.noindex/DebugMenu.build/Debug-watchos/DebugMenu-t.build/Objects-normal/arm64_32/DebugMenu_const_extract_protocols.json -Xcc -I/Users/admin/builder/spi-builder-workspace/.derivedData/Build/Products/Debug-watchos/include -Xcc -I/Users/admin/builder/spi-builder-workspace/.derivedData/Build/Intermediates.noindex/DebugMenu.build/Debug-watchos/DebugMenu-t.build/DerivedSources-normal/arm64_32 -Xcc -I/Users/admin/builder/spi-builder-workspace/.derivedData/Build/Intermediates.noindex/DebugMenu.build/Debug-watchos/DebugMenu-t.build/DerivedSources/arm64_32 -Xcc -I/Users/admin/builder/spi-builder-workspace/.derivedData/Build/Intermediates.noindex/DebugMenu.build/Debug-watchos/DebugMenu-t.build/DerivedSources -Xcc -DSWIFT_PACKAGE -Xcc -DDEBUG\=1 -emit-objc-header -emit-objc-header-path /Users/admin/builder/spi-builder-workspace/.derivedData/Build/Intermediates.noindex/DebugMenu.build/Debug-watchos/DebugMenu-t.build/Objects-normal/arm64_32/DebugMenu-Swift.h -working-directory /Users/admin/builder/spi-builder-workspace/.swiftpm/xcode -experimental-emit-module-separately -disable-cmo
/Users/admin/builder/spi-builder-workspace/Sources/DebugMenu/Entity/Device/GPU.swift:2:8: error: Unable to resolve module dependency: 'Metal' (in target 'DebugMenu' from project 'DebugMenu')
note: A dependency of main module 'DebugMenu'
/Users/admin/builder/spi-builder-workspace/Sources/DebugMenu/Entity/Device/GPU.swift:2:8: note: A dependency of main module 'DebugMenu'
import Metal
^ (in target 'DebugMenu' from project 'DebugMenu')
SwiftDriver DebugMenu normal arm64 com.apple.xcode.tools.swift.compiler (in target 'DebugMenu' from project 'DebugMenu')
cd /Users/admin/builder/spi-builder-workspace/.swiftpm/xcode
builtin-SwiftDriver -- /Applications/Xcode-27.0.0-Release.Candidate.app/Contents/Developer/Toolchains/XcodeDefault.xctoolchain/usr/bin/swiftc -parse-as-library -module-name DebugMenu -Onone @/Users/admin/builder/spi-builder-workspace/.derivedData/Build/Intermediates.noindex/DebugMenu.build/Debug-watchos/DebugMenu-t.build/Objects-normal/arm64/DebugMenu.SwiftFileList -DSWIFT_PACKAGE -DDEBUG -DSWIFT_MODULE_RESOURCE_BUNDLE_AVAILABLE -DXcode -plugin-path /Applications/Xcode-27.0.0-Release.Candidate.app/Contents/Developer/Toolchains/XcodeDefault.xctoolchain/usr/lib/swift/host/plugins/testing -enable-experimental-feature DebugDescriptionMacro -sdk /Applications/Xcode-27.0.0-Release.Candidate.app/Contents/Developer/Platforms/WatchOS.platform/Developer/SDKs/WatchOS27.0.sdk -target arm64-apple-watchos9.0 -g -module-cache-path /Users/admin/builder/spi-builder-workspace/.derivedData/ModuleCache.noindex -Xfrontend -serialize-debugging-options -profile-coverage-mapping -profile-generate -enable-testing -index-store-path /Users/admin/builder/spi-builder-workspace/.derivedData/Index.noindex/DataStore -Xcc -D_LIBCPP_HARDENING_MODE\=_LIBCPP_HARDENING_MODE_DEBUG -swift-version 5 -I /Users/admin/builder/spi-builder-workspace/.derivedData/Build/Products/Debug-watchos -Isystem /Applications/Xcode-27.0.0-Release.Candidate.app/Contents/Developer/Platforms/WatchOS.platform/Developer/usr/lib -F /Users/admin/builder/spi-builder-workspace/.derivedData/Build/Products/Debug-watchos -F /Applications/Xcode-27.0.0-Release.Candidate.app/Contents/Developer/Platforms/WatchOS.platform/Developer/Library/Frameworks -F /Applications/Xcode-27.0.0-Release.Candidate.app/Contents/Developer/Platforms/WatchOS.platform/Developer/SDKs/WatchOS27.0.sdk/Developer/Library/Frameworks -emit-localized-strings -emit-localized-strings-path /Users/admin/builder/spi-builder-workspace/.derivedData/Build/Intermediates.noindex/DebugMenu.build/Debug-watchos/DebugMenu-t.build/Objects-normal/arm64 -c -j10 -enable-batch-mode -incremental -Xcc -ivfsstatcache -Xcc /Users/admin/builder/spi-builder-workspace/.derivedData/SDKStatCaches.noindex/watchos27.0-24R360-e829b21a6f8c9b70876ba0858053c04477534ef55a1706bf4c1112bbb242f0a2.sdkstatcache -output-file-map /Users/admin/builder/spi-builder-workspace/.derivedData/Build/Intermediates.noindex/DebugMenu.build/Debug-watchos/DebugMenu-t.build/Objects-normal/arm64/DebugMenu-OutputFileMap.json -save-temps -no-color-diagnostics -explicit-module-build -module-cache-path /Users/admin/builder/spi-builder-workspace/.derivedData/Build/Intermediates.noindex/SwiftExplicitPrecompiledModules -clang-scanner-module-cache-path /Users/admin/builder/spi-builder-workspace/.derivedData/ModuleCache.noindex -sdk-module-cache-path /Users/admin/builder/spi-builder-workspace/.derivedData/SDKExplicitPrecompiledModules -emit-dependencies -emit-module -emit-module-path /Users/admin/builder/spi-builder-workspace/.derivedData/Build/Intermediates.noindex/DebugMenu.build/Debug-watchos/DebugMenu-t.build/Objects-normal/arm64/DebugMenu.swiftmodule -serialize-diagnostics -dependency-scan-serialize-diagnostics-path /Users/admin/builder/spi-builder-workspace/.derivedData/Build/Intermediates.noindex/DebugMenu.build/Debug-watchos/DebugMenu-t.build/Objects-normal/arm64/DebugMenu-dependency-scan.dia -validate-clang-modules-once -clang-build-session-file /Users/admin/builder/spi-builder-workspace/.derivedData/ModuleCache.noindex/Session.modulevalidation -Xcc -fmodules-prune-interval\=86400 -Xcc -fmodules-prune-after\=345600 -package-name spi_builder_workspace -emit-const-values -const-gather-protocols-list /Users/admin/builder/spi-builder-workspace/.derivedData/Build/Intermediates.noindex/DebugMenu.build/Debug-watchos/DebugMenu-t.build/Objects-normal/arm64/DebugMenu_const_extract_protocols.json -Xcc -I/Users/admin/builder/spi-builder-workspace/.derivedData/Build/Products/Debug-watchos/include -Xcc -I/Users/admin/builder/spi-builder-workspace/.derivedData/Build/Intermediates.noindex/DebugMenu.build/Debug-watchos/DebugMenu-t.build/DerivedSources-normal/arm64 -Xcc -I/Users/admin/builder/spi-builder-workspace/.derivedData/Build/Intermediates.noindex/DebugMenu.build/Debug-watchos/DebugMenu-t.build/DerivedSources/arm64 -Xcc -I/Users/admin/builder/spi-builder-workspace/.derivedData/Build/Intermediates.noindex/DebugMenu.build/Debug-watchos/DebugMenu-t.build/DerivedSources -Xcc -DSWIFT_PACKAGE -Xcc -DDEBUG\=1 -emit-objc-header -emit-objc-header-path /Users/admin/builder/spi-builder-workspace/.derivedData/Build/Intermediates.noindex/DebugMenu.build/Debug-watchos/DebugMenu-t.build/Objects-normal/arm64/DebugMenu-Swift.h -working-directory /Users/admin/builder/spi-builder-workspace/.swiftpm/xcode -experimental-emit-module-separately -disable-cmo
/Users/admin/builder/spi-builder-workspace/Sources/DebugMenu/Entity/Device/GPU.swift:2:8: error: Unable to resolve module dependency: 'Metal' (in target 'DebugMenu' from project 'DebugMenu')
note: A dependency of main module 'DebugMenu'
/Users/admin/builder/spi-builder-workspace/Sources/DebugMenu/Entity/Device/GPU.swift:2:8: note: A dependency of main module 'DebugMenu'
import Metal
^ (in target 'DebugMenu' from project 'DebugMenu')
PruneExplicitPrecompiledModules /Users/admin/builder/spi-builder-workspace/.derivedData/SDKExplicitPrecompiledModules
PruneExplicitPrecompiledModules /Users/admin/builder/spi-builder-workspace/.derivedData/Build/Intermediates.noindex/ExplicitPrecompiledModules
PruneExplicitPrecompiledModules /Users/admin/builder/spi-builder-workspace/.derivedData/Build/Intermediates.noindex/SwiftExplicitPrecompiledModules
2026-09-23 09:40:35.253 xcodebuild[627:3920] [MT] IDERunDestination: Supported platforms for the buildables in the current scheme is empty.
** BUILD FAILED **
The following build commands failed:
SwiftDriver DebugMenu normal arm64_32 com.apple.xcode.tools.swift.compiler (in target 'DebugMenu' from project 'DebugMenu')
SwiftDriver DebugMenu normal arm64 com.apple.xcode.tools.swift.compiler (in target 'DebugMenu' from project 'DebugMenu')
Building workspace DebugMenu with scheme DebugMenu
(3 failures)
Command line invocation:
/Applications/Xcode-27.0.0-Release.Candidate.app/Contents/Developer/usr/bin/xcodebuild -IDEClonedSourcePackagesDirPathOverride=/Users/admin/builder/spi-builder-workspace/.dependencies -resolvePackageDependencies
Resolve Package Graph
Resolved source packages:
DebugMenu: /Users/admin/builder/spi-builder-workspace
resolved source packages: DebugMenu
2026-09-23 09:40:39.327 xcodebuild[666:4370] [MT] IDERunDestination: Supported platforms for the buildables in the current scheme is empty.
{
"default_localization" : "en",
"dependencies" : [
],
"manifest_display_name" : "DebugMenu",
"name" : "DebugMenu",
"path" : "/Users/admin/builder/spi-builder-workspace",
"platforms" : [
{
"name" : "ios",
"version" : "16.0"
}
],
"products" : [
{
"name" : "DebugMenu",
"targets" : [
"DebugMenu"
],
"type" : {
"library" : [
"automatic"
]
}
}
],
"targets" : [
{
"c99name" : "DebugMenuTests",
"module_type" : "SwiftTarget",
"name" : "DebugMenuTests",
"path" : "Tests/DebugMenuTests",
"sources" : [
"DebugMenuTests.swift",
"XCTestManifests.swift"
],
"target_dependencies" : [
"DebugMenu"
],
"type" : "test"
},
{
"c99name" : "DebugMenu",
"module_type" : "SwiftTarget",
"name" : "DebugMenu",
"path" : "Sources/DebugMenu",
"product_memberships" : [
"DebugMenu"
],
"resources" : [
{
"path" : "/Users/admin/builder/spi-builder-workspace/Sources/DebugMenu/Resource/en.lproj/Localizable.strings",
"rule" : {
"process" : {
"localization" : "en"
}
}
},
{
"path" : "/Users/admin/builder/spi-builder-workspace/Sources/DebugMenu/Resource/ja.lproj/Localizable.strings",
"rule" : {
"process" : {
"localization" : "ja"
}
}
}
],
"sources" : [
"DebugMenu.swift",
"Entity/AnyDebugItem.swift",
"Entity/Application.swift",
"Entity/DashboardItem.swift",
"Entity/DebugItem.swift",
"Entity/Device.swift",
"Entity/Device/CPU.swift",
"Entity/Device/GPU.swift",
"Entity/Device/Memory.swift",
"Entity/Device/Network.swift",
"Entity/Device/NetworkUsage.swift",
"Entity/Device/System.swift",
"Entity/Envelope.swift",
"Entity/MetricsFetcher.swift",
"Entity/Options.swift",
"Entity/RecentItemStore.swift",
"Extensions/Cell+.swift",
"Extensions/CustomActivityController.swift",
"Extensions/FloatingItemGestureRecognizer.swift",
"Extensions/L10n.swift",
"Plugin/Dashboard/CPUGraphDashboardItem.swift",
"Plugin/Dashboard/CPUUsageDashboardItem.swift",
"Plugin/Dashboard/FPSDashboardItem.swift",
"Plugin/Dashboard/GPUMemoryUsageDashboardItem.swift",
"Plugin/Dashboard/IntervalDashboardItem.swift",
"Plugin/Dashboard/MemoryUsageDashboardItem.swift",
"Plugin/Dashboard/NetworkUsageDashboardItem.swift",
"Plugin/Dashboard/ThermalStateDashboardItem.swift",
"Plugin/Dashboard/UI/GraphTableViewCell.swift",
"Plugin/Dashboard/UI/GraphView.swift",
"Plugin/Dashboard/UI/IntervalTableViewCell.swift",
"Plugin/Dashboard/UI/IntervalView.swift",
"Plugin/DebugMenu/AppInfoDebugItem.swift",
"Plugin/DebugMenu/CaseSelectableDebugItem.swift",
"Plugin/DebugMenu/ClearCacheDebugItem.swift",
"Plugin/DebugMenu/DebugMenuResult.swift",
"Plugin/DebugMenu/DeviceInfoDebugItem.swift",
"Plugin/DebugMenu/ExitDebugItem.swift",
"Plugin/DebugMenu/GroupDebugItem.swift",
"Plugin/DebugMenu/KeyValueDebugItem.swift",
"Plugin/DebugMenu/SliderDebugItem.swift",
"Plugin/DebugMenu/ToggleDebugItem.swift",
"Plugin/DebugMenu/UI/CaseSelectableTableController.swift",
"Plugin/DebugMenu/UI/EnvelopePreviewTableViewController.swift",
"Plugin/DebugMenu/UI/SliderCell.swift",
"Plugin/DebugMenu/UI/ToogleCell.swift",
"Plugin/DebugMenu/UI/Value1TableViewCell.swift",
"Plugin/DebugMenu/UserDefaultsResetDebugItem.swift",
"Plugin/DebugMenu/ViewControllerDebugItem.swift",
"SwiftUI/DebugMenuModifier.swift",
"View/FloatingViewController.swift",
"View/InAppDebuggerViewController.swift",
"View/InAppDebuggerWindow.swift",
"View/LaunchView.swift",
"View/WidgetView.swift"
],
"type" : "library"
}
],
"tools_version" : "5.9"
}
{
"workspace" : {
"name" : "DebugMenu",
"schemes" : [
"DebugMenu"
]
}
}
2026-09-23 09:40:40.535 xcodebuild[674:4429] [MT] IDERunDestination: Supported platforms for the buildables in the current scheme is empty.
Running build ...
env DEVELOPER_DIR=/Applications/Xcode-27.0.0-Release.Candidate.app xcrun xcodebuild -IDEClonedSourcePackagesDirPathOverride=$PWD/.dependencies -skipMacroValidation -skipPackagePluginValidation -derivedDataPath $PWD/.derivedData build -scheme DebugMenu -destination generic/platform=watchOS
Command line invocation:
/Applications/Xcode-27.0.0-Release.Candidate.app/Contents/Developer/usr/bin/xcodebuild -IDEClonedSourcePackagesDirPathOverride=/Users/admin/builder/spi-builder-workspace/.dependencies -skipMacroValidation -skipPackagePluginValidation -derivedDataPath /Users/admin/builder/spi-builder-workspace/.derivedData build -scheme DebugMenu -destination generic/platform=watchOS
Resolve Package Graph
Resolved source packages:
DebugMenu: /Users/admin/builder/spi-builder-workspace
ComputePackagePrebuildTargetDependencyGraph
Prepare packages
CreateBuildRequest
SendProjectDescription
CreateBuildOperation
ComputeTargetDependencyGraph
note: Building targets in dependency order
note: Target dependency graph (3 targets)
Target 'DebugMenu-product' in project 'DebugMenu'
➜ Explicit dependency on target 'DebugMenu' in project 'DebugMenu'
➜ Explicit dependency on target 'DebugMenu_DebugMenu' in project 'DebugMenu'
Target 'DebugMenu' in project 'DebugMenu'
➜ Explicit dependency on target 'DebugMenu_DebugMenu' in project 'DebugMenu'
Target 'DebugMenu_DebugMenu' in project 'DebugMenu' (no dependencies)
GatherProvisioningInputs
CreateBuildDescription
ClangStatCache /Applications/Xcode-27.0.0-Release.Candidate.app/Contents/Developer/Toolchains/XcodeDefault.xctoolchain/usr/bin/clang-stat-cache /Applications/Xcode-27.0.0-Release.Candidate.app/Contents/Developer/Platforms/WatchOS.platform/Developer/SDKs/WatchOS27.0.sdk /Users/admin/builder/spi-builder-workspace/.derivedData/SDKStatCaches.noindex/watchos27.0-24R360-e829b21a6f8c9b70876ba0858053c04477534ef55a1706bf4c1112bbb242f0a2.sdkstatcache
cd /Users/admin/builder/spi-builder-workspace/.swiftpm/xcode
/Applications/Xcode-27.0.0-Release.Candidate.app/Contents/Developer/Toolchains/XcodeDefault.xctoolchain/usr/bin/clang-stat-cache /Applications/Xcode-27.0.0-Release.Candidate.app/Contents/Developer/Platforms/WatchOS.platform/Developer/SDKs/WatchOS27.0.sdk -o /Users/admin/builder/spi-builder-workspace/.derivedData/SDKStatCaches.noindex/watchos27.0-24R360-e829b21a6f8c9b70876ba0858053c04477534ef55a1706bf4c1112bbb242f0a2.sdkstatcache
SwiftDriver DebugMenu normal arm64_32 com.apple.xcode.tools.swift.compiler (in target 'DebugMenu' from project 'DebugMenu')
cd /Users/admin/builder/spi-builder-workspace/.swiftpm/xcode
builtin-SwiftDriver -- /Applications/Xcode-27.0.0-Release.Candidate.app/Contents/Developer/Toolchains/XcodeDefault.xctoolchain/usr/bin/swiftc -parse-as-library -module-name DebugMenu -Onone @/Users/admin/builder/spi-builder-workspace/.derivedData/Build/Intermediates.noindex/DebugMenu.build/Debug-watchos/DebugMenu-t.build/Objects-normal/arm64_32/DebugMenu.SwiftFileList -DSWIFT_PACKAGE -DDEBUG -DSWIFT_MODULE_RESOURCE_BUNDLE_AVAILABLE -DXcode -plugin-path /Applications/Xcode-27.0.0-Release.Candidate.app/Contents/Developer/Toolchains/XcodeDefault.xctoolchain/usr/lib/swift/host/plugins/testing -enable-experimental-feature DebugDescriptionMacro -sdk /Applications/Xcode-27.0.0-Release.Candidate.app/Contents/Developer/Platforms/WatchOS.platform/Developer/SDKs/WatchOS27.0.sdk -target arm64_32-apple-watchos9.0 -g -module-cache-path /Users/admin/builder/spi-builder-workspace/.derivedData/ModuleCache.noindex -Xfrontend -serialize-debugging-options -profile-coverage-mapping -profile-generate -enable-testing -index-store-path /Users/admin/builder/spi-builder-workspace/.derivedData/Index.noindex/DataStore -Xcc -D_LIBCPP_HARDENING_MODE\=_LIBCPP_HARDENING_MODE_DEBUG -swift-version 5 -I /Users/admin/builder/spi-builder-workspace/.derivedData/Build/Products/Debug-watchos -Isystem /Applications/Xcode-27.0.0-Release.Candidate.app/Contents/Developer/Platforms/WatchOS.platform/Developer/usr/lib -F /Users/admin/builder/spi-builder-workspace/.derivedData/Build/Products/Debug-watchos -F /Applications/Xcode-27.0.0-Release.Candidate.app/Contents/Developer/Platforms/WatchOS.platform/Developer/Library/Frameworks -F /Applications/Xcode-27.0.0-Release.Candidate.app/Contents/Developer/Platforms/WatchOS.platform/Developer/SDKs/WatchOS27.0.sdk/Developer/Library/Frameworks -emit-localized-strings -emit-localized-strings-path /Users/admin/builder/spi-builder-workspace/.derivedData/Build/Intermediates.noindex/DebugMenu.build/Debug-watchos/DebugMenu-t.build/Objects-normal/arm64_32 -c -j10 -enable-batch-mode -incremental -Xcc -ivfsstatcache -Xcc /Users/admin/builder/spi-builder-workspace/.derivedData/SDKStatCaches.noindex/watchos27.0-24R360-e829b21a6f8c9b70876ba0858053c04477534ef55a1706bf4c1112bbb242f0a2.sdkstatcache -output-file-map /Users/admin/builder/spi-builder-workspace/.derivedData/Build/Intermediates.noindex/DebugMenu.build/Debug-watchos/DebugMenu-t.build/Objects-normal/arm64_32/DebugMenu-OutputFileMap.json -save-temps -no-color-diagnostics -explicit-module-build -module-cache-path /Users/admin/builder/spi-builder-workspace/.derivedData/Build/Intermediates.noindex/SwiftExplicitPrecompiledModules -clang-scanner-module-cache-path /Users/admin/builder/spi-builder-workspace/.derivedData/ModuleCache.noindex -sdk-module-cache-path /Users/admin/builder/spi-builder-workspace/.derivedData/SDKExplicitPrecompiledModules -emit-dependencies -emit-module -emit-module-path /Users/admin/builder/spi-builder-workspace/.derivedData/Build/Intermediates.noindex/DebugMenu.build/Debug-watchos/DebugMenu-t.build/Objects-normal/arm64_32/DebugMenu.swiftmodule -serialize-diagnostics -dependency-scan-serialize-diagnostics-path /Users/admin/builder/spi-builder-workspace/.derivedData/Build/Intermediates.noindex/DebugMenu.build/Debug-watchos/DebugMenu-t.build/Objects-normal/arm64_32/DebugMenu-dependency-scan.dia -validate-clang-modules-once -clang-build-session-file /Users/admin/builder/spi-builder-workspace/.derivedData/ModuleCache.noindex/Session.modulevalidation -Xcc -fmodules-prune-interval\=86400 -Xcc -fmodules-prune-after\=345600 -package-name spi_builder_workspace -emit-const-values -const-gather-protocols-list /Users/admin/builder/spi-builder-workspace/.derivedData/Build/Intermediates.noindex/DebugMenu.build/Debug-watchos/DebugMenu-t.build/Objects-normal/arm64_32/DebugMenu_const_extract_protocols.json -Xcc -I/Users/admin/builder/spi-builder-workspace/.derivedData/Build/Products/Debug-watchos/include -Xcc -I/Users/admin/builder/spi-builder-workspace/.derivedData/Build/Intermediates.noindex/DebugMenu.build/Debug-watchos/DebugMenu-t.build/DerivedSources-normal/arm64_32 -Xcc -I/Users/admin/builder/spi-builder-workspace/.derivedData/Build/Intermediates.noindex/DebugMenu.build/Debug-watchos/DebugMenu-t.build/DerivedSources/arm64_32 -Xcc -I/Users/admin/builder/spi-builder-workspace/.derivedData/Build/Intermediates.noindex/DebugMenu.build/Debug-watchos/DebugMenu-t.build/DerivedSources -Xcc -DSWIFT_PACKAGE -Xcc -DDEBUG\=1 -emit-objc-header -emit-objc-header-path /Users/admin/builder/spi-builder-workspace/.derivedData/Build/Intermediates.noindex/DebugMenu.build/Debug-watchos/DebugMenu-t.build/Objects-normal/arm64_32/DebugMenu-Swift.h -working-directory /Users/admin/builder/spi-builder-workspace/.swiftpm/xcode -experimental-emit-module-separately -disable-cmo
/Users/admin/builder/spi-builder-workspace/Sources/DebugMenu/Entity/Device/GPU.swift:2:8: error: Unable to resolve module dependency: 'Metal' (in target 'DebugMenu' from project 'DebugMenu')
note: A dependency of main module 'DebugMenu'
/Users/admin/builder/spi-builder-workspace/Sources/DebugMenu/Entity/Device/GPU.swift:2:8: note: A dependency of main module 'DebugMenu'
import Metal
^ (in target 'DebugMenu' from project 'DebugMenu')
SwiftDriver DebugMenu normal arm64 com.apple.xcode.tools.swift.compiler (in target 'DebugMenu' from project 'DebugMenu')
cd /Users/admin/builder/spi-builder-workspace/.swiftpm/xcode
builtin-SwiftDriver -- /Applications/Xcode-27.0.0-Release.Candidate.app/Contents/Developer/Toolchains/XcodeDefault.xctoolchain/usr/bin/swiftc -parse-as-library -module-name DebugMenu -Onone @/Users/admin/builder/spi-builder-workspace/.derivedData/Build/Intermediates.noindex/DebugMenu.build/Debug-watchos/DebugMenu-t.build/Objects-normal/arm64/DebugMenu.SwiftFileList -DSWIFT_PACKAGE -DDEBUG -DSWIFT_MODULE_RESOURCE_BUNDLE_AVAILABLE -DXcode -plugin-path /Applications/Xcode-27.0.0-Release.Candidate.app/Contents/Developer/Toolchains/XcodeDefault.xctoolchain/usr/lib/swift/host/plugins/testing -enable-experimental-feature DebugDescriptionMacro -sdk /Applications/Xcode-27.0.0-Release.Candidate.app/Contents/Developer/Platforms/WatchOS.platform/Developer/SDKs/WatchOS27.0.sdk -target arm64-apple-watchos9.0 -g -module-cache-path /Users/admin/builder/spi-builder-workspace/.derivedData/ModuleCache.noindex -Xfrontend -serialize-debugging-options -profile-coverage-mapping -profile-generate -enable-testing -index-store-path /Users/admin/builder/spi-builder-workspace/.derivedData/Index.noindex/DataStore -Xcc -D_LIBCPP_HARDENING_MODE\=_LIBCPP_HARDENING_MODE_DEBUG -swift-version 5 -I /Users/admin/builder/spi-builder-workspace/.derivedData/Build/Products/Debug-watchos -Isystem /Applications/Xcode-27.0.0-Release.Candidate.app/Contents/Developer/Platforms/WatchOS.platform/Developer/usr/lib -F /Users/admin/builder/spi-builder-workspace/.derivedData/Build/Products/Debug-watchos -F /Applications/Xcode-27.0.0-Release.Candidate.app/Contents/Developer/Platforms/WatchOS.platform/Developer/Library/Frameworks -F /Applications/Xcode-27.0.0-Release.Candidate.app/Contents/Developer/Platforms/WatchOS.platform/Developer/SDKs/WatchOS27.0.sdk/Developer/Library/Frameworks -emit-localized-strings -emit-localized-strings-path /Users/admin/builder/spi-builder-workspace/.derivedData/Build/Intermediates.noindex/DebugMenu.build/Debug-watchos/DebugMenu-t.build/Objects-normal/arm64 -c -j10 -enable-batch-mode -incremental -Xcc -ivfsstatcache -Xcc /Users/admin/builder/spi-builder-workspace/.derivedData/SDKStatCaches.noindex/watchos27.0-24R360-e829b21a6f8c9b70876ba0858053c04477534ef55a1706bf4c1112bbb242f0a2.sdkstatcache -output-file-map /Users/admin/builder/spi-builder-workspace/.derivedData/Build/Intermediates.noindex/DebugMenu.build/Debug-watchos/DebugMenu-t.build/Objects-normal/arm64/DebugMenu-OutputFileMap.json -save-temps -no-color-diagnostics -explicit-module-build -module-cache-path /Users/admin/builder/spi-builder-workspace/.derivedData/Build/Intermediates.noindex/SwiftExplicitPrecompiledModules -clang-scanner-module-cache-path /Users/admin/builder/spi-builder-workspace/.derivedData/ModuleCache.noindex -sdk-module-cache-path /Users/admin/builder/spi-builder-workspace/.derivedData/SDKExplicitPrecompiledModules -emit-dependencies -emit-module -emit-module-path /Users/admin/builder/spi-builder-workspace/.derivedData/Build/Intermediates.noindex/DebugMenu.build/Debug-watchos/DebugMenu-t.build/Objects-normal/arm64/DebugMenu.swiftmodule -serialize-diagnostics -dependency-scan-serialize-diagnostics-path /Users/admin/builder/spi-builder-workspace/.derivedData/Build/Intermediates.noindex/DebugMenu.build/Debug-watchos/DebugMenu-t.build/Objects-normal/arm64/DebugMenu-dependency-scan.dia -validate-clang-modules-once -clang-build-session-file /Users/admin/builder/spi-builder-workspace/.derivedData/ModuleCache.noindex/Session.modulevalidation -Xcc -fmodules-prune-interval\=86400 -Xcc -fmodules-prune-after\=345600 -package-name spi_builder_workspace -emit-const-values -const-gather-protocols-list /Users/admin/builder/spi-builder-workspace/.derivedData/Build/Intermediates.noindex/DebugMenu.build/Debug-watchos/DebugMenu-t.build/Objects-normal/arm64/DebugMenu_const_extract_protocols.json -Xcc -I/Users/admin/builder/spi-builder-workspace/.derivedData/Build/Products/Debug-watchos/include -Xcc -I/Users/admin/builder/spi-builder-workspace/.derivedData/Build/Intermediates.noindex/DebugMenu.build/Debug-watchos/DebugMenu-t.build/DerivedSources-normal/arm64 -Xcc -I/Users/admin/builder/spi-builder-workspace/.derivedData/Build/Intermediates.noindex/DebugMenu.build/Debug-watchos/DebugMenu-t.build/DerivedSources/arm64 -Xcc -I/Users/admin/builder/spi-builder-workspace/.derivedData/Build/Intermediates.noindex/DebugMenu.build/Debug-watchos/DebugMenu-t.build/DerivedSources -Xcc -DSWIFT_PACKAGE -Xcc -DDEBUG\=1 -emit-objc-header -emit-objc-header-path /Users/admin/builder/spi-builder-workspace/.derivedData/Build/Intermediates.noindex/DebugMenu.build/Debug-watchos/DebugMenu-t.build/Objects-normal/arm64/DebugMenu-Swift.h -working-directory /Users/admin/builder/spi-builder-workspace/.swiftpm/xcode -experimental-emit-module-separately -disable-cmo
/Users/admin/builder/spi-builder-workspace/Sources/DebugMenu/Entity/Device/GPU.swift:2:8: error: Unable to resolve module dependency: 'Metal' (in target 'DebugMenu' from project 'DebugMenu')
note: A dependency of main module 'DebugMenu'
/Users/admin/builder/spi-builder-workspace/Sources/DebugMenu/Entity/Device/GPU.swift:2:8: note: A dependency of main module 'DebugMenu'
import Metal
^ (in target 'DebugMenu' from project 'DebugMenu')
PruneExplicitPrecompiledModules /Users/admin/builder/spi-builder-workspace/.derivedData/SDKExplicitPrecompiledModules
PruneExplicitPrecompiledModules /Users/admin/builder/spi-builder-workspace/.derivedData/Build/Intermediates.noindex/ExplicitPrecompiledModules
PruneExplicitPrecompiledModules /Users/admin/builder/spi-builder-workspace/.derivedData/Build/Intermediates.noindex/SwiftExplicitPrecompiledModules
2026-09-23 09:40:41.527 xcodebuild[675:4455] [MT] IDERunDestination: Supported platforms for the buildables in the current scheme is empty.
** BUILD FAILED **
The following build commands failed:
SwiftDriver DebugMenu normal arm64_32 com.apple.xcode.tools.swift.compiler (in target 'DebugMenu' from project 'DebugMenu')
SwiftDriver DebugMenu normal arm64 com.apple.xcode.tools.swift.compiler (in target 'DebugMenu' from project 'DebugMenu')
Building workspace DebugMenu with scheme DebugMenu
(3 failures)
BUILD FAILURE 6.4 watchOS