The Swift Package Index logo.Swift Package Index

Build Information

Failed to build dotfiles, reference 1.1.0 (cf5f44), with Swift 6.4 for Wasm on 22 Sep 2026 04:10:10 UTC.

Build Command

bash -c docker run --pull=always --rm -v "checkouts-53886770-0":/host -w "$PWD" -e JAVA_HOME="/root/.sdkman/candidates/java/current" -e SPI_BUILD="1" -e SPI_PROCESSING="1" registry.gitlab.com/saguaro1/spi-images:wasm-6.4-latest swift build --swift-sdk swift-6.4.x-DEVELOPMENT-SNAPSHOT-2026-09-04-a_wasm 2>&1

Build Log

========================================
RunAll
========================================
Builder version: 5.1.0
Interrupt handler set up.
========================================
Checkout
========================================
Clone URL: https://github.com/hallee/dotfiles.git
Reference: 1.1.0
Initialized empty Git repository in /host/spi-builder-workspace/.git/
hint: Using 'master' as the name for the initial branch. This default branch name
hint: is subject to change. To configure the initial branch name to use in all
hint: of your new repositories, which will suppress this warning, call:
hint:
hint: 	git config --global init.defaultBranch <name>
hint:
hint: Names commonly chosen instead of 'master' are 'main', 'trunk' and
hint: 'development'. The just-created branch can be renamed via this command:
hint:
hint: 	git branch -m <name>
From https://github.com/hallee/dotfiles
 * tag               1.1.0      -> FETCH_HEAD
HEAD is now at cf5f446 Fix zprofile permissions
Cloned https://github.com/hallee/dotfiles.git
Revision (git rev-parse @):
cf5f4462c060f33e9ba8f1444478ec08a3d52828
SUCCESS checkout https://github.com/hallee/dotfiles.git at 1.1.0
========================================
Build
========================================
Selected platform:         wasm
Swift version:             6.4
Building package at path:  $PWD
https://github.com/hallee/dotfiles.git
Running build ...
bash -c docker run --pull=always --rm -v "checkouts-53886770-0":/host -w "$PWD" -e JAVA_HOME="/root/.sdkman/candidates/java/current" -e SPI_BUILD="1" -e SPI_PROCESSING="1" registry.gitlab.com/saguaro1/spi-images:wasm-6.4-latest swift build --swift-sdk swift-6.4.x-DEVELOPMENT-SNAPSHOT-2026-09-04-a_wasm 2>&1
wasm-6.4-latest: Pulling from saguaro1/spi-images
Digest: sha256:4328fdb43c680d205c1d6761b1e3267aa38277eefdda9ddfb17b6a0f1a77857a
Status: Image is up to date for registry.gitlab.com/saguaro1/spi-images:wasm-6.4-latest
Fetching https://github.com/apple/swift-argument-parser
[1/18918] Fetching swift-argument-parser
Fetched https://github.com/apple/swift-argument-parser (0.74s)
Computing version for https://github.com/apple/swift-argument-parser
Computed https://github.com/apple/swift-argument-parser at 1.8.2 (0.94s)
Creating working copy for https://github.com/apple/swift-argument-parser
Working copy of https://github.com/apple/swift-argument-parser resolved at 1.8.2
Building for debugging...
[Pre-planning 1 / 125]
[Starting]
[39 / 56] ArgumentParserToolInfo
[53 / 66] ArgumentParser
[62 / 76] dotfiles-product
[63 / 76] dotfiles-product
[66 / 76] dotfiles-product
[67 / 77] dotfiles-product
error: SwiftCompile normal wasm32 /host/spi-builder-workspace/Sources/Utilities/Brew.swift failed with a nonzero exit code. Command line:     cd /host
    builtin-SwiftPerFileCompile Brew.swift
/host/spi-builder-workspace/Sources/Tasks/Apps.swift:1:8: error: no such module 'AppKit'
 1 | import AppKit
   |        `- error: no such module 'AppKit'
 2 | import ArgumentParser
 3 |
Failed frontend command:
/usr/bin/swift-frontend -frontend -c /host/spi-builder-workspace/.build/out/Intermediates.noindex/dotfiles.build/Debug-webassembly-wasm32/dotfiles-p.build/DerivedSources/resource_bundle_accessor.swift /host/spi-builder-workspace/Sources/Dotfiles.swift /host/spi-builder-workspace/Sources/Tasks/Apps.swift /host/spi-builder-workspace/Sources/Tasks/Developer.swift /host/spi-builder-workspace/Sources/Tasks/Fonts.swift /host/spi-builder-workspace/Sources/Tasks/Git.swift /host/spi-builder-workspace/Sources/Tasks/Preferences.swift /host/spi-builder-workspace/Sources/Tasks/Task.swift -primary-file /host/spi-builder-workspace/Sources/Utilities/Brew.swift /host/spi-builder-workspace/Sources/Utilities/Constants.swift /host/spi-builder-workspace/Sources/Utilities/Shell.swift -emit-dependencies-path /host/spi-builder-workspace/.build/out/Intermediates.noindex/dotfiles.build/Debug-webassembly-wasm32/dotfiles-p.build/Objects-normal/wasm32/Brew.d -emit-const-values-path /host/spi-builder-workspace/.build/out/Intermediates.noindex/dotfiles.build/Debug-webassembly-wasm32/dotfiles-p.build/Objects-normal/wasm32/Brew.swiftconstvalues -emit-reference-dependencies-path /host/spi-builder-workspace/.build/out/Intermediates.noindex/dotfiles.build/Debug-webassembly-wasm32/dotfiles-p.build/Objects-normal/wasm32/Brew.swiftdeps -serialize-diagnostics-path /host/spi-builder-workspace/.build/out/Intermediates.noindex/dotfiles.build/Debug-webassembly-wasm32/dotfiles-p.build/Objects-normal/wasm32/Brew.dia -target wasm32-unknown-wasip1 -disable-objc-interop -sdk /root/.swiftpm/swift-sdks/swift-6.4.x-DEVELOPMENT-SNAPSHOT-2026-09-04-a_wasm.artifactbundle/swift-6.4.x-DEVELOPMENT-SNAPSHOT-2026-09-04-a_wasm/wasm32-unknown-wasip1/WASI.sdk -sysroot /root/.swiftpm/swift-sdks/swift-6.4.x-DEVELOPMENT-SNAPSHOT-2026-09-04-a_wasm.artifactbundle/swift-6.4.x-DEVELOPMENT-SNAPSHOT-2026-09-04-a_wasm/wasm32-unknown-wasip1/WASI.sdk -I /host/spi-builder-workspace/.build/out/Products/Debug-webassembly-wasm32 -module-cache-path /host/spi-builder-workspace/.build/out/ModuleCache.noindex -color-diagnostics -Xcc -fcolor-diagnostics -enable-testing -g -debug-info-format\=dwarf -dwarf-version\=4 -swift-version 5 -Onone -D SWIFT_PACKAGE -D DEBUG -D SWIFT_MODULE_RESOURCE_BUNDLE_AVAILABLE -D Xcode -serialize-debugging-options -enable-experimental-feature DebugDescriptionMacro -empty-abi-descriptor -external-plugin-path /usr/lib/swift/host/plugins/testing\#/usr/bin/swift-plugin-server -validate-clang-modules-once -clang-build-session-file /host/spi-builder-workspace/.build/out/ModuleCache.noindex/Session.modulevalidation -Xcc -working-directory -Xcc /host -resource-dir /root/.swiftpm/swift-sdks/swift-6.4.x-DEVELOPMENT-SNAPSHOT-2026-09-04-a_wasm.artifactbundle/swift-6.4.x-DEVELOPMENT-SNAPSHOT-2026-09-04-a_wasm/wasm32-unknown-wasip1/swift.xctoolchain/usr/lib/swift_static -use-static-resource-dir -enable-anonymous-context-mangled-names -file-compilation-dir /host -Xcc -resource-dir -Xcc /root/.swiftpm/swift-sdks/swift-6.4.x-DEVELOPMENT-SNAPSHOT-2026-09-04-a_wasm.artifactbundle/swift-6.4.x-DEVELOPMENT-SNAPSHOT-2026-09-04-a_wasm/wasm32-unknown-wasip1/swift.xctoolchain/usr/lib/swift_static/clang -Xcc -D_LIBCPP_HARDENING_MODE\=_LIBCPP_HARDENING_MODE_DEBUG -Xcc -fmodules-prune-interval\=86400 -Xcc -fmodules-prune-after\=345600 -Xcc -I/host/spi-builder-workspace/.build/out/Products/Debug-webassembly-wasm32/include -Xcc -I/host/spi-builder-workspace/.build/out/Intermediates.noindex/dotfiles.build/Debug-webassembly-wasm32/dotfiles-p.build/DerivedSources-normal/wasm32 -Xcc -I/host/spi-builder-workspace/.build/out/Intermediates.noindex/dotfiles.build/Debug-webassembly-wasm32/dotfiles-p.build/DerivedSources/wasm32 -Xcc -I/host/spi-builder-workspace/.build/out/Intermediates.noindex/dotfiles.build/Debug-webassembly-wasm32/dotfiles-p.build/DerivedSources -Xcc -DSWIFT_PACKAGE -Xcc -DDEBUG\=1 -no-auto-bridging-header-chaining -module-name Dotfiles -package-name spi_builder_workspace -const-gather-protocols-file /host/spi-builder-workspace/.build/out/Intermediates.noindex/dotfiles.build/Debug-webassembly-wasm32/dotfiles-p.build/Objects-normal/wasm32/dotfiles_const_extract_protocols.json -in-process-plugin-server-path /usr/lib/swift/host/libSwiftInProcPluginServer.so -plugin-path /usr/lib/swift/host/plugins -plugin-path /usr/local/lib/swift/host/plugins -parse-as-library -o /host/spi-builder-workspace/.build/out/Intermediates.noindex/dotfiles.build/Debug-webassembly-wasm32/dotfiles-p.build/Objects-normal/wasm32/Brew.o -index-unit-output-path /dotfiles.build/Debug-webassembly-wasm32/dotfiles-p.build/Objects-normal/wasm32/Brew.o -index-store-path /host/spi-builder-workspace/.build/out -index-system-modules
error: SwiftCompile normal wasm32 /host/spi-builder-workspace/Sources/Tasks/Task.swift failed with a nonzero exit code. Command line:     cd /host
    builtin-SwiftPerFileCompile Task.swift
/host/spi-builder-workspace/Sources/Tasks/Apps.swift:1:8: error: no such module 'AppKit'
 1 | import AppKit
   |        `- error: no such module 'AppKit'
 2 | import ArgumentParser
 3 |
Failed frontend command:
/usr/bin/swift-frontend -frontend -c /host/spi-builder-workspace/.build/out/Intermediates.noindex/dotfiles.build/Debug-webassembly-wasm32/dotfiles-p.build/DerivedSources/resource_bundle_accessor.swift /host/spi-builder-workspace/Sources/Dotfiles.swift /host/spi-builder-workspace/Sources/Tasks/Apps.swift /host/spi-builder-workspace/Sources/Tasks/Developer.swift /host/spi-builder-workspace/Sources/Tasks/Fonts.swift /host/spi-builder-workspace/Sources/Tasks/Git.swift /host/spi-builder-workspace/Sources/Tasks/Preferences.swift -primary-file /host/spi-builder-workspace/Sources/Tasks/Task.swift /host/spi-builder-workspace/Sources/Utilities/Brew.swift /host/spi-builder-workspace/Sources/Utilities/Constants.swift /host/spi-builder-workspace/Sources/Utilities/Shell.swift -emit-dependencies-path /host/spi-builder-workspace/.build/out/Intermediates.noindex/dotfiles.build/Debug-webassembly-wasm32/dotfiles-p.build/Objects-normal/wasm32/Task.d -emit-const-values-path /host/spi-builder-workspace/.build/out/Intermediates.noindex/dotfiles.build/Debug-webassembly-wasm32/dotfiles-p.build/Objects-normal/wasm32/Task.swiftconstvalues -emit-reference-dependencies-path /host/spi-builder-workspace/.build/out/Intermediates.noindex/dotfiles.build/Debug-webassembly-wasm32/dotfiles-p.build/Objects-normal/wasm32/Task.swiftdeps -serialize-diagnostics-path /host/spi-builder-workspace/.build/out/Intermediates.noindex/dotfiles.build/Debug-webassembly-wasm32/dotfiles-p.build/Objects-normal/wasm32/Task.dia -target wasm32-unknown-wasip1 -disable-objc-interop -sdk /root/.swiftpm/swift-sdks/swift-6.4.x-DEVELOPMENT-SNAPSHOT-2026-09-04-a_wasm.artifactbundle/swift-6.4.x-DEVELOPMENT-SNAPSHOT-2026-09-04-a_wasm/wasm32-unknown-wasip1/WASI.sdk -sysroot /root/.swiftpm/swift-sdks/swift-6.4.x-DEVELOPMENT-SNAPSHOT-2026-09-04-a_wasm.artifactbundle/swift-6.4.x-DEVELOPMENT-SNAPSHOT-2026-09-04-a_wasm/wasm32-unknown-wasip1/WASI.sdk -I /host/spi-builder-workspace/.build/out/Products/Debug-webassembly-wasm32 -module-cache-path /host/spi-builder-workspace/.build/out/ModuleCache.noindex -color-diagnostics -Xcc -fcolor-diagnostics -enable-testing -g -debug-info-format\=dwarf -dwarf-version\=4 -swift-version 5 -Onone -D SWIFT_PACKAGE -D DEBUG -D SWIFT_MODULE_RESOURCE_BUNDLE_AVAILABLE -D Xcode -serialize-debugging-options -enable-experimental-feature DebugDescriptionMacro -empty-abi-descriptor -external-plugin-path /usr/lib/swift/host/plugins/testing\#/usr/bin/swift-plugin-server -validate-clang-modules-once -clang-build-session-file /host/spi-builder-workspace/.build/out/ModuleCache.noindex/Session.modulevalidation -Xcc -working-directory -Xcc /host -resource-dir /root/.swiftpm/swift-sdks/swift-6.4.x-DEVELOPMENT-SNAPSHOT-2026-09-04-a_wasm.artifactbundle/swift-6.4.x-DEVELOPMENT-SNAPSHOT-2026-09-04-a_wasm/wasm32-unknown-wasip1/swift.xctoolchain/usr/lib/swift_static -use-static-resource-dir -enable-anonymous-context-mangled-names -file-compilation-dir /host -Xcc -resource-dir -Xcc /root/.swiftpm/swift-sdks/swift-6.4.x-DEVELOPMENT-SNAPSHOT-2026-09-04-a_wasm.artifactbundle/swift-6.4.x-DEVELOPMENT-SNAPSHOT-2026-09-04-a_wasm/wasm32-unknown-wasip1/swift.xctoolchain/usr/lib/swift_static/clang -Xcc -D_LIBCPP_HARDENING_MODE\=_LIBCPP_HARDENING_MODE_DEBUG -Xcc -fmodules-prune-interval\=86400 -Xcc -fmodules-prune-after\=345600 -Xcc -I/host/spi-builder-workspace/.build/out/Products/Debug-webassembly-wasm32/include -Xcc -I/host/spi-builder-workspace/.build/out/Intermediates.noindex/dotfiles.build/Debug-webassembly-wasm32/dotfiles-p.build/DerivedSources-normal/wasm32 -Xcc -I/host/spi-builder-workspace/.build/out/Intermediates.noindex/dotfiles.build/Debug-webassembly-wasm32/dotfiles-p.build/DerivedSources/wasm32 -Xcc -I/host/spi-builder-workspace/.build/out/Intermediates.noindex/dotfiles.build/Debug-webassembly-wasm32/dotfiles-p.build/DerivedSources -Xcc -DSWIFT_PACKAGE -Xcc -DDEBUG\=1 -no-auto-bridging-header-chaining -module-name Dotfiles -package-name spi_builder_workspace -const-gather-protocols-file /host/spi-builder-workspace/.build/out/Intermediates.noindex/dotfiles.build/Debug-webassembly-wasm32/dotfiles-p.build/Objects-normal/wasm32/dotfiles_const_extract_protocols.json -in-process-plugin-server-path /usr/lib/swift/host/libSwiftInProcPluginServer.so -plugin-path /usr/lib/swift/host/plugins -plugin-path /usr/local/lib/swift/host/plugins -parse-as-library -o /host/spi-builder-workspace/.build/out/Intermediates.noindex/dotfiles.build/Debug-webassembly-wasm32/dotfiles-p.build/Objects-normal/wasm32/Task.o -index-unit-output-path /dotfiles.build/Debug-webassembly-wasm32/dotfiles-p.build/Objects-normal/wasm32/Task.o -index-store-path /host/spi-builder-workspace/.build/out -index-system-modules
error: Build failed
BUILD FAILURE 6.4 wasm