Build Information
Failed to build BlackBerryDynamics, reference v15.1.18 (4ef824), with Swift 6.3 for watchOS using Xcode 26.4 on 16 Sep 2026 21:11:53 UTC.
Build Command
env DEVELOPER_DIR=/Applications/Xcode-26.5.0.app xcrun xcodebuild -IDEClonedSourcePackagesDirPathOverride=$PWD/.dependencies -skipMacroValidation -skipPackagePluginValidation -derivedDataPath $PWD/.derivedData build -scheme BlackBerryDynamics-Package -destination generic/platform=watchOSBuild Log
========================================
RunAll
========================================
Builder version: 5.1.0
Interrupt handler set up.
========================================
Checkout
========================================
Clone URL: https://github.com/blackberry/BlackBerry-Dynamics-iOS-SDK.git
Reference: v15.1.18
Initialized empty Git repository in /Users/admin/builder/spi-builder-workspace/.git/
From https://github.com/blackberry/BlackBerry-Dynamics-iOS-SDK
* tag v15.1.18 -> FETCH_HEAD
HEAD is now at 4ef824b BlackBerry Dynamics SDK 15.1.8766.18 (#3)
Cloned https://github.com/blackberry/BlackBerry-Dynamics-iOS-SDK.git
Revision (git rev-parse @):
4ef824b3dac551b63e05a0bec6058beb51b4ef9f
SUCCESS checkout https://github.com/blackberry/BlackBerry-Dynamics-iOS-SDK.git at v15.1.18
========================================
Build
========================================
Selected platform: watchOS
Swift version: 6.3
Building package at path: $PWD
https://github.com/blackberry/BlackBerry-Dynamics-iOS-SDK.git
Command line invocation:
/Applications/Xcode-26.5.0.app/Contents/Developer/usr/bin/xcodebuild -IDEClonedSourcePackagesDirPathOverride=/Users/admin/builder/spi-builder-workspace/.dependencies -resolvePackageDependencies
Resolve Package Graph
Resolve Package Graph
Resolved source packages:
BlackBerryDynamics: /Users/admin/builder/spi-builder-workspace
resolved source packages: BlackBerryDynamics
2026-09-16 17:11:39.683 xcodebuild[535:3057] [MT] IDERunDestination: Supported platforms for the buildables in the current scheme is empty.
{
"dependencies" : [
],
"manifest_display_name" : "BlackBerryDynamics",
"name" : "BlackBerryDynamics",
"path" : "/Users/admin/builder/spi-builder-workspace",
"platforms" : [
{
"name" : "ios",
"version" : "18.0"
}
],
"products" : [
{
"name" : "BlackBerryDynamics",
"targets" : [
"BlackBerryDynamics"
],
"type" : {
"library" : [
"automatic"
]
}
},
{
"name" : "GSEProvider",
"targets" : [
"GSEProvider"
],
"type" : {
"library" : [
"automatic"
]
}
},
{
"name" : "BlackBerryDynamicsAutomatedTestSupportLibrary",
"targets" : [
"BlackBerryDynamicsAutomatedTestSupportLibrary"
],
"type" : {
"library" : [
"automatic"
]
}
}
],
"targets" : [
{
"c99name" : "GSEProvider",
"module_type" : "BinaryTarget",
"name" : "GSEProvider",
"path" : "remote/archive/BlackBerryGSEProvider_for_iOS_v15.1.8766.18.zip",
"product_memberships" : [
"GSEProvider"
],
"sources" : [
],
"type" : "binary"
},
{
"c99name" : "BlackBerryDynamicsAutomatedTestSupportLibrary",
"module_type" : "BinaryTarget",
"name" : "BlackBerryDynamicsAutomatedTestSupportLibrary",
"path" : "remote/archive/BlackBerryDynamicsAutomatedTestSupportLibrary_for_iOS_v15.1.8766.18.zip",
"product_memberships" : [
"BlackBerryDynamicsAutomatedTestSupportLibrary"
],
"sources" : [
],
"type" : "binary"
},
{
"c99name" : "BlackBerryDynamics",
"module_type" : "BinaryTarget",
"name" : "BlackBerryDynamics",
"path" : "remote/archive/BlackBerryDynamics_for_iOS_v15.1.8766.18.zip",
"product_memberships" : [
"BlackBerryDynamics"
],
"sources" : [
],
"type" : "binary"
}
],
"tools_version" : "6.0"
}
{
"workspace" : {
"name" : "spi-builder-workspace",
"schemes" : [
"BlackBerryDynamics",
"BlackBerryDynamics-Package",
"BlackBerryDynamicsAutomatedTestSupportLibrary",
"GSEProvider"
]
}
}
2026-09-16 17:11:47.289 xcodebuild[690:3990] [MT] IDERunDestination: Supported platforms for the buildables in the current scheme is empty.
Running build ...
env DEVELOPER_DIR=/Applications/Xcode-26.5.0.app xcrun xcodebuild -IDEClonedSourcePackagesDirPathOverride=$PWD/.dependencies -skipMacroValidation -skipPackagePluginValidation -derivedDataPath $PWD/.derivedData build -scheme BlackBerryDynamics-Package -destination generic/platform=watchOS
Command line invocation:
/Applications/Xcode-26.5.0.app/Contents/Developer/usr/bin/xcodebuild -IDEClonedSourcePackagesDirPathOverride=/Users/admin/builder/spi-builder-workspace/.dependencies -skipMacroValidation -skipPackagePluginValidation -derivedDataPath /Users/admin/builder/spi-builder-workspace/.derivedData build -scheme BlackBerryDynamics-Package -destination generic/platform=watchOS
Resolve Package Graph
Resolved source packages:
BlackBerryDynamics: /Users/admin/builder/spi-builder-workspace
ComputePackagePrebuildTargetDependencyGraph
Prepare packages
CreateBuildRequest
SendProjectDescription
CreateBuildOperation
ComputeTargetDependencyGraph
note: Building targets in dependency order
note: Target dependency graph (3 targets)
Target 'GSEProvider' in project 'BlackBerryDynamics' (no dependencies)
Target 'BlackBerryDynamicsAutomatedTestSupportLibrary' in project 'BlackBerryDynamics' (no dependencies)
Target 'BlackBerryDynamics' in project 'BlackBerryDynamics' (no dependencies)
GatherProvisioningInputs
CreateBuildDescription
ExecuteExternalTool /Applications/Xcode-26.5.0.app/Contents/Developer/Toolchains/XcodeDefault.xctoolchain/usr/bin/clang -v -E -dM -isysroot /Applications/Xcode-26.5.0.app/Contents/Developer/Platforms/WatchOS.platform/Developer/SDKs/WatchOS26.5.sdk -x c -c /dev/null
Build description signature: e726de361c85694b23eaf89c7014a024
Build description path: /Users/admin/builder/spi-builder-workspace/.derivedData/Build/Intermediates.noindex/XCBuildData/e726de361c85694b23eaf89c7014a024.xcbuilddata
/Users/admin/builder/spi-builder-workspace/.dependencies/artifacts/spi-builder-workspace/BlackBerryDynamicsAutomatedTestSupportLibrary/BlackBerryDynamicsAutomatedTestSupportLibrary.xcframework:1:1: error: While building for watchOS, no library for this platform was found in '/Users/admin/builder/spi-builder-workspace/.dependencies/artifacts/spi-builder-workspace/BlackBerryDynamicsAutomatedTestSupportLibrary/BlackBerryDynamicsAutomatedTestSupportLibrary.xcframework'. (in target 'BlackBerryDynamicsAutomatedTestSupportLibrary' from project 'BlackBerryDynamics')
/Users/admin/builder/spi-builder-workspace/.dependencies/artifacts/spi-builder-workspace/GSEProvider/GSEProvider.xcframework:1:1: error: While building for watchOS, no library for this platform was found in '/Users/admin/builder/spi-builder-workspace/.dependencies/artifacts/spi-builder-workspace/GSEProvider/GSEProvider.xcframework'. (in target 'GSEProvider' from project 'BlackBerryDynamics')
2026-09-16 17:11:48.840 xcodebuild[697:4052] [MT] IDERunDestination: Supported platforms for the buildables in the current scheme is empty.
** BUILD FAILED **
The following build commands failed:
Building workspace spi-builder-workspace with scheme BlackBerryDynamics-Package
(1 failure)
Command line invocation:
/Applications/Xcode-26.5.0.app/Contents/Developer/usr/bin/xcodebuild -IDEClonedSourcePackagesDirPathOverride=/Users/admin/builder/spi-builder-workspace/.dependencies -resolvePackageDependencies
Resolve Package Graph
Resolved source packages:
BlackBerryDynamics: /Users/admin/builder/spi-builder-workspace
resolved source packages: BlackBerryDynamics
2026-09-16 17:11:50.837 xcodebuild[711:4154] [MT] IDERunDestination: Supported platforms for the buildables in the current scheme is empty.
{
"dependencies" : [
],
"manifest_display_name" : "BlackBerryDynamics",
"name" : "BlackBerryDynamics",
"path" : "/Users/admin/builder/spi-builder-workspace",
"platforms" : [
{
"name" : "ios",
"version" : "18.0"
}
],
"products" : [
{
"name" : "BlackBerryDynamics",
"targets" : [
"BlackBerryDynamics"
],
"type" : {
"library" : [
"automatic"
]
}
},
{
"name" : "GSEProvider",
"targets" : [
"GSEProvider"
],
"type" : {
"library" : [
"automatic"
]
}
},
{
"name" : "BlackBerryDynamicsAutomatedTestSupportLibrary",
"targets" : [
"BlackBerryDynamicsAutomatedTestSupportLibrary"
],
"type" : {
"library" : [
"automatic"
]
}
}
],
"targets" : [
{
"c99name" : "GSEProvider",
"module_type" : "BinaryTarget",
"name" : "GSEProvider",
"path" : "remote/archive/BlackBerryGSEProvider_for_iOS_v15.1.8766.18.zip",
"product_memberships" : [
"GSEProvider"
],
"sources" : [
],
"type" : "binary"
},
{
"c99name" : "BlackBerryDynamicsAutomatedTestSupportLibrary",
"module_type" : "BinaryTarget",
"name" : "BlackBerryDynamicsAutomatedTestSupportLibrary",
"path" : "remote/archive/BlackBerryDynamicsAutomatedTestSupportLibrary_for_iOS_v15.1.8766.18.zip",
"product_memberships" : [
"BlackBerryDynamicsAutomatedTestSupportLibrary"
],
"sources" : [
],
"type" : "binary"
},
{
"c99name" : "BlackBerryDynamics",
"module_type" : "BinaryTarget",
"name" : "BlackBerryDynamics",
"path" : "remote/archive/BlackBerryDynamics_for_iOS_v15.1.8766.18.zip",
"product_memberships" : [
"BlackBerryDynamics"
],
"sources" : [
],
"type" : "binary"
}
],
"tools_version" : "6.0"
}
{
"workspace" : {
"name" : "spi-builder-workspace",
"schemes" : [
"BlackBerryDynamics",
"BlackBerryDynamics-Package",
"BlackBerryDynamicsAutomatedTestSupportLibrary",
"GSEProvider"
]
}
}
2026-09-16 17:11:51.958 xcodebuild[721:4219] [MT] IDERunDestination: Supported platforms for the buildables in the current scheme is empty.
Running build ...
env DEVELOPER_DIR=/Applications/Xcode-26.5.0.app xcrun xcodebuild -IDEClonedSourcePackagesDirPathOverride=$PWD/.dependencies -skipMacroValidation -skipPackagePluginValidation -derivedDataPath $PWD/.derivedData build -scheme BlackBerryDynamics-Package -destination generic/platform=watchOS
Command line invocation:
/Applications/Xcode-26.5.0.app/Contents/Developer/usr/bin/xcodebuild -IDEClonedSourcePackagesDirPathOverride=/Users/admin/builder/spi-builder-workspace/.dependencies -skipMacroValidation -skipPackagePluginValidation -derivedDataPath /Users/admin/builder/spi-builder-workspace/.derivedData build -scheme BlackBerryDynamics-Package -destination generic/platform=watchOS
Resolve Package Graph
Resolved source packages:
BlackBerryDynamics: /Users/admin/builder/spi-builder-workspace
ComputePackagePrebuildTargetDependencyGraph
Prepare packages
CreateBuildRequest
SendProjectDescription
CreateBuildOperation
ComputeTargetDependencyGraph
note: Building targets in dependency order
note: Target dependency graph (3 targets)
Target 'GSEProvider' in project 'BlackBerryDynamics' (no dependencies)
Target 'BlackBerryDynamicsAutomatedTestSupportLibrary' in project 'BlackBerryDynamics' (no dependencies)
Target 'BlackBerryDynamics' in project 'BlackBerryDynamics' (no dependencies)
GatherProvisioningInputs
CreateBuildDescription
ExecuteExternalTool /Applications/Xcode-26.5.0.app/Contents/Developer/Toolchains/XcodeDefault.xctoolchain/usr/bin/clang -v -E -dM -isysroot /Applications/Xcode-26.5.0.app/Contents/Developer/Platforms/WatchOS.platform/Developer/SDKs/WatchOS26.5.sdk -x c -c /dev/null
Build description signature: e726de361c85694b23eaf89c7014a024
Build description path: /Users/admin/builder/spi-builder-workspace/.derivedData/Build/Intermediates.noindex/XCBuildData/e726de361c85694b23eaf89c7014a024.xcbuilddata
/Users/admin/builder/spi-builder-workspace/.dependencies/artifacts/spi-builder-workspace/GSEProvider/GSEProvider.xcframework:1:1: error: While building for watchOS, no library for this platform was found in '/Users/admin/builder/spi-builder-workspace/.dependencies/artifacts/spi-builder-workspace/GSEProvider/GSEProvider.xcframework'. (in target 'GSEProvider' from project 'BlackBerryDynamics')
/Users/admin/builder/spi-builder-workspace/.dependencies/artifacts/spi-builder-workspace/BlackBerryDynamicsAutomatedTestSupportLibrary/BlackBerryDynamicsAutomatedTestSupportLibrary.xcframework:1:1: error: While building for watchOS, no library for this platform was found in '/Users/admin/builder/spi-builder-workspace/.dependencies/artifacts/spi-builder-workspace/BlackBerryDynamicsAutomatedTestSupportLibrary/BlackBerryDynamicsAutomatedTestSupportLibrary.xcframework'. (in target 'BlackBerryDynamicsAutomatedTestSupportLibrary' from project 'BlackBerryDynamics')
2026-09-16 17:11:52.836 xcodebuild[724:4252] [MT] IDERunDestination: Supported platforms for the buildables in the current scheme is empty.
** BUILD FAILED **
The following build commands failed:
Building workspace spi-builder-workspace with scheme BlackBerryDynamics-Package
(1 failure)
BUILD FAILURE 6.3 watchOS