Build Information
Failed to build KeyHolder, reference v4.3.0 (69cfea), with Swift 6.2 for Linux on 26 Jun 2026 00:46:03 UTC.
Build Command
bash -c docker run --pull=always --rm -v "checkouts-53886769-0":/host -w "$PWD" -e JAVA_HOME="/root/.sdkman/candidates/java/current" -e SPI_BUILD="1" -e SPI_PROCESSING="1" registry.gitlab.com/saguaro1/spi-images:basic-6.2-latest swift build --triple x86_64-unknown-linux-gnu 2>&1Build Log
========================================
RunAll
========================================
Builder version: 0e64495ecc1688c3b3e031a5ef1348b5c05091ae
Interrupt handler set up.
========================================
Checkout
========================================
Clone URL: https://github.com/Clipy/KeyHolder.git
Reference: v4.3.0
Initialized empty Git repository in /host/spi-builder-workspace/.git/
hint: Using 'master' as the name for the initial branch. This default branch name
hint: is subject to change. To configure the initial branch name to use in all
hint: of your new repositories, which will suppress this warning, call:
hint:
hint: git config --global init.defaultBranch <name>
hint:
hint: Names commonly chosen instead of 'master' are 'main', 'trunk' and
hint: 'development'. The just-created branch can be renamed via this command:
hint:
hint: git branch -m <name>
From https://github.com/Clipy/KeyHolder
* tag v4.3.0 -> FETCH_HEAD
HEAD is now at 69cfeab Bump version to v4.3.0
Submodule path 'Carthage/Checkouts/Magnet': checked out 'c721032f386a6664a234e04b98cb68823865369a'
Submodule path 'Carthage/Checkouts/Magnet/Carthage/Checkouts/Sauce': checked out 'c9ebdcfddb4b94da5b9a6ebd113ab385edda88c1'
Submodule path 'Carthage/Checkouts/Sauce': checked out 'c9ebdcfddb4b94da5b9a6ebd113ab385edda88c1'
Submodule 'Carthage/Checkouts/Magnet' (https://github.com/Clipy/Magnet.git) registered for path 'Carthage/Checkouts/Magnet'
Submodule 'Carthage/Checkouts/Sauce' (https://github.com/Clipy/Sauce.git) registered for path 'Carthage/Checkouts/Sauce'
Cloning into '/host/spi-builder-workspace/Carthage/Checkouts/Magnet'...
Cloning into '/host/spi-builder-workspace/Carthage/Checkouts/Sauce'...
Submodule 'Carthage/Checkouts/Sauce' (https://github.com/Clipy/Sauce.git) registered for path 'Carthage/Checkouts/Magnet/Carthage/Checkouts/Sauce'
Cloning into '/host/spi-builder-workspace/Carthage/Checkouts/Magnet/Carthage/Checkouts/Sauce'...
Cloned https://github.com/Clipy/KeyHolder.git
Revision (git rev-parse @):
69cfeabc06965bf98d6aa75c5a06c430795e01e4
SUCCESS checkout https://github.com/Clipy/KeyHolder.git at v4.3.0
========================================
Build
========================================
Selected platform: linux
Swift version: 6.2
Building package at path: $PWD
https://github.com/Clipy/KeyHolder.git
Running build ...
bash -c docker run --pull=always --rm -v "checkouts-53886769-0":/host -w "$PWD" -e JAVA_HOME="/root/.sdkman/candidates/java/current" -e SPI_BUILD="1" -e SPI_PROCESSING="1" registry.gitlab.com/saguaro1/spi-images:basic-6.2-latest swift build --triple x86_64-unknown-linux-gnu 2>&1
basic-6.2-latest: Pulling from saguaro1/spi-images
Digest: sha256:146297aca0eb7f3e338453cbf4c0aa72424647d7d0d3f35fda2f7ef7698dd3aa
Status: Image is up to date for registry.gitlab.com/saguaro1/spi-images:basic-6.2-latest
Fetching https://github.com/Clipy/Magnet
[1/1509] Fetching magnet
Fetched https://github.com/Clipy/Magnet from cache (0.42s)
Computing version for https://github.com/Clipy/Magnet
Computed https://github.com/Clipy/Magnet at 3.5.0 (0.56s)
Fetching https://github.com/Clipy/Sauce
[1/1092] Fetching sauce
Fetched https://github.com/Clipy/Sauce from cache (0.34s)
Computing version for https://github.com/Clipy/Sauce
Computed https://github.com/Clipy/Sauce at 2.5.0 (0.48s)
Creating working copy for https://github.com/Clipy/Sauce
Working copy of https://github.com/Clipy/Sauce resolved at 2.5.0
Creating working copy for https://github.com/Clipy/Magnet
Working copy of https://github.com/Clipy/Magnet resolved at 3.5.0
warning: 'sauce': found 1 file(s) which are unhandled; explicitly declare them as resources or exclude from the target
/host/spi-builder-workspace/.build/checkouts/Sauce/Lib/Sauce/Info.plist
Building for debugging...
[0/4] Write sources
[3/4] Write swift-version-24593BA9C3E375BF.txt
[5/13] Compiling Sauce ModifierTransformer.swift
/host/spi-builder-workspace/.build/checkouts/Sauce/Lib/Sauce/Internal/KeyMappingModifiers.swift:11:8: error: no such module 'Carbon'
9 | //
10 |
11 | import Carbon
| `- error: no such module 'Carbon'
12 |
13 | internal enum KeyMappingModifiers: CaseIterable {
[6/14] Compiling Sauce Sauce.swift
/host/spi-builder-workspace/.build/checkouts/Sauce/Lib/Sauce/Internal/KeyMappingModifiers.swift:11:8: error: no such module 'Carbon'
9 | //
10 |
11 | import Carbon
| `- error: no such module 'Carbon'
12 |
13 | internal enum KeyMappingModifiers: CaseIterable {
error: emit-module command failed with exit code 1 (use -v to see invocation)
[7/14] Emitting module Sauce
/host/spi-builder-workspace/.build/checkouts/Sauce/Lib/Sauce/Internal/KeyMappingModifiers.swift:11:8: error: no such module 'Carbon'
9 | //
10 |
11 | import Carbon
| `- error: no such module 'Carbon'
12 |
13 | internal enum KeyMappingModifiers: CaseIterable {
[8/14] Compiling Sauce InputSource.swift
/host/spi-builder-workspace/.build/checkouts/Sauce/Lib/Sauce/Internal/KeyMappingModifiers.swift:11:8: error: no such module 'Carbon'
9 | //
10 |
11 | import Carbon
| `- error: no such module 'Carbon'
12 |
13 | internal enum KeyMappingModifiers: CaseIterable {
[9/14] Compiling Sauce KeyMappingModifiers.swift
/host/spi-builder-workspace/.build/checkouts/Sauce/Lib/Sauce/Internal/KeyMappingModifiers.swift:11:8: error: no such module 'Carbon'
9 | //
10 |
11 | import Carbon
| `- error: no such module 'Carbon'
12 |
13 | internal enum KeyMappingModifiers: CaseIterable {
[10/14] Compiling Sauce Key.swift
/host/spi-builder-workspace/.build/checkouts/Sauce/Lib/Sauce/Internal/KeyMappingModifiers.swift:11:8: error: no such module 'Carbon'
9 | //
10 |
11 | import Carbon
| `- error: no such module 'Carbon'
12 |
13 | internal enum KeyMappingModifiers: CaseIterable {
[11/14] Compiling Sauce TISInputSource+Property.swift
/host/spi-builder-workspace/.build/checkouts/Sauce/Lib/Sauce/Internal/KeyMappingModifiers.swift:11:8: error: no such module 'Carbon'
9 | //
10 |
11 | import Carbon
| `- error: no such module 'Carbon'
12 |
13 | internal enum KeyMappingModifiers: CaseIterable {
[12/14] Compiling Sauce SpecialKeyCode.swift
/host/spi-builder-workspace/.build/checkouts/Sauce/Lib/Sauce/Internal/KeyMappingModifiers.swift:11:8: error: no such module 'Carbon'
9 | //
10 |
11 | import Carbon
| `- error: no such module 'Carbon'
12 |
13 | internal enum KeyMappingModifiers: CaseIterable {
[13/14] Compiling Sauce KeyboardLayout.swift
/host/spi-builder-workspace/.build/checkouts/Sauce/Lib/Sauce/Internal/KeyMappingModifiers.swift:11:8: error: no such module 'Carbon'
9 | //
10 |
11 | import Carbon
| `- error: no such module 'Carbon'
12 |
13 | internal enum KeyMappingModifiers: CaseIterable {
[14/14] Compiling Sauce NSMenuItem+Key.swift
/host/spi-builder-workspace/.build/checkouts/Sauce/Lib/Sauce/Internal/KeyMappingModifiers.swift:11:8: error: no such module 'Carbon'
9 | //
10 |
11 | import Carbon
| `- error: no such module 'Carbon'
12 |
13 | internal enum KeyMappingModifiers: CaseIterable {
BUILD FAILURE 6.2 linux