The Swift Package Index logo.Swift Package Index

Build Information

Failed to build GoogleCloudArtifactRegistryV1, reference 0.5.0 (49e149), with Swift 6.2 for Android on 11 Oct 2026 12:51:10 UTC.

Build Command

bash -c docker run --pull=always --rm -v "checkouts-54344847-0":/host -w "$PWD" -e JAVA_HOME="/root/.sdkman/candidates/java/current" -e SPI_BUILD="1" -e SPI_PROCESSING="1" registry.gitlab.com/saguaro1/spi-images:android-6.2-latest swift build --swift-sdk aarch64-unknown-linux-android28 2>&1

Build Log

========================================
RunAll
========================================
Builder version: 5.1.1
Interrupt handler set up.
========================================
Checkout
========================================
Clone URL: https://github.com/googleapis/swift-google-devtools-artifactregistry-v1.git
Reference: 0.5.0
Initialized empty Git repository in /host/spi-builder-workspace/.git/
hint: Using 'master' as the name for the initial branch. This default branch name
hint: is subject to change. To configure the initial branch name to use in all
hint: of your new repositories, which will suppress this warning, call:
hint:
hint: 	git config --global init.defaultBranch <name>
hint:
hint: Names commonly chosen instead of 'master' are 'main', 'trunk' and
hint: 'development'. The just-created branch can be renamed via this command:
hint:
hint: 	git branch -m <name>
From https://github.com/googleapis/swift-google-devtools-artifactregistry-v1
 * tag               0.5.0      -> FETCH_HEAD
HEAD is now at 49e1492 chore: release circa 2026-10-07 (#1382)
Cloned https://github.com/googleapis/swift-google-devtools-artifactregistry-v1.git
Revision (git rev-parse @):
49e1492888c4fee484eef00caf409feb92046caf
SPI manifest file found: $PWD/.spi.yml
SUCCESS checkout https://github.com/googleapis/swift-google-devtools-artifactregistry-v1.git at 0.5.0
========================================
Build
========================================
Selected platform:         android
Swift version:             6.2
Building package at path:  $PWD
https://github.com/googleapis/swift-google-devtools-artifactregistry-v1.git
Running build ...
bash -c docker run --pull=always --rm -v "checkouts-54344847-0":/host -w "$PWD" -e JAVA_HOME="/root/.sdkman/candidates/java/current" -e SPI_BUILD="1" -e SPI_PROCESSING="1" registry.gitlab.com/saguaro1/spi-images:android-6.2-latest swift build --swift-sdk aarch64-unknown-linux-android28 2>&1
android-6.2-latest: Pulling from saguaro1/spi-images
Digest: sha256:a839c9ce201f1dacc8eb056626ec7ab0a1c6d53d7b77c83feda395f4507c51be
Status: Image is up to date for registry.gitlab.com/saguaro1/spi-images:android-6.2-latest
Fetching https://github.com/googleapis/swift-google-wkt
Fetching https://github.com/apple/swift-log
Fetching https://github.com/googleapis/swift-google-longrunning
Fetching https://github.com/googleapis/swift-google-iam-v1
Fetching https://github.com/googleapis/swift-google-type
Fetching https://github.com/googleapis/swift-google-rpc
[1/619] Fetching swift-google-longrunning
[20/1041] Fetching swift-google-longrunning, swift-google-rpc
[52/2064] Fetching swift-google-longrunning, swift-google-rpc, swift-google-wkt
[149/10321] Fetching swift-google-longrunning, swift-google-rpc, swift-google-wkt, swift-log
[746/11027] Fetching swift-google-longrunning, swift-google-rpc, swift-google-wkt, swift-log, swift-google-iam-v1
[1062/11464] Fetching swift-google-longrunning, swift-google-rpc, swift-google-wkt, swift-log, swift-google-iam-v1, swift-google-type
Fetched https://github.com/googleapis/swift-google-rpc from cache (0.48s)
[3190/11042] Fetching swift-google-longrunning, swift-google-wkt, swift-log, swift-google-iam-v1, swift-google-type
Fetching https://github.com/googleapis/swift-google-gax
Fetched https://github.com/googleapis/swift-google-longrunning from cache (0.51s)
[2910/10423] Fetching swift-google-wkt, swift-log, swift-google-iam-v1, swift-google-type
Fetching https://github.com/googleapis/swift-google-cloud-location
Fetched https://github.com/googleapis/swift-google-type from cache (0.53s)
Fetched https://github.com/googleapis/swift-google-iam-v1 from cache (0.53s)
Fetching https://github.com/googleapis/swift-google-auth
[2262/9280] Fetching swift-google-wkt, swift-log
Fetched https://github.com/googleapis/swift-google-wkt from cache (0.83s)
Fetched https://github.com/apple/swift-log from cache (0.83s)
[1/1748] Fetching swift-google-gax
[106/2300] Fetching swift-google-gax, swift-google-cloud-location
Fetched https://github.com/googleapis/swift-google-cloud-location from cache (0.48s)
Fetched https://github.com/googleapis/swift-google-gax from cache (0.52s)
[1/1023] Fetching swift-google-auth
Fetched https://github.com/googleapis/swift-google-auth from cache (0.59s)
Computing version for https://github.com/googleapis/swift-google-wkt
Computed https://github.com/googleapis/swift-google-wkt at 0.5.0 (1.38s)
Fetching https://github.com/swift-extras/swift-extras-base64
[10/954] Fetching swift-extras-base64
Fetched https://github.com/swift-extras/swift-extras-base64 from cache (0.45s)
Computing version for https://github.com/googleapis/swift-google-type
Computed https://github.com/googleapis/swift-google-type at 0.5.0 (0.80s)
Computing version for https://github.com/googleapis/swift-google-rpc
Computed https://github.com/googleapis/swift-google-rpc at 0.5.0 (0.28s)
Computing version for https://github.com/googleapis/swift-google-longrunning
Computed https://github.com/googleapis/swift-google-longrunning at 0.5.0 (0.28s)
Computing version for https://github.com/googleapis/swift-google-iam-v1
Computed https://github.com/googleapis/swift-google-iam-v1 at 0.5.0 (0.30s)
Computing version for https://github.com/googleapis/swift-google-gax
Computed https://github.com/googleapis/swift-google-gax at 0.5.0 (0.35s)
Fetching https://github.com/swift-server/async-http-client.git
Fetching https://github.com/apple/swift-nio
[1/16464] Fetching async-http-client
[16465/102838] Fetching async-http-client, swift-nio
Fetched https://github.com/swift-server/async-http-client.git from cache (1.32s)
[12093/86374] Fetching swift-nio
Fetched https://github.com/apple/swift-nio from cache (5.75s)
Computing version for https://github.com/googleapis/swift-google-cloud-location
Computed https://github.com/googleapis/swift-google-cloud-location at 0.5.0 (6.12s)
Computing version for https://github.com/googleapis/swift-google-auth
Computed https://github.com/googleapis/swift-google-auth at 0.5.0 (0.33s)
Fetching https://github.com/vapor/jwt-kit.git
Fetching https://github.com/apple/swift-system.git
[1/7241] Fetching swift-system
[7242/17495] Fetching swift-system, jwt-kit
Fetched https://github.com/apple/swift-system.git from cache (1.48s)
Fetched https://github.com/vapor/jwt-kit.git from cache (1.49s)
Computing version for https://github.com/swift-extras/swift-extras-base64
Computed https://github.com/swift-extras/swift-extras-base64 at 1.2.0 (1.80s)
Computing version for https://github.com/swift-server/async-http-client.git
Computed https://github.com/swift-server/async-http-client.git at 1.36.2 (0.36s)
Fetching https://github.com/apple/swift-configuration.git
Fetching https://github.com/apple/swift-atomics.git
Fetching https://github.com/apple/swift-service-context.git
Fetching https://github.com/apple/swift-algorithms.git
[15/1500] Fetching swift-service-context
[106/5428] Fetching swift-service-context, swift-configuration
[762/7317] Fetching swift-service-context, swift-configuration, swift-atomics
[1710/13481] Fetching swift-service-context, swift-configuration, swift-atomics, swift-algorithms
Fetching https://github.com/apple/swift-nio-extras.git
Fetching https://github.com/apple/swift-nio-transport-services.git
Fetched https://github.com/apple/swift-configuration.git from cache (0.75s)
Fetched https://github.com/apple/swift-atomics.git from cache (0.75s)
Fetching https://github.com/apple/swift-nio-http2.git
Fetching https://github.com/apple/swift-nio-ssl.git
Fetched https://github.com/apple/swift-service-context.git from cache (0.79s)
Fetched https://github.com/apple/swift-algorithms.git from cache (0.79s)
Fetching https://github.com/apple/swift-distributed-tracing.git
[1/16871] Fetching swift-nio-ssl
[2/23574] Fetching swift-nio-ssl, swift-nio-extras
[70/26441] Fetching swift-nio-ssl, swift-nio-extras, swift-nio-transport-services
[5682/32992] Fetching swift-nio-ssl, swift-nio-extras, swift-nio-transport-services, swift-distributed-tracing
[9205/45286] Fetching swift-nio-ssl, swift-nio-extras, swift-nio-transport-services, swift-distributed-tracing, swift-nio-http2
Fetched https://github.com/apple/swift-nio-transport-services.git from cache (0.71s)
[11161/42419] Fetching swift-nio-ssl, swift-nio-extras, swift-distributed-tracing, swift-nio-http2
Fetched https://github.com/apple/swift-nio-extras.git from cache (0.85s)
[10652/35716] Fetching swift-nio-ssl, swift-distributed-tracing, swift-nio-http2
Fetched https://github.com/apple/swift-distributed-tracing.git from cache (0.93s)
[6111/29165] Fetching swift-nio-ssl, swift-nio-http2
Fetched https://github.com/apple/swift-nio-http2.git from cache (2.74s)
Fetched https://github.com/apple/swift-nio-ssl.git from cache (2.74s)
Computing version for https://github.com/apple/swift-service-context.git
Computed https://github.com/apple/swift-service-context.git at 1.3.0 (3.83s)
Computing version for https://github.com/apple/swift-algorithms.git
Computed https://github.com/apple/swift-algorithms.git at 1.2.1 (1.54s)
Fetching https://github.com/apple/swift-numerics.git
[1/6733] Fetching swift-numerics
Fetched https://github.com/apple/swift-numerics.git from cache (0.63s)
Computing version for https://github.com/apple/swift-log
Computed https://github.com/apple/swift-log at 1.16.1 (0.95s)
Computing version for https://github.com/apple/swift-distributed-tracing.git
Computed https://github.com/apple/swift-distributed-tracing.git at 1.5.0 (0.36s)
Computing version for https://github.com/apple/swift-atomics.git
Computed https://github.com/apple/swift-atomics.git at 1.3.1 (0.31s)
Computing version for https://github.com/apple/swift-numerics.git
Computed https://github.com/apple/swift-numerics.git at 1.1.1 (0.32s)
Computing version for https://github.com/apple/swift-nio
Computed https://github.com/apple/swift-nio at 2.104.0 (0.65s)
Fetching https://github.com/apple/swift-collections.git
[1/28703] Fetching swift-collections
Fetched https://github.com/apple/swift-collections.git from cache (1.71s)
Computing version for https://github.com/apple/swift-configuration.git
Computed https://github.com/apple/swift-configuration.git at 1.2.2 (3.00s)
Fetching https://github.com/swift-server/swift-service-lifecycle
[1/2867] Fetching swift-service-lifecycle
Fetched https://github.com/swift-server/swift-service-lifecycle from cache (0.54s)
Computing version for https://github.com/apple/swift-nio-transport-services.git
Computed https://github.com/apple/swift-nio-transport-services.git at 1.28.0 (0.85s)
Computing version for https://github.com/swift-server/swift-service-lifecycle
Computed https://github.com/swift-server/swift-service-lifecycle at 2.12.1 (0.33s)
Fetching https://github.com/apple/swift-async-algorithms.git
[1/6820] Fetching swift-async-algorithms
Fetched https://github.com/apple/swift-async-algorithms.git from cache (0.66s)
Computing version for https://github.com/apple/swift-async-algorithms.git
Computed https://github.com/apple/swift-async-algorithms.git at 1.1.7 (1.06s)
Computing version for https://github.com/apple/swift-collections.git
Computed https://github.com/apple/swift-collections.git at 1.7.2 (0.94s)
Computing version for https://github.com/apple/swift-nio-http2.git
Computed https://github.com/apple/swift-nio-http2.git at 1.46.0 (1.01s)
Computing version for https://github.com/vapor/jwt-kit.git
Computed https://github.com/vapor/jwt-kit.git at 5.7.1 (1.41s)
Fetching https://github.com/apple/swift-crypto.git
Fetching https://github.com/apple/swift-certificates.git
[1/18629] Fetching swift-crypto
[2/26238] Fetching swift-crypto, swift-certificates
Fetched https://github.com/apple/swift-certificates.git from cache (3.96s)
Fetched https://github.com/apple/swift-crypto.git from cache (3.97s)
Computing version for https://github.com/apple/swift-crypto.git
Computed https://github.com/apple/swift-crypto.git at 4.5.2 (5.92s)
Fetching https://github.com/apple/swift-asn1.git
[21/2009] Fetching swift-asn1
Fetched https://github.com/apple/swift-asn1.git from cache (1.25s)
Computing version for https://github.com/apple/swift-asn1.git
Computed https://github.com/apple/swift-asn1.git at 1.7.3 (2.07s)
Computing version for https://github.com/apple/swift-certificates.git
Computed https://github.com/apple/swift-certificates.git at 1.21.0 (0.90s)
Computing version for https://github.com/apple/swift-nio-ssl.git
Computed https://github.com/apple/swift-nio-ssl.git at 2.37.5 (0.87s)
Computing version for https://github.com/apple/swift-system.git
Computed https://github.com/apple/swift-system.git at 1.8.1 (0.79s)
Computing version for https://github.com/apple/swift-nio-extras.git
Computed https://github.com/apple/swift-nio-extras.git at 1.35.1 (1.02s)
Fetching https://github.com/apple/swift-http-structured-headers.git
Fetching https://github.com/apple/swift-http-types.git
[1/1253] Fetching swift-http-structured-headers
[2/3192] Fetching swift-http-structured-headers, swift-http-types
Fetched https://github.com/apple/swift-http-types.git from cache (1.63s)
Fetched https://github.com/apple/swift-http-structured-headers.git from cache (1.63s)
Computing version for https://github.com/apple/swift-http-structured-headers.git
Computed https://github.com/apple/swift-http-structured-headers.git at 1.7.0 (3.10s)
Computing version for https://github.com/apple/swift-http-types.git
Computed https://github.com/apple/swift-http-types.git at 1.8.0 (1.23s)
Creating working copy for https://github.com/apple/swift-configuration.git
Working copy of https://github.com/apple/swift-configuration.git resolved at 1.2.2
Creating working copy for https://github.com/googleapis/swift-google-gax
Working copy of https://github.com/googleapis/swift-google-gax resolved at 0.5.0
Creating working copy for https://github.com/apple/swift-system.git
Working copy of https://github.com/apple/swift-system.git resolved at 1.8.1
Creating working copy for https://github.com/apple/swift-certificates.git
Working copy of https://github.com/apple/swift-certificates.git resolved at 1.21.0
Creating working copy for https://github.com/apple/swift-service-context.git
Working copy of https://github.com/apple/swift-service-context.git resolved at 1.3.0
Creating working copy for https://github.com/googleapis/swift-google-cloud-location
Working copy of https://github.com/googleapis/swift-google-cloud-location resolved at 0.5.0
Creating working copy for https://github.com/apple/swift-distributed-tracing.git
Working copy of https://github.com/apple/swift-distributed-tracing.git resolved at 1.5.0
Creating working copy for https://github.com/apple/swift-http-structured-headers.git
Working copy of https://github.com/apple/swift-http-structured-headers.git resolved at 1.7.0
Creating working copy for https://github.com/swift-extras/swift-extras-base64
Working copy of https://github.com/swift-extras/swift-extras-base64 resolved at 1.2.0
Creating working copy for https://github.com/apple/swift-nio-ssl.git
Working copy of https://github.com/apple/swift-nio-ssl.git resolved at 2.37.5
Creating working copy for https://github.com/swift-server/async-http-client.git
Working copy of https://github.com/swift-server/async-http-client.git resolved at 1.36.2
Creating working copy for https://github.com/apple/swift-algorithms.git
Working copy of https://github.com/apple/swift-algorithms.git resolved at 1.2.1
Creating working copy for https://github.com/apple/swift-atomics.git
Working copy of https://github.com/apple/swift-atomics.git resolved at 1.3.1
Creating working copy for https://github.com/googleapis/swift-google-auth
Working copy of https://github.com/googleapis/swift-google-auth resolved at 0.5.0
Creating working copy for https://github.com/apple/swift-asn1.git
Working copy of https://github.com/apple/swift-asn1.git resolved at 1.7.3
Creating working copy for https://github.com/apple/swift-nio
Working copy of https://github.com/apple/swift-nio resolved at 2.104.0
Creating working copy for https://github.com/apple/swift-nio-http2.git
Working copy of https://github.com/apple/swift-nio-http2.git resolved at 1.46.0
Creating working copy for https://github.com/apple/swift-async-algorithms.git
Working copy of https://github.com/apple/swift-async-algorithms.git resolved at 1.1.7
Creating working copy for https://github.com/apple/swift-crypto.git
Working copy of https://github.com/apple/swift-crypto.git resolved at 4.5.2
Creating working copy for https://github.com/googleapis/swift-google-type
Working copy of https://github.com/googleapis/swift-google-type resolved at 0.5.0
Creating working copy for https://github.com/apple/swift-log
Working copy of https://github.com/apple/swift-log resolved at 1.16.1
Creating working copy for https://github.com/apple/swift-nio-transport-services.git
Working copy of https://github.com/apple/swift-nio-transport-services.git resolved at 1.28.0
Creating working copy for https://github.com/swift-server/swift-service-lifecycle
Working copy of https://github.com/swift-server/swift-service-lifecycle resolved at 2.12.1
Creating working copy for https://github.com/vapor/jwt-kit.git
Working copy of https://github.com/vapor/jwt-kit.git resolved at 5.7.1
Creating working copy for https://github.com/apple/swift-numerics.git
Working copy of https://github.com/apple/swift-numerics.git resolved at 1.1.1
Creating working copy for https://github.com/apple/swift-collections.git
Working copy of https://github.com/apple/swift-collections.git resolved at 1.7.2
Creating working copy for https://github.com/googleapis/swift-google-iam-v1
Working copy of https://github.com/googleapis/swift-google-iam-v1 resolved at 0.5.0
Creating working copy for https://github.com/googleapis/swift-google-longrunning
Working copy of https://github.com/googleapis/swift-google-longrunning resolved at 0.5.0
Creating working copy for https://github.com/apple/swift-nio-extras.git
Working copy of https://github.com/apple/swift-nio-extras.git resolved at 1.35.1
Creating working copy for https://github.com/googleapis/swift-google-wkt
Working copy of https://github.com/googleapis/swift-google-wkt resolved at 0.5.0
Creating working copy for https://github.com/googleapis/swift-google-rpc
Working copy of https://github.com/googleapis/swift-google-rpc resolved at 0.5.0
Creating working copy for https://github.com/apple/swift-http-types.git
Working copy of https://github.com/apple/swift-http-types.git resolved at 1.8.0
Building for debugging...
[0/1106] Compiling a_dup.cc
[1/1106] Compiling aes.cc
[2/1106] Compiling a_d2i_fp.cc
[3/1106] Write sources
[7/1106] Compiling a_i2d_fp.cc
[8/1106] Write sources
[48/1106] Compiling _NumericsShims _NumericsShims.c
[49/1106] Compiling _AtomicsShims.c
[50/1106] Compiling KeccakSponge.c
[51/1106] Compiling SimpleFIPS202.c
[52/1106] Compiling CXKCPShims shims.c
[52/1106] Compiling KeccakHash.c
[54/1106] Compiling CNIOWindows shim.c
[55/1106] Compiling KeccakP-1600-opt64.c
[56/1106] Compiling CSystem shims.c
[57/1106] Compiling CNIOWindows WSAStartup.c
[58/1106] Compiling CNIOWASI CNIOWASI.c
[59/1106] Compiling CNIOOpenBSD shim.c
[60/1106] Compiling CNIOPosix event_loop_id.c
[61/1106] Compiling CNIOLinux liburing_shims.c
[62/1106] Compiling CNIOLinux shim.c
[63/1106] Compiling CNIOLLHTTP c_nio_http.c
[64/1106] Compiling CNIOLLHTTP c_nio_llhttp.c
[65/1106] Compiling CNIOLLHTTP c_nio_api.c
[66/1106] Compiling CNIOFreeBSD shim.c
[67/1106] Compiling CNIOExtrasZlib zutil.c
[68/1106] Write swift-version--11D90AFD9DD3AB2.txt
[69/1106] Compiling CNIOExtrasZlib inflate.c
[70/1106] Compiling CNIOExtrasZlib trees.c
[71/1106] Compiling CNIOExtrasZlib inffast.c
[72/1106] Compiling CNIOExtrasZlib inftrees.c
[73/1151] Compiling a_bitstr.cc
[74/1151] Compiling a_int.cc
[75/1151] Compiling a_bool.cc
[76/1151] Compiling a_gentm.cc
[78/1193] Emitting module _NIODataStructures
[79/1193] Emitting module SystemPackage
[80/1198] Compiling SwiftASN1 TimeUtilities.swift
[81/1198] Compiling SwiftASN1 UTCTime.swift
[82/1200] Compiling SwiftASN1 DER.swift
[83/1200] Compiling SwiftASN1 Errors.swift
[84/1200] Compiling SystemPackage IORing+Util.swift
[85/1200] Compiling SystemPackage IORing.swift
[86/1200] Compiling SystemPackage RawIORequest.swift
[87/1200] Compiling SwiftASN1 ASN1BitString.swift
[88/1200] Compiling SwiftASN1 ASN1Boolean.swift
[89/1200] Compiling SwiftASN1 ASN1Identifier.swift
[90/1200] Compiling SwiftASN1 ASN1Integer.swift
[91/1200] Compiling SwiftASN1 ASN1Null.swift
[92/1200] Compiling SwiftASN1 ArraySliceBigint.swift
[93/1200] Compiling SwiftASN1 GeneralizedTime.swift
[94/1200] Compiling RealModule RealFunctions.swift
[95/1200] Compiling RealModule Real.swift
[96/1200] Compiling SwiftASN1 ASN1.swift
[97/1200] Compiling SwiftASN1 BER.swift
[98/1200] Compiling SwiftASN1 ASN1Any.swift
[99/1201] Compiling RealModule Float16+Real.swift
[100/1201] Compiling RealModule Float80+Real.swift
[101/1201] Compiling _NIOBase64 Base64.swift
[102/1201] Emitting module _NIOBase64
[105/1202] Emitting module RealModule
[106/1202] Compiling ServiceContextModule ServiceContextKey.swift
[107/1202] Compiling SystemPackage SystemString.swift
[108/1202] Compiling SystemPackage Util+StringArray.swift
[109/1202] Compiling SystemPackage Util.swift
[110/1202] Compiling SystemPackage UtilConsumers.swift
[111/1202] Compiling SystemPackage WinSDK+Overlay.swift
[112/1202] Emitting module ServiceContextModule
[113/1202] Compiling ServiceContextModule ServiceContext.swift
[120/1203] Compiling RealModule RelaxedArithmetic.swift
[121/1204] Compiling Logging Logger+Attributes.swift
[123/1204] Emitting module _CertificateInternals
[125/1204] Compiling _CertificateInternals _TinyArray.swift
[127/1206] Compiling _NIODataStructures _TinyArray.swift
[129/1206] Emitting module SwiftASN1
[130/1206] Compiling Logging Logger+With.swift
[131/1206] Compiling Logging LoggingSystem.swift
[132/1206] Compiling Logging Logger.swift
[133/1217] Compiling _NIODataStructures PriorityQueue.swift
[134/1217] Compiling _NIODataStructures Heap.swift
[134/1241] Wrapping AST for _NIOBase64 for debugging
[136/1241] Wrapping AST for _CertificateInternals for debugging
[138/1246] Compiling Instrumentation MultiplexInstrument.swift
[139/1246] Compiling Instrumentation NoOpInstrument.swift
[139/1246] Wrapping AST for ServiceContextModule for debugging
[140/1246] Wrapping AST for _NIODataStructures for debugging
[141/1246] Wrapping AST for RealModule for debugging
[143/1246] Compiling InternalCollectionsUtilities Strideable+LimitHelpers.swift
[144/1246] Compiling InternalCollectionsUtilities String+Padding.swift
[145/1246] Compiling InternalCollectionsUtilities UnsafeMutablePointer+Extras.swift
[146/1246] Compiling InternalCollectionsUtilities UnsafeMutableRawBufferPointer+Extras.swift
[147/1246] Compiling InternalCollectionsUtilities UnsafePointer+Extras.swift
[147/1249] Compiling CNIOExtrasZlib crc32.c
[148/1249] Compiling CNIOExtrasZlib deflate.c
[149/1249] Compiling CNIOExtrasZlib adler32.c
[150/1249] Compiling CNIODarwin shim.c
[152/1249] Compiling InternalCollectionsUtilities UnsafeRawBufferPointer+Extras.swift
[153/1249] Compiling InternalCollectionsUtilities _SortedCollection.swift
[154/1249] Compiling InternalCollectionsUtilities _UniqueCollection.swift
[154/1249] Compiling fiat_p256_adx_sqr.S
[155/1249] Compiling fiat_p256_adx_mul.S
[157/1249] Compiling InternalCollectionsUtilities BorrowingIteratorProtocol+Equality.swift
[158/1249] Compiling InternalCollectionsUtilities BorrowingIteratorProtocol+Extras.swift
[159/1249] Compiling InternalCollectionsUtilities Debugging.swift
[160/1249] Compiling InternalCollectionsUtilities Descriptions.swift
[161/1249] Compiling InternalCollectionsUtilities MutableSpan+Extras.swift
[162/1249] Compiling InternalCollectionsUtilities OutputSpan+Extras.swift
[163/1249] Compiling InternalCollectionsUtilities RandomAccessCollection+Offsets.swift
[164/1249] Compiling InternalCollectionsUtilities Span+Extras.swift
[165/1249] Compiling InternalCollectionsUtilities Iterable+CopyContents.swift
[166/1249] Compiling InternalCollectionsUtilities Iterable+Equality.swift
[167/1249] Compiling InternalCollectionsUtilities LifetimeOverride.swift
[168/1249] Compiling InternalCollectionsUtilities MutableRef.swift
[168/1249] Compiling fiat_curve25519_adx_square.S
[169/1249] Compiling fiat_curve25519_adx_mul.S
[171/1249] Emitting module InternalCollectionsUtilities
[174/1249] Compiling InternalCollectionsUtilities TemporaryAllocation.swift
[175/1249] Compiling InternalCollectionsUtilities _UnsafeBitSet+Index.swift
[176/1249] Compiling InternalCollectionsUtilities _UnsafeBitSet+_Word.swift
[177/1249] Compiling InternalCollectionsUtilities _UnsafeBitSet.swift
[178/1249] Compiling InternalCollectionsUtilities UnsafeBufferPointer+Extras.swift
[179/1249] Compiling InternalCollectionsUtilities UnsafeMutableBufferPointer+Extras.swift
[180/1249] Compiling InternalCollectionsUtilities FixedWidthInteger+roundUpToPowerOfTwo.swift
[181/1249] Compiling InternalCollectionsUtilities Integer rank.swift
[182/1249] Compiling InternalCollectionsUtilities UInt+first and last set bit.swift
[183/1249] Compiling InternalCollectionsUtilities UInt+reversed.swift
[185/1250] Compiling ExtrasBase64 Base32.swift
[185/1250] Compiling CNIOBoringSSLShims shims.c
[187/1254] Emitting module SpanPreview
[188/1254] Compiling SpanPreview InputSpan.swift
[189/1254] Compiling SpanPreview MutableSpan+InputSpanHelpers.swift
[190/1254] Compiling SpanPreview OutputSpan+InputSpanHelpers.swift
[191/1255] Wrapping AST for InternalCollectionsUtilities for debugging
[192/1297] Compiling tls_method.cc
[193/1297] Compiling tls_record.cc
[194/1297] Wrapping AST for SpanPreview for debugging
[196/1297] Compiling Instrumentation InstrumentationSystem.swift
[197/1297] Compiling Instrumentation Instrument.swift
[198/1297] Compiling Instrumentation Locks.swift
[199/1297] Emitting module Instrumentation
[201/1298] Compiling DequeModule UniqueDeque+Consumption.swift
[202/1298] Compiling DequeModule UniqueDeque+ContainerOperations.swift
[203/1298] Compiling DequeModule UniqueDeque+Deprecations.swift
[204/1298] Compiling DequeModule UniqueDeque+Descriptions.swift
[205/1298] Compiling DequeModule UniqueDeque+Equatable.swift
[206/1298] Compiling DequeModule UniqueDeque+Hashable.swift
[207/1303] Compiling DequeModule UniqueDeque+Initializers.swift
[208/1303] Compiling DequeModule UniqueDeque+Insertions.swift
[209/1303] Compiling DequeModule UniqueDeque+Iterable.swift
[210/1303] Compiling DequeModule UniqueDeque+Prepend.swift
[211/1303] Compiling DequeModule UniqueDeque+Removals.swift
[212/1303] Compiling Logging MetadataProvider.swift
[213/1311] Compiling DequeModule Deque+CustomReflectable.swift
[214/1311] Compiling DequeModule Deque+Descriptions.swift
[218/1311] Compiling DequeModule RigidDeque+Prepend.swift
[219/1311] Compiling DequeModule RigidDeque+Removals.swift
[220/1311] Emitting module Logging
[221/1311] Compiling DequeModule Deque+Codable.swift
[222/1311] Compiling DequeModule Deque+Collection.swift
[227/1311] Compiling DequeModule Deque+Equatable.swift
[228/1311] Compiling DequeModule Deque+ExpressibleByArrayLiteral.swift
[230/1312] Compiling DequeModule Deque+Extras.swift
[231/1312] Compiling DequeModule Deque+Hashable.swift
[232/1312] Compiling DequeModule Deque+Testing.swift
[233/1312] Compiling DequeModule Deque._Storage.swift
[234/1312] Compiling DequeModule Deque._UnsafeHandle.swift
[235/1312] Compiling DequeModule Deque.swift
[236/1312] Compiling DequeModule RigidDeque+Descriptions.swift
[237/1312] Compiling DequeModule RigidDeque+Equatable.swift
[238/1312] Compiling DequeModule RigidDeque+Hashable.swift
[239/1312] Compiling DequeModule RigidDeque+Initializers.swift
[240/1312] Compiling DequeModule RigidDeque+Insertions.swift
[241/1312] Compiling DequeModule RigidDeque+Iterable.swift
[244/1312] Compiling DequeModule RigidDeque+Replacements.swift
[245/1312] Compiling DequeModule RigidDeque+Testing.swift
[246/1312] Compiling DequeModule RigidDeque.swift
[247/1312] Compiling DequeModule UniqueDeque+Append.swift
[248/1312] Compiling DequeModule _DequeBuffer.swift
[249/1312] Compiling DequeModule _DequeBufferHeader.swift
[250/1312] Compiling DequeModule RigidDeque+Append.swift
[251/1312] Compiling DequeModule RigidDeque+Consumption.swift
[252/1312] Compiling DequeModule RigidDeque+ContainerOperations.swift
[253/1312] Compiling DequeModule RigidDeque+Deprecations.swift
[284/1314] Wrapping AST for Instrumentation for debugging
[286/1314] Wrapping AST for Logging for debugging
[288/1314] Emitting module Tracing
[288/1315] Wrapping AST for SwiftASN1 for debugging
[289/1315] Wrapping AST for SystemPackage for debugging
[291/1315] Compiling Tracing Tracer.swift
[292/1315] Compiling Tracing TracerProtocol+Legacy.swift
[293/1315] Compiling Tracing TracingTime.swift
[294/1315] Compiling Tracing TracerProtocol.swift
[295/1315] Compiling Tracing WithTracer.swift
[295/1315] Compiling tls13_enc.cc
[297/1315] Compiling ExtrasBase64 Base64.swift
[298/1315] Compiling ExtrasBase64 Base64+Span.swift
[299/1315] Compiling Tracing SpanProtocol.swift
[300/1315] Compiling Tracing NoOpTracer.swift
[301/1315] Compiling Tracing InstrumentationSystem+Tracing.swift
[302/1316] Compiling tls13_server.cc
[303/1316] Wrapping AST for Tracing for debugging
[305/1316] Emitting module DequeModule
[305/1316] Compiling tls13_client.cc
[306/1316] Compiling t1_enc.cc
[308/1316] Emitting module ExtrasBase64
[309/1316] Compiling ExtrasBase64 Base32+Span.swift
[310/1317] Compiling tls13_both.cc
[311/1317] Compiling ssl_stat.cc
[312/1317] Compiling ssl_x509.cc
[313/1317] Compiling ssl_session.cc
[314/1317] Wrapping AST for ExtrasBase64 for debugging
[315/1317] Compiling ssl_transcript.cc
[316/1317] Compiling ssl_versions.cc
[318/1348] Compiling DequeModule UniqueDeque+Replacements.swift
[319/1348] Compiling DequeModule UniqueDeque.swift
[320/1348] Compiling DequeModule _DequeSlot.swift
[321/1348] Compiling DequeModule _UnsafeDequeHandle.swift
[322/1348] Compiling DequeModule _UnsafeDequeSegments.swift
[322/1349] Compiling ssl_privkey.cc
[324/1349] Compiling ssl_key_share.cc
[325/1349] Compiling ssl_lib.cc
[326/1349] Wrapping AST for DequeModule for debugging
[327/1349] Compiling ssl_file.cc
[328/1392] Compiling ssl_cipher.cc
[329/1392] Compiling ssl_credential.cc
[330/1392] Compiling ssl_cert.cc
[331/1392] Compiling ssl_buffer.cc
[333/1392] Emitting module GoogleWKT
[334/1396] Emitting module Configuration
[335/1401] Compiling Configuration ConfigProvider.swift
[336/1401] Compiling Configuration ConfigProviderHelpers.swift
[337/1401] Compiling Configuration ConfigReader+internalHelpers.swift
[338/1401] Compiling Configuration ConfigReader+methods.swift
[339/1401] Compiling Configuration EnvironmentKeyEncoder.swift
[340/1401] Compiling Configuration EnvironmentVariablesProvider.swift
[341/1401] Compiling Configuration CommonProviderFileSystem.swift
[342/1401] Compiling Configuration DirectoryFilesProvider.swift
[343/1401] Compiling Configuration MultiProvider.swift
[344/1401] Compiling Configuration CLIArgumentParser.swift
[345/1401] Compiling Configuration CLISnapshot.swift
[346/1401] Compiling Configuration CommandLineArgumentsProvider.swift
[347/1401] Compiling Configuration EnvironmentFileParser.swift
[348/1401] Compiling Configuration ConfigReader.swift
[349/1401] Compiling Configuration ConfigSnapshotReader+methods.swift
[350/1401] Compiling Configuration ConfigSnapshotReader.swift
[351/1401] Compiling Configuration SeparatorKeyEncoder.swift
[352/1401] Compiling GoogleWKT WKTSourceContext.swift
[353/1401] Compiling GoogleWKT WKTSyntax.swift
[354/1401] Compiling GoogleWKT WKTType.swift
[355/1401] Compiling GoogleWKT PackageVersion.swift
[355/1401] Compiling ssl_aead_ctx.cc
[357/1401] Compiling Configuration ExpressibleByConfigString.swift
[358/1401] Compiling Configuration CLIKeyEncoder.swift
[359/1401] Compiling Configuration ConfigKeyEncoder.swift
[360/1401] Compiling Configuration DotSeparatorKeyDecoder.swift
[361/1401] Compiling Configuration FileProvider.swift
[362/1401] Compiling Configuration FileProviderSnapshot.swift
[363/1401] Compiling Configuration Deprecations.swift
[364/1401] Compiling Configuration ExpressibleByConfigInt.swift
[364/1401] Compiling ssl_asn1.cc
[365/1401] Compiling s3_pkt.cc
[371/1401] Compiling Configuration YAMLSnapshot.swift
[372/1401] Compiling Configuration InMemoryProvider.swift
[378/1401] Compiling s3_both.cc
[379/1401] Compiling s3_lib.cc
[380/1401] Compiling handshake_server.cc
[382/1401] Compiling Configuration AccessReporter.swift
[383/1401] Compiling Configuration AccessLogger.swift
[384/1401] Compiling Configuration FileAccessLogger.swift
[385/1401] Compiling Configuration ConfigContext.swift
[386/1401] Compiling Configuration ConfigKey.swift
[387/1402] Compiling handshake_client.cc
[388/1420] Compiling handoff.cc
[389/1420] Compiling encrypted_client_hello.cc
[389/1420] Compiling handshake.cc
[391/1420] Wrapping AST for GoogleWKT for debugging
[392/1420] Compiling extensions.cc
[393/1435] Compiling dtls_record.cc
[395/1435] Compiling GoogleRpc DebugInfo.swift
[396/1435] Compiling GoogleRpc ErrorInfo.swift
[397/1437] Compiling GoogleRpc BadRequest.swift
[398/1437] Compiling GoogleRpc Code.swift
[399/1437] Compiling GoogleRpc ResourceInfo.swift
[400/1437] Compiling GoogleRpc PreconditionFailure.swift
[401/1437] Compiling GoogleRpc QuotaFailure.swift
[402/1437] Compiling GoogleRpc HttpResponse.swift
[403/1437] Compiling GoogleRpc RequestInfo.swift
[404/1437] Compiling GoogleRpc LocalizedMessage.swift
[405/1437] Compiling GoogleRpc PackageVersion.swift
[408/1439] Compiling GoogleRpc RetryInfo.swift
[409/1439] Compiling GoogleRpc Status.swift
[410/1439] Compiling GoogleType Decimal.swift
[411/1439] Compiling GoogleType TimeOfDay.swift
[418/1439] Compiling Configuration CombineLatestManyStorage.swift
[419/1439] Compiling Configuration AsyncSequences.swift
[420/1439] Compiling Configuration FoundationExtensions.swift
[421/1439] Compiling Configuration Span.swift
[422/1439] Compiling Configuration ConfigBytesFromStringDecoder.swift
[423/1439] Compiling GoogleRpc Help.swift
[424/1439] Compiling GoogleRpc HttpHeader.swift
[425/1439] Compiling GoogleRpc HttpRequest.swift
[426/1439] Emitting module GoogleType
[438/1439] Compiling Configuration MutableInMemoryProvider.swift
[439/1439] Compiling Configuration ConfigProvider+Operators.swift
[440/1439] Compiling Configuration KeyMappingProvider.swift
[441/1439] Compiling Configuration SecretsSpecifier.swift
[442/1439] Compiling Configuration AsyncCombineLatestManySequence.swift
[443/1439] Compiling Configuration CombineLatestManyStateMachine.swift
[451/1439] Compiling dtls_method.cc
[452/1439] Compiling d1_lib.cc
[454/1439] Emitting module GoogleRpc
[458/1439] Compiling GoogleType TimeZone.swift
[465/1441] Compiling md5-x86_64-linux.S
[469/1441] Compiling md5-x86_64-apple.S
[470/1441] Compiling md5-586-linux.S
[473/1442] Wrapping AST for GoogleType for debugging
[474/1442] Wrapping AST for Configuration for debugging
[475/1442] Compiling md5-586-apple.S
[477/1442] Compiling d1_pkt.cc
[478/1442] Compiling chacha20_poly1305_x86_64-linux.S
[479/1442] Compiling chacha20_poly1305_x86_64-apple.S
[480/1442] Compiling chacha20_poly1305_armv8-win.S
[481/1442] Compiling d1_srtp.cc
[482/1442] Compiling chacha20_poly1305_armv8-apple.S
[483/1442] Wrapping AST for GoogleRpc for debugging
[484/1442] Compiling chacha20_poly1305_armv8-linux.S
[485/1442] Compiling chacha-x86_64-linux.S
[486/1442] Compiling chacha-x86_64-apple.S
[487/1442] Compiling chacha-x86-apple.S
[488/1442] Compiling chacha-armv8-win.S
[489/1442] Compiling chacha-x86-linux.S
[490/1442] Compiling chacha-armv8-apple.S
[491/1442] Compiling chacha-armv8-linux.S
[492/1442] Compiling chacha-armv4-linux.S
[493/1442] Compiling aes128gcmsiv-x86_64-apple.S
[494/1442] Compiling aes128gcmsiv-x86_64-linux.S
[495/1442] Compiling x86_64-mont5-linux.S
[496/1442] Compiling x86_64-mont5-apple.S
[497/1442] Compiling x86_64-mont-linux.S
[498/1442] Compiling err_data.cc
[499/1442] Compiling x86-mont-apple.S
[500/1442] Compiling x86_64-mont-apple.S
[501/1442] Compiling x86-mont-linux.S
[502/1442] Compiling vpaes-x86_64-apple.S
[503/1442] Compiling vpaes-x86_64-linux.S
[504/1442] Compiling vpaes-x86-linux.S
[505/1442] Compiling vpaes-x86-apple.S
[506/1442] Compiling vpaes-armv8-linux.S
[506/1442] Compiling vpaes-armv8-win.S
[508/1442] Compiling bio_ssl.cc
[509/1442] Compiling vpaes-armv8-apple.S
[510/1442] Compiling vpaes-armv7-linux.S
[511/1442] Compiling d1_both.cc
[511/1442] Compiling sha512-armv8-win.S
[513/1442] Compiling sha512-x86_64-linux.S
[514/1442] Compiling sha512-armv4-linux.S
[515/1442] Compiling sha512-x86_64-apple.S
[516/1442] Compiling sha512-586-linux.S
[517/1442] Compiling sha512-586-apple.S
[518/1442] Compiling sha512-armv8-linux.S
[519/1442] Compiling sha256-x86_64-linux.S
[520/1442] Compiling sha256-x86_64-apple.S
[521/1442] Compiling sha256-armv8-win.S
[522/1442] Compiling sha512-armv8-apple.S
[523/1442] Compiling sha256-armv8-linux.S
[524/1442] Compiling sha256-armv8-apple.S
[525/1442] Compiling sha256-armv4-linux.S
[526/1442] Compiling sha1-x86_64-linux.S
[527/1442] Compiling sha256-586-linux.S
[528/1442] Compiling sha256-586-apple.S
[529/1442] Compiling sha1-x86_64-apple.S
[530/1442] Compiling sha1-armv8-win.S
[531/1442] Compiling sha1-armv8-apple.S
[532/1442] Compiling rdrand-x86_64-linux.S
[533/1442] Compiling rsaz-avx2-linux.S
[534/1442] Compiling sha1-armv8-linux.S
[535/1442] Compiling sha1-armv4-large-linux.S
[536/1442] Compiling sha1-586-linux.S
[537/1442] Compiling rsaz-avx2-apple.S
[538/1442] Compiling sha1-586-apple.S
[539/1442] Compiling rdrand-x86_64-apple.S
[540/1442] Compiling p256_beeu-armv8-asm-win.S
[541/1442] Compiling p256_beeu-x86_64-asm-linux.S
[542/1442] Compiling p256_beeu-armv8-asm-linux.S
[543/1442] Compiling p256_beeu-armv8-asm-apple.S
[544/1442] Compiling p256_beeu-x86_64-asm-apple.S
[545/1442] Compiling p256-x86_64-asm-linux.S
[546/1442] Compiling p256-x86_64-asm-apple.S
[547/1442] Compiling p256-armv8-asm-win.S
[548/1442] Compiling ghashv8-armv8-apple.S
[549/1442] Compiling ghashv8-armv8-linux.S
[550/1442] Compiling p256-armv8-asm-linux.S
[551/1442] Compiling p256-armv8-asm-apple.S
[552/1442] Compiling ghashv8-armv8-win.S
[553/1442] Compiling ghashv8-armv7-linux.S
[554/1442] Compiling ghash-x86_64-linux.S
[555/1442] Compiling ghash-x86-linux.S
[556/1442] Compiling ghash-x86-apple.S
[557/1442] Compiling ghash-x86_64-apple.S
[558/1442] Compiling ghash-ssse3-x86_64-linux.S
[559/1442] Compiling ghash-ssse3-x86-linux.S
[560/1442] Compiling ghash-ssse3-x86_64-apple.S
[561/1442] Compiling ghash-ssse3-x86-apple.S
[562/1442] Compiling ghash-armv4-linux.S
[563/1442] Compiling ghash-neon-armv8-apple.S
[564/1442] Compiling ghash-neon-armv8-linux.S
[565/1442] Compiling ghash-neon-armv8-win.S
[566/1442] Compiling co-586-linux.S
[567/1442] Compiling co-586-apple.S
[568/1442] Compiling bsaes-armv7-linux.S
[569/1442] Compiling bn-armv8-win.S
[570/1442] Compiling bn-armv8-apple.S
[571/1442] Compiling bn-586-linux.S
[572/1442] Compiling bn-armv8-linux.S
[573/1442] Compiling bn-586-apple.S
[574/1442] Compiling armv8-mont-win.S
[575/1442] Compiling armv8-mont-linux.S
[576/1442] Compiling armv8-mont-apple.S
[576/1442] Compiling aesv8-gcm-armv8-win.S
[578/1442] Compiling armv4-mont-linux.S
[579/1442] Compiling aesv8-gcm-armv8-linux.S
[580/1442] Compiling aesv8-gcm-armv8-apple.S
[581/1442] Compiling aesv8-armv8-apple.S
[582/1442] Compiling aesv8-armv8-win.S
[583/1442] Compiling aesv8-armv8-linux.S
[584/1442] Compiling aesv8-armv7-linux.S
[585/1442] Compiling aesni-x86-linux.S
[586/1442] Compiling aesni-x86_64-linux.S
[587/1442] Compiling aesni-x86_64-apple.S
[588/1442] Compiling aesni-gcm-x86_64-apple.S
[589/1442] Compiling aesni-gcm-x86_64-linux.S
[590/1442] Compiling aesni-x86-apple.S
[591/1442] Compiling aes-gcm-avx10-x86_64-linux.S
[592/1442] Compiling aes-gcm-avx2-x86_64-apple.S
[593/1442] Compiling aes-gcm-avx2-x86_64-linux.S
[594/1442] Compiling aes-gcm-avx10-x86_64-apple.S
[595/1442] Compiling x_name.cc
[596/1442] Compiling x_req.cc
[597/1442] Compiling x_pubkey.cc
[598/1442] Compiling x_x509a.cc
[599/1442] Compiling x_x509.cc
[600/1442] Compiling x_val.cc
[601/1442] Compiling x_sig.cc
[602/1442] Compiling x_spki.cc
[603/1442] Compiling x_exten.cc
[604/1442] Compiling x_attrib.cc
[605/1442] Compiling x_crl.cc
[606/1442] Compiling x_all.cc
[607/1442] Compiling x_algor.cc
[608/1442] Compiling x509rset.cc
[609/1442] Compiling x509spki.cc
[610/1442] Compiling x509name.cc
[611/1442] Compiling x509_txt.cc
[612/1442] Compiling x509_v3.cc
[613/1442] Compiling x509cset.cc
[614/1442] Compiling x509_vpm.cc
[615/1442] Compiling x509_trs.cc
[616/1442] Compiling x509_vfy.cc
[616/1442] Compiling x509_set.cc
[618/1442] Compiling x509_req.cc
[619/1442] Compiling x509_obj.cc
[620/1442] Compiling x509_ext.cc
[621/1442] Compiling x509_def.cc
[622/1442] Compiling x509_lu.cc
[623/1442] Compiling x509_d2.cc
[624/1442] Compiling x509_att.cc
[625/1442] Compiling x509.cc
[626/1442] Compiling x509_cmp.cc
[627/1442] Compiling v3_purp.cc
[628/1442] Compiling v3_skey.cc
[629/1442] Compiling v3_prn.cc
[630/1442] Compiling v3_utl.cc
[631/1442] Compiling v3_pmaps.cc
[632/1442] Compiling v3_pcons.cc
[633/1442] Compiling v3_ocsp.cc
[634/1442] Compiling v3_int.cc
[635/1442] Compiling v3_ncons.cc
[636/1442] Compiling v3_lib.cc
[637/1442] Compiling v3_ia5.cc
[638/1442] Compiling v3_genn.cc
[639/1442] Compiling v3_info.cc
[640/1442] Compiling v3_extku.cc
[641/1442] Compiling v3_crld.cc
[642/1442] Compiling v3_enum.cc
[643/1442] Compiling v3_cpols.cc
[644/1442] Compiling v3_bitst.cc
[645/1442] Compiling v3_bcons.cc
[646/1442] Compiling v3_conf.cc
[647/1442] Compiling v3_alt.cc
[648/1442] Compiling v3_akeya.cc
[649/1442] Compiling t_x509a.cc
[650/1442] Compiling t_x509.cc
[651/1442] Compiling t_req.cc
[652/1442] Compiling v3_akey.cc
[653/1442] Compiling rsa_pss.cc
[654/1442] Compiling t_crl.cc
[655/1442] Compiling by_file.cc
[656/1442] Compiling policy.cc
[657/1442] Compiling i2d_pr.cc
[658/1442] Compiling name_print.cc
[659/1442] Compiling by_dir.cc
[660/1442] Compiling asn1_gen.cc
[661/1442] Compiling algorithm.cc
[662/1442] Compiling a_verify.cc
[663/1442] Compiling a_sign.cc
[664/1442] Compiling a_digest.cc
[665/1442] Compiling trust_token.cc
[666/1442] Compiling voprf.cc
[667/1442] Compiling thread_win.cc
[668/1442] Compiling thread_none.cc
[669/1442] Compiling thread.cc
[670/1442] Compiling thread_pthread.cc
[671/1442] Compiling pmbtoken.cc
[672/1442] Compiling stack.cc
[673/1442] Compiling sha512.cc
[674/1442] Compiling sha256.cc
[675/1442] Compiling siphash.cc
[676/1442] Compiling sha1.cc
[677/1442] Compiling slhdsa.cc
[678/1442] Compiling rsa_print.cc
[679/1442] Compiling rsa_extra.cc
[680/1442] Compiling spake2plus.cc
[681/1442] Compiling refcount.cc
[682/1442] Compiling rsa_crypt.cc
[683/1442] Compiling rc4.cc
[684/1442] Compiling rsa_asn1.cc
[685/1442] Compiling urandom.cc
[686/1442] Compiling trusty.cc
[687/1442] Compiling windows.cc
[688/1442] Compiling rand.cc
[689/1442] Compiling passive.cc
[690/1442] Compiling deterministic.cc
[691/1442] Compiling poly1305_arm_asm.S
[692/1442] Compiling fork_detect.cc
[693/1442] Compiling ios.cc
[694/1442] Compiling getentropy.cc
[695/1442] Compiling pool.cc
[696/1442] Compiling forkunsafe.cc
[697/1442] Compiling poly1305_vec.cc
[698/1442] Compiling poly1305_arm.cc
[699/1442] Compiling poly1305.cc
[700/1442] Compiling pkcs8_x509.cc
[701/1442] Compiling pkcs8.cc
[702/1442] Compiling pkcs7_x509.cc
[703/1442] Compiling pkcs7.cc
[704/1442] Compiling pem_xaux.cc
[705/1442] Compiling p5_pbev2.cc
[706/1442] Compiling pem_x509.cc
[707/1442] Compiling pem_pkey.cc
[708/1442] Compiling pem_oth.cc
[709/1442] Compiling pem_pk8.cc
[710/1442] Compiling obj_xref.cc
[711/1442] Compiling pem_lib.cc
[712/1442] Compiling pem_info.cc
[713/1442] Compiling mlkem.cc
[714/1442] Compiling mldsa.cc
[715/1442] Compiling mem.cc
[716/1442] Compiling pem_all.cc
[717/1442] Compiling obj.cc
[718/1442] Compiling fips_shared_support.cc
[719/1442] Compiling md4.cc
[719/1442] Compiling poly_rq_mul.S
[721/1442] Compiling lhash.cc
[722/1442] Compiling md5.cc
[723/1442] Compiling scrypt.cc
[724/1442] Compiling kyber.cc
[725/1442] Compiling ex_data.cc
[726/1442] Compiling sign.cc
[727/1442] Compiling hrss.cc
[728/1442] Compiling hpke.cc
[729/1442] Compiling print.cc
[730/1442] Compiling pbkdf.cc
[731/1442] Compiling p_x25519.cc
[732/1442] Compiling p_x25519_asn1.cc
[733/1442] Compiling p_rsa.cc
[734/1442] Compiling p_rsa_asn1.cc
[735/1442] Compiling p_ed25519.cc
[736/1442] Compiling p_hkdf.cc
[737/1442] Compiling p_ed25519_asn1.cc
[738/1442] Compiling p_ec.cc
[739/1442] Compiling p_ec_asn1.cc
[740/1442] Compiling p_dh.cc
[741/1442] Compiling p_dh_asn1.cc
[742/1442] Compiling evp_ctx.cc
[743/1442] Compiling p_dsa_asn1.cc
[744/1442] Compiling evp_asn1.cc
[745/1442] Compiling err.cc
[746/1442] Compiling engine.cc
[747/1442] Compiling evp.cc
[748/1442] Compiling hash_to_curve.cc
[749/1442] Compiling ecdh.cc
[750/1442] Compiling ec_derive.cc
[751/1442] Compiling dsa.cc
[752/1442] Compiling ecdsa_asn1.cc
[753/1442] Compiling dsa_asn1.cc
[754/1442] Compiling params.cc
[755/1442] Compiling ec_asn1.cc
[756/1442] Compiling x25519-asm-arm.S
[757/1442] Compiling digest_extra.cc
[758/1442] Compiling spake25519.cc
[759/1442] Compiling dh_asn1.cc
[760/1442] Compiling des.cc
[761/1442] Compiling curve25519_64_adx.cc
[762/1442] Compiling crypto.cc
[763/1442] Compiling cpu_intel.cc
[764/1442] Compiling cpu_arm_freebsd.cc
[765/1442] Compiling cpu_arm_linux.cc
[766/1442] Compiling curve25519.cc
[767/1442] Compiling cpu_aarch64_win.cc
[768/1442] Compiling cpu_aarch64_sysreg.cc
[769/1442] Compiling cpu_aarch64_openbsd.cc
[770/1442] Compiling bcm.cc
[771/1442] Compiling cpu_aarch64_linux.cc
[772/1442] Compiling cpu_aarch64_apple.cc
[773/1442] Compiling cpu_aarch64_fuchsia.cc
[774/1442] Compiling conf.cc
[775/1442] Compiling get_cipher.cc
[776/1442] Compiling tls_cbc.cc
[777/1442] Compiling e_tls.cc
[778/1442] Compiling e_rc4.cc
[779/1442] Compiling e_null.cc
[780/1442] Compiling e_rc2.cc
[781/1442] Compiling e_des.cc
[782/1442] Compiling e_aesgcmsiv.cc
[783/1442] Compiling e_chacha20poly1305.cc
[784/1442] Compiling e_aesctrhmac.cc
[785/1442] Compiling chacha.cc
[786/1442] Compiling derive_key.cc
[787/1442] Compiling unicode.cc
[788/1442] Compiling buf.cc
[789/1442] Compiling asn1_compat.cc
[790/1442] Compiling ber.cc
[791/1442] Compiling cbs.cc
[792/1442] Compiling cbb.cc
[793/1442] Compiling bn_asn1.cc
[794/1442] Compiling convert.cc
[795/1442] Compiling blake2.cc
[796/1442] Compiling pair.cc
[797/1442] Compiling printf.cc
[798/1442] Compiling socket_helper.cc
[799/1442] Compiling socket.cc
[800/1442] Compiling hexdump.cc
[801/1442] Compiling fd.cc
[802/1442] Compiling errno.cc
[803/1442] Compiling file.cc
[804/1442] Compiling connect.cc
[805/1442] Compiling bio_mem.cc
[806/1442] Compiling bio.cc
[807/1442] Compiling base64.cc
[808/1442] Compiling tasn_typ.cc
[809/1442] Compiling tasn_enc.cc
[810/1442] Compiling tasn_fre.cc
[811/1442] Compiling tasn_new.cc
[812/1442] Compiling tasn_utl.cc
[813/1442] Compiling tasn_dec.cc
[814/1442] Compiling f_string.cc
[815/1442] Compiling posix_time.cc
[816/1442] Compiling f_int.cc
[817/1442] Compiling asn1_lib.cc
[818/1442] Compiling a_type.cc
[819/1442] Compiling asn_pack.cc
[820/1442] Compiling asn1_par.cc
[821/1442] Compiling a_time.cc
[822/1442] Compiling a_octet.cc
[822/1442] Compiling a_utctm.cc
[824/1442] Compiling a_strnid.cc
[825/1442] Compiling a_strex.cc
[826/1442] Compiling a_i2d_fp.cc
[827/1442] Compiling a_object.cc
[828/1442] Compiling a_int.cc
[829/1442] Compiling a_mbstr.cc
[830/1442] Compiling a_dup.cc
[831/1442] Compiling CGoogleGaxCRC32C CGoogleGaxCRC32C.c
[832/1442] Compiling fiat_p256_adx_sqr.S
[833/1442] Compiling fiat_p256_adx_mul.S
[834/1442] Compiling a_bool.cc
[835/1442] Compiling a_gentm.cc
[836/1442] Compiling a_d2i_fp.cc
[837/1442] Compiling fiat_curve25519_adx_square.S
[838/1442] Compiling md5-x86_64-linux.S
[838/1442] Compiling fiat_curve25519_adx_mul.S
[840/1442] Compiling md5-x86_64-apple.S
[841/1442] Compiling md5-586-linux.S
[842/1442] Compiling md5-586-apple.S
[843/1442] Compiling chacha20_poly1305_x86_64-linux.S
[844/1442] Compiling chacha20_poly1305_x86_64-apple.S
[845/1442] Compiling chacha20_poly1305_armv8-win.S
[846/1442] Compiling chacha20_poly1305_armv8-linux.S
[847/1442] Compiling chacha20_poly1305_armv8-apple.S
[848/1442] Compiling chacha-x86_64-linux.S
[849/1442] Compiling chacha-x86_64-apple.S
[850/1442] Compiling chacha-x86-apple.S
[851/1442] Compiling chacha-x86-linux.S
[852/1442] Compiling CCryptoBoringSSLShims shims.c
[853/1442] Compiling chacha-armv8-win.S
[854/1442] Compiling chacha-armv8-apple.S
[855/1442] Compiling chacha-armv4-linux.S
[856/1442] Compiling a_bitstr.cc
[857/1442] Compiling chacha-armv8-linux.S
[858/1442] Compiling aes128gcmsiv-x86_64-linux.S
[859/1442] Compiling x86_64-mont5-linux.S
[860/1442] Compiling x86_64-mont5-apple.S
[861/1442] Compiling aes128gcmsiv-x86_64-apple.S
[862/1442] Compiling x86_64-mont-linux.S
[863/1442] Compiling x86_64-mont-apple.S
[864/1442] Compiling x86-mont-apple.S
[865/1442] Compiling x86-mont-linux.S
[866/1442] Compiling vpaes-x86_64-linux.S
[867/1442] Compiling vpaes-x86_64-apple.S
[868/1442] Compiling vpaes-armv8-win.S
[869/1442] Compiling vpaes-x86-linux.S
[870/1442] Compiling vpaes-x86-apple.S
[871/1442] Compiling vpaes-armv8-linux.S
[871/1442] Compiling vpaes-armv8-apple.S
[873/1442] Compiling vpaes-armv7-linux.S
[874/1442] Compiling sha512-x86_64-linux.S
[875/1442] Compiling sha512-armv8-win.S
[875/1442] Compiling sha512-x86_64-apple.S
[877/1442] Compiling sha512-armv8-apple.S
[878/1442] Compiling sha512-armv8-linux.S
[878/1442] Compiling sha512-armv4-linux.S
[880/1442] Compiling sha512-586-apple.S
[881/1442] Compiling sha512-586-linux.S
[882/1442] Compiling sha256-x86_64-apple.S
[883/1442] Compiling sha256-x86_64-linux.S
[884/1442] Compiling sha256-armv8-win.S
[885/1442] Compiling sha256-armv8-apple.S
[886/1442] Compiling sha256-armv4-linux.S
[887/1442] Compiling sha256-armv8-linux.S
[888/1442] Compiling sha256-586-linux.S
[889/1442] Compiling sha256-586-apple.S
[890/1442] Compiling err_data.cc
[891/1442] Compiling sha1-x86_64-linux.S
[892/1442] Compiling sha1-armv8-win.S
[893/1442] Compiling sha1-x86_64-apple.S
[894/1442] Compiling sha1-armv8-apple.S
[895/1442] Compiling sha1-armv4-large-linux.S
[896/1442] Compiling sha1-586-linux.S
[897/1442] Compiling sha1-armv8-linux.S
[898/1442] Compiling sha1-586-apple.S
[899/1442] Compiling rsaz-avx2-linux.S
[900/1442] Compiling rsaz-avx2-apple.S
[901/1442] Compiling rdrand-x86_64-linux.S
[902/1442] Compiling rdrand-x86_64-apple.S
[903/1442] Compiling p256_beeu-x86_64-asm-linux.S
[904/1442] Compiling p256_beeu-x86_64-asm-apple.S
[905/1442] Compiling p256_beeu-armv8-asm-linux.S
[906/1442] Compiling p256_beeu-armv8-asm-apple.S
[907/1442] Compiling p256-x86_64-asm-linux.S
[908/1442] Compiling p256_beeu-armv8-asm-win.S
[909/1442] Compiling p256-x86_64-asm-apple.S
[910/1442] Compiling p256-armv8-asm-win.S
[911/1442] Compiling p256-armv8-asm-apple.S
[912/1442] Compiling ghashv8-armv8-apple.S
[913/1442] Compiling ghashv8-armv8-win.S
[914/1442] Compiling p256-armv8-asm-linux.S
[915/1442] Compiling ghashv8-armv8-linux.S
[916/1442] Compiling ghash-x86_64-linux.S
[917/1442] Compiling ghashv8-armv7-linux.S
[918/1442] Compiling ghash-x86_64-apple.S
[919/1442] Compiling ghash-ssse3-x86_64-linux.S
[920/1442] Compiling ghash-x86-apple.S
[921/1442] Compiling ghash-x86-linux.S
[922/1442] Compiling ghash-ssse3-x86_64-apple.S
[923/1442] Compiling ghash-ssse3-x86-linux.S
[924/1442] Compiling ghash-ssse3-x86-apple.S
[925/1442] Compiling ghash-neon-armv8-apple.S
[926/1442] Compiling ghash-neon-armv8-win.S
[927/1442] Compiling ghash-neon-armv8-linux.S
[928/1442] Compiling ghash-armv4-linux.S
[929/1442] Compiling co-586-linux.S
[930/1442] Compiling co-586-apple.S
[931/1442] Compiling bsaes-armv7-linux.S
[932/1442] Compiling bn-armv8-linux.S
[932/1442] Compiling bn-armv8-apple.S
[934/1442] Compiling bn-armv8-win.S
[935/1442] Compiling bn-586-linux.S
[936/1442] Compiling bn-586-apple.S
[937/1442] Compiling armv8-mont-linux.S
[937/1442] Compiling armv8-mont-win.S
[939/1442] Compiling armv4-mont-linux.S
[940/1442] Compiling armv8-mont-apple.S
[941/1442] Compiling aesv8-gcm-armv8-win.S
[942/1442] Compiling aesv8-gcm-armv8-linux.S
[943/1442] Compiling aesv8-gcm-armv8-apple.S
[944/1442] Compiling aesv8-armv8-linux.S
[945/1442] Compiling aesv8-armv8-win.S
[946/1442] Compiling aesv8-armv7-linux.S
[947/1442] Compiling aesv8-armv8-apple.S
[948/1442] Compiling aesni-x86_64-linux.S
[949/1442] Compiling aesni-x86_64-apple.S
[950/1442] Compiling aesni-x86-apple.S
[951/1442] Compiling aesni-gcm-x86_64-linux.S
[952/1442] Compiling aesni-gcm-x86_64-apple.S
[953/1442] Compiling aesni-x86-linux.S
[954/1442] Compiling aes-gcm-avx512-x86_64-apple.S
[955/1442] Compiling aes-gcm-avx512-x86_64-linux.S
[956/1442] Compiling aes-gcm-avx2-x86_64-apple.S
[956/1442] Compiling aes-gcm-avx2-x86_64-linux.S
[958/1442] Compiling xwing.cc
[959/1442] Compiling x_spki.cc
[960/1442] Compiling x_x509a.cc
[961/1442] Compiling x_sig.cc
[962/1442] Compiling x_x509.cc
[963/1442] Compiling x_req.cc
[964/1442] Compiling x_pubkey.cc
[965/1442] Compiling c-nioatomics.c
[966/1442] Compiling x_exten.cc
[967/1442] Compiling x_name.cc
[968/1442] Compiling x_all.cc
[969/1442] Compiling x_attrib.cc
[970/1442] Compiling x_crl.cc
[971/1442] Compiling c-atomics.c
[972/1442] Compiling x509spki.cc
[974/1449] Compiling NIOConcurrencyHelpers NIOLockedValueBox.swift
[974/1449] Compiling x509rset.cc
[975/1449] Compiling x509_vfy.cc
[976/1449] Compiling x509name.cc
[977/1449] Compiling x509cset.cc
[978/1449] Compiling x_algor.cc
[980/1449] Emitting module NIOConcurrencyHelpers
[981/1449] Compiling NIOConcurrencyHelpers lock.swift
[982/1449] Compiling NIOConcurrencyHelpers NIOThreadPoolWorkAvailable.swift
[983/1449] Compiling NIOConcurrencyHelpers atomics.swift
[983/1449] Compiling x509_v3.cc
[985/1449] Compiling NIOConcurrencyHelpers NIOAtomic.swift
[986/1449] Compiling NIOConcurrencyHelpers NIOLock.swift
[986/1450] Compiling x509_vpm.cc
[988/1450] Compiling x509_txt.cc
[989/1450] Compiling x509_set.cc
[990/1450] Compiling x509_req.cc
[991/1450] Wrapping AST for NIOConcurrencyHelpers for debugging
[992/1450] Compiling x509_obj.cc
[993/1450] Compiling x509_ext.cc
[994/1450] Compiling x509_trs.cc
[995/1450] Compiling x509_lu.cc
[996/1450] Compiling x509_def.cc
[997/1450] Compiling x509_d2.cc
[998/1450] Compiling x509.cc
[999/1450] Compiling v3_prn.cc
[1000/1450] Compiling x509_att.cc
[1001/1450] Compiling v3_purp.cc
[1002/1450] Compiling x509_cmp.cc
[1003/1450] Compiling v3_utl.cc
[1004/1450] Compiling v3_skey.cc
[1005/1450] Compiling v3_pmaps.cc
[1006/1450] Compiling v3_pcons.cc
[1007/1450] Compiling v3_ocsp.cc
[1008/1450] Compiling v3_genn.cc
[1009/1450] Compiling v3_ia5.cc
[1010/1450] Compiling v3_lib.cc
[1011/1450] Compiling v3_ncons.cc
[1012/1450] Compiling v3_info.cc
[1013/1450] Compiling v3_extku.cc
[1014/1450] Compiling v3_int.cc
[1015/1450] Compiling v3_crld.cc
[1016/1450] Compiling v3_enum.cc
[1017/1450] Compiling v3_bitst.cc
[1018/1450] Compiling v3_cpols.cc
[1019/1450] Compiling v3_alt.cc
[1020/1450] Compiling v3_conf.cc
[1021/1450] Compiling v3_bcons.cc
[1022/1450] Compiling v3_akeya.cc
[1023/1450] Compiling t_x509a.cc
[1024/1450] Compiling v3_akey.cc
[1025/1450] Compiling t_x509.cc
[1026/1450] Compiling t_req.cc
[1027/1450] Compiling rsa_pss.cc
[1028/1450] Compiling name_print.cc
[1029/1450] Compiling t_crl.cc
[1030/1450] Compiling i2d_pr.cc
[1031/1450] Compiling policy.cc
[1032/1450] Compiling by_file.cc
[1033/1450] Compiling asn1_gen.cc
[1034/1450] Compiling by_dir.cc
[1035/1450] Compiling algorithm.cc
[1036/1450] Compiling a_sign.cc
[1037/1450] Compiling a_verify.cc
[1038/1450] Compiling a_digest.cc
[1039/1450] Compiling thread_win.cc
[1040/1450] Compiling thread_none.cc
[1041/1450] Compiling trust_token.cc
[1042/1450] Compiling voprf.cc
[1043/1450] Compiling thread_pthread.cc
[1044/1450] Compiling pmbtoken.cc
[1045/1450] Compiling thread.cc
[1046/1450] Compiling stack.cc
[1047/1450] Compiling sha256.cc
[1048/1450] Compiling sha512.cc
[1049/1450] Compiling siphash.cc
[1050/1450] Compiling sha1.cc
[1051/1450] Compiling slhdsa.cc
[1052/1450] Compiling rsa_print.cc
[1053/1450] Compiling spake2plus.cc
[1054/1450] Compiling rsa_extra.cc
[1055/1450] Compiling rsa_crypt.cc
[1056/1450] Compiling rc4.cc
[1057/1450] Compiling trusty.cc
[1058/1450] Compiling windows.cc
[1059/1450] Compiling urandom.cc
[1060/1450] Compiling rand.cc
[1061/1450] Compiling refcount.cc
[1062/1450] Compiling rsa_asn1.cc
[1063/1450] Compiling passive.cc
[1064/1450] Compiling poly1305_arm_asm.S
[1065/1450] Compiling ios.cc
[1066/1450] Compiling forkunsafe.cc
[1067/1450] Compiling getentropy.cc
[1068/1450] Compiling fork_detect.cc
[1069/1450] Compiling deterministic.cc
[1070/1450] Compiling poly1305_vec.cc
[1071/1450] Compiling poly1305.cc
[1072/1450] Compiling poly1305_arm.cc
[1073/1450] Compiling pool.cc
[1074/1450] Compiling pkcs8_x509.cc
[1075/1450] Compiling p5_pbev2.cc
[1076/1450] Compiling pem_xaux.cc
[1077/1450] Compiling pkcs8.cc
[1078/1450] Compiling pkcs7.cc
[1079/1450] Compiling pkcs7_x509.cc
[1080/1450] Compiling pem_pkey.cc
[1081/1450] Compiling pem_x509.cc
[1082/1450] Compiling pem_pk8.cc
[1083/1450] Compiling pem_oth.cc
[1084/1450] Compiling mlkem.cc
[1085/1450] Compiling pem_info.cc
[1086/1450] Compiling pem_lib.cc
[1087/1450] Compiling pem_all.cc
[1088/1450] Compiling obj_xref.cc
[1089/1450] Compiling mem.cc
[1090/1450] Compiling poly_rq_mul.S
[1091/1450] Compiling mldsa.cc
[1092/1450] Compiling obj.cc
[1093/1450] Compiling fips_shared_support.cc
[1093/1450] Compiling lhash.cc
[1095/1450] Compiling md4.cc
[1096/1450] Compiling md5.cc
[1097/1450] Compiling kyber.cc
[1098/1450] Compiling fuzzer_mode.cc
[1099/1450] Compiling ex_data.cc
[1100/1450] Compiling hrss.cc
[1101/1450] Compiling scrypt.cc
[1102/1450] Compiling hpke.cc
[1103/1450] Compiling print.cc
[1104/1450] Compiling sign.cc
[1105/1450] Compiling pbkdf.cc
[1106/1450] Compiling p_x25519_asn1.cc
[1107/1450] Compiling p_x25519.cc
[1108/1450] Compiling p_rsa_asn1.cc
[1109/1450] Compiling p_hkdf.cc
[1110/1450] Compiling p_rsa.cc
[1111/1450] Compiling p_ed25519_asn1.cc
[1112/1450] Compiling p_ed25519.cc
[1113/1450] Compiling p_ec_asn1.cc
[1114/1450] Compiling p_ec.cc
[1115/1450] Compiling p_dh_asn1.cc
[1116/1450] Compiling p_dsa_asn1.cc
[1117/1450] Compiling p_dh.cc
[1118/1450] Compiling evp_ctx.cc
[1119/1450] Compiling evp_asn1.cc
[1120/1450] Compiling err.cc
[1121/1450] Compiling engine.cc
[1122/1450] Compiling ecdsa_p1363.cc
[1123/1450] Compiling evp.cc
[1124/1450] Compiling ecdh.cc
[1125/1450] Compiling ecdsa_asn1.cc
[1126/1450] Compiling hash_to_curve.cc
[1127/1450] Compiling ec_derive.cc
[1128/1450] Compiling dsa.cc
[1129/1450] Compiling ec_asn1.cc
[1130/1450] Compiling dsa_asn1.cc
[1131/1450] Compiling digest_extra.cc
[1132/1450] Compiling x25519-asm-arm.S
[1133/1450] Compiling des.cc
[1134/1450] Compiling params.cc
[1134/1450] Compiling dh_asn1.cc
[1136/1450] Compiling spake25519.cc
[1137/1450] Compiling curve25519_64_adx.cc
[1138/1450] Compiling crypto.cc
[1139/1450] Compiling cpu_intel.cc
[1140/1450] Compiling cpu_arm_freebsd.cc
[1141/1450] Compiling cpu_arm_linux.cc
[1142/1450] Compiling curve25519.cc
[1143/1450] Compiling cpu_aarch64_win.cc
[1144/1450] Compiling cpu_aarch64_sysreg.cc
[1145/1450] Compiling cpu_aarch64_openbsd.cc
[1146/1450] Compiling cpu_aarch64_fuchsia.cc
[1147/1450] Compiling cpu_aarch64_linux.cc
[1148/1450] Compiling cpu_aarch64_apple.cc
[1149/1450] Compiling conf.cc
[1150/1450] Compiling tls_cbc.cc
[1151/1450] Compiling get_cipher.cc
[1152/1450] Compiling e_rc2.cc
[1153/1450] Compiling e_tls.cc
[1154/1450] Compiling e_rc4.cc
[1155/1450] Compiling cms.cc
[1156/1450] Compiling e_null.cc
[1157/1450] Compiling e_des.cc
[1158/1450] Compiling e_aesctrhmac.cc
[1159/1450] Compiling e_chacha20poly1305.cc
[1160/1450] Compiling e_aeseax.cc
[1161/1450] Compiling e_aesgcmsiv.cc
[1162/1450] Compiling chacha.cc
[1163/1450] Compiling derive_key.cc
[1164/1450] Compiling cbs.cc
[1165/1450] Compiling cbb.cc
[1166/1450] Compiling buf.cc
[1167/1450] Compiling unicode.cc
[1168/1450] Compiling sqrt.cc
[1169/1450] Compiling ber.cc
[1170/1450] Compiling asn1_compat.cc
[1171/1450] Compiling exponentiation.cc
[1172/1450] Compiling blake2.cc
[1173/1450] Compiling div.cc
[1174/1450] Compiling convert.cc
[1175/1450] Compiling printf.cc
[1176/1450] Compiling bn_asn1.cc
[1177/1450] Compiling pair.cc
[1178/1450] Compiling hexdump.cc
[1179/1450] Compiling errno.cc
[1180/1450] Compiling fd.cc
[1181/1450] Compiling base64.cc
[1182/1450] Compiling file.cc
[1183/1450] Compiling bio_mem.cc
[1184/1450] Compiling tasn_typ.cc
[1185/1450] Compiling tasn_fre.cc
[1186/1450] Compiling bio.cc
[1187/1450] Compiling tasn_new.cc
[1188/1450] Compiling f_string.cc
[1189/1450] Compiling tasn_enc.cc
[1190/1450] Compiling tasn_utl.cc
[1191/1450] Compiling f_int.cc
[1192/1450] Compiling tasn_dec.cc
[1193/1450] Compiling posix_time.cc
[1194/1450] Compiling asn_pack.cc
[1195/1450] Compiling asn1_par.cc
[1196/1450] Compiling a_time.cc
[1197/1450] Compiling a_utctm.cc
[1198/1450] Compiling asn1_lib.cc
[1199/1450] Compiling a_strnid.cc
[1200/1450] Write sources
[1202/1450] Compiling a_type.cc
[1203/1450] Write sources
[1205/1450] Compiling CAsyncHTTPClient CAsyncHTTPClient.c
[1205/1450] Write sources
[1234/1450] Compiling a_strex.cc
[1235/1450] Write sources
[1258/1455] Compiling a_octet.cc
[1259/1458] Write sources
[1260/1493] Compiling bcm.cc
[1261/1493] Compiling a_object.cc
[1262/1493] Compiling a_mbstr.cc
[1264/1501] Compiling Algorithms Cycle.swift
[1265/1501] Compiling Algorithms EitherSequence.swift
[1266/1503] Compiling Algorithms AdjacentPairs.swift
[1267/1503] Compiling Algorithms Chain.swift
[1268/1503] Compiling Algorithms Chunked.swift
[1269/1503] Compiling Algorithms Joined.swift
[1270/1503] Compiling Algorithms Keyed.swift
[1271/1503] Compiling Algorithms MinMax.swift
[1272/1503] Compiling Algorithms FlattenCollection.swift
[1273/1503] Compiling Algorithms Grouped.swift
[1274/1503] Compiling Algorithms Combinations.swift
[1275/1503] Compiling Algorithms Compacted.swift
[1276/1503] Compiling Atomics IntegerOperations.swift
[1277/1503] Compiling Atomics Unmanaged extensions.swift
[1278/1503] Compiling Algorithms Split.swift
[1279/1503] Compiling Algorithms Stride.swift
[1280/1503] Compiling Algorithms Suffix.swift
[1282/1503] Compiling Algorithms Permutations.swift
[1283/1503] Compiling Algorithms Product.swift
[1284/1506] Emitting module CryptoBoringWrapper
[1285/1506] Compiling CryptoBoringWrapper RandomBytes.swift
[1288/1506] Compiling Algorithms Indexed.swift
[1289/1506] Compiling Algorithms Intersperse.swift
[1290/1506] Compiling CryptoBoringWrapper FiniteFieldArithmeticContext.swift
[1295/1506] Compiling Algorithms RandomSample.swift
[1296/1506] Compiling Algorithms Reductions.swift
[1297/1506] Compiling Algorithms Rotate.swift
[1301/1506] Compiling Algorithms Trim.swift
[1302/1506] Compiling Algorithms Unique.swift
[1303/1506] Compiling Algorithms Windows.swift
[1304/1506] Compiling CryptoBoringWrapper ArbitraryPrecisionInteger.swift
[1309/1506] Compiling CryptoBoringWrapper CryptoKitErrors_boring.swift
[1310/1506] Compiling CryptoBoringWrapper EllipticCurve.swift
[1311/1506] Compiling CryptoBoringWrapper BoringSSLAEAD.swift
[1312/1506] Compiling CryptoBoringWrapper EllipticCurvePoint.swift
[1313/1507] Wrapping AST for CryptoBoringWrapper for debugging
[1315/1507] Emitting module Algorithms
[1317/1564] Compiling Crypto ECDH_boring.swift
[1318/1564] Compiling Crypto DH.swift
[1319/1564] Emitting module Atomics
[1320/1564] Compiling Crypto Insecure_HashFunctions.swift
[1321/1564] Compiling Crypto MLKEM_boring.swift
[1322/1564] Compiling Crypto MLKEM_wrapper.swift
[1323/1593] Wrapping AST for Algorithms for debugging
[1324/1593] Wrapping AST for Atomics for debugging
[1326/1657] Compiling NIOCore NIOCoreSendableMetatype.swift
[1327/1657] Compiling NIOCore NIODecodedAsyncSequence.swift
[1328/1657] Compiling NIOCore NIOLoopBound.swift
[1329/1657] Compiling NIOCore NIOPooledRecvBufferAllocator.swift
[1330/1657] Compiling NIOCore NIOScheduledCallback.swift
[1331/1657] Compiling NIOCore NIOSendable.swift
[1332/1657] Compiling NIOCore NIOSplitLinesMessageDecoder.swift
[1333/1657] Compiling NIOCore NIOTransportAccessibleChannelCore.swift
[1334/1657] Compiling NIOCore RecvByteBufferAllocator.swift
[1335/1665] Compiling Crypto HPKE-LabeledExtract.swift
[1336/1665] Compiling Crypto HPKE-Utils.swift
[1337/1665] Compiling Crypto DHKEM.swift
[1338/1665] Compiling Crypto HPKE-KEM-Curve25519.swift
[1339/1665] Compiling Crypto HPKE-NIST-EC-KEMs.swift
[1340/1665] Compiling Crypto HPKE-KEM.swift
[1341/1665] Compiling Crypto HPKE-Errors.swift
[1342/1665] Compiling Crypto HPKE.swift
[1343/1665] Compiling Crypto HPKE-Context.swift
[1344/1665] Compiling Crypto HPKE-KeySchedule.swift
[1345/1665] Compiling Crypto HPKE-Modes.swift
[1346/1665] Compiling Crypto Insecure.swift
[1347/1676] Compiling NIOCore ChannelHandlers.swift
[1348/1676] Compiling NIOCore ChannelInvoker.swift
[1349/1676] Compiling NIOCore ChannelOption.swift
[1350/1676] Compiling NIOCore ChannelPipeline.swift
[1351/1676] Compiling NIOCore SingleStepByteToMessageDecoder.swift
[1352/1676] Compiling NIOCore SocketAddresses.swift
[1353/1676] Compiling NIOCore SocketOptionProvider.swift
[1354/1676] Compiling NIOCore SystemCallHelpers.swift
[1355/1676] Compiling NIOCore TimeAmount+Duration.swift
[1356/1676] Compiling NIOCore TypeAssistedChannelHandler.swift
[1357/1676] Compiling NIOCore UniversalBootstrapSupport.swift
[1358/1676] Compiling NIOCore Utilities.swift
[1359/1676] Emitting module Crypto
[1360/1676] Compiling Crypto Signature.swift
[1361/1676] Compiling Crypto CryptoKitErrors_boring.swift
[1362/1676] Compiling Crypto Optional+withUnsafeBytes_boring.swift
[1363/1676] Compiling Crypto RNG_boring.swift
[1364/1676] Compiling Crypto SafeCompare_boring.swift
[1365/1676] Compiling Crypto Zeroization_boring.swift
[1366/1676] Compiling Crypto _CryptoModuleAnchor.swift
[1367/1676] Compiling Crypto PrettyBytes.swift
[1368/1676] Compiling Crypto SafeCompare.swift
[1369/1676] Compiling Crypto SecureBytes.swift
[1370/1676] Compiling Crypto Zeroization.swift
[1371/1676] Compiling NIOCore ConvenienceOptionSupport.swift
[1372/1676] Compiling NIOCore DeadChannel.swift
[1373/1676] Compiling NIOCore DispatchQueue+WithFuture.swift
[1374/1676] Compiling NIOCore EventLoop+Deprecated.swift
[1375/1676] Compiling NIOCore EventLoop+SerialExecutor.swift
[1376/1676] Compiling NIOCore EventLoop.swift
[1377/1676] Compiling NIOCore EventLoopFuture+AssumeIsolated.swift
[1378/1676] Compiling NIOCore ByteBuffer-multi-int.swift
[1379/1676] Compiling NIOCore ByteBuffer-quicBinaryEncodingStrategy.swift
[1380/1676] Compiling NIOCore ByteBuffer-views.swift
[1381/1676] Compiling NIOCore Channel.swift
[1382/1676] Compiling NIOCore ChannelHandler.swift
[1386/1676] Compiling NIOCore EventLoopFuture+Deprecated.swift
[1387/1676] Compiling NIOCore EventLoopFuture+WithEventLoop.swift
[1388/1676] Compiling NIOCore EventLoopFuture.swift
[1389/1676] Compiling NIOCore FileDescriptor.swift
[1390/1676] Compiling NIOCore FileHandle.swift
[1391/1676] Compiling NIOCore FileRegion.swift
[1392/1676] Compiling NIOCore GlobalSingletons.swift
[1393/1676] Compiling NIOCore IO.swift
[1394/1676] Compiling NIOCore IOData.swift
[1395/1676] Compiling NIOCore IPProtocol.swift
[1396/1676] Compiling NIOCore IntegerBitPacking.swift
[1397/1676] Compiling NIOCore IntegerTypes.swift
[1398/1676] Compiling NIOCore Interfaces.swift
[1399/1676] Compiling NIOCore Linux.swift
[1400/1676] Compiling NIOCore MarkedCircularBuffer.swift
[1401/1676] Compiling NIOCore MulticastChannel.swift
[1402/1676] Compiling NIOCore NIOAny.swift
[1403/1676] Compiling NIOCore NIOCloseOnErrorHandler.swift
[1404/1676] Compiling NIOCore CircularBuffer.swift
[1405/1676] Compiling NIOCore Codec.swift
[1406/1676] Compiling NIOCore AddressedEnvelope.swift
[1407/1676] Compiling NIOCore AsyncAwaitSupport.swift
[1408/1676] Compiling NIOCore AsyncChannel.swift
[1409/1676] Compiling NIOCore AsyncChannelHandler.swift
[1410/1676] Compiling NIOCore AsyncChannelInboundStream.swift
[1411/1676] Compiling NIOCore AsyncChannelOutboundWriter.swift
[1412/1676] Compiling NIOCore NIOAsyncSequenceProducer.swift
[1413/1676] Compiling NIOCore NIOAsyncSequenceProducerStrategies.swift
[1414/1676] Compiling NIOCore NIOAsyncWriter.swift
[1415/1676] Compiling NIOCore NIOThrowingAsyncSequenceProducer.swift
[1416/1676] Compiling NIOCore BSDSocketAPI.swift
[1417/1676] Compiling NIOCore ByteBuffer-aux.swift
[1418/1676] Compiling NIOCore ByteBuffer-binaryEncodedLengthPrefix.swift
[1419/1676] Compiling NIOCore ByteBuffer-conversions.swift
[1420/1676] Compiling NIOCore ByteBuffer-core.swift
[1421/1676] Compiling NIOCore ByteBuffer-hex.swift
[1422/1676] Compiling NIOCore ByteBuffer-int.swift
[1423/1676] Compiling NIOCore ByteBuffer-lengthPrefix.swift
[1456/1677] Wrapping AST for Crypto for debugging
[1458/1739] Compiling CryptoExtras ARCServer.swift
[1459/1739] Compiling CryptoExtras ChaCha20CTR_boring.swift
[1460/1739] Compiling CryptoExtras ChaCha20CTR.swift
[1461/1739] Compiling CryptoExtras BoringSSLSHA512256Context.swift
[1462/1739] Compiling CryptoExtras BoringSSLSHA512256HashFunction.swift
[1463/1739] Compiling CryptoExtras SHA512256.swift
[1464/1739] Compiling CryptoExtras SHA512256Digest.swift
[1465/1739] Compiling CryptoExtras Curve25519+PEM.swift
[1466/1739] Compiling CryptoExtras ObjectIdentifier.swift
[1467/1747] Emitting module CryptoExtras
[1468/1747] Compiling CryptoExtras PKCS8DERRepresentation.swift
[1469/1747] Compiling CryptoExtras PKCS8PrivateKey.swift
[1470/1747] Compiling CryptoExtras RFC8410AlgorithmIdentifier.swift
[1471/1747] Compiling CryptoExtras ECToolbox_boring.swift
[1472/1747] Compiling CryptoExtras ECToolbox.swift
[1473/1747] Compiling CryptoExtras HashToField.swift
[1474/1747] Compiling CryptoExtras KDF.swift
[1475/1747] Compiling CryptoExtras PBKDF2_boring.swift
[1476/1747] Compiling CryptoExtras PBKDF2_commoncrypto.swift
[1477/1747] Compiling CryptoExtras AES_CBC.swift
[1478/1747] Compiling CryptoExtras AES_CFB.swift
[1479/1747] Compiling CryptoExtras AES_CTR.swift
[1480/1747] Compiling CryptoExtras AES_GCM_SIV.swift
[1481/1747] Compiling CryptoExtras Block Function.swift
[1482/1747] Compiling CryptoExtras AES_CBC_boring.swift
[1483/1747] Compiling CryptoExtras AES_CFB_boring.swift
[1484/1747] Compiling CryptoExtras AES_CTR_boring.swift
[1485/1747] Compiling CryptoExtras AES_GCM_SIV_boring.swift
[1486/1747] Compiling CryptoExtras RSA+BlindSigning.swift
[1487/1747] Compiling CryptoExtras RSA.swift
[1488/1747] Compiling CryptoExtras RSA_boring.swift
[1489/1747] Compiling CryptoExtras Reexport.swift
[1490/1747] Compiling CryptoExtras Zeroization_boring.swift
[1491/1747] Compiling CryptoExtras BoringSSLHelpers.swift
[1492/1747] Compiling CryptoExtras CryptoKitErrors_boring.swift
[1493/1747] Compiling CryptoExtras PBKDF2.swift
[1494/1747] Compiling CryptoExtras Scrypt_boring.swift
[1503/1747] Compiling CryptoExtras BoringSSLPassphraseCallbackManager.swift
[1504/1747] Compiling CryptoExtras Scrypt.swift
[1505/1747] Compiling CryptoExtras OPRF.swift
[1506/1747] Compiling CryptoExtras OPRFClient.swift
[1507/1747] Compiling CryptoExtras OPRFServer.swift
[1508/1747] Compiling CryptoExtras VOPRF+API.swift
[1509/1747] Compiling CryptoExtras VOPRFClient.swift
[1510/1747] Compiling CryptoExtras VOPRFServer.swift
[1511/1747] Compiling CryptoExtras ThreadOps.swift
[1512/1747] Compiling CryptoExtras ThreadPosix.swift
[1513/1747] Compiling CryptoExtras ARC+API.swift
[1514/1747] Compiling CryptoExtras ARC.swift
[1515/1747] Compiling CryptoExtras ARCCredential.swift
[1516/1747] Compiling CryptoExtras ARCEncoding.swift
[1517/1747] Compiling CryptoExtras ARCPrecredential.swift
[1518/1747] Compiling CryptoExtras ARCPresentation.swift
[1519/1747] Compiling CryptoExtras ARCRequest.swift
[1520/1747] Compiling CryptoExtras ARCResponse.swift
[1524/1747] Compiling CryptoExtras ThreadSpecific.swift
[1525/1747] Compiling CryptoExtras ThreadWindows.swift
[1526/1747] Compiling CryptoExtras DLEQ.swift
[1527/1747] Compiling CryptoExtras Prover.swift
[1528/1747] Compiling CryptoExtras Verifier.swift
[1529/1747] Compiling CryptoExtras ZKPToolbox.swift
[1547/1747] Compiling CryptoExtras Data+Extensions.swift
[1548/1747] Compiling CryptoExtras DigestType.swift
[1549/1747] Compiling CryptoExtras Error.swift
[1550/1747] Compiling CryptoExtras I2OSP.swift
[1551/1747] Compiling CryptoExtras IntegerEncoding.swift
[1552/1747] Compiling CryptoExtras PEMDocument.swift
[1553/1747] Compiling CryptoExtras PrettyBytes.swift
[1554/1747] Compiling CryptoExtras SubjectPublicKeyInfo.swift
[1555/1747] Compiling CryptoExtras CMAC.swift
[1565/1748] Emitting module NIOCore
[1566/1749] Wrapping AST for NIOCore for debugging
[1566/1749] Wrapping AST for CryptoExtras for debugging
[1569/1758] Compiling _CryptoExtras Exports.swift
[1570/1758] Emitting module _CryptoExtras
[1571/1809] Wrapping AST for _CryptoExtras for debugging
[1573/1904] Compiling NIOFoundationEssentialsCompat Codable+ByteBuffer.swift
[1574/1904] Emitting module NIOFoundationEssentialsCompat
[1575/1904] Compiling NIOFoundationEssentialsCompat ByteBuffer-foundation.swift
[1576/1905] Wrapping AST for NIOFoundationEssentialsCompat for debugging
[1578/1905] Compiling NIOEmbedded AsyncTestingChannel.swift
[1579/1905] Compiling NIOEmbedded AsyncTestingEventLoop.swift
[1580/1905] Emitting module NIOEmbedded
[1581/1905] Compiling NIOEmbedded Embedded.swift
[1582/1906] Wrapping AST for NIOEmbedded for debugging
[1584/1906] Emitting module NIOPosix
[1585/1913] Compiling X509 CustomPrivateKey.swift
[1586/1913] Compiling X509 Digests.swift
[1587/1913] Compiling X509 DistinguishedName.swift
[1588/1913] Compiling X509 CommonName.swift
[1589/1913] Compiling X509 CountryName.swift
[1590/1913] Compiling X509 DNBuilder.swift
[1591/1913] Compiling X509 PKCS8PrivateKey.swift
[1592/1913] Compiling X509 SubjectKeyIdentifier.swift
[1593/1913] Compiling X509 Extension.swift
[1594/1913] Compiling X509 Extensions.swift
[1595/1913] Compiling X509 ExtensionsBuilder.swift
[1596/1913] Compiling X509 GeneralName.swift
[1597/1913] Compiling X509 Lock.swift
[1598/1913] Compiling X509 LockedValueBox.swift
[1599/1913] Compiling X509 SignatureAlgorithm.swift
[1600/1913] Compiling X509 AllOfPolicies.swift
[1601/1913] Compiling X509 AnyPolicy.swift
[1602/1913] Compiling X509 CertificateStore.swift
[1603/1913] Compiling X509 CustomCertificateStore.swift
[1604/1913] Compiling X509 NameConstraints.swift
[1605/1913] Compiling X509 SubjectAlternativeName.swift
[1606/1913] Compiling NIOPosix Thread.swift
[1607/1913] Compiling NIOPosix ThreadPosix.swift
[1608/1913] Compiling NIOPosix ThreadWindows.swift
[1609/1913] Compiling NIOPosix Utilities.swift
[1610/1913] Compiling NIOPosix VsockAddress.swift
[1611/1913] Compiling NIOPosix VsockChannelEvents.swift
[1612/1913] Compiling NIOPosix Windows.swift
[1613/1913] Compiling X509 OCSPResponseStatus.swift
[1614/1913] Compiling X509 OCSPSignature.swift
[1615/1913] Compiling X509 OCSPSingleRequest.swift
[1616/1913] Compiling X509 OCSPSingleResponse.swift
[1617/1913] Compiling X509 OCSPTBSRequest.swift
[1618/1913] Compiling X509 OCSPVersion.swift
[1619/1913] Compiling X509 CMSIssuerAndSerialNumber.swift
[1620/1913] Compiling X509 OCSPExtensionID.swift
[1621/1913] Compiling X509 OCSPNonce.swift
[1622/1913] Compiling X509 OCSPPolicy.swift
[1623/1913] Compiling X509 OCSPRequest.swift
[1624/1913] Compiling X509 OCSPResponse.swift
[1625/1913] Compiling X509 OCSPResponseBytes.swift
[1626/1913] Compiling X509 OCSPResponseData.swift
[1627/1913] Compiling X509 PromiseAndFuture.swift
[1628/1913] Compiling X509 RDNAttribute.swift
[1629/1913] Compiling X509 RandomNumberGenerator+bytes.swift
[1630/1913] Compiling X509 RelativeDistinguishedName.swift
[1631/1913] Compiling X509 SEC1PrivateKey.swift
[1632/1913] Compiling X509 SecKeyWrapper.swift
[1633/1913] Compiling X509 Signature.swift
[1634/1913] Compiling X509 CMSOperations.swift
[1635/1913] Compiling X509 CMSSignature.swift
[1636/1913] Compiling X509 CMSSignedData.swift
[1637/1913] Compiling X509 CMSSignerIdentifier.swift
[1638/1913] Compiling X509 CMSSignerInfo.swift
[1639/1913] Compiling X509 CMSVersion.swift
[1640/1913] Compiling X509 Curve25519+DER.swift
[1641/1914] Wrapping AST for NIOPosix for debugging
[1643/1916] Emitting module NIO
[1644/1916] Compiling NIO Exports.swift
[1675/1930] Compiling X509 CertificateSigningRequest.swift
[1676/1930] Compiling X509 CertificationRequestInfo.swift
[1677/1930] Compiling X509 ExtensionRequest.swift
[1678/1930] Compiling X509 Certificate.swift
[1679/1930] Compiling X509 CertificatePrivateKey.swift
[1680/1930] Compiling X509 CertificatePublicKey.swift
[1681/1930] Compiling X509 CertificateSerialNumber.swift
[1682/1930] Compiling X509 CertificateVersion.swift
[1683/1930] Compiling X509 CMSAttribute.swift
[1684/1930] Compiling X509 CMSContentInfo.swift
[1685/1930] Compiling X509 CMSEncapsulatedContentInfo.swift
[1686/1930] Compiling X509 DomainComponent.swift
[1687/1930] Compiling X509 EmailAddress.swift
[1688/1930] Compiling X509 LocalityName.swift
[1689/1930] Compiling X509 OrganizationName.swift
[1690/1930] Compiling X509 OrganizationalUnitName.swift
[1691/1930] Compiling X509 StateOrProvinceName.swift
[1692/1930] Compiling X509 StreetAddress.swift
[1693/1930] Compiling X509 Error.swift
[1694/1930] Compiling X509 AuthorityInformationAccess.swift
[1695/1930] Compiling X509 AuthorityKeyIdentifier.swift
[1696/1930] Compiling X509 BasicConstraints.swift
[1697/1930] Compiling X509 ExtendedKeyUsage.swift
[1698/1930] Compiling X509 ExtensionIdentifiers.swift
[1699/1930] Compiling X509 KeyUsage.swift
[1700/1930] Compiling X509 OneOfPolicies.swift
[1701/1930] Compiling X509 PolicyBuilder.swift
[1702/1930] Compiling X509 BasicConstraintsPolicy.swift
[1703/1930] Compiling X509 DNSNames.swift
[1704/1930] Compiling X509 ExpiryPolicy.swift
[1705/1930] Compiling X509 IPConstraints.swift
[1706/1930] Compiling X509 NameConstraintsPolicy.swift
[1707/1930] Compiling X509 RFC5280Policy.swift
[1708/1930] Compiling X509 URIConstraints.swift
[1709/1930] Compiling X509 VersionPolicy.swift
[1710/1930] Compiling X509 ServerIdentityPolicy.swift
[1711/1930] Compiling X509 TrustRootLoading.swift
[1712/1930] Compiling X509 UnverifiedChain.swift
[1727/1930] Wrapping AST for NIO for debugging
[1741/1969] Compiling NIOTLS TLSEvents.swift
[1742/1969] Emitting module NIOFoundationCompat
[1743/1969] Compiling NIOFoundationCompat Exports.swift
[1744/1969] Compiling NIOFoundationCompat WaitSpinningRunLoop.swift
[1745/1969] Compiling NIOFoundationCompat JSONSerialization+ByteBuffer.swift
[1746/1969] Compiling NIOSOCKS SelectedAuthenticationMethod.swift
[1747/1971] Compiling NIOTLS ApplicationProtocolNegotiationHandler.swift
[1748/1971] Emitting module NIOTLS
[1750/1971] Compiling NIOSOCKS Errors.swift
[1751/1971] Compiling NIOSOCKS Helpers.swift
[1752/1971] Compiling NIOSOCKS AuthenticationMethod.swift
[1753/1971] Compiling NIOSOCKS ClientGreeting.swift
[1753/1971] Wrapping AST for NIOFoundationCompat for debugging
[1755/1971] Compiling NIOSOCKS ServerStateMachine.swift
[1756/1971] Compiling NIOSOCKS Messages.swift
[1757/1971] Compiling NIOSOCKS SOCKSRequest.swift
[1758/1971] Compiling NIOSOCKS SOCKSResponse.swift
[1759/1971] Compiling NIOSOCKS ClientStateMachine.swift
[1760/1971] Compiling NIOTLS SNIHandler.swift
[1761/1971] Emitting module NIOSOCKS
[1762/1971] Compiling NIOSOCKS SOCKSClientHandler.swift
[1763/1971] Compiling NIOSOCKS SOCKSServerHandshakeHandler.swift
[1764/1971] Compiling NIOTLS ProtocolNegotiationHandlerStateMachine.swift
[1765/1971] Compiling NIOTLS NIOTypedApplicationProtocolNegotiationHandler.swift
[1768/1973] Compiling NIOHTTP1 NIOTypedHTTPClientUpgradeHandler.swift
[1769/1973] Compiling NIOHTTP1 NIOTypedHTTPClientUpgraderStateMachine.swift
[1769/1975] Wrapping AST for NIOSOCKS for debugging
[1770/1975] Wrapping AST for NIOTLS for debugging
[1774/1975] Emitting module X509
[1775/2005] Compiling NIOSSL SSLConnection.swift
[1776/2005] Compiling NIOSSL SSLContext.swift
[1777/2005] Compiling NIOSSL SSLCertificateExtensions.swift
[1778/2005] Compiling NIOSSL SSLCertificateName.swift
[1779/2005] Compiling NIOSSL FreeBSDCABundle.swift
[1780/2005] Compiling NIOSSL IdentityVerification.swift
[1781/2005] Compiling NIOSSL LinuxCABundle.swift
[1782/2005] Compiling NIOSSL NIOSSLHandler.swift
[1783/2005] Compiling NIOSSL SSLCertificate.swift
[1784/2005] Compiling NIOSSL SSLPKCS12Bundle.swift
[1785/2005] Compiling NIOSSL NIOSSLServerHandler.swift
[1786/2005] Emitting module NIOHTTP1
[1787/2005] Compiling NIOSSL AndroidCABundle.swift
[1788/2005] Compiling NIOSSL ByteBufferBIO.swift
[1789/2005] Compiling NIOSSL CustomPrivateKey.swift
[1790/2006] Wrapping AST for NIOHTTP1 for debugging
[1792/2023] Compiling NIOHPACK IntegerCoding.swift
[1793/2024] Compiling X509 ValidatedCertificateChain.swift
[1794/2024] Compiling X509 VerificationDiagnostic.swift
[1795/2024] Compiling X509 Verifier.swift
[1796/2024] Compiling X509 VerifierPolicy.swift
[1797/2024] Compiling X509 AlgorithmIdentifier.swift
[1798/2024] Compiling X509 ECDSASignature.swift
[1799/2024] Compiling X509 RSAPKCS1PublicKey.swift
[1800/2024] Compiling X509 SubjectPublicKeyInfo.swift
[1801/2024] Compiling X509 TBSCertificate.swift
[1802/2024] Compiling X509 Time.swift
[1803/2024] Compiling X509 TimeCalculations.swift
[1804/2024] Compiling X509 Validity.swift
[1805/2024] Compiling X509 X509SendableMetatype.swift
[1806/2025] Compiling NIOHPACK HuffmanTables.swift
[1807/2025] Compiling NIOHPACK IndexedHeaderTable.swift
[1809/2025] Compiling NIOHPACK StaticHeaderTable.swift
[1810/2025] Compiling NIOSSL SSLPrivateKey.swift
[1811/2025] Compiling NIOSSL SSLPublicKey.swift
[1812/2025] Compiling NIOSSL SecurityFrameworkCertificateVerification.swift
[1813/2025] Compiling NIOSSL String+unsafeUninitializedCapacity.swift
[1814/2029] Compiling NIOHTTPCompression HTTPResponseCompressor.swift
[1815/2029] Compiling NIOHTTPCompression HTTPRequestCompressor.swift
[1816/2029] Compiling NIOHTTPCompression HTTPCompression.swift
[1817/2029] Emitting module NIOHTTPCompression
[1818/2029] Compiling NIOHTTPCompression HTTPDecompression.swift
[1819/2029] Compiling NIOHTTPCompression HTTPDecompressor.swift
[1819/2030] Wrapping AST for X509 for debugging
[1822/2097] Compiling JWTKit MLDSA87+MLDSAKey.swift
[1823/2097] Compiling JWTKit MLDSAError.swift
[1824/2097] Compiling JWTKit MLDSAKey.swift
[1825/2097] Compiling JWTKit MLDSASigner.swift
[1826/2097] Compiling JWTKit AudienceClaim.swift
[1827/2097] Compiling JWTKit BoolClaim.swift
[1828/2097] Compiling JWTKit ExpirationClaim.swift
[1829/2097] Compiling JWTKit GoogleHostedDomainClaim.swift
[1830/2097] Compiling JWTKit IDClaim.swift
[1831/2097] Emitting module NIOSSL
[1831/2097] Wrapping AST for NIOHTTPCompression for debugging
[1833/2097] Compiling NIOHPACK HuffmanCoding.swift
[1838/2097] Emitting module NIOHPACK
[1840/2097] Compiling JWTKit IssuedAtClaim.swift
[1841/2098] Wrapping AST for NIOHPACK for debugging
[1843/2161] Compiling NIOHTTP2 ReceivingHeadersState.swift
[1844/2161] Compiling NIOHTTP2 ReceivingPushPromiseState.swift
[1845/2161] Compiling NIOHTTP2 ReceivingRstStreamState.swift
[1846/2161] Compiling NIOHTTP2 ReceivingWindowUpdateState.swift
[1847/2161] Compiling NIOHTTP2 HasExtendedConnectSettings.swift
[1848/2161] Compiling NIOHTTP2 HTTP2ChannelHandler+InlineStreamMultiplexer.swift
[1849/2161] Compiling NIOHTTP2 HTTP2ChannelHandler.swift
[1850/2161] Compiling NIOHTTP2 HTTP2CommonInboundStreamMultiplexer.swift
[1851/2161] Compiling NIOHTTP2 MaySendFrames.swift
[1852/2161] Compiling NIOHTTP2 SendingDataState.swift
[1853/2161] Compiling NIOHTTP2 SendingGoawayState.swift
[1854/2161] Compiling NIOHTTP2 SendingHeadersState.swift
[1855/2161] Compiling NIOHTTP2 SendingPushPromiseState.swift
[1856/2161] Compiling NIOHTTP2 SendingRstStreamState.swift
[1857/2161] Compiling NIOHTTP2 SendingWindowUpdateState.swift
[1858/2161] Compiling NIOHTTP2 HTTP2SettingsState.swift
[1859/2161] Compiling NIOHTTP2 HTTP2PipelineHelpers.swift
[1860/2161] Compiling NIOHTTP2 HTTP2Settings.swift
[1861/2161] Compiling NIOHTTP2 HTTP2Stream.swift
[1862/2161] Compiling NIOHTTP2 HTTP2StreamChannel+OutboundStreamMultiplexer.swift
[1863/2162] Wrapping AST for NIOSSL for debugging
[1865/2162] Compiling NIOHTTP2 ConnectionStateMachine.swift
[1866/2162] Compiling NIOHTTP2 ConnectionStreamsState.swift
[1867/2162] Compiling NIOHTTP2 MayReceiveFrames.swift
[1868/2162] Compiling NIOHTTP2 ReceivingDataState.swift
[1869/2162] Compiling NIOHTTP2 ReceivingGoAwayState.swift
[1885/2171] Emitting module JWTKit
[1887/2171] Compiling NIOHTTP2 HTTP2ConnectionStateChange.swift
[1888/2171] Compiling NIOHTTP2 HTTP2Error.swift
[1889/2171] Compiling NIOHTTP2 HTTP2ErrorCode.swift
[1890/2171] Compiling NIOHTTP2 HTTP2FlowControlWindow.swift
[1891/2171] Compiling NIOHTTP2 HTTP2Frame.swift
[1892/2171] Compiling NIOHTTP2 HTTP2FrameEncoder.swift
[1893/2171] Compiling NIOHTTP2 HTTP2FrameParser.swift
[1894/2171] Compiling NIOHTTP2 HTTP2PingData.swift
[1895/2171] Compiling NIOHTTP2 InboundEventBuffer.swift
[1896/2171] Compiling NIOHTTP2 InboundWindowManager.swift
[1897/2171] Compiling NIOHTTP2 MultiplexerAbstractChannel.swift
[1898/2171] Compiling NIOHTTP2 NIOHTTP2FrameDelegate.swift
[1899/2171] Compiling NIOHTTP2 NIOHTTP2ServerConnectionManagementHandler+StateMachine.swift
[1900/2171] Compiling JWTKit RSAError.swift
[1901/2171] Compiling JWTKit RSASigner.swift
[1902/2171] Compiling JWTKit Base64URL.swift
[1903/2171] Compiling JWTKit CryptoSigner.swift
[1904/2171] Compiling NIOHTTP2 ConcurrentStreamBuffer.swift
[1905/2171] Compiling NIOHTTP2 ControlFrameBuffer.swift
[1906/2171] Compiling NIOHTTP2 OutboundFlowControlBuffer.swift
[1907/2171] Compiling NIOHTTP2 OutboundFrameBuffer.swift
[1908/2171] Compiling NIOHTTP2 GlitchesMonitor.swift
[1909/2171] Compiling NIOHTTP2 HPACKHeaders+Validation.swift
[1910/2171] Compiling NIOHTTP2 HTTP2ChannelHandler+InboundStreamMultiplexer.swift
[1911/2171] Compiling NIOHTTP2 HTTP2StreamMultiplexer.swift
[1912/2171] Compiling NIOHTTP2 HTTP2ToHTTP1Codec.swift
[1913/2171] Compiling NIOHTTP2 HTTP2UserEvents.swift
[1914/2171] Compiling NIOHTTP2 HasRemoteSettings.swift
[1915/2171] Compiling NIOHTTP2 LocallyQuiescingState.swift
[1916/2171] Compiling NIOHTTP2 QuiescingState.swift
[1917/2171] Compiling NIOHTTP2 RemotelyQuiescingState.swift
[1918/2171] Compiling NIOHTTP2 SendAndReceiveGoawayState.swift
[1919/2171] Compiling NIOHTTP2 StateMachineResult.swift
[1920/2171] Compiling NIOHTTP2 ContentLengthVerifier.swift
[1921/2171] Compiling NIOHTTP2 DOSHeuristics.swift
[1922/2171] Compiling NIOHTTP2 Error+Any.swift
[1927/2171] Compiling NIOHTTP2 HTTP2StreamChannel.swift
[1928/2171] Compiling NIOHTTP2 HTTP2StreamDelegate.swift
[1929/2171] Compiling NIOHTTP2 HTTP2StreamID.swift
[1930/2171] Compiling NIOHTTP2 HasFlowControlWindows.swift
[1931/2171] Compiling NIOHTTP2 HasLocalSettings.swift
[1932/2171] Compiling JWTKit CustomizedJSONCoders.swift
[1933/2171] Compiling JWTKit Utilities.swift
[1934/2171] Compiling JWTKit AppleIdentityToken.swift
[1935/2171] Compiling JWTKit FirebaseAuthIdentityToken.swift
[1936/2171] Compiling JWTKit GoogleIdentityToken.swift
[1937/2171] Compiling JWTKit MicrosoftIdentityToken.swift
[1938/2171] Compiling JWTKit EmptyPolicy.swift
[1939/2171] Compiling JWTKit ValidationTimePayload.swift
[1940/2171] Compiling JWTKit X5CVerifier.swift
[1941/2172] Wrapping AST for JWTKit for debugging
[1987/2180] Compiling NIOHTTP2 NIOHTTP2ServerConnectionManagementHandler.swift
[1988/2180] Compiling NIOHTTP2 StreamChannelFlowController.swift
[1989/2180] Compiling NIOHTTP2 StreamChannelList.swift
[1990/2180] Compiling NIOHTTP2 StreamMap.swift
[1991/2180] Compiling NIOHTTP2 StreamStateMachine.swift
[1992/2180] Compiling NIOHTTP2 Timer.swift
[1993/2180] Compiling NIOHTTP2 UnsafeTransfer.swift
[1994/2180] Compiling NIOHTTP2 WatermarkedFlowController.swift
[2004/2180] Emitting module NIOHTTP2
[2014/2181] Wrapping AST for NIOHTTP2 for debugging
[2016/2245] Emitting module AsyncHTTPClient
[2017/2253] Compiling AsyncHTTPClient AnyAsyncSequence.swift
[2018/2253] Compiling AsyncHTTPClient AnyAsyncSequenceProucerDelete.swift
[2019/2253] Compiling AsyncHTTPClient AsyncLazySequence.swift
[2020/2253] Compiling AsyncHTTPClient HTTPClient+execute.swift
[2021/2253] Compiling AsyncHTTPClient HTTPClient+shutdown.swift
[2022/2253] Compiling AsyncHTTPClient HTTPClient+tracing.swift
[2023/2253] Compiling AsyncHTTPClient HTTPClientRequest+Prepared.swift
[2024/2253] Compiling AsyncHTTPClient HTTPClientRequest+auth.swift
[2025/2253] Compiling AsyncHTTPClient HTTPClientRequest.swift
[2026/2253] Compiling AsyncHTTPClient HTTPClientResponse.swift
[2027/2253] Compiling AsyncHTTPClient SingleIteratorPrecondition.swift
[2028/2253] Compiling AsyncHTTPClient Transaction+StateMachine.swift
[2029/2253] Compiling AsyncHTTPClient Transaction.swift
[2030/2253] Compiling AsyncHTTPClient Base64.swift
[2031/2253] Compiling AsyncHTTPClient BasicAuth.swift
[2032/2253] Compiling AsyncHTTPClient BestEffortHashableTLSConfiguration.swift
[2033/2253] Compiling AsyncHTTPClient Configuration+BrowserLike.swift
[2034/2253] Compiling AsyncHTTPClient ConnectionPool.swift
[2035/2253] Compiling AsyncHTTPClient HTTP1ProxyConnectHandler.swift
[2036/2253] Compiling AsyncHTTPClient SOCKSEventsHandler.swift
[2037/2253] Compiling AsyncHTTPClient TLSEventsHandler.swift
[2038/2253] Compiling AsyncHTTPClient HTTP1ClientChannelHandler.swift
[2039/2253] Compiling AsyncHTTPClient HTTP1Connection.swift
[2040/2253] Compiling AsyncHTTPClient HTTP1ConnectionStateMachine.swift
[2041/2253] Compiling AsyncHTTPClient HTTP2ClientRequestHandler.swift
[2042/2253] Compiling AsyncHTTPClient HTTP2Connection.swift
[2043/2253] Compiling AsyncHTTPClient HTTP2IdleHandler.swift
[2044/2253] Compiling AsyncHTTPClient RequestValidation.swift
[2045/2253] Compiling AsyncHTTPClient SSLContextCache.swift
[2046/2253] Compiling AsyncHTTPClient Scheme.swift
[2047/2253] Compiling AsyncHTTPClient Singleton.swift
[2048/2253] Compiling AsyncHTTPClient StringConvertibleInstances.swift
[2049/2253] Compiling AsyncHTTPClient StructuredConcurrencyHelpers.swift
[2050/2253] Compiling AsyncHTTPClient TracingSupport.swift
[2051/2253] Compiling AsyncHTTPClient Utils.swift
[2052/2253] Compiling AsyncHTTPClient HTTPConnectionEvent.swift
[2053/2253] Compiling AsyncHTTPClient HTTPConnectionPool+Factory.swift
[2054/2253] Compiling AsyncHTTPClient HTTPConnectionPool+Manager.swift
[2055/2253] Compiling AsyncHTTPClient HTTPConnectionPool.swift
[2056/2253] Compiling AsyncHTTPClient HTTPExecutableRequest.swift
[2057/2253] Compiling AsyncHTTPClient HTTPRequestStateMachine+Demand.swift
[2058/2253] Compiling AsyncHTTPClient HTTPRequestStateMachine.swift
[2059/2253] Compiling AsyncHTTPClient RequestBodyLength.swift
[2060/2253] Compiling AsyncHTTPClient RequestFramingMetadata.swift
[2061/2253] Compiling AsyncHTTPClient LRUCache.swift
[2062/2253] Compiling AsyncHTTPClient NIOLoopBound+Execute.swift
[2063/2253] Compiling AsyncHTTPClient NWErrorHandler.swift
[2064/2253] Compiling AsyncHTTPClient NWWaitingHandler.swift
[2065/2253] Compiling AsyncHTTPClient TLSConfiguration.swift
[2066/2253] Compiling AsyncHTTPClient RedirectState.swift
[2067/2253] Compiling AsyncHTTPClient RequestBag+StateMachine.swift
[2068/2253] Compiling AsyncHTTPClient RequestBag+Tracing.swift
[2069/2253] Compiling AsyncHTTPClient RequestBag.swift
[2070/2253] Compiling AsyncHTTPClient RequestOptions.swift
[2071/2253] Compiling AsyncHTTPClient HTTPConnectionPool+Backoff.swift
[2072/2253] Compiling AsyncHTTPClient HTTPConnectionPool+HTTP1Connections.swift
[2073/2253] Compiling AsyncHTTPClient HTTPConnectionPool+HTTP1StateMachine.swift
[2074/2253] Compiling AsyncHTTPClient HTTPConnectionPool+HTTP2Connections.swift
[2075/2253] Compiling AsyncHTTPClient HTTPConnectionPool+HTTP2StateMachine.swift
[2076/2253] Compiling AsyncHTTPClient HTTPConnectionPool+RequestQueue.swift
[2077/2253] Compiling AsyncHTTPClient HTTPConnectionPool+StateMachine.swift
[2078/2253] Compiling AsyncHTTPClient ConnectionTarget.swift
[2079/2253] Compiling AsyncHTTPClient DeconstructedURL.swift
[2080/2253] Compiling AsyncHTTPClient FileDownloadDelegate.swift
[2081/2253] Compiling AsyncHTTPClient FoundationExtensions.swift
[2082/2253] Compiling AsyncHTTPClient HTTPClient+HTTPCookie.swift
[2083/2253] Compiling AsyncHTTPClient HTTPClient+Proxy.swift
[2084/2253] Compiling AsyncHTTPClient HTTPClient+StructuredConcurrency.swift
[2085/2253] Compiling AsyncHTTPClient HTTPClient.swift
[2086/2253] Compiling AsyncHTTPClient HTTPClientConfiguration+SwiftConfiguration.swift
[2087/2253] Compiling AsyncHTTPClient HTTPHandler.swift
[2088/2254] Wrapping AST for AsyncHTTPClient for debugging
[2090/2277] Emitting module GoogleAuth
[2091/2280] Compiling GoogleAuth AnonymousCredentials.swift
[2092/2280] Compiling GoogleAuth ApiKeyCredentials.swift
[2093/2280] Compiling GoogleAuth ExternalAccountCredentials.swift
[2094/2280] Compiling GoogleAuth SubjectTokenProvider.swift
[2095/2280] Compiling GoogleAuth MDSAccessTokenProvider.swift
[2096/2280] Compiling GoogleAuth MDSCredentials.swift
[2097/2280] Compiling GoogleAuth ADC.swift
[2098/2280] Compiling GoogleAuth ADCPath.swift
[2099/2280] Compiling GoogleAuth ADCResolver.swift
[2100/2280] Compiling GoogleAuth AuthHeaders.swift
[2101/2280] Compiling GoogleAuth CredentialParserRegistry.swift
[2102/2280] Compiling GoogleAuth Credentials.swift
[2103/2280] Compiling GoogleAuth CredentialsError.swift
[2104/2280] Compiling GoogleAuth UserAccountData.swift
[2105/2280] Compiling GoogleAuth UserAccountTokenProvider.swift
[2106/2280] Compiling GoogleAuth UserCredentials.swift
[2107/2280] Compiling GoogleAuth ServiceAccountCredentials.swift
[2108/2280] Compiling GoogleAuth ServiceAccountData.swift
[2109/2280] Compiling GoogleAuth ServiceAccountTokenProvider.swift
[2110/2280] Compiling GoogleAuth AuthHTTPClient.swift
[2111/2280] Compiling GoogleAuth AuthHTTPError.swift
[2112/2280] Compiling GoogleAuth RetryEngine.swift
[2113/2280] Compiling GoogleAuth STSHandler.swift
[2114/2280] Compiling GoogleAuth TokenCache.swift
[2115/2280] Compiling GoogleAuth PackageVersion.swift
[2116/2281] Wrapping AST for GoogleAuth for debugging
[2118/2339] Compiling GoogleGax Pagination.swift
/host/spi-builder-workspace/.build/checkouts/swift-google-gax/Sources/GoogleGax/Pagination.swift:44:22: error: cannot convert '@Sendable (String) async throws -> (response: ResponseType, items: [Item], nextToken: String)' to 'nonisolated(nonsending) @Sendable (String) async throws -> (response: ResponseType, items: [Item], nextToken: String)' because crossing of an isolation boundary requires parameter and result types to conform to 'Sendable' protocol
 42 |   ) where ResponseType: _PaginatedResponse<Item> {
 43 |     self.initialPageToken = initialPageToken ?? ""
 44 |     self.fetchPage = { token in
    |                      |- error: cannot convert '@Sendable (String) async throws -> (response: ResponseType, items: [Item], nextToken: String)' to 'nonisolated(nonsending) @Sendable (String) async throws -> (response: ResponseType, items: [Item], nextToken: String)' because crossing of an isolation boundary requires parameter and result types to conform to 'Sendable' protocol
    |                      `- note: type 'Item' does not conform to 'Sendable' protocol
 45 |       let response = try await listRpc(token)
 46 |       return (response, response._getPaginatedItems(), response._nextPageToken())
[2119/2339] Compiling GoogleGax PollingBackoffPolicy.swift
/host/spi-builder-workspace/.build/checkouts/swift-google-gax/Sources/GoogleGax/Pagination.swift:44:22: error: cannot convert '@Sendable (String) async throws -> (response: ResponseType, items: [Item], nextToken: String)' to 'nonisolated(nonsending) @Sendable (String) async throws -> (response: ResponseType, items: [Item], nextToken: String)' because crossing of an isolation boundary requires parameter and result types to conform to 'Sendable' protocol
 42 |   ) where ResponseType: _PaginatedResponse<Item> {
 43 |     self.initialPageToken = initialPageToken ?? ""
 44 |     self.fetchPage = { token in
    |                      |- error: cannot convert '@Sendable (String) async throws -> (response: ResponseType, items: [Item], nextToken: String)' to 'nonisolated(nonsending) @Sendable (String) async throws -> (response: ResponseType, items: [Item], nextToken: String)' because crossing of an isolation boundary requires parameter and result types to conform to 'Sendable' protocol
    |                      `- note: type 'Item' does not conform to 'Sendable' protocol
 45 |       let response = try await listRpc(token)
 46 |       return (response, response._getPaginatedItems(), response._nextPageToken())
[2120/2339] Compiling GoogleGax PollingErrorPolicy.swift
/host/spi-builder-workspace/.build/checkouts/swift-google-gax/Sources/GoogleGax/Pagination.swift:44:22: error: cannot convert '@Sendable (String) async throws -> (response: ResponseType, items: [Item], nextToken: String)' to 'nonisolated(nonsending) @Sendable (String) async throws -> (response: ResponseType, items: [Item], nextToken: String)' because crossing of an isolation boundary requires parameter and result types to conform to 'Sendable' protocol
 42 |   ) where ResponseType: _PaginatedResponse<Item> {
 43 |     self.initialPageToken = initialPageToken ?? ""
 44 |     self.fetchPage = { token in
    |                      |- error: cannot convert '@Sendable (String) async throws -> (response: ResponseType, items: [Item], nextToken: String)' to 'nonisolated(nonsending) @Sendable (String) async throws -> (response: ResponseType, items: [Item], nextToken: String)' because crossing of an isolation boundary requires parameter and result types to conform to 'Sendable' protocol
    |                      `- note: type 'Item' does not conform to 'Sendable' protocol
 45 |       let response = try await listRpc(token)
 46 |       return (response, response._getPaginatedItems(), response._nextPageToken())
[2121/2339] Compiling GoogleGax PollingResult.swift
/host/spi-builder-workspace/.build/checkouts/swift-google-gax/Sources/GoogleGax/Pagination.swift:44:22: error: cannot convert '@Sendable (String) async throws -> (response: ResponseType, items: [Item], nextToken: String)' to 'nonisolated(nonsending) @Sendable (String) async throws -> (response: ResponseType, items: [Item], nextToken: String)' because crossing of an isolation boundary requires parameter and result types to conform to 'Sendable' protocol
 42 |   ) where ResponseType: _PaginatedResponse<Item> {
 43 |     self.initialPageToken = initialPageToken ?? ""
 44 |     self.fetchPage = { token in
    |                      |- error: cannot convert '@Sendable (String) async throws -> (response: ResponseType, items: [Item], nextToken: String)' to 'nonisolated(nonsending) @Sendable (String) async throws -> (response: ResponseType, items: [Item], nextToken: String)' because crossing of an isolation boundary requires parameter and result types to conform to 'Sendable' protocol
    |                      `- note: type 'Item' does not conform to 'Sendable' protocol
 45 |       let response = try await listRpc(token)
 46 |       return (response, response._getPaginatedItems(), response._nextPageToken())
[2122/2339] Compiling GoogleGax PollingState.swift
/host/spi-builder-workspace/.build/checkouts/swift-google-gax/Sources/GoogleGax/Pagination.swift:44:22: error: cannot convert '@Sendable (String) async throws -> (response: ResponseType, items: [Item], nextToken: String)' to 'nonisolated(nonsending) @Sendable (String) async throws -> (response: ResponseType, items: [Item], nextToken: String)' because crossing of an isolation boundary requires parameter and result types to conform to 'Sendable' protocol
 42 |   ) where ResponseType: _PaginatedResponse<Item> {
 43 |     self.initialPageToken = initialPageToken ?? ""
 44 |     self.fetchPage = { token in
    |                      |- error: cannot convert '@Sendable (String) async throws -> (response: ResponseType, items: [Item], nextToken: String)' to 'nonisolated(nonsending) @Sendable (String) async throws -> (response: ResponseType, items: [Item], nextToken: String)' because crossing of an isolation boundary requires parameter and result types to conform to 'Sendable' protocol
    |                      `- note: type 'Item' does not conform to 'Sendable' protocol
 45 |       let response = try await listRpc(token)
 46 |       return (response, response._getPaginatedItems(), response._nextPageToken())
[2123/2339] Compiling GoogleGax ProtobufConversionError.swift
/host/spi-builder-workspace/.build/checkouts/swift-google-gax/Sources/GoogleGax/Pagination.swift:44:22: error: cannot convert '@Sendable (String) async throws -> (response: ResponseType, items: [Item], nextToken: String)' to 'nonisolated(nonsending) @Sendable (String) async throws -> (response: ResponseType, items: [Item], nextToken: String)' because crossing of an isolation boundary requires parameter and result types to conform to 'Sendable' protocol
 42 |   ) where ResponseType: _PaginatedResponse<Item> {
 43 |     self.initialPageToken = initialPageToken ?? ""
 44 |     self.fetchPage = { token in
    |                      |- error: cannot convert '@Sendable (String) async throws -> (response: ResponseType, items: [Item], nextToken: String)' to 'nonisolated(nonsending) @Sendable (String) async throws -> (response: ResponseType, items: [Item], nextToken: String)' because crossing of an isolation boundary requires parameter and result types to conform to 'Sendable' protocol
    |                      `- note: type 'Item' does not conform to 'Sendable' protocol
 45 |       let response = try await listRpc(token)
 46 |       return (response, response._getPaginatedItems(), response._nextPageToken())
[2124/2339] Compiling GoogleGax QueryParameter.swift
/host/spi-builder-workspace/.build/checkouts/swift-google-gax/Sources/GoogleGax/Pagination.swift:44:22: error: cannot convert '@Sendable (String) async throws -> (response: ResponseType, items: [Item], nextToken: String)' to 'nonisolated(nonsending) @Sendable (String) async throws -> (response: ResponseType, items: [Item], nextToken: String)' because crossing of an isolation boundary requires parameter and result types to conform to 'Sendable' protocol
 42 |   ) where ResponseType: _PaginatedResponse<Item> {
 43 |     self.initialPageToken = initialPageToken ?? ""
 44 |     self.fetchPage = { token in
    |                      |- error: cannot convert '@Sendable (String) async throws -> (response: ResponseType, items: [Item], nextToken: String)' to 'nonisolated(nonsending) @Sendable (String) async throws -> (response: ResponseType, items: [Item], nextToken: String)' because crossing of an isolation boundary requires parameter and result types to conform to 'Sendable' protocol
    |                      `- note: type 'Item' does not conform to 'Sendable' protocol
 45 |       let response = try await listRpc(token)
 46 |       return (response, response._getPaginatedItems(), response._nextPageToken())
[2125/2339] Compiling GoogleGax RequestError.swift
/host/spi-builder-workspace/.build/checkouts/swift-google-gax/Sources/GoogleGax/Pagination.swift:44:22: error: cannot convert '@Sendable (String) async throws -> (response: ResponseType, items: [Item], nextToken: String)' to 'nonisolated(nonsending) @Sendable (String) async throws -> (response: ResponseType, items: [Item], nextToken: String)' because crossing of an isolation boundary requires parameter and result types to conform to 'Sendable' protocol
 42 |   ) where ResponseType: _PaginatedResponse<Item> {
 43 |     self.initialPageToken = initialPageToken ?? ""
 44 |     self.fetchPage = { token in
    |                      |- error: cannot convert '@Sendable (String) async throws -> (response: ResponseType, items: [Item], nextToken: String)' to 'nonisolated(nonsending) @Sendable (String) async throws -> (response: ResponseType, items: [Item], nextToken: String)' because crossing of an isolation boundary requires parameter and result types to conform to 'Sendable' protocol
    |                      `- note: type 'Item' does not conform to 'Sendable' protocol
 45 |       let response = try await listRpc(token)
 46 |       return (response, response._getPaginatedItems(), response._nextPageToken())
[2126/2347] Compiling GoogleGax AIP194+PollingErrorPolicy.swift
[2127/2347] Compiling GoogleGax AIP194+RetryPolicy.swift
[2128/2347] Compiling GoogleGax AIP194.swift
[2129/2347] Compiling GoogleGax AdaptiveThrottler.swift
[2130/2347] Compiling GoogleGax AlwaysPoll.swift
[2131/2347] Compiling GoogleGax AlwaysRetry.swift
[2132/2347] Compiling GoogleGax ApiClientHeader.swift
[2133/2347] Compiling GoogleGax BackoffPolicy.swift
[2134/2347] Compiling GoogleGax BasePollingErrorPolicy.swift
[2135/2347] Emitting module GoogleGax
[2136/2347] Compiling GoogleGax LimitedAttemptCount+PollingErrorPolicy.swift
[2137/2347] Compiling GoogleGax LimitedAttemptCount+RetryPolicy.swift
[2138/2347] Compiling GoogleGax LimitedAttemptCount.swift
[2139/2347] Compiling GoogleGax LimitedElapsedTime+PollingErrorPolicy.swift
[2140/2347] Compiling GoogleGax LimitedElapsedTime+RetryPolicy.swift
[2141/2347] Compiling GoogleGax LimitedElapsedTime.swift
[2142/2347] Compiling GoogleGax LongRunningOperations.swift
[2143/2347] Compiling GoogleGax NeverRetry.swift
[2144/2347] Compiling GoogleGax ContinueOnIO.swift
[2145/2347] Compiling GoogleGax CredentialsProtocol.swift
[2146/2347] Compiling GoogleGax ErrorWrapper.swift
[2147/2347] Compiling GoogleGax ExponentialBackoff+BackoffPolicy.swift
[2148/2347] Compiling GoogleGax ExponentialBackoff+PollingBackoffPolicy.swift
[2149/2347] Compiling GoogleGax ExponentialBackoff.swift
[2150/2347] Compiling GoogleGax HTTPClient.swift
[2151/2347] Compiling GoogleGax HTTPClientHolder.swift
[2152/2347] Compiling GoogleGax RequestOptions.swift
[2153/2347] Compiling GoogleGax RetryLoop.swift
[2154/2347] Compiling GoogleGax RetryPolicy.swift
[2155/2347] Compiling GoogleGax RetryResult.swift
[2156/2347] Compiling GoogleGax RetryState.swift
[2157/2347] Compiling GoogleGax RetryThrottler.swift
[2158/2347] Compiling GoogleGax RetryThrottlerError.swift
[2159/2347] Compiling GoogleGax RoutingMatcher.swift
[2160/2347] Compiling GoogleGax BaseRetryPolicy.swift
[2161/2347] Compiling GoogleGax BindingError.swift
[2162/2347] Compiling GoogleGax CRC32C.swift
[2163/2347] Compiling GoogleGax CircuitBreaker.swift
[2164/2347] Compiling GoogleGax ClientError.swift
[2165/2347] Compiling GoogleGax ClientOptions.swift
[2166/2347] Compiling GoogleGax ContinueOnIO+PollingErrorPolicy.swift
[2167/2347] Compiling GoogleGax ContinueOnIO+RetryPolicy.swift
[2168/2347] Compiling GoogleGax ServiceError.swift
[2169/2347] Compiling GoogleGax StatusDetail.swift
[2170/2347] Compiling GoogleGax StrictIdempotency.swift
[2171/2347] Compiling GoogleGax ThrottleResult.swift
[2172/2347] Compiling GoogleGax TooManyRequests+PollingErrorPolicy.swift
[2173/2347] Compiling GoogleGax TooManyRequests+RetryPolicy.swift
[2174/2347] Compiling GoogleGax TooManyRequests.swift
[2175/2347] Compiling GoogleGax PackageVersion.swift
[2176/2347] Compiling GoogleGax HTTPClientProtocol.swift
[2177/2347] Compiling GoogleGax HTTPClientRequest.swift
[2178/2347] Compiling GoogleGax HTTPClientResponse.swift
[2179/2347] Compiling GoogleGax HTTPHeaders.swift
[2180/2347] Compiling GoogleGax HTTPResponseBody.swift
[2181/2347] Compiling GoogleGax HeaderNames.swift
[2182/2347] Compiling GoogleGax Host.swift
[2183/2347] Compiling GoogleGax InProgressResult.swift
BUILD FAILURE 6.2 android