The Swift Package Index logo.Swift Package Index

Build Information

Failed to build Valigator, reference master (b16a19), with Swift 6.4 for iOS using Xcode 27.0 on 17 Sep 2026 00:57:38 UTC.

Build Command

env DEVELOPER_DIR=/Applications/Xcode-27.0.0-Release.Candidate.app xcrun xcodebuild -IDEClonedSourcePackagesDirPathOverride=$PWD/.dependencies -skipMacroValidation -skipPackagePluginValidation -derivedDataPath $PWD/.derivedData build -scheme Valigator -destination generic/platform=iOS

Build Log

========================================
RunAll
========================================
Builder version: 5.1.0
Interrupt handler set up.
========================================
Checkout
========================================
Clone URL: https://github.com/kapizoli77/valigator.git
Reference: master
Initialized empty Git repository in /Users/admin/builder/spi-builder-workspace/.git/
From https://github.com/kapizoli77/valigator
 * branch            master     -> FETCH_HEAD
 * [new branch]      master     -> origin/master
HEAD is now at b16a196 Readme fix
Cloned https://github.com/kapizoli77/valigator.git
Revision (git rev-parse @):
b16a1960d63d6952441501dcb39cf37d5e514cf7
SUCCESS checkout https://github.com/kapizoli77/valigator.git at master
========================================
Build
========================================
Selected platform:         iOS
Swift version:             6.4
Building package at path:  $PWD
https://github.com/kapizoli77/valigator.git
Command line invocation:
    /Applications/Xcode-27.0.0-Release.Candidate.app/Contents/Developer/usr/bin/xcodebuild -IDEClonedSourcePackagesDirPathOverride=/Users/admin/builder/spi-builder-workspace/.dependencies -resolvePackageDependencies
resolved source packages:
{
  "dependencies" : [
  ],
  "manifest_display_name" : "Valigator",
  "name" : "Valigator",
  "path" : "/Users/admin/builder/spi-builder-workspace",
  "platforms" : [
    {
      "name" : "ios",
      "version" : "11.0"
    }
  ],
  "products" : [
    {
      "name" : "Valigator",
      "targets" : [
        "Valigator"
      ],
      "type" : {
        "library" : [
          "automatic"
        ]
      }
    }
  ],
  "swift_languages_versions" : [
    "5"
  ],
  "targets" : [
    {
      "c99name" : "Valigator",
      "module_type" : "SwiftTarget",
      "name" : "Valigator",
      "path" : "Source",
      "product_memberships" : [
        "Valigator"
      ],
      "sources" : [
        "Extensions/Collection+Exts.swift",
        "Extensions/Optional+Exts.swift",
        "FieldValidation/FieldValidationEntities.swift",
        "FieldValidation/FieldValidationProtocol.swift",
        "FieldValidation/FieldValidator.swift",
        "FieldValueManager/FieldValueManager.swift",
        "FieldValueManager/FieldValueManagerEntity.swift",
        "FormValidators/BaseFormValidator.swift",
        "FormValidators/DuringEditFormValidator.swift",
        "FormValidators/EndOfFieldFormValidator.swift",
        "FormValidators/EndOfFormFormValidator.swift",
        "FormValidators/FieldValidationWrapper.swift",
        "FormValidators/FormValidatorProtocol.swift",
        "FormValidators/NeverFormValidator.swift",
        "Services/Valigator.swift",
        "Services/ValigatorEntities.swift",
        "Services/ValigatorProtocol.swift",
        "ValidationRules/BaseValidationRule.swift",
        "ValidationRules/CharacterRangeInputRule.swift",
        "ValidationRules/CrossFieldValidationRule.swift",
        "ValidationRules/EmailValidationRule.swift",
        "ValidationRules/ExcludeCharactersRule.swift",
        "ValidationRules/LowercaseLetterValidationRule.swift",
        "ValidationRules/MaxLengthValidationRule.swift",
        "ValidationRules/MinLengthValidationRule.swift",
        "ValidationRules/OnlyDigitsValidationRule.swift",
        "ValidationRules/OnlyLetterOrNumberValidationRule.swift",
        "ValidationRules/OnlyNumberValidationRule.swift",
        "ValidationRules/RegexValidationRule.swift",
        "ValidationRules/RequiredCheckBoxValidationRule.swift",
        "ValidationRules/RequiredObjectValidationRule.swift",
        "ValidationRules/RequiredStringValidationRule.swift",
        "ValidationRules/UppercaseLetterValidationRule.swift",
        "ValidationRules/ValidationRuleProtocol.swift"
      ],
      "type" : "library"
    }
  ],
  "tools_version" : "5.1"
}
{
  "project" : {
    "configurations" : [
      "Debug",
      "Release"
    ],
    "name" : "Valigator",
    "schemes" : [
      "Valigator"
    ],
    "targets" : [
      "Valigator",
      "ValigatorTests"
    ]
  }
}
Running build ...
env DEVELOPER_DIR=/Applications/Xcode-27.0.0-Release.Candidate.app xcrun xcodebuild -IDEClonedSourcePackagesDirPathOverride=$PWD/.dependencies -skipMacroValidation -skipPackagePluginValidation -derivedDataPath $PWD/.derivedData build -scheme Valigator -destination generic/platform=iOS
Command line invocation:
    /Applications/Xcode-27.0.0-Release.Candidate.app/Contents/Developer/usr/bin/xcodebuild -IDEClonedSourcePackagesDirPathOverride=/Users/admin/builder/spi-builder-workspace/.dependencies -skipMacroValidation -skipPackagePluginValidation -derivedDataPath /Users/admin/builder/spi-builder-workspace/.derivedData build -scheme Valigator -destination generic/platform=iOS
ComputePackagePrebuildTargetDependencyGraph
Prepare packages
CreateBuildRequest
SendProjectDescription
CreateBuildOperation
ComputeTargetDependencyGraph
note: Building targets in dependency order
note: Target dependency graph (1 target)
    Target 'Valigator' in project 'Valigator' (no dependencies)
GatherProvisioningInputs
CreateBuildDescription
ExecuteExternalTool /Applications/Xcode-27.0.0-Release.Candidate.app/Contents/Developer/Toolchains/XcodeDefault.xctoolchain/usr/bin/clang -v -E -dM -isysroot /Applications/Xcode-27.0.0-Release.Candidate.app/Contents/Developer/Platforms/iPhoneOS.platform/Developer/SDKs/iPhoneOS27.0.sdk -x c -c /dev/null
ExecuteExternalTool /Applications/Xcode-27.0.0-Release.Candidate.app/Contents/Developer/Toolchains/XcodeDefault.xctoolchain/usr/bin/clang -v -E -dM -arch arm64 -isysroot /Applications/Xcode-27.0.0-Release.Candidate.app/Contents/Developer/Platforms/iPhoneOS.platform/Developer/SDKs/iPhoneOS27.0.sdk -x c -c /dev/null
ExecuteExternalTool /Applications/Xcode-27.0.0-Release.Candidate.app/Contents/Developer/Toolchains/XcodeDefault.xctoolchain/usr/bin/swiftc --version
ExecuteExternalTool /Applications/Xcode-27.0.0-Release.Candidate.app/Contents/Developer/Toolchains/XcodeDefault.xctoolchain/usr/bin/ld -version_details
Build description signature: ebbda4487fbbac3c6d776030b6caee52
Build description path: /Users/admin/builder/spi-builder-workspace/.derivedData/Build/Intermediates.noindex/XCBuildData/ebbda4487fbbac3c6d776030b6caee52.xcbuilddata
/Users/admin/builder/spi-builder-workspace/Valigator.xcodeproj: error: The iOS deployment target 'IPHONEOS_DEPLOYMENT_TARGET' is set to 11.0, but the range of supported deployment target versions is 15.0 to 27.0.x. (in target 'Valigator' from project 'Valigator')
warning: Run script build phase 'SwiftLint' will be run during every build because it does not specify any outputs. To address this issue, either add output dependencies to the script phase, or configure it to run in every build by unchecking "Based on dependency analysis" in the script phase. (in target 'Valigator' from project 'Valigator')
** BUILD FAILED **
The following build commands failed:
	Building project Valigator with scheme Valigator
(1 failure)
Command line invocation:
    /Applications/Xcode-27.0.0-Release.Candidate.app/Contents/Developer/usr/bin/xcodebuild -IDEClonedSourcePackagesDirPathOverride=/Users/admin/builder/spi-builder-workspace/.dependencies -resolvePackageDependencies
resolved source packages:
{
  "dependencies" : [
  ],
  "manifest_display_name" : "Valigator",
  "name" : "Valigator",
  "path" : "/Users/admin/builder/spi-builder-workspace",
  "platforms" : [
    {
      "name" : "ios",
      "version" : "11.0"
    }
  ],
  "products" : [
    {
      "name" : "Valigator",
      "targets" : [
        "Valigator"
      ],
      "type" : {
        "library" : [
          "automatic"
        ]
      }
    }
  ],
  "swift_languages_versions" : [
    "5"
  ],
  "targets" : [
    {
      "c99name" : "Valigator",
      "module_type" : "SwiftTarget",
      "name" : "Valigator",
      "path" : "Source",
      "product_memberships" : [
        "Valigator"
      ],
      "sources" : [
        "Extensions/Collection+Exts.swift",
        "Extensions/Optional+Exts.swift",
        "FieldValidation/FieldValidationEntities.swift",
        "FieldValidation/FieldValidationProtocol.swift",
        "FieldValidation/FieldValidator.swift",
        "FieldValueManager/FieldValueManager.swift",
        "FieldValueManager/FieldValueManagerEntity.swift",
        "FormValidators/BaseFormValidator.swift",
        "FormValidators/DuringEditFormValidator.swift",
        "FormValidators/EndOfFieldFormValidator.swift",
        "FormValidators/EndOfFormFormValidator.swift",
        "FormValidators/FieldValidationWrapper.swift",
        "FormValidators/FormValidatorProtocol.swift",
        "FormValidators/NeverFormValidator.swift",
        "Services/Valigator.swift",
        "Services/ValigatorEntities.swift",
        "Services/ValigatorProtocol.swift",
        "ValidationRules/BaseValidationRule.swift",
        "ValidationRules/CharacterRangeInputRule.swift",
        "ValidationRules/CrossFieldValidationRule.swift",
        "ValidationRules/EmailValidationRule.swift",
        "ValidationRules/ExcludeCharactersRule.swift",
        "ValidationRules/LowercaseLetterValidationRule.swift",
        "ValidationRules/MaxLengthValidationRule.swift",
        "ValidationRules/MinLengthValidationRule.swift",
        "ValidationRules/OnlyDigitsValidationRule.swift",
        "ValidationRules/OnlyLetterOrNumberValidationRule.swift",
        "ValidationRules/OnlyNumberValidationRule.swift",
        "ValidationRules/RegexValidationRule.swift",
        "ValidationRules/RequiredCheckBoxValidationRule.swift",
        "ValidationRules/RequiredObjectValidationRule.swift",
        "ValidationRules/RequiredStringValidationRule.swift",
        "ValidationRules/UppercaseLetterValidationRule.swift",
        "ValidationRules/ValidationRuleProtocol.swift"
      ],
      "type" : "library"
    }
  ],
  "tools_version" : "5.1"
}
{
  "project" : {
    "configurations" : [
      "Debug",
      "Release"
    ],
    "name" : "Valigator",
    "schemes" : [
      "Valigator"
    ],
    "targets" : [
      "Valigator",
      "ValigatorTests"
    ]
  }
}
Running build ...
env DEVELOPER_DIR=/Applications/Xcode-27.0.0-Release.Candidate.app xcrun xcodebuild -IDEClonedSourcePackagesDirPathOverride=$PWD/.dependencies -skipMacroValidation -skipPackagePluginValidation -derivedDataPath $PWD/.derivedData build -scheme Valigator -destination generic/platform=iOS
Command line invocation:
    /Applications/Xcode-27.0.0-Release.Candidate.app/Contents/Developer/usr/bin/xcodebuild -IDEClonedSourcePackagesDirPathOverride=/Users/admin/builder/spi-builder-workspace/.dependencies -skipMacroValidation -skipPackagePluginValidation -derivedDataPath /Users/admin/builder/spi-builder-workspace/.derivedData build -scheme Valigator -destination generic/platform=iOS
ComputePackagePrebuildTargetDependencyGraph
Prepare packages
CreateBuildRequest
SendProjectDescription
CreateBuildOperation
ComputeTargetDependencyGraph
note: Building targets in dependency order
note: Target dependency graph (1 target)
    Target 'Valigator' in project 'Valigator' (no dependencies)
GatherProvisioningInputs
CreateBuildDescription
/Users/admin/builder/spi-builder-workspace/Valigator.xcodeproj: error: The iOS deployment target 'IPHONEOS_DEPLOYMENT_TARGET' is set to 11.0, but the range of supported deployment target versions is 15.0 to 27.0.x. (in target 'Valigator' from project 'Valigator')
warning: Run script build phase 'SwiftLint' will be run during every build because it does not specify any outputs. To address this issue, either add output dependencies to the script phase, or configure it to run in every build by unchecking "Based on dependency analysis" in the script phase. (in target 'Valigator' from project 'Valigator')
** BUILD FAILED **
The following build commands failed:
	Building project Valigator with scheme Valigator
(1 failure)
BUILD FAILURE 6.4 iOS